[INFO] cloning repository https://github.com/diveos/dive
[INFO] running `Command { std: "git" "-c" "credential.helper=" "-c" "credential.helper=/workspace/cargo-home/bin/git-credential-null" "clone" "--bare" "https://github.com/diveos/dive" "/workspace/cache/git-repos/https%3A%2F%2Fgithub.com%2Fdiveos%2Fdive", kill_on_drop: false }`
[INFO] [stderr] Cloning into bare repository '/workspace/cache/git-repos/https%3A%2F%2Fgithub.com%2Fdiveos%2Fdive'...
[INFO] running `Command { std: "git" "rev-parse" "HEAD", kill_on_drop: false }`
[INFO] [stdout] 442baeafdc462deca73b778c525061d8a3213b99
[INFO] testing diveos/dive against beta-2021-08-01 for beta-1.55-1
[INFO] running `Command { std: "git" "clone" "/workspace/cache/git-repos/https%3A%2F%2Fgithub.com%2Fdiveos%2Fdive" "/workspace/builds/worker-75/source", kill_on_drop: false }`
[INFO] [stderr] Cloning into '/workspace/builds/worker-75/source'...
[INFO] [stderr] done.
[INFO] validating manifest of git repo https://github.com/diveos/dive on toolchain beta-2021-08-01
[INFO] running `Command { std: "/workspace/cargo-home/bin/cargo" "+beta-2021-08-01" "metadata" "--manifest-path" "Cargo.toml" "--no-deps", kill_on_drop: false }`
[INFO] started tweaking git repo https://github.com/diveos/dive
[INFO] finished tweaking git repo https://github.com/diveos/dive
[INFO] tweaked toml for git repo https://github.com/diveos/dive written to /workspace/builds/worker-75/source/Cargo.toml
[INFO] running `Command { std: "/workspace/cargo-home/bin/cargo" "+beta-2021-08-01" "generate-lockfile" "--manifest-path" "Cargo.toml" "-Zno-index-update", kill_on_drop: false }`
[INFO] [stderr]     Blocking waiting for file lock on package cache
[INFO] running `Command { std: "/workspace/cargo-home/bin/cargo" "+beta-2021-08-01" "fetch" "--manifest-path" "Cargo.toml", kill_on_drop: false }`
[INFO] [stderr]     Blocking waiting for file lock on package cache
[INFO] [stderr]     Blocking waiting for file lock on package cache
[INFO] [stderr]  Downloading crates ...
[INFO] [stderr]   Downloaded whoami v1.1.2
[INFO] [stderr]   Downloaded dl_api v0.4.0
[INFO] [stderr]   Downloaded nanorand v0.5.2
[INFO] [stderr]   Downloaded twox-hash v1.6.1
[INFO] [stderr]   Downloaded unicode-script v0.5.3
[INFO] [stderr]   Downloaded smelling_salts v0.1.0
[INFO] [stderr]   Downloaded ttf-parser v0.8.3
[INFO] [stderr]   Downloaded footile v0.6.0
[INFO] [stderr]   Downloaded pasts v0.7.4
[INFO] [stderr]   Downloaded devout v0.2.0
[INFO] [stderr]   Downloaded res v0.6.1
[INFO] [stderr]   Downloaded flate2 v1.0.20
[INFO] [stderr]   Downloaded fon v0.5.0
[INFO] [stderr]   Downloaded pix v0.13.1
[INFO] [stderr]   Downloaded window v0.5.0
[INFO] [stderr]   Downloaded rvg v0.2.0
[INFO] [stderr]   Downloaded smallvec v0.6.14
[INFO] [stderr]   Downloaded png_pong v0.6.0
[INFO] [stderr]   Downloaded ruzstd v0.2.4
[INFO] [stderr]   Downloaded stick v0.11.1
[INFO] [stderr]   Downloaded fonterator v0.9.0
[INFO] [stderr]   Downloaded stronghold v0.2.1
[INFO] [stderr]   Downloaded human v0.2.0
[INFO] [stderr]   Downloaded smelling_salts v0.2.4
[INFO] [stderr]   Downloaded wavy v0.9.1
[INFO] [stderr]   Downloaded sheep v0.3.0
[INFO] running `Command { std: "docker" "create" "-v" "/var/lib/crater-agent-workspace/builds/worker-75/target:/opt/rustwide/target:rw,Z" "-v" "/var/lib/crater-agent-workspace/builds/worker-75/source:/opt/rustwide/workdir:ro,Z" "-v" "/var/lib/crater-agent-workspace/cargo-home:/opt/rustwide/cargo-home:ro,Z" "-v" "/var/lib/crater-agent-workspace/rustup-home:/opt/rustwide/rustup-home:ro,Z" "-e" "SOURCE_DIR=/opt/rustwide/workdir" "-e" "CARGO_TARGET_DIR=/opt/rustwide/target" "-e" "CARGO_HOME=/opt/rustwide/cargo-home" "-e" "RUSTUP_HOME=/opt/rustwide/rustup-home" "-w" "/opt/rustwide/workdir" "-m" "1610612736" "--user" "0:0" "--network" "none" "ghcr.io/rust-lang/crates-build-env/linux@sha256:34b6a614d2c27851fe6cbf88fbd1137609cefab8b10d0615aaeb6fd47975d74e" "/opt/rustwide/cargo-home/bin/cargo" "+beta-2021-08-01" "metadata" "--no-deps" "--format-version=1", kill_on_drop: false }`
[INFO] [stdout] fe3c838149ca6f637502139670be9c78009f8137398f2d96b459a9ba37e20474
[INFO] running `Command { std: "docker" "start" "-a" "fe3c838149ca6f637502139670be9c78009f8137398f2d96b459a9ba37e20474", kill_on_drop: false }`
[INFO] running `Command { std: "docker" "inspect" "fe3c838149ca6f637502139670be9c78009f8137398f2d96b459a9ba37e20474", kill_on_drop: false }`
[INFO] running `Command { std: "docker" "rm" "-f" "fe3c838149ca6f637502139670be9c78009f8137398f2d96b459a9ba37e20474", kill_on_drop: false }`
[INFO] [stdout] fe3c838149ca6f637502139670be9c78009f8137398f2d96b459a9ba37e20474
[INFO] running `Command { std: "docker" "create" "-v" "/var/lib/crater-agent-workspace/builds/worker-75/target:/opt/rustwide/target:rw,Z" "-v" "/var/lib/crater-agent-workspace/builds/worker-75/source:/opt/rustwide/workdir:ro,Z" "-v" "/var/lib/crater-agent-workspace/cargo-home:/opt/rustwide/cargo-home:ro,Z" "-v" "/var/lib/crater-agent-workspace/rustup-home:/opt/rustwide/rustup-home:ro,Z" "-e" "SOURCE_DIR=/opt/rustwide/workdir" "-e" "CARGO_TARGET_DIR=/opt/rustwide/target" "-e" "CARGO_INCREMENTAL=0" "-e" "RUST_BACKTRACE=full" "-e" "RUSTFLAGS=--cap-lints=warn" "-e" "CARGO_HOME=/opt/rustwide/cargo-home" "-e" "RUSTUP_HOME=/opt/rustwide/rustup-home" "-w" "/opt/rustwide/workdir" "-m" "1610612736" "--user" "0:0" "--network" "none" "ghcr.io/rust-lang/crates-build-env/linux@sha256:34b6a614d2c27851fe6cbf88fbd1137609cefab8b10d0615aaeb6fd47975d74e" "/opt/rustwide/cargo-home/bin/cargo" "+beta-2021-08-01" "build" "--frozen" "--message-format=json", kill_on_drop: false }`
[INFO] [stdout] bfe89a3daef060ff14aec8290ffdf40b154b864958655ed8979d267a1e04b126
[INFO] running `Command { std: "docker" "start" "-a" "bfe89a3daef060ff14aec8290ffdf40b154b864958655ed8979d267a1e04b126", kill_on_drop: false }`
[INFO] [stderr]    Compiling cala v0.9.0 (/opt/rustwide/workdir)
[INFO] [stderr]     Finished dev [unoptimized + debuginfo] target(s) in 5.00s
[INFO] running `Command { std: "docker" "inspect" "bfe89a3daef060ff14aec8290ffdf40b154b864958655ed8979d267a1e04b126", kill_on_drop: false }`
[INFO] running `Command { std: "docker" "rm" "-f" "bfe89a3daef060ff14aec8290ffdf40b154b864958655ed8979d267a1e04b126", kill_on_drop: false }`
[INFO] [stdout] bfe89a3daef060ff14aec8290ffdf40b154b864958655ed8979d267a1e04b126
[INFO] running `Command { std: "docker" "create" "-v" "/var/lib/crater-agent-workspace/builds/worker-75/target:/opt/rustwide/target:rw,Z" "-v" "/var/lib/crater-agent-workspace/builds/worker-75/source:/opt/rustwide/workdir:ro,Z" "-v" "/var/lib/crater-agent-workspace/cargo-home:/opt/rustwide/cargo-home:ro,Z" "-v" "/var/lib/crater-agent-workspace/rustup-home:/opt/rustwide/rustup-home:ro,Z" "-e" "SOURCE_DIR=/opt/rustwide/workdir" "-e" "CARGO_TARGET_DIR=/opt/rustwide/target" "-e" "CARGO_INCREMENTAL=0" "-e" "RUST_BACKTRACE=full" "-e" "RUSTFLAGS=--cap-lints=warn" "-e" "CARGO_HOME=/opt/rustwide/cargo-home" "-e" "RUSTUP_HOME=/opt/rustwide/rustup-home" "-w" "/opt/rustwide/workdir" "-m" "1610612736" "--user" "0:0" "--network" "none" "ghcr.io/rust-lang/crates-build-env/linux@sha256:34b6a614d2c27851fe6cbf88fbd1137609cefab8b10d0615aaeb6fd47975d74e" "/opt/rustwide/cargo-home/bin/cargo" "+beta-2021-08-01" "test" "--frozen" "--no-run" "--message-format=json", kill_on_drop: false }`
[INFO] [stdout] c5d8b0b11538a9c52c03f91d925e579d13934e3e49a7b3a5373564d250649921
[INFO] running `Command { std: "docker" "start" "-a" "c5d8b0b11538a9c52c03f91d925e579d13934e3e49a7b3a5373564d250649921", kill_on_drop: false }`
[INFO] [stderr]     Blocking waiting for file lock on package cache
[INFO] [stderr]    Compiling cala v0.9.0 (/opt/rustwide/workdir)
[INFO] [stderr]     Finished test [unoptimized + debuginfo] target(s) in 4.96s
[INFO] running `Command { std: "docker" "inspect" "c5d8b0b11538a9c52c03f91d925e579d13934e3e49a7b3a5373564d250649921", kill_on_drop: false }`
[INFO] running `Command { std: "docker" "rm" "-f" "c5d8b0b11538a9c52c03f91d925e579d13934e3e49a7b3a5373564d250649921", kill_on_drop: false }`
[INFO] [stdout] c5d8b0b11538a9c52c03f91d925e579d13934e3e49a7b3a5373564d250649921
[INFO] running `Command { std: "docker" "create" "-v" "/var/lib/crater-agent-workspace/builds/worker-75/target:/opt/rustwide/target:rw,Z" "-v" "/var/lib/crater-agent-workspace/builds/worker-75/source:/opt/rustwide/workdir:ro,Z" "-v" "/var/lib/crater-agent-workspace/cargo-home:/opt/rustwide/cargo-home:ro,Z" "-v" "/var/lib/crater-agent-workspace/rustup-home:/opt/rustwide/rustup-home:ro,Z" "-e" "SOURCE_DIR=/opt/rustwide/workdir" "-e" "CARGO_TARGET_DIR=/opt/rustwide/target" "-e" "CARGO_INCREMENTAL=0" "-e" "RUST_BACKTRACE=full" "-e" "RUSTFLAGS=--cap-lints=warn" "-e" "CARGO_HOME=/opt/rustwide/cargo-home" "-e" "RUSTUP_HOME=/opt/rustwide/rustup-home" "-w" "/opt/rustwide/workdir" "-m" "1610612736" "--user" "0:0" "--network" "none" "ghcr.io/rust-lang/crates-build-env/linux@sha256:34b6a614d2c27851fe6cbf88fbd1137609cefab8b10d0615aaeb6fd47975d74e" "/opt/rustwide/cargo-home/bin/cargo" "+beta-2021-08-01" "test" "--frozen", kill_on_drop: false }`
[INFO] [stdout] 023f1a16674de7cfa26d4adc907b0ee95a98e4cfd4cc440b12b0bd999fb8af21
[INFO] running `Command { std: "docker" "start" "-a" "023f1a16674de7cfa26d4adc907b0ee95a98e4cfd4cc440b12b0bd999fb8af21", kill_on_drop: false }`
[INFO] [stderr]     Blocking waiting for file lock on package cache
[INFO] [stderr]     Finished test [unoptimized + debuginfo] target(s) in 0.57s
[INFO] [stderr]      Running unittests (/opt/rustwide/target/debug/deps/cala-8669a2c132d47ab4)
[INFO] [stdout] 
[INFO] [stdout] running 0 tests
[INFO] [stdout] 
[INFO] [stdout] test result: ok. 0 passed; 0 failed; 0 ignored; 0 measured; 0 filtered out; finished in 0.00s
[INFO] [stdout] 
[INFO] [stderr]    Doc-tests cala
[INFO] [stdout] 
[INFO] [stdout] running 1 test
[INFO] [stdout] test src/lib.rs - (line 33) - compile ... FAILED
[INFO] [stdout] 
[INFO] [stdout] failures:
[INFO] [stdout] 
[INFO] [stdout] ---- src/lib.rs - (line 33) stdout ----
[INFO] [stdout] error[E0432]: unresolved import `cala::task`
[INFO] [stdout]  --> src/lib.rs:34:11
[INFO] [stdout]   |
[INFO] [stdout] 3 | use cala::task::{exec, wait, never};
[INFO] [stdout]   |           ^^^^ could not find `task` in `cala`
[INFO] [stdout] 
[INFO] [stdout] error: cannot determine resolution for the macro `exec`
[INFO] [stdout]   --> src/lib.rs:58:5
[INFO] [stdout]    |
[INFO] [stdout] 27 |     exec!(state.event(wait! {
[INFO] [stdout]    |     ^^^^
[INFO] [stdout]    |
[INFO] [stdout]    = note: import resolution is stuck, try simplifying macro imports
[INFO] [stdout] 
[INFO] [stdout] error: aborting due to 2 previous errors
[INFO] [stdout] 
[INFO] [stdout] For more information about this error, try `rustc --explain E0432`.
[INFO] [stdout] Couldn't compile the test.
[INFO] [stdout] 
[INFO] [stdout] failures:
[INFO] [stdout]     src/lib.rs - (line 33)
[INFO] [stdout] 
[INFO] [stdout] test result: FAILED. 0 passed; 1 failed; 0 ignored; 0 measured; 0 filtered out; finished in 0.07s
[INFO] [stdout] 
[INFO] [stderr] error: test failed, to rerun pass '--doc'
[INFO] running `Command { std: "docker" "inspect" "023f1a16674de7cfa26d4adc907b0ee95a98e4cfd4cc440b12b0bd999fb8af21", kill_on_drop: false }`
[INFO] running `Command { std: "docker" "rm" "-f" "023f1a16674de7cfa26d4adc907b0ee95a98e4cfd4cc440b12b0bd999fb8af21", kill_on_drop: false }`
[INFO] [stdout] 023f1a16674de7cfa26d4adc907b0ee95a98e4cfd4cc440b12b0bd999fb8af21
