[INFO] cloning repository https://github.com/dhild/raft-rs
[INFO] running `Command { std: "git" "-c" "credential.helper=" "-c" "credential.helper=/workspace/cargo-home/bin/git-credential-null" "clone" "--bare" "https://github.com/dhild/raft-rs" "/workspace/cache/git-repos/https%3A%2F%2Fgithub.com%2Fdhild%2Fraft-rs", kill_on_drop: false }`
[INFO] [stderr] Cloning into bare repository '/workspace/cache/git-repos/https%3A%2F%2Fgithub.com%2Fdhild%2Fraft-rs'...
[INFO] running `Command { std: "git" "rev-parse" "HEAD", kill_on_drop: false }`
[INFO] [stdout] 1b25c6f54126f81bb01021b523b4eef0bc57739d
[INFO] testing dhild/raft-rs against 1.54.0 for beta-1.55-1
[INFO] running `Command { std: "git" "clone" "/workspace/cache/git-repos/https%3A%2F%2Fgithub.com%2Fdhild%2Fraft-rs" "/workspace/builds/worker-74/source", kill_on_drop: false }`
[INFO] [stderr] Cloning into '/workspace/builds/worker-74/source'...
[INFO] [stderr] done.
[INFO] validating manifest of git repo https://github.com/dhild/raft-rs on toolchain 1.54.0
[INFO] running `Command { std: "/workspace/cargo-home/bin/cargo" "+1.54.0" "metadata" "--manifest-path" "Cargo.toml" "--no-deps", kill_on_drop: false }`
[INFO] started tweaking git repo https://github.com/dhild/raft-rs
[INFO] finished tweaking git repo https://github.com/dhild/raft-rs
[INFO] tweaked toml for git repo https://github.com/dhild/raft-rs written to /workspace/builds/worker-74/source/Cargo.toml
[INFO] crate git repo https://github.com/dhild/raft-rs already has a lockfile, it will not be regenerated
[INFO] running `Command { std: "/workspace/cargo-home/bin/cargo" "+1.54.0" "fetch" "--manifest-path" "Cargo.toml", kill_on_drop: false }`
[INFO] [stderr]     Blocking waiting for file lock on package cache
[INFO] [stderr]     Blocking waiting for file lock on package cache
[INFO] [stderr]  Downloading crates ...
[INFO] [stderr]   Downloaded async-channel v1.1.1
[INFO] [stderr]   Downloaded cache-padded v1.1.0
[INFO] [stderr]   Downloaded hyper v0.13.6
[INFO] [stderr]   Downloaded async-trait v0.1.36
[INFO] [stderr]   Downloaded env_logger v0.7.0
[INFO] [stderr]   Downloaded generator v0.6.21
[INFO] [stderr]   Downloaded loom v0.3.4
[INFO] [stderr]   Downloaded bytes v0.5.5
[INFO] [stderr]   Downloaded event-listener v2.0.1
[INFO] [stderr]   Downloaded async-lock v1.1.4
[INFO] running `Command { std: "docker" "create" "-v" "/var/lib/crater-agent-workspace/builds/worker-74/target:/opt/rustwide/target:rw,Z" "-v" "/var/lib/crater-agent-workspace/builds/worker-74/source:/opt/rustwide/workdir:ro,Z" "-v" "/var/lib/crater-agent-workspace/cargo-home:/opt/rustwide/cargo-home:ro,Z" "-v" "/var/lib/crater-agent-workspace/rustup-home:/opt/rustwide/rustup-home:ro,Z" "-e" "SOURCE_DIR=/opt/rustwide/workdir" "-e" "CARGO_TARGET_DIR=/opt/rustwide/target" "-e" "CARGO_HOME=/opt/rustwide/cargo-home" "-e" "RUSTUP_HOME=/opt/rustwide/rustup-home" "-w" "/opt/rustwide/workdir" "-m" "1610612736" "--user" "0:0" "--network" "none" "ghcr.io/rust-lang/crates-build-env/linux@sha256:34b6a614d2c27851fe6cbf88fbd1137609cefab8b10d0615aaeb6fd47975d74e" "/opt/rustwide/cargo-home/bin/cargo" "+1.54.0" "metadata" "--no-deps" "--format-version=1", kill_on_drop: false }`
[INFO] [stdout] b755def4a1c60dfd9a7b0971935f63c4248cb17d90e010880e7c70978d3b546c
[INFO] running `Command { std: "docker" "start" "-a" "b755def4a1c60dfd9a7b0971935f63c4248cb17d90e010880e7c70978d3b546c", kill_on_drop: false }`
[INFO] running `Command { std: "docker" "inspect" "b755def4a1c60dfd9a7b0971935f63c4248cb17d90e010880e7c70978d3b546c", kill_on_drop: false }`
[INFO] running `Command { std: "docker" "rm" "-f" "b755def4a1c60dfd9a7b0971935f63c4248cb17d90e010880e7c70978d3b546c", kill_on_drop: false }`
[INFO] [stdout] b755def4a1c60dfd9a7b0971935f63c4248cb17d90e010880e7c70978d3b546c
[INFO] running `Command { std: "docker" "create" "-v" "/var/lib/crater-agent-workspace/builds/worker-74/target:/opt/rustwide/target:rw,Z" "-v" "/var/lib/crater-agent-workspace/builds/worker-74/source:/opt/rustwide/workdir:ro,Z" "-v" "/var/lib/crater-agent-workspace/cargo-home:/opt/rustwide/cargo-home:ro,Z" "-v" "/var/lib/crater-agent-workspace/rustup-home:/opt/rustwide/rustup-home:ro,Z" "-e" "SOURCE_DIR=/opt/rustwide/workdir" "-e" "CARGO_TARGET_DIR=/opt/rustwide/target" "-e" "CARGO_INCREMENTAL=0" "-e" "RUST_BACKTRACE=full" "-e" "RUSTFLAGS=--cap-lints=warn" "-e" "CARGO_HOME=/opt/rustwide/cargo-home" "-e" "RUSTUP_HOME=/opt/rustwide/rustup-home" "-w" "/opt/rustwide/workdir" "-m" "1610612736" "--user" "0:0" "--network" "none" "ghcr.io/rust-lang/crates-build-env/linux@sha256:34b6a614d2c27851fe6cbf88fbd1137609cefab8b10d0615aaeb6fd47975d74e" "/opt/rustwide/cargo-home/bin/cargo" "+1.54.0" "build" "--frozen" "--message-format=json", kill_on_drop: false }`
[INFO] [stdout] 008549eeee8b529c81c3a8cee9fdb3f4ae267afed96d699a9f7b17b60f45e5ee
[INFO] running `Command { std: "docker" "start" "-a" "008549eeee8b529c81c3a8cee9fdb3f4ae267afed96d699a9f7b17b60f45e5ee", kill_on_drop: false }`
[INFO] [stderr]     Blocking waiting for file lock on package cache
[INFO] [stderr]    Compiling syn v1.0.33
[INFO] [stderr]    Compiling serde v1.0.114
[INFO] [stderr]    Compiling pin-project-internal v0.4.22
[INFO] [stderr]    Compiling proc-macro-nested v0.1.6
[INFO] [stderr]    Compiling once_cell v1.4.0
[INFO] [stderr]    Compiling proc-macro-hack v0.5.16
[INFO] [stderr]    Compiling lazy_static v1.3.0
[INFO] [stderr]    Compiling pin-project-lite v0.1.7
[INFO] [stderr]    Compiling cache-padded v1.1.0
[INFO] [stderr]    Compiling try-lock v0.2.2
[INFO] [stderr]    Compiling serde_json v1.0.55
[INFO] [stderr]    Compiling ppv-lite86 v0.2.8
[INFO] [stderr]    Compiling event-listener v2.0.1
[INFO] [stderr]    Compiling indexmap v1.4.0
[INFO] [stderr]    Compiling iovec v0.1.4
[INFO] [stderr]    Compiling net2 v0.2.34
[INFO] [stderr]    Compiling num_cpus v1.13.0
[INFO] [stderr]    Compiling getrandom v0.1.14
[INFO] [stderr]    Compiling time v0.1.43
[INFO] [stderr]    Compiling socket2 v0.3.12
[INFO] [stderr]    Compiling rand_core v0.5.1
[INFO] [stderr]    Compiling concurrent-queue v1.1.1
[INFO] [stderr]    Compiling mio v0.6.22
[INFO] [stderr]    Compiling async-lock v1.1.4
[INFO] [stderr]    Compiling want v0.3.0
[INFO] [stderr]    Compiling futures-task v0.3.5
[INFO] [stderr]    Compiling async-channel v1.1.1
[INFO] [stderr]    Compiling rand_chacha v0.2.2
[INFO] [stderr]    Compiling rand v0.7.3
[INFO] [stderr]    Compiling serde_derive v1.0.114
[INFO] [stderr]    Compiling futures-macro v0.3.5
[INFO] [stderr]    Compiling tokio-macros v0.2.5
[INFO] [stderr]    Compiling async-trait v0.1.36
[INFO] [stderr]    Compiling pin-project v0.4.22
[INFO] [stderr]    Compiling futures-util v0.3.5
[INFO] [stderr]    Compiling futures-executor v0.3.5
[INFO] [stderr]    Compiling futures v0.3.5
[INFO] [stderr]    Compiling bytes v0.5.5
[INFO] [stderr]    Compiling http v0.2.1
[INFO] [stderr]    Compiling tokio v0.2.21
[INFO] [stderr]    Compiling http-body v0.3.1
[INFO] [stderr]    Compiling tokio-util v0.3.1
[INFO] [stderr]    Compiling h2 v0.2.5
[INFO] [stderr]    Compiling hyper v0.13.6
[INFO] [stderr]    Compiling pontoon v0.1.0 (/opt/rustwide/workdir)
[INFO] [stderr]     Finished dev [unoptimized + debuginfo] target(s) in 55.46s
[INFO] running `Command { std: "docker" "inspect" "008549eeee8b529c81c3a8cee9fdb3f4ae267afed96d699a9f7b17b60f45e5ee", kill_on_drop: false }`
[INFO] running `Command { std: "docker" "rm" "-f" "008549eeee8b529c81c3a8cee9fdb3f4ae267afed96d699a9f7b17b60f45e5ee", kill_on_drop: false }`
[INFO] [stdout] 008549eeee8b529c81c3a8cee9fdb3f4ae267afed96d699a9f7b17b60f45e5ee
[INFO] running `Command { std: "docker" "create" "-v" "/var/lib/crater-agent-workspace/builds/worker-74/target:/opt/rustwide/target:rw,Z" "-v" "/var/lib/crater-agent-workspace/builds/worker-74/source:/opt/rustwide/workdir:ro,Z" "-v" "/var/lib/crater-agent-workspace/cargo-home:/opt/rustwide/cargo-home:ro,Z" "-v" "/var/lib/crater-agent-workspace/rustup-home:/opt/rustwide/rustup-home:ro,Z" "-e" "SOURCE_DIR=/opt/rustwide/workdir" "-e" "CARGO_TARGET_DIR=/opt/rustwide/target" "-e" "CARGO_INCREMENTAL=0" "-e" "RUST_BACKTRACE=full" "-e" "RUSTFLAGS=--cap-lints=warn" "-e" "CARGO_HOME=/opt/rustwide/cargo-home" "-e" "RUSTUP_HOME=/opt/rustwide/rustup-home" "-w" "/opt/rustwide/workdir" "-m" "1610612736" "--user" "0:0" "--network" "none" "ghcr.io/rust-lang/crates-build-env/linux@sha256:34b6a614d2c27851fe6cbf88fbd1137609cefab8b10d0615aaeb6fd47975d74e" "/opt/rustwide/cargo-home/bin/cargo" "+1.54.0" "test" "--frozen" "--no-run" "--message-format=json", kill_on_drop: false }`
[INFO] [stdout] 315c8228cd657ec6463a58935d1db38a07b7799de0726382e48fabd302741a61
[INFO] running `Command { std: "docker" "start" "-a" "315c8228cd657ec6463a58935d1db38a07b7799de0726382e48fabd302741a61", kill_on_drop: false }`
[INFO] [stderr]    Compiling ucd-util v0.1.5
[INFO] [stderr]    Compiling utf8-ranges v1.0.3
[INFO] [stderr]    Compiling thread_local v0.3.6
[INFO] [stderr]    Compiling aho-corasick v0.7.4
[INFO] [stderr]    Compiling atty v0.2.13
[INFO] [stderr]    Compiling toml v0.5.6
[INFO] [stderr]    Compiling regex-syntax v0.6.10
[INFO] [stderr]    Compiling regex v1.2.0
[INFO] [stderr]    Compiling env_logger v0.7.0
[INFO] [stderr]    Compiling pontoon v0.1.0 (/opt/rustwide/workdir)
[INFO] [stderr]     Finished test [unoptimized + debuginfo] target(s) in 9.86s
[INFO] running `Command { std: "docker" "inspect" "315c8228cd657ec6463a58935d1db38a07b7799de0726382e48fabd302741a61", kill_on_drop: false }`
[INFO] running `Command { std: "docker" "rm" "-f" "315c8228cd657ec6463a58935d1db38a07b7799de0726382e48fabd302741a61", kill_on_drop: false }`
[INFO] [stdout] 315c8228cd657ec6463a58935d1db38a07b7799de0726382e48fabd302741a61
[INFO] running `Command { std: "docker" "create" "-v" "/var/lib/crater-agent-workspace/builds/worker-74/target:/opt/rustwide/target:rw,Z" "-v" "/var/lib/crater-agent-workspace/builds/worker-74/source:/opt/rustwide/workdir:ro,Z" "-v" "/var/lib/crater-agent-workspace/cargo-home:/opt/rustwide/cargo-home:ro,Z" "-v" "/var/lib/crater-agent-workspace/rustup-home:/opt/rustwide/rustup-home:ro,Z" "-e" "SOURCE_DIR=/opt/rustwide/workdir" "-e" "CARGO_TARGET_DIR=/opt/rustwide/target" "-e" "CARGO_INCREMENTAL=0" "-e" "RUST_BACKTRACE=full" "-e" "RUSTFLAGS=--cap-lints=warn" "-e" "CARGO_HOME=/opt/rustwide/cargo-home" "-e" "RUSTUP_HOME=/opt/rustwide/rustup-home" "-w" "/opt/rustwide/workdir" "-m" "1610612736" "--user" "0:0" "--network" "none" "ghcr.io/rust-lang/crates-build-env/linux@sha256:34b6a614d2c27851fe6cbf88fbd1137609cefab8b10d0615aaeb6fd47975d74e" "/opt/rustwide/cargo-home/bin/cargo" "+1.54.0" "test" "--frozen", kill_on_drop: false }`
[INFO] [stdout] 3716a29990aeed02d197447135d579aef38bf2a2b8fa20724b046703ac51bb65
[INFO] running `Command { std: "docker" "start" "-a" "3716a29990aeed02d197447135d579aef38bf2a2b8fa20724b046703ac51bb65", kill_on_drop: false }`
[INFO] [stderr]     Finished test [unoptimized + debuginfo] target(s) in 0.05s
[INFO] [stderr]      Running unittests (/opt/rustwide/target/debug/deps/pontoon-7dc68e8a3bb62091)
[INFO] [stdout] 
[INFO] [stdout] running 17 tests
[INFO] [stdout] test protocol::tests::forwarder_consensus_shutdown ... ok
[INFO] [stdout] test protocol::tests::follower_commit_processing ... ok
[INFO] [stdout] test protocol::tests::candidate_term_update ... ok
[INFO] [stdout] test protocol::tests::candidate_rpc_shutdown ... ok
[INFO] [stdout] test protocol::tests::follower_rpc_shutdown ... ok
[INFO] [stdout] test protocol::tests::leader_rpc_shutdown_terms ... ok
[INFO] [stdout] test protocol::tests::leader_rpc_shutdown_consensus ... ok
[INFO] [stdout] test protocol::tests::leader_does_not_block_on_forwarders ... ok
[INFO] [stdout] test storage::memory::tests::append_entries ... ok
[INFO] [stdout] test protocol::tests::leader_term_update ... ok
[INFO] [stdout] test protocol::tests::leader_forward_new_log ... ok
[INFO] [stdout] test protocol::tests::candidate_peer_term_update ... ok
[INFO] [stdout] test protocol::tests::leader_updates_commit_index ... ok
[INFO] [stdout] test protocol::tests::follower_timeout ... ok
[INFO] [stdout] test protocol::tests::forwarder_sends_logs ... ok
[INFO] [stdout] test protocol::tests::forwarder_sends_heartbeat ... ok
[INFO] [stdout] test protocol::tests::candidate_election_results ... ok
[INFO] [stdout] 
[INFO] [stdout] test result: ok. 17 passed; 0 failed; 0 ignored; 0 measured; 0 filtered out; finished in 1.04s
[INFO] [stdout] 
[INFO] [stderr]      Running tests/consensus.rs (/opt/rustwide/target/debug/deps/consensus-f6e44926a8e271e2)
[INFO] [stdout] 
[INFO] [stdout] running 1 test
[INFO] [stderr] [2021-08-08T03:59:20.529Z INFO  pontoon::rpc::http] Serving Raft at 127.0.0.1:8001
[INFO] [stderr] [2021-08-08T03:59:20.529Z INFO  pontoon::rpc::http] Serving Raft at [::1]:8001
[INFO] [stdout] test test_consensus_replication ... FAILED
[INFO] [stdout] 
[INFO] [stdout] failures:
[INFO] [stdout] 
[INFO] [stdout] ---- test_consensus_replication stdout ----
[INFO] [stdout] thread 'test_consensus_replication' panicked at 'error binding to [::1]:8001: error creating server listener: Cannot assign requested address (os error 99)', /opt/rustwide/cargo-home/registry/src/github.com-1ecc6299db9ec823/hyper-0.13.6/src/server/mod.rs:124:13
[INFO] [stdout] stack backtrace:
[INFO] [stdout]    0:     0x55ed39078de0 - std::backtrace_rs::backtrace::libunwind::trace::h34055254b57d8e79
[INFO] [stdout]                                at /rustc/a178d0322ce20e33eac124758e837cbd80a6f633/library/std/src/../../backtrace/src/backtrace/libunwind.rs:90:5
[INFO] [stdout]    1:     0x55ed39078de0 - std::backtrace_rs::backtrace::trace_unsynchronized::h8f1e3fbd9afff6ec
[INFO] [stdout]                                at /rustc/a178d0322ce20e33eac124758e837cbd80a6f633/library/std/src/../../backtrace/src/backtrace/mod.rs:66:5
[INFO] [stdout]    2:     0x55ed39078de0 - std::sys_common::backtrace::_print_fmt::h3a99a796b770c360
[INFO] [stdout]                                at /rustc/a178d0322ce20e33eac124758e837cbd80a6f633/library/std/src/sys_common/backtrace.rs:67:5
[INFO] [stdout]    3:     0x55ed39078de0 - <std::sys_common::backtrace::_print::DisplayBacktrace as core::fmt::Display>::fmt::h32d1f94a80615d18
[INFO] [stdout]                                at /rustc/a178d0322ce20e33eac124758e837cbd80a6f633/library/std/src/sys_common/backtrace.rs:46:22
[INFO] [stdout]    4:     0x55ed3909c24c - core::fmt::write::h306731c068f7162c
[INFO] [stdout]                                at /rustc/a178d0322ce20e33eac124758e837cbd80a6f633/library/core/src/fmt/mod.rs:1110:17
[INFO] [stdout]    5:     0x55ed39071f25 - std::io::Write::write_fmt::h87f19b0a2cd190bc
[INFO] [stdout]                                at /rustc/a178d0322ce20e33eac124758e837cbd80a6f633/library/std/src/io/mod.rs:1588:15
[INFO] [stdout]    6:     0x55ed3907afbb - std::sys_common::backtrace::_print::h5abaa2601a852287
[INFO] [stdout]                                at /rustc/a178d0322ce20e33eac124758e837cbd80a6f633/library/std/src/sys_common/backtrace.rs:49:5
[INFO] [stdout]    7:     0x55ed3907afbb - std::sys_common::backtrace::print::h8d81445442bb638f
[INFO] [stdout]                                at /rustc/a178d0322ce20e33eac124758e837cbd80a6f633/library/std/src/sys_common/backtrace.rs:36:9
[INFO] [stdout]    8:     0x55ed3907afbb - std::panicking::default_hook::{{closure}}::hcfe804496a9fa747
[INFO] [stdout]                                at /rustc/a178d0322ce20e33eac124758e837cbd80a6f633/library/std/src/panicking.rs:208:50
[INFO] [stdout]    9:     0x55ed3907aacc - std::panicking::default_hook::hbea8e3ccf2ba8901
[INFO] [stdout]                                at /rustc/a178d0322ce20e33eac124758e837cbd80a6f633/library/std/src/panicking.rs:222:9
[INFO] [stdout]   10:     0x55ed3907b684 - std::panicking::rust_panic_with_hook::h7ee9e1a2d0f8975a
[INFO] [stdout]                                at /rustc/a178d0322ce20e33eac124758e837cbd80a6f633/library/std/src/panicking.rs:622:17
[INFO] [stdout]   11:     0x55ed3907b167 - std::panicking::begin_panic_handler::{{closure}}::h8ab3b4491718b2c7
[INFO] [stdout]                                at /rustc/a178d0322ce20e33eac124758e837cbd80a6f633/library/std/src/panicking.rs:519:13
[INFO] [stdout]   12:     0x55ed390792dc - std::sys_common::backtrace::__rust_end_short_backtrace::hd489062ffa586a9f
[INFO] [stdout]                                at /rustc/a178d0322ce20e33eac124758e837cbd80a6f633/library/std/src/sys_common/backtrace.rs:141:18
[INFO] [stdout]   13:     0x55ed3907b0c9 - rust_begin_unwind
[INFO] [stdout]                                at /rustc/a178d0322ce20e33eac124758e837cbd80a6f633/library/std/src/panicking.rs:515:5
[INFO] [stdout]   14:     0x55ed38a0900b - std::panicking::begin_panic_fmt::h5479575e112541f8
[INFO] [stdout]                                at /rustc/a178d0322ce20e33eac124758e837cbd80a6f633/library/std/src/panicking.rs:457:5
[INFO] [stdout]   15:     0x55ed38c7e790 - hyper::server::Server<hyper::server::tcp::AddrIncoming,()>::bind::{{closure}}::h0aa989ddbe29cfe5
[INFO] [stdout]                                at /opt/rustwide/cargo-home/registry/src/github.com-1ecc6299db9ec823/hyper-0.13.6/src/server/mod.rs:124:13
[INFO] [stdout]   16:     0x55ed38c8de35 - core::result::Result<T,E>::unwrap_or_else::h838e1b3388561509
[INFO] [stdout]                                at /rustc/a178d0322ce20e33eac124758e837cbd80a6f633/library/core/src/result.rs:821:23
[INFO] [stdout]   17:     0x55ed38c7e620 - hyper::server::Server<hyper::server::tcp::AddrIncoming,()>::bind::hb579292d20296695
[INFO] [stdout]                                at /opt/rustwide/cargo-home/registry/src/github.com-1ecc6299db9ec823/hyper-0.13.6/src/server/mod.rs:123:24
[INFO] [stdout]   18:     0x55ed38c30446 - pontoon::rpc::http::start_server::h440d1910fab39f7a
[INFO] [stdout]                                at /opt/rustwide/workdir/src/rpc/http.rs:71:22
[INFO] [stdout]   19:     0x55ed38c2fdd9 - pontoon::rpc::http::HttpRPC::spawn_server::hbbffbceff17e9f38
[INFO] [stdout]                                at /opt/rustwide/workdir/src/rpc/http.rs:25:9
[INFO] [stdout]   20:     0x55ed38bdafb5 - pontoon::protocol::ServerConfig::spawn_http::{{closure}}::h7579d1d26fedead3
[INFO] [stdout]                                at /opt/rustwide/workdir/src/protocol/mod.rs:1188:38
[INFO] [stdout]   21:     0x55ed38bdba3b - pontoon::protocol::ServerConfig::spawn_protocol::h0cc9f806a74eb448
[INFO] [stdout]                                at /opt/rustwide/workdir/src/protocol/mod.rs:1223:28
[INFO] [stdout]   22:     0x55ed38bdae99 - pontoon::protocol::ServerConfig::spawn_http::h241b0e176e2558c3
[INFO] [stdout]                                at /opt/rustwide/workdir/src/protocol/mod.rs:1188:9
[INFO] [stdout]   23:     0x55ed38a0bcc1 - consensus::common::spawn_three_servers::h18f12711a125e06f
[INFO] [stdout]                                at /opt/rustwide/workdir/tests/common/mod.rs:4:5
[INFO] [stdout]   24:     0x55ed38a10404 - consensus::test_consensus_replication::{{closure}}::h807137551a2e5544
[INFO] [stdout]                                at /opt/rustwide/workdir/tests/consensus.rs:8:5
[INFO] [stdout]   25:     0x55ed38a0b08b - <core::future::from_generator::GenFuture<T> as core::future::future::Future>::poll::h23e8873ee0fcb8a7
[INFO] [stdout]                                at /rustc/a178d0322ce20e33eac124758e837cbd80a6f633/library/core/src/future/mod.rs:80:19
[INFO] [stdout]   26:     0x55ed38a0cef0 - tokio::runtime::basic_scheduler::BasicScheduler<P>::block_on::{{closure}}::{{closure}}::hac31d7e6b972067f
[INFO] [stdout]                                at /opt/rustwide/cargo-home/registry/src/github.com-1ecc6299db9ec823/tokio-0.2.21/src/runtime/basic_scheduler.rs:131:58
[INFO] [stdout]   27:     0x55ed38a0dadc - tokio::coop::with_budget::{{closure}}::hcb7f515c55bdc707
[INFO] [stdout]                                at /opt/rustwide/cargo-home/registry/src/github.com-1ecc6299db9ec823/tokio-0.2.21/src/coop.rs:127:9
[INFO] [stdout]   28:     0x55ed38a0ab71 - std::thread::local::LocalKey<T>::try_with::h57b9c72cd4cf30c2
[INFO] [stdout]                                at /rustc/a178d0322ce20e33eac124758e837cbd80a6f633/library/std/src/thread/local.rs:400:16
[INFO] [stdout]   29:     0x55ed38a0a65d - std::thread::local::LocalKey<T>::with::hdcf9a06ace674f41
[INFO] [stdout]                                at /rustc/a178d0322ce20e33eac124758e837cbd80a6f633/library/std/src/thread/local.rs:376:9
[INFO] [stdout]   30:     0x55ed38a0c877 - tokio::coop::with_budget::h1425466de48e745e
[INFO] [stdout]                                at /opt/rustwide/cargo-home/registry/src/github.com-1ecc6299db9ec823/tokio-0.2.21/src/coop.rs:120:5
[INFO] [stdout]   31:     0x55ed38a0c877 - tokio::coop::budget::h062f7286d516f5d6
[INFO] [stdout]                                at /opt/rustwide/cargo-home/registry/src/github.com-1ecc6299db9ec823/tokio-0.2.21/src/coop.rs:96:5
[INFO] [stdout]   32:     0x55ed38a0c877 - tokio::runtime::basic_scheduler::BasicScheduler<P>::block_on::{{closure}}::h3700e8ce5836d44d
[INFO] [stdout]                                at /opt/rustwide/cargo-home/registry/src/github.com-1ecc6299db9ec823/tokio-0.2.21/src/runtime/basic_scheduler.rs:131:35
[INFO] [stdout]   33:     0x55ed38a0d31f - tokio::runtime::basic_scheduler::enter::{{closure}}::h059954121a288107
[INFO] [stdout]                                at /opt/rustwide/cargo-home/registry/src/github.com-1ecc6299db9ec823/tokio-0.2.21/src/runtime/basic_scheduler.rs:213:29
[INFO] [stdout]   34:     0x55ed38a1252e - tokio::macros::scoped_tls::ScopedKey<T>::set::hc18886616f52dedc
[INFO] [stdout]                                at /opt/rustwide/cargo-home/registry/src/github.com-1ecc6299db9ec823/tokio-0.2.21/src/macros/scoped_tls.rs:63:9
[INFO] [stdout]   35:     0x55ed38a0d26e - tokio::runtime::basic_scheduler::enter::hd0c253320254f193
[INFO] [stdout]                                at /opt/rustwide/cargo-home/registry/src/github.com-1ecc6299db9ec823/tokio-0.2.21/src/runtime/basic_scheduler.rs:213:5
[INFO] [stdout]   36:     0x55ed38a0c5a2 - tokio::runtime::basic_scheduler::BasicScheduler<P>::block_on::h30a27454149dde82
[INFO] [stdout]                                at /opt/rustwide/cargo-home/registry/src/github.com-1ecc6299db9ec823/tokio-0.2.21/src/runtime/basic_scheduler.rs:123:9
[INFO] [stdout]   37:     0x55ed38a0badc - tokio::runtime::Runtime::block_on::{{closure}}::h229e08c1297b5f23
[INFO] [stdout]                                at /opt/rustwide/cargo-home/registry/src/github.com-1ecc6299db9ec823/tokio-0.2.21/src/runtime/mod.rs:444:34
[INFO] [stdout]   38:     0x55ed38a0fdeb - tokio::runtime::context::enter::hd4c5687344f1d4b6
[INFO] [stdout]                                at /opt/rustwide/cargo-home/registry/src/github.com-1ecc6299db9ec823/tokio-0.2.21/src/runtime/context.rs:72:5
[INFO] [stdout]   39:     0x55ed38a0c308 - tokio::runtime::handle::Handle::enter::hf74158d7b48c8ba9
[INFO] [stdout]                                at /opt/rustwide/cargo-home/registry/src/github.com-1ecc6299db9ec823/tokio-0.2.21/src/runtime/handle.rs:76:9
[INFO] [stdout]   40:     0x55ed38a0ba0f - tokio::runtime::Runtime::block_on::h6a841d81bd41bd79
[INFO] [stdout]                                at /opt/rustwide/cargo-home/registry/src/github.com-1ecc6299db9ec823/tokio-0.2.21/src/runtime/mod.rs:441:9
[INFO] [stdout]   41:     0x55ed38a10185 - consensus::test_consensus_replication::h1d32758f7d265341
[INFO] [stdout]                                at /opt/rustwide/workdir/tests/consensus.rs:5:1
[INFO] [stdout]   42:     0x55ed38a1009a - consensus::test_consensus_replication::{{closure}}::h0a718850f4705ecd
[INFO] [stdout]                                at /opt/rustwide/workdir/tests/consensus.rs:5:1
[INFO] [stdout]   43:     0x55ed38a0e31e - core::ops::function::FnOnce::call_once::he94f7f5b00457ec0
[INFO] [stdout]                                at /rustc/a178d0322ce20e33eac124758e837cbd80a6f633/library/core/src/ops/function.rs:227:5
[INFO] [stdout]   44:     0x55ed38e08443 - core::ops::function::FnOnce::call_once::h152e7e439ff59e19
[INFO] [stdout]                                at /rustc/a178d0322ce20e33eac124758e837cbd80a6f633/library/core/src/ops/function.rs:227:5
[INFO] [stdout]   45:     0x55ed38e08443 - test::__rust_begin_short_backtrace::h0908f3b1fdbb72ab
[INFO] [stdout]                                at /rustc/a178d0322ce20e33eac124758e837cbd80a6f633/library/test/src/lib.rs:577:5
[INFO] [stdout]   46:     0x55ed38e06f00 - <alloc::boxed::Box<F,A> as core::ops::function::FnOnce<Args>>::call_once::hf6d2a51e5587546c
[INFO] [stdout]                                at /rustc/a178d0322ce20e33eac124758e837cbd80a6f633/library/alloc/src/boxed.rs:1575:9
[INFO] [stdout]   47:     0x55ed38e06f00 - <std::panic::AssertUnwindSafe<F> as core::ops::function::FnOnce<()>>::call_once::h8af660f3a89ef593
[INFO] [stdout]                                at /rustc/a178d0322ce20e33eac124758e837cbd80a6f633/library/std/src/panic.rs:347:9
[INFO] [stdout]   48:     0x55ed38e06f00 - std::panicking::try::do_call::hd36aef60f84b6d36
[INFO] [stdout]                                at /rustc/a178d0322ce20e33eac124758e837cbd80a6f633/library/std/src/panicking.rs:401:40
[INFO] [stdout]   49:     0x55ed38e06f00 - std::panicking::try::h9932b4480e69817c
[INFO] [stdout]                                at /rustc/a178d0322ce20e33eac124758e837cbd80a6f633/library/std/src/panicking.rs:365:19
[INFO] [stdout]   50:     0x55ed38e06f00 - std::panic::catch_unwind::h6aa177099cfff5f8
[INFO] [stdout]                                at /rustc/a178d0322ce20e33eac124758e837cbd80a6f633/library/std/src/panic.rs:434:14
[INFO] [stdout]   51:     0x55ed38e06f00 - test::run_test_in_process::h5884d6f2d99e20c3
[INFO] [stdout]                                at /rustc/a178d0322ce20e33eac124758e837cbd80a6f633/library/test/src/lib.rs:600:18
[INFO] [stdout]   52:     0x55ed38e06f00 - test::run_test::run_test_inner::{{closure}}::h6fdc58c6d5f5b6e3
[INFO] [stdout]                                at /rustc/a178d0322ce20e33eac124758e837cbd80a6f633/library/test/src/lib.rs:492:39
[INFO] [stdout]   53:     0x55ed38de05b2 - test::run_test::run_test_inner::{{closure}}::h408365d67a78ade8
[INFO] [stdout]                                at /rustc/a178d0322ce20e33eac124758e837cbd80a6f633/library/test/src/lib.rs:519:37
[INFO] [stdout]   54:     0x55ed38de05b2 - std::sys_common::backtrace::__rust_begin_short_backtrace::hb560b77c4f701523
[INFO] [stdout]                                at /rustc/a178d0322ce20e33eac124758e837cbd80a6f633/library/std/src/sys_common/backtrace.rs:125:18
[INFO] [stdout]   55:     0x55ed38de4168 - std::thread::Builder::spawn_unchecked::{{closure}}::{{closure}}::hf2e7831dad93c597
[INFO] [stdout]                                at /rustc/a178d0322ce20e33eac124758e837cbd80a6f633/library/std/src/thread/mod.rs:481:17
[INFO] [stdout]   56:     0x55ed38de4168 - <std::panic::AssertUnwindSafe<F> as core::ops::function::FnOnce<()>>::call_once::hd2e08783d8be4d02
[INFO] [stdout]                                at /rustc/a178d0322ce20e33eac124758e837cbd80a6f633/library/std/src/panic.rs:347:9
[INFO] [stdout]   57:     0x55ed38de4168 - std::panicking::try::do_call::h062597b7acfd6b82
[INFO] [stdout]                                at /rustc/a178d0322ce20e33eac124758e837cbd80a6f633/library/std/src/panicking.rs:401:40
[INFO] [stdout]   58:     0x55ed38de4168 - std::panicking::try::h0d7b79db04c14552
[INFO] [stdout]                                at /rustc/a178d0322ce20e33eac124758e837cbd80a6f633/library/std/src/panicking.rs:365:19
[INFO] [stdout]   59:     0x55ed38de4168 - std::panic::catch_unwind::hb01a0b5e7c8cd43b
[INFO] [stdout]                                at /rustc/a178d0322ce20e33eac124758e837cbd80a6f633/library/std/src/panic.rs:434:14
[INFO] [stdout]   60:     0x55ed38de4168 - std::thread::Builder::spawn_unchecked::{{closure}}::h5bde48cc887e0d1e
[INFO] [stdout]                                at /rustc/a178d0322ce20e33eac124758e837cbd80a6f633/library/std/src/thread/mod.rs:480:30
[INFO] [stdout]   61:     0x55ed38de4168 - core::ops::function::FnOnce::call_once{{vtable.shim}}::h745ea30807a29e55
[INFO] [stdout]                                at /rustc/a178d0322ce20e33eac124758e837cbd80a6f633/library/core/src/ops/function.rs:227:5
[INFO] [stdout]   62:     0x55ed39080b97 - <alloc::boxed::Box<F,A> as core::ops::function::FnOnce<Args>>::call_once::h7ece6cfefaff1005
[INFO] [stdout]                                at /rustc/a178d0322ce20e33eac124758e837cbd80a6f633/library/alloc/src/boxed.rs:1575:9
[INFO] [stdout]   63:     0x55ed39080b97 - <alloc::boxed::Box<F,A> as core::ops::function::FnOnce<Args>>::call_once::hb8b48e55c21f193e
[INFO] [stdout]                                at /rustc/a178d0322ce20e33eac124758e837cbd80a6f633/library/alloc/src/boxed.rs:1575:9
[INFO] [stdout]   64:     0x55ed39080b97 - std::sys::unix::thread::Thread::new::thread_start::h8c7c4450dba62914
[INFO] [stdout]                                at /rustc/a178d0322ce20e33eac124758e837cbd80a6f633/library/std/src/sys/unix/thread.rs:71:17
[INFO] [stdout]   65:     0x7f23a1d41609 - start_thread
[INFO] [stdout]   66:     0x7f23a1b19293 - clone
[INFO] [stdout]   67:                0x0 - <unknown>
[INFO] [stdout] 
[INFO] [stdout] 
[INFO] [stdout] failures:
[INFO] [stdout]     test_consensus_replication
[INFO] [stdout] 
[INFO] [stdout] test result: FAILED. 0 passed; 1 failed; 0 ignored; 0 measured; 0 filtered out; finished in 0.03s
[INFO] [stdout] 
[INFO] [stderr] error: test failed, to rerun pass '--test consensus'
[INFO] running `Command { std: "docker" "inspect" "3716a29990aeed02d197447135d579aef38bf2a2b8fa20724b046703ac51bb65", kill_on_drop: false }`
[INFO] running `Command { std: "docker" "rm" "-f" "3716a29990aeed02d197447135d579aef38bf2a2b8fa20724b046703ac51bb65", kill_on_drop: false }`
[INFO] [stdout] 3716a29990aeed02d197447135d579aef38bf2a2b8fa20724b046703ac51bb65
