[INFO] cloning repository https://github.com/deus-x-mackina/poker
[INFO] running `Command { std: "git" "-c" "credential.helper=" "-c" "credential.helper=/workspace/cargo-home/bin/git-credential-null" "clone" "--bare" "https://github.com/deus-x-mackina/poker" "/workspace/cache/git-repos/https%3A%2F%2Fgithub.com%2Fdeus-x-mackina%2Fpoker", kill_on_drop: false }`
[INFO] [stderr] Cloning into bare repository '/workspace/cache/git-repos/https%3A%2F%2Fgithub.com%2Fdeus-x-mackina%2Fpoker'...
[INFO] running `Command { std: "git" "rev-parse" "HEAD", kill_on_drop: false }`
[INFO] [stdout] aa2c613cc8181774c0134c0dbc9840312dc73c1e
[INFO] testing deus-x-mackina/poker against beta-2021-08-01 for beta-1.55-1
[INFO] running `Command { std: "git" "clone" "/workspace/cache/git-repos/https%3A%2F%2Fgithub.com%2Fdeus-x-mackina%2Fpoker" "/workspace/builds/worker-21/source", kill_on_drop: false }`
[INFO] [stderr] Cloning into '/workspace/builds/worker-21/source'...
[INFO] [stderr] done.
[INFO] validating manifest of git repo https://github.com/deus-x-mackina/poker on toolchain beta-2021-08-01
[INFO] running `Command { std: "/workspace/cargo-home/bin/cargo" "+beta-2021-08-01" "metadata" "--manifest-path" "Cargo.toml" "--no-deps", kill_on_drop: false }`
[INFO] removed /workspace/builds/worker-21/source/.cargo/config.toml
[INFO] started tweaking git repo https://github.com/deus-x-mackina/poker
[INFO] finished tweaking git repo https://github.com/deus-x-mackina/poker
[INFO] tweaked toml for git repo https://github.com/deus-x-mackina/poker written to /workspace/builds/worker-21/source/Cargo.toml
[INFO] crate git repo https://github.com/deus-x-mackina/poker already has a lockfile, it will not be regenerated
[INFO] running `Command { std: "/workspace/cargo-home/bin/cargo" "+beta-2021-08-01" "fetch" "--manifest-path" "Cargo.toml", kill_on_drop: false }`
[INFO] [stderr]     Blocking waiting for file lock on package cache
[INFO] [stderr]  Downloading crates ...
[INFO] [stderr]   Downloaded tinytemplate v1.2.1
[INFO] [stderr]   Downloaded cast v0.2.5
[INFO] [stderr]   Downloaded variter v0.3.0
[INFO] running `Command { std: "docker" "create" "-v" "/var/lib/crater-agent-workspace/builds/worker-21/target:/opt/rustwide/target:rw,Z" "-v" "/var/lib/crater-agent-workspace/builds/worker-21/source:/opt/rustwide/workdir:ro,Z" "-v" "/var/lib/crater-agent-workspace/cargo-home:/opt/rustwide/cargo-home:ro,Z" "-v" "/var/lib/crater-agent-workspace/rustup-home:/opt/rustwide/rustup-home:ro,Z" "-e" "SOURCE_DIR=/opt/rustwide/workdir" "-e" "CARGO_TARGET_DIR=/opt/rustwide/target" "-e" "CARGO_HOME=/opt/rustwide/cargo-home" "-e" "RUSTUP_HOME=/opt/rustwide/rustup-home" "-w" "/opt/rustwide/workdir" "-m" "1610612736" "--user" "0:0" "--network" "none" "ghcr.io/rust-lang/crates-build-env/linux@sha256:34b6a614d2c27851fe6cbf88fbd1137609cefab8b10d0615aaeb6fd47975d74e" "/opt/rustwide/cargo-home/bin/cargo" "+beta-2021-08-01" "metadata" "--no-deps" "--format-version=1", kill_on_drop: false }`
[INFO] [stdout] 57fff145382ae3e56a9c13cd915442fb57d4c11457298a20f4ab50e7338d14c6
[INFO] running `Command { std: "docker" "start" "-a" "57fff145382ae3e56a9c13cd915442fb57d4c11457298a20f4ab50e7338d14c6", kill_on_drop: false }`
[INFO] running `Command { std: "docker" "inspect" "57fff145382ae3e56a9c13cd915442fb57d4c11457298a20f4ab50e7338d14c6", kill_on_drop: false }`
[INFO] running `Command { std: "docker" "rm" "-f" "57fff145382ae3e56a9c13cd915442fb57d4c11457298a20f4ab50e7338d14c6", kill_on_drop: false }`
[INFO] [stdout] 57fff145382ae3e56a9c13cd915442fb57d4c11457298a20f4ab50e7338d14c6
[INFO] running `Command { std: "docker" "create" "-v" "/var/lib/crater-agent-workspace/builds/worker-21/target:/opt/rustwide/target:rw,Z" "-v" "/var/lib/crater-agent-workspace/builds/worker-21/source:/opt/rustwide/workdir:ro,Z" "-v" "/var/lib/crater-agent-workspace/cargo-home:/opt/rustwide/cargo-home:ro,Z" "-v" "/var/lib/crater-agent-workspace/rustup-home:/opt/rustwide/rustup-home:ro,Z" "-e" "SOURCE_DIR=/opt/rustwide/workdir" "-e" "CARGO_TARGET_DIR=/opt/rustwide/target" "-e" "CARGO_INCREMENTAL=0" "-e" "RUST_BACKTRACE=full" "-e" "RUSTFLAGS=--cap-lints=warn" "-e" "CARGO_HOME=/opt/rustwide/cargo-home" "-e" "RUSTUP_HOME=/opt/rustwide/rustup-home" "-w" "/opt/rustwide/workdir" "-m" "1610612736" "--user" "0:0" "--network" "none" "ghcr.io/rust-lang/crates-build-env/linux@sha256:34b6a614d2c27851fe6cbf88fbd1137609cefab8b10d0615aaeb6fd47975d74e" "/opt/rustwide/cargo-home/bin/cargo" "+beta-2021-08-01" "build" "--frozen" "--message-format=json", kill_on_drop: false }`
[INFO] [stdout] 3e921823618f6c40b72ca4fb0d5490f6211217be10359810e6a1c3eab3ed7f3f
[INFO] running `Command { std: "docker" "start" "-a" "3e921823618f6c40b72ca4fb0d5490f6211217be10359810e6a1c3eab3ed7f3f", kill_on_drop: false }`
[INFO] [stderr]    Compiling libc v0.2.93
[INFO] [stderr]    Compiling getrandom v0.2.2
[INFO] [stderr]    Compiling cfg-if v1.0.0
[INFO] [stderr]    Compiling version_check v0.9.3
[INFO] [stderr]    Compiling once_cell v1.7.2
[INFO] [stderr]    Compiling ppv-lite86 v0.2.10
[INFO] [stderr]    Compiling either v1.6.1
[INFO] [stderr]    Compiling variter v0.3.0
[INFO] [stderr]    Compiling itertools v0.10.0
[INFO] [stderr]    Compiling ahash v0.7.2
[INFO] [stderr]    Compiling rand_core v0.6.2
[INFO] [stderr]    Compiling rand_chacha v0.3.0
[INFO] [stderr]    Compiling hashbrown v0.11.2
[INFO] [stderr]    Compiling rand v0.8.3
[INFO] [stderr]    Compiling poker v0.3.0 (/opt/rustwide/workdir)
[INFO] [stderr]     Finished dev [unoptimized + debuginfo] target(s) in 8.03s
[INFO] running `Command { std: "docker" "inspect" "3e921823618f6c40b72ca4fb0d5490f6211217be10359810e6a1c3eab3ed7f3f", kill_on_drop: false }`
[INFO] running `Command { std: "docker" "rm" "-f" "3e921823618f6c40b72ca4fb0d5490f6211217be10359810e6a1c3eab3ed7f3f", kill_on_drop: false }`
[INFO] [stdout] 3e921823618f6c40b72ca4fb0d5490f6211217be10359810e6a1c3eab3ed7f3f
[INFO] running `Command { std: "docker" "create" "-v" "/var/lib/crater-agent-workspace/builds/worker-21/target:/opt/rustwide/target:rw,Z" "-v" "/var/lib/crater-agent-workspace/builds/worker-21/source:/opt/rustwide/workdir:ro,Z" "-v" "/var/lib/crater-agent-workspace/cargo-home:/opt/rustwide/cargo-home:ro,Z" "-v" "/var/lib/crater-agent-workspace/rustup-home:/opt/rustwide/rustup-home:ro,Z" "-e" "SOURCE_DIR=/opt/rustwide/workdir" "-e" "CARGO_TARGET_DIR=/opt/rustwide/target" "-e" "CARGO_INCREMENTAL=0" "-e" "RUST_BACKTRACE=full" "-e" "RUSTFLAGS=--cap-lints=warn" "-e" "CARGO_HOME=/opt/rustwide/cargo-home" "-e" "RUSTUP_HOME=/opt/rustwide/rustup-home" "-w" "/opt/rustwide/workdir" "-m" "1610612736" "--user" "0:0" "--network" "none" "ghcr.io/rust-lang/crates-build-env/linux@sha256:34b6a614d2c27851fe6cbf88fbd1137609cefab8b10d0615aaeb6fd47975d74e" "/opt/rustwide/cargo-home/bin/cargo" "+beta-2021-08-01" "test" "--frozen" "--no-run" "--message-format=json", kill_on_drop: false }`
[INFO] [stdout] b9f57ee2690300b01ea39bafc6dce29dd51623dba46f2923efdc10190d80f517
[INFO] running `Command { std: "docker" "start" "-a" "b9f57ee2690300b01ea39bafc6dce29dd51623dba46f2923efdc10190d80f517", kill_on_drop: false }`
[INFO] [stderr]    Compiling autocfg v1.0.1
[INFO] [stderr]    Compiling lazy_static v1.4.0
[INFO] [stderr]    Compiling serde v1.0.125
[INFO] [stderr]    Compiling proc-macro2 v1.0.26
[INFO] [stderr]    Compiling memchr v2.3.4
[INFO] [stderr]    Compiling semver-parser v0.7.0
[INFO] [stderr]    Compiling ryu v1.0.5
[INFO] [stderr]    Compiling bitflags v1.2.1
[INFO] [stderr]    Compiling unicode-xid v0.2.1
[INFO] [stderr]    Compiling syn v1.0.70
[INFO] [stderr]    Compiling scopeguard v1.1.0
[INFO] [stderr]    Compiling rayon-core v1.9.0
[INFO] [stderr]    Compiling byteorder v1.4.3
[INFO] [stderr]    Compiling itoa v0.4.7
[INFO] [stderr]    Compiling unicode-width v0.1.8
[INFO] [stderr]    Compiling serde_json v1.0.64
[INFO] [stderr]    Compiling serde_derive v1.0.125
[INFO] [stderr]    Compiling log v0.4.14
[INFO] [stderr]    Compiling smallvec v1.6.1
[INFO] [stderr]    Compiling plotters-backend v0.3.0
[INFO] [stderr]    Compiling endian-type v0.1.2
[INFO] [stderr]    Compiling half v1.7.1
[INFO] [stderr]    Compiling regex-syntax v0.6.23
[INFO] [stderr]    Compiling doc-comment v0.3.3
[INFO] [stderr]    Compiling same-file v1.0.6
[INFO] [stderr]    Compiling oorandom v11.1.3
[INFO] [stderr]    Compiling utf8parse v0.2.0
[INFO] [stderr]    Compiling unicode-segmentation v1.7.1
[INFO] [stderr]    Compiling itertools v0.9.0
[INFO] [stderr]    Compiling num_cpus v1.13.0
[INFO] [stderr]    Compiling dirs-sys-next v0.1.2
[INFO] [stderr]    Compiling atty v0.2.14
[INFO] [stderr]    Compiling fs2 v0.4.3
[INFO] [stderr]    Compiling textwrap v0.11.0
[INFO] [stderr]    Compiling colored v2.0.0
[INFO] [stderr]    Compiling regex-automata v0.1.9
[INFO] [stderr]    Compiling walkdir v2.3.2
[INFO] [stderr]    Compiling semver v0.9.0
[INFO] [stderr]    Compiling nibble_vec v0.1.0
[INFO] [stderr]    Compiling dirs-next v2.0.0
[INFO] [stderr]    Compiling plotters-svg v0.3.0
[INFO] [stderr]    Compiling radix_trie v0.2.1
[INFO] [stderr]    Compiling crossbeam-utils v0.8.3
[INFO] [stderr]    Compiling memoffset v0.6.3
[INFO] [stderr]    Compiling num-traits v0.2.14
[INFO] [stderr]    Compiling rayon v1.5.0
[INFO] [stderr]    Compiling nix v0.20.0
[INFO] [stderr]    Compiling clap v2.33.3
[INFO] [stderr]    Compiling rustc_version v0.2.3
[INFO] [stderr]    Compiling csv-core v0.1.10
[INFO] [stderr]    Compiling cast v0.2.5
[INFO] [stderr]    Compiling quote v1.0.9
[INFO] [stderr]    Compiling regex v1.4.6
[INFO] [stderr]    Compiling criterion-plot v0.4.3
[INFO] [stderr]    Compiling crossbeam-epoch v0.9.3
[INFO] [stderr]    Compiling crossbeam-channel v0.5.1
[INFO] [stderr]    Compiling plotters v0.3.0
[INFO] [stderr]    Compiling crossbeam-deque v0.8.0
[INFO] [stderr]    Compiling bstr v0.2.15
[INFO] [stderr]    Compiling serde_cbor v0.11.1
[INFO] [stderr]    Compiling rustyline v8.0.0
[INFO] [stderr]    Compiling csv v1.1.6
[INFO] [stderr]    Compiling tinytemplate v1.2.1
[INFO] [stderr]    Compiling rustyline-derive v0.4.0
[INFO] [stderr]    Compiling criterion v0.3.4
[INFO] [stderr]    Compiling poker v0.3.0 (/opt/rustwide/workdir)
[INFO] [stderr]     Finished test [unoptimized + debuginfo] target(s) in 30.24s
[INFO] running `Command { std: "docker" "inspect" "b9f57ee2690300b01ea39bafc6dce29dd51623dba46f2923efdc10190d80f517", kill_on_drop: false }`
[INFO] running `Command { std: "docker" "rm" "-f" "b9f57ee2690300b01ea39bafc6dce29dd51623dba46f2923efdc10190d80f517", kill_on_drop: false }`
[INFO] [stdout] b9f57ee2690300b01ea39bafc6dce29dd51623dba46f2923efdc10190d80f517
[INFO] running `Command { std: "docker" "create" "-v" "/var/lib/crater-agent-workspace/builds/worker-21/target:/opt/rustwide/target:rw,Z" "-v" "/var/lib/crater-agent-workspace/builds/worker-21/source:/opt/rustwide/workdir:ro,Z" "-v" "/var/lib/crater-agent-workspace/cargo-home:/opt/rustwide/cargo-home:ro,Z" "-v" "/var/lib/crater-agent-workspace/rustup-home:/opt/rustwide/rustup-home:ro,Z" "-e" "SOURCE_DIR=/opt/rustwide/workdir" "-e" "CARGO_TARGET_DIR=/opt/rustwide/target" "-e" "CARGO_INCREMENTAL=0" "-e" "RUST_BACKTRACE=full" "-e" "RUSTFLAGS=--cap-lints=warn" "-e" "CARGO_HOME=/opt/rustwide/cargo-home" "-e" "RUSTUP_HOME=/opt/rustwide/rustup-home" "-w" "/opt/rustwide/workdir" "-m" "1610612736" "--user" "0:0" "--network" "none" "ghcr.io/rust-lang/crates-build-env/linux@sha256:34b6a614d2c27851fe6cbf88fbd1137609cefab8b10d0615aaeb6fd47975d74e" "/opt/rustwide/cargo-home/bin/cargo" "+beta-2021-08-01" "test" "--frozen", kill_on_drop: false }`
[INFO] [stdout] 95f0d28efe2818b80ebc26a39c23a44781a1864171a448b3fbfb111df033ddeb
[INFO] running `Command { std: "docker" "start" "-a" "95f0d28efe2818b80ebc26a39c23a44781a1864171a448b3fbfb111df033ddeb", kill_on_drop: false }`
[INFO] [stderr]     Blocking waiting for file lock on package cache
[INFO] [stderr]     Finished test [unoptimized + debuginfo] target(s) in 0.43s
[INFO] [stderr]      Running unittests (/opt/rustwide/target/debug/deps/poker-0e5614ce712a53c4)
[INFO] [stdout] 
[INFO] [stdout] running 15 tests
[INFO] [stdout] test card::macros::tests::box_cards_works ... ok
[INFO] [stdout] test card::tests::card_integers_unique ... ok
[INFO] [stdout] test card::tests::from_str_fails ... ok
[INFO] [stdout] test card::tests::card_suit_and_rank_calculations ... ok
[INFO] [stdout] test evaluate::class::tests::eval_class_derived_ord_works ... ok
[INFO] [stdout] test card::tests::try_from_works ... ok
[INFO] [stdout] test evaluate::eval::tests::eval_best ... ok
[INFO] [stdout] test evaluate::eval::tests::eval_worst ... ok
[INFO] [stdout] test evaluate::utils::tests::bit_sequence_generator_works ... ok
[INFO] [stdout] test evaluate::utils::tests::combinations_generator_works ... ok
[INFO] [stdout] test evaluate::lookup_table::tests::check_metadata_ordering ... ok
[INFO] [stdout] test evaluate::tests::representative_five_card_hands ... ok
[INFO] [stdout] test evaluate::tests::representative_six_card_hands ... ok
[INFO] [stdout] test evaluate::tests::representative_seven_card_hands ... ok
[INFO] [stdout] test evaluate::tests::test_all_five_card_combos ... ok
[INFO] [stdout] 
[INFO] [stdout] test result: ok. 15 passed; 0 failed; 0 ignored; 0 measured; 0 filtered out; finished in 36.98s
[INFO] [stdout] 
[INFO] [stderr]    Doc-tests poker
[INFO] [stdout] 
[INFO] [stdout] running 33 tests
[INFO] [stdout] test src/evaluate/eval.rs - evaluate::eval::Eval (line 12) ... FAILED
[INFO] [stdout] test src/evaluate/mod.rs - evaluate::Evaluator::evaluate (line 126) ... FAILED
[INFO] [stdout] test src/lib.rs - (line 8) ... FAILED
[INFO] [stdout] test src/evaluate/mod.rs - evaluate::Evaluator::evaluate (line 102) ... FAILED
[INFO] [stdout] test src/error.rs - error::EvalError (line 161) ... FAILED
[INFO] [stdout] test src/evaluate/class.rs - evaluate::class::EvalClass (line 10) ... FAILED
[INFO] [stdout] test src/error.rs - error::EvalError (line 139) ... FAILED
[INFO] [stdout] test src/card/mod.rs - card::Card::generate_deck (line 244) ... FAILED
[INFO] [stdout] test src/card/mod.rs - card::Card::parse_to_iter (line 349) ... FAILED
[INFO] [stdout] test src/lib.rs - (line 53) ... FAILED
[INFO] [stdout] test src/card/mod.rs - card::Card::parse_to_vec (line 292) ... FAILED
[INFO] [stdout] test src/error.rs - error::ParseCardError (line 52) ... FAILED
[INFO] [stdout] test src/card/mod.rs - card::Card::new (line 111) ... FAILED
[INFO] [stdout] test src/evaluate/mod.rs - evaluate::Evaluator (line 47) ... FAILED
[INFO] [stdout] test src/error.rs - error::ParseCardError (line 19) ... FAILED
[INFO] [stdout] test src/card/macros.rs - cards (line 124) ... FAILED
[INFO] [stdout] test src/card/suit.rs - card::suit::Suit::as_pretty_char (line 31) ... FAILED
[INFO] [stdout] test src/card/mod.rs - card::Card::try_from_chars (line 142) ... FAILED
[INFO] [stdout] test src/card/macros.rs - cards (line 80) ... FAILED
[INFO] [stdout] test src/card/mod.rs - card::Card::rank_suit_string (line 222) ... FAILED
[INFO] [stdout] test src/card/macros.rs - cards (line 102) ... FAILED
[INFO] [stdout] test src/card/mod.rs - card::Card::suit (line 186) ... FAILED
[INFO] [stdout] test src/card/suit.rs - card::suit::Suit::as_char (line 53) ... ok
[INFO] [stdout] test src/card/macros.rs - card (line 9) ... ok
[INFO] [stdout] test src/card/macros.rs - card (line 18) ... ok
[INFO] [stdout] test src/card/mod.rs - card::Card::rank (line 170) ... ok
[INFO] [stdout] test src/card/rank.rs - card::rank::Rank::as_char (line 53) ... ok
[INFO] [stdout] test src/card/mod.rs - card::Card::unique_integer (line 203) ... ok
[INFO] [stdout] test src/error.rs - error::ParseCardError (line 35) ... ok
[INFO] [stdout] test src/card/macros.rs - card (line 29) ... ok
[INFO] [stdout] test src/card/macros.rs - cards (line 60) ... ok
[INFO] [stdout] test src/card/mod.rs - card (line 37) ... ok
[INFO] [stdout] test src/card/mod.rs - card::Card (line 88) ... ok
[INFO] [stdout] 
[INFO] [stdout] failures:
[INFO] [stdout] 
[INFO] [stdout] ---- src/evaluate/eval.rs - evaluate::eval::Eval (line 12) stdout ----
[INFO] [stdout] Couldn't compile the test.
[INFO] [stdout] ---- src/evaluate/mod.rs - evaluate::Evaluator::evaluate (line 126) stdout ----
[INFO] [stdout] Couldn't compile the test.
[INFO] [stdout] ---- src/lib.rs - (line 8) stdout ----
[INFO] [stdout] Couldn't compile the test.
[INFO] [stdout] ---- src/evaluate/mod.rs - evaluate::Evaluator::evaluate (line 102) stdout ----
[INFO] [stdout] Couldn't compile the test.
[INFO] [stdout] ---- src/error.rs - error::EvalError (line 161) stdout ----
[INFO] [stdout] Couldn't compile the test.
[INFO] [stdout] ---- src/evaluate/class.rs - evaluate::class::EvalClass (line 10) stdout ----
[INFO] [stdout] Couldn't compile the test.
[INFO] [stdout] ---- src/error.rs - error::EvalError (line 139) stdout ----
[INFO] [stdout] Couldn't compile the test.
[INFO] [stdout] ---- src/card/mod.rs - card::Card::generate_deck (line 244) stdout ----
[INFO] [stdout] Couldn't compile the test.
[INFO] [stdout] ---- src/card/mod.rs - card::Card::parse_to_iter (line 349) stdout ----
[INFO] [stdout] Couldn't compile the test.
[INFO] [stdout] ---- src/lib.rs - (line 53) stdout ----
[INFO] [stdout] Couldn't compile the test.
[INFO] [stdout] ---- src/card/mod.rs - card::Card::parse_to_vec (line 292) stdout ----
[INFO] [stdout] Couldn't compile the test.
[INFO] [stdout] ---- src/error.rs - error::ParseCardError (line 52) stdout ----
[INFO] [stdout] Couldn't compile the test.
[INFO] [stdout] ---- src/card/mod.rs - card::Card::new (line 111) stdout ----
[INFO] [stdout] Couldn't compile the test.
[INFO] [stdout] ---- src/evaluate/mod.rs - evaluate::Evaluator (line 47) stdout ----
[INFO] [stdout] Couldn't compile the test.
[INFO] [stdout] ---- src/error.rs - error::ParseCardError (line 19) stdout ----
[INFO] [stdout] Couldn't compile the test.
[INFO] [stdout] ---- src/card/macros.rs - cards (line 124) stdout ----
[INFO] [stdout] Couldn't compile the test.
[INFO] [stdout] ---- src/card/suit.rs - card::suit::Suit::as_pretty_char (line 31) stdout ----
[INFO] [stdout] Couldn't compile the test.
[INFO] [stdout] ---- src/card/mod.rs - card::Card::try_from_chars (line 142) stdout ----
[INFO] [stdout] Couldn't compile the test.
[INFO] [stdout] ---- src/card/macros.rs - cards (line 80) stdout ----
[INFO] [stdout] Couldn't compile the test.
[INFO] [stdout] ---- src/card/mod.rs - card::Card::rank_suit_string (line 222) stdout ----
[INFO] [stdout] Couldn't compile the test.
[INFO] [stdout] ---- src/card/macros.rs - cards (line 102) stdout ----
[INFO] [stdout] Couldn't compile the test.
[INFO] [stdout] ---- src/card/mod.rs - card::Card::suit (line 186) stdout ----
[INFO] [stdout] Couldn't compile the test.
[INFO] [stdout] 
[INFO] [stdout] failures:
[INFO] [stdout]     src/card/macros.rs - cards (line 102)
[INFO] [stdout]     src/card/macros.rs - cards (line 124)
[INFO] [stdout]     src/card/macros.rs - cards (line 80)
[INFO] [stdout]     src/card/mod.rs - card::Card::generate_deck (line 244)
[INFO] [stdout]     src/card/mod.rs - card::Card::new (line 111)
[INFO] [stdout]     src/card/mod.rs - card::Card::parse_to_iter (line 349)
[INFO] [stdout]     src/card/mod.rs - card::Card::parse_to_vec (line 292)
[INFO] [stdout]     src/card/mod.rs - card::Card::rank_suit_string (line 222)
[INFO] [stdout]     src/card/mod.rs - card::Card::suit (line 186)
[INFO] [stdout]     src/card/mod.rs - card::Card::try_from_chars (line 142)
[INFO] [stdout]     src/card/suit.rs - card::suit::Suit::as_pretty_char (line 31)
[INFO] [stdout]     src/error.rs - error::EvalError (line 139)
[INFO] [stdout]     src/error.rs - error::EvalError (line 161)
[INFO] [stdout]     src/error.rs - error::ParseCardError (line 19)
[INFO] [stdout]     src/error.rs - error::ParseCardError (line 52)
[INFO] [stdout]     src/evaluate/class.rs - evaluate::class::EvalClass (line 10)
[INFO] [stdout]     src/evaluate/eval.rs - evaluate::eval::Eval (line 12)
[INFO] [stdout]     src/evaluate/mod.rs - evaluate::Evaluator (line 47)
[INFO] [stdout]     src/evaluate/mod.rs - evaluate::Evaluator::evaluate (line 102)
[INFO] [stdout]     src/evaluate/mod.rs - evaluate::Evaluator::evaluate (line 126)
[INFO] [stdout]     src/lib.rs - (line 53)
[INFO] [stdout]     src/lib.rs - (line 8)
[INFO] [stdout] 
[INFO] [stdout] test result: FAILED. 11 passed; 22 failed; 0 ignored; 0 measured; 0 filtered out; finished in 5.07s
[INFO] [stdout] 
[INFO] [stderr] error: test failed, to rerun pass '--doc'
[INFO] running `Command { std: "docker" "inspect" "95f0d28efe2818b80ebc26a39c23a44781a1864171a448b3fbfb111df033ddeb", kill_on_drop: false }`
[INFO] running `Command { std: "docker" "rm" "-f" "95f0d28efe2818b80ebc26a39c23a44781a1864171a448b3fbfb111df033ddeb", kill_on_drop: false }`
[INFO] [stdout] 95f0d28efe2818b80ebc26a39c23a44781a1864171a448b3fbfb111df033ddeb
