[INFO] cloning repository https://github.com/deniauma/neutrino-engine
[INFO] running `Command { std: "git" "-c" "credential.helper=" "-c" "credential.helper=/workspace/cargo-home/bin/git-credential-null" "clone" "--bare" "https://github.com/deniauma/neutrino-engine" "/workspace/cache/git-repos/https%3A%2F%2Fgithub.com%2Fdeniauma%2Fneutrino-engine", kill_on_drop: false }`
[INFO] [stderr] Cloning into bare repository '/workspace/cache/git-repos/https%3A%2F%2Fgithub.com%2Fdeniauma%2Fneutrino-engine'...
[INFO] running `Command { std: "git" "rev-parse" "HEAD", kill_on_drop: false }`
[INFO] [stdout] 40391e64571c22594964a4a7966c1d73dfa7a756
[INFO] testing deniauma/neutrino-engine against beta-2021-08-01 for beta-1.55-1
[INFO] running `Command { std: "git" "clone" "/workspace/cache/git-repos/https%3A%2F%2Fgithub.com%2Fdeniauma%2Fneutrino-engine" "/workspace/builds/worker-19/source", kill_on_drop: false }`
[INFO] [stderr] Cloning into '/workspace/builds/worker-19/source'...
[INFO] [stderr] done.
[INFO] validating manifest of git repo https://github.com/deniauma/neutrino-engine on toolchain beta-2021-08-01
[INFO] running `Command { std: "/workspace/cargo-home/bin/cargo" "+beta-2021-08-01" "metadata" "--manifest-path" "Cargo.toml" "--no-deps", kill_on_drop: false }`
[INFO] started tweaking git repo https://github.com/deniauma/neutrino-engine
[INFO] finished tweaking git repo https://github.com/deniauma/neutrino-engine
[INFO] tweaked toml for git repo https://github.com/deniauma/neutrino-engine written to /workspace/builds/worker-19/source/Cargo.toml
[INFO] crate git repo https://github.com/deniauma/neutrino-engine already has a lockfile, it will not be regenerated
[INFO] running `Command { std: "/workspace/cargo-home/bin/cargo" "+beta-2021-08-01" "fetch" "--manifest-path" "Cargo.toml", kill_on_drop: false }`
[INFO] [stderr]  Downloading crates ...
[INFO] [stderr]   Downloaded png v0.14.0
[INFO] [stderr]   Downloaded rusttype v0.7.3
[INFO] [stderr]   Downloaded gl v0.12.0
[INFO] [stderr]   Downloaded image v0.21.1
[INFO] [stderr]   Downloaded andrew v0.1.5
[INFO] running `Command { std: "docker" "create" "-v" "/var/lib/crater-agent-workspace/builds/worker-19/target:/opt/rustwide/target:rw,Z" "-v" "/var/lib/crater-agent-workspace/builds/worker-19/source:/opt/rustwide/workdir:ro,Z" "-v" "/var/lib/crater-agent-workspace/cargo-home:/opt/rustwide/cargo-home:ro,Z" "-v" "/var/lib/crater-agent-workspace/rustup-home:/opt/rustwide/rustup-home:ro,Z" "-e" "SOURCE_DIR=/opt/rustwide/workdir" "-e" "CARGO_TARGET_DIR=/opt/rustwide/target" "-e" "CARGO_HOME=/opt/rustwide/cargo-home" "-e" "RUSTUP_HOME=/opt/rustwide/rustup-home" "-w" "/opt/rustwide/workdir" "-m" "1610612736" "--user" "0:0" "--network" "none" "ghcr.io/rust-lang/crates-build-env/linux@sha256:34b6a614d2c27851fe6cbf88fbd1137609cefab8b10d0615aaeb6fd47975d74e" "/opt/rustwide/cargo-home/bin/cargo" "+beta-2021-08-01" "metadata" "--no-deps" "--format-version=1", kill_on_drop: false }`
[INFO] [stdout] fd2af8dfe90e6a10da46b70aa88623b226edbd854aeb467e070ba81e547e1622
[INFO] running `Command { std: "docker" "start" "-a" "fd2af8dfe90e6a10da46b70aa88623b226edbd854aeb467e070ba81e547e1622", kill_on_drop: false }`
[INFO] running `Command { std: "docker" "inspect" "fd2af8dfe90e6a10da46b70aa88623b226edbd854aeb467e070ba81e547e1622", kill_on_drop: false }`
[INFO] running `Command { std: "docker" "rm" "-f" "fd2af8dfe90e6a10da46b70aa88623b226edbd854aeb467e070ba81e547e1622", kill_on_drop: false }`
[INFO] [stdout] fd2af8dfe90e6a10da46b70aa88623b226edbd854aeb467e070ba81e547e1622
[INFO] running `Command { std: "docker" "create" "-v" "/var/lib/crater-agent-workspace/builds/worker-19/target:/opt/rustwide/target:rw,Z" "-v" "/var/lib/crater-agent-workspace/builds/worker-19/source:/opt/rustwide/workdir:ro,Z" "-v" "/var/lib/crater-agent-workspace/cargo-home:/opt/rustwide/cargo-home:ro,Z" "-v" "/var/lib/crater-agent-workspace/rustup-home:/opt/rustwide/rustup-home:ro,Z" "-e" "SOURCE_DIR=/opt/rustwide/workdir" "-e" "CARGO_TARGET_DIR=/opt/rustwide/target" "-e" "CARGO_INCREMENTAL=0" "-e" "RUST_BACKTRACE=full" "-e" "RUSTFLAGS=--cap-lints=warn" "-e" "CARGO_HOME=/opt/rustwide/cargo-home" "-e" "RUSTUP_HOME=/opt/rustwide/rustup-home" "-w" "/opt/rustwide/workdir" "-m" "1610612736" "--user" "0:0" "--network" "none" "ghcr.io/rust-lang/crates-build-env/linux@sha256:34b6a614d2c27851fe6cbf88fbd1137609cefab8b10d0615aaeb6fd47975d74e" "/opt/rustwide/cargo-home/bin/cargo" "+beta-2021-08-01" "build" "--frozen" "--message-format=json", kill_on_drop: false }`
[INFO] [stdout] 476d5ef090f1d4b59cef25c87b50f152a39bba30ebc8c403e38e2f4aebec61e5
[INFO] running `Command { std: "docker" "start" "-a" "476d5ef090f1d4b59cef25c87b50f152a39bba30ebc8c403e38e2f4aebec61e5", kill_on_drop: false }`
[INFO] [stderr]     Blocking waiting for file lock on package cache
[INFO] [stderr]    Compiling libc v0.2.47
[INFO] [stderr]    Compiling num-traits v0.2.6
[INFO] [stderr]    Compiling xml-rs v0.8.0
[INFO] [stderr]    Compiling proc-macro2 v0.4.26
[INFO] [stderr]    Compiling unicode-xid v0.1.0
[INFO] [stderr]    Compiling byteorder v1.3.1
[INFO] [stderr]    Compiling arrayvec v0.4.10
[INFO] [stderr]    Compiling nodrop v0.1.13
[INFO] [stderr]    Compiling autocfg v0.1.2
[INFO] [stderr]    Compiling cc v1.0.28
[INFO] [stderr]    Compiling void v1.0.2
[INFO] [stderr]    Compiling num-integer v0.1.39
[INFO] [stderr]    Compiling khronos_api v3.1.0
[INFO] [stderr]    Compiling memoffset v0.2.1
[INFO] [stderr]    Compiling rayon-core v1.4.1
[INFO] [stderr]    Compiling nix v0.12.0
[INFO] [stderr]    Compiling num-iter v0.1.37
[INFO] [stderr]    Compiling lzw v0.10.0
[INFO] [stderr]    Compiling rayon v1.0.3
[INFO] [stderr]    Compiling downcast-rs v1.0.3
[INFO] [stderr]    Compiling color_quant v1.0.1
[INFO] [stderr]    Compiling either v1.5.0
[INFO] [stderr]    Compiling same-file v1.0.4
[INFO] [stderr]    Compiling pkg-config v0.3.14
[INFO] [stderr]    Compiling xdg v2.2.0
[INFO] [stderr]    Compiling num-derive v0.2.4
[INFO] [stderr]    Compiling scoped_threadpool v0.1.9
[INFO] [stderr]    Compiling num-rational v0.2.1
[INFO] [stderr]    Compiling cgmath v0.17.0
[INFO] [stderr]    Compiling math v0.1.0 (/opt/rustwide/workdir/math)
[INFO] [stderr]    Compiling log v0.4.6
[INFO] [stderr]    Compiling crossbeam-utils v0.2.2
[INFO] [stderr]    Compiling rand_xorshift v0.1.1
[INFO] [stderr]    Compiling inflate v0.3.4
[INFO] [stderr]    Compiling inflate v0.4.4
[INFO] [stderr]    Compiling walkdir v2.2.7
[INFO] [stderr]    Compiling approx v0.3.1
[INFO] [stderr]    Compiling ordered-float v1.0.1
[INFO] [stderr]    Compiling line_drawing v0.7.0
[INFO] [stderr]    Compiling num-traits v0.1.43
[INFO] [stderr]    Compiling stb_truetype v0.2.5
[INFO] [stderr]    Compiling deflate v0.7.19
[INFO] [stderr]    Compiling num-rational v0.1.42
[INFO] [stderr]    Compiling quote v0.6.11
[INFO] [stderr]    Compiling x11-dl v2.18.3
[INFO] [stderr]    Compiling unreachable v1.0.0
[INFO] [stderr]    Compiling rand_chacha v0.1.1
[INFO] [stderr]    Compiling rand v0.6.4
[INFO] [stderr]    Compiling gif v0.9.2
[INFO] [stderr]    Compiling gif v0.10.1
[INFO] [stderr]    Compiling gl_generator v0.10.0
[INFO] [stderr]    Compiling gl_generator v0.11.0
[INFO] [stderr]    Compiling enum_primitive v0.1.1
[INFO] [stderr]    Compiling rand_os v0.1.1
[INFO] [stderr]    Compiling num_cpus v1.9.0
[INFO] [stderr]    Compiling memmap v0.7.0
[INFO] [stderr]    Compiling rand v0.4.6
[INFO] [stderr]    Compiling shared_library v0.1.9
[INFO] [stderr]    Compiling png v0.11.0
[INFO] [stderr]    Compiling png v0.14.0
[INFO] [stderr]    Compiling wayland-scanner v0.21.11
[INFO] [stderr]    Compiling syn v0.15.26
[INFO] [stderr]    Compiling crossbeam-epoch v0.3.1
[INFO] [stderr]    Compiling rusttype v0.7.3
[INFO] [stderr]    Compiling smallvec v0.6.8
[INFO] [stderr]    Compiling libloading v0.5.0
[INFO] [stderr]    Compiling crossbeam-deque v0.2.0
[INFO] [stderr]    Compiling osmesa-sys v0.1.2
[INFO] [stderr]    Compiling andrew v0.1.5
[INFO] [stderr]    Compiling rand v0.3.23
[INFO] [stderr]    Compiling glutin v0.19.0
[INFO] [stderr]    Compiling dlib v0.4.1
[INFO] [stderr]    Compiling gl v0.12.0
[INFO] [stderr]    Compiling parking_lot_core v0.4.0
[INFO] [stderr]    Compiling wayland-sys v0.21.11
[INFO] [stderr]    Compiling parking_lot v0.7.1
[INFO] [stderr]    Compiling jpeg-decoder v0.1.15
[INFO] [stderr]    Compiling wayland-client v0.21.11
[INFO] [stderr]    Compiling wayland-protocols v0.21.11
[INFO] [stderr]    Compiling image v0.18.0
[INFO] [stderr]    Compiling wayland-commons v0.21.11
[INFO] [stderr]    Compiling tiff v0.2.2
[INFO] [stderr]    Compiling image v0.21.1
[INFO] [stderr]    Compiling noise v0.5.1
[INFO] [stderr]    Compiling smithay-client-toolkit v0.4.4
[INFO] [stderr]    Compiling winit v0.18.1
[INFO] [stderr]    Compiling neutrino-engine v0.1.0 (/opt/rustwide/workdir)
[INFO] [stdout] warning: trait objects without an explicit `dyn` are deprecated
[INFO] [stdout]   --> src/graphics/states.rs:19:40
[INFO] [stdout]    |
[INFO] [stdout] 19 |     states_manager: HashMap<Index, Box<EntityState>>
[INFO] [stdout]    |                                        ^^^^^^^^^^^ help: use `dyn`: `dyn EntityState`
[INFO] [stdout]    |
[INFO] [stdout]    = note: `#[warn(bare_trait_objects)]` on by default
[INFO] [stdout]    = warning: this is accepted in the current edition (Rust 2018) but is a hard error in Rust 2021!
[INFO] [stdout]    = note: for more information, see issue #80165 <https://github.com/rust-lang/rust/issues/80165>
[INFO] [stdout] 
[INFO] [stdout] 
[INFO] [stdout] warning: unused import: `MouseScrollDelta`
[INFO] [stdout]  --> src/graphics/inputs.rs:1:43
[INFO] [stdout]   |
[INFO] [stdout] 1 | use glutin::{KeyboardInput, ElementState, MouseScrollDelta};
[INFO] [stdout]   |                                           ^^^^^^^^^^^^^^^^
[INFO] [stdout]   |
[INFO] [stdout]   = note: `#[warn(unused_imports)]` on by default
[INFO] [stdout] 
[INFO] [stdout] 
[INFO] [stdout] warning: trait objects without an explicit `dyn` are deprecated
[INFO] [stdout]   --> src/graphics/mod.rs:48:40
[INFO] [stdout]    |
[INFO] [stdout] 48 |     update_manager: HashMap<Index, Box<SceneUpdate>>,
[INFO] [stdout]    |                                        ^^^^^^^^^^^ help: use `dyn`: `dyn SceneUpdate`
[INFO] [stdout]    |
[INFO] [stdout]    = warning: this is accepted in the current edition (Rust 2018) but is a hard error in Rust 2021!
[INFO] [stdout]    = note: for more information, see issue #80165 <https://github.com/rust-lang/rust/issues/80165>
[INFO] [stdout] 
[INFO] [stdout] 
[INFO] [stdout] warning: trait objects without an explicit `dyn` are deprecated
[INFO] [stdout]    --> src/graphics/mod.rs:106:56
[INFO] [stdout]     |
[INFO] [stdout] 106 |     pub fn get_update(&self, id: Index) -> Result<&Box<SceneUpdate>, String> {
[INFO] [stdout]     |                                                        ^^^^^^^^^^^ help: use `dyn`: `dyn SceneUpdate`
[INFO] [stdout]     |
[INFO] [stdout]     = warning: this is accepted in the current edition (Rust 2018) but is a hard error in Rust 2021!
[INFO] [stdout]     = note: for more information, see issue #80165 <https://github.com/rust-lang/rust/issues/80165>
[INFO] [stdout] 
[INFO] [stdout] 
[INFO] [stdout] warning: trait objects without an explicit `dyn` are deprecated
[INFO] [stdout]    --> src/graphics/mod.rs:268:57
[INFO] [stdout]     |
[INFO] [stdout] 268 |     pub fn add_update(&mut self, id: Index, update: Box<SceneUpdate>) {
[INFO] [stdout]     |                                                         ^^^^^^^^^^^ help: use `dyn`: `dyn SceneUpdate`
[INFO] [stdout]     |
[INFO] [stdout]     = warning: this is accepted in the current edition (Rust 2018) but is a hard error in Rust 2021!
[INFO] [stdout]     = note: for more information, see issue #80165 <https://github.com/rust-lang/rust/issues/80165>
[INFO] [stdout] 
[INFO] [stdout] 
[INFO] [stdout] warning: trait objects without an explicit `dyn` are deprecated
[INFO] [stdout]    --> src/graphics/mod.rs:288:49
[INFO] [stdout]     |
[INFO] [stdout] 288 |     pub fn get_update(&self, id: Index) -> &Box<SceneUpdate> {
[INFO] [stdout]     |                                                 ^^^^^^^^^^^ help: use `dyn`: `dyn SceneUpdate`
[INFO] [stdout]     |
[INFO] [stdout]     = warning: this is accepted in the current edition (Rust 2018) but is a hard error in Rust 2021!
[INFO] [stdout]     = note: for more information, see issue #80165 <https://github.com/rust-lang/rust/issues/80165>
[INFO] [stdout] 
[INFO] [stdout] 
[INFO] [stdout] warning: unused variable: `plane`
[INFO] [stdout]    --> src/main.rs:139:9
[INFO] [stdout]     |
[INFO] [stdout] 139 |     let plane = EntityBuilder::new().with_mesh(PrimitiveBuilder::plane(Color::new(14.0/255.0, 50.0/255.0, 214.0/255.0))).with_transform(T...
[INFO] [stdout]     |         ^^^^^ help: if this is intentional, prefix it with an underscore: `_plane`
[INFO] [stdout]     |
[INFO] [stdout]     = note: `#[warn(unused_variables)]` on by default
[INFO] [stdout] 
[INFO] [stdout] 
[INFO] [stdout] warning: unused variable: `data`
[INFO] [stdout]   --> src/main.rs:17:29
[INFO] [stdout]    |
[INFO] [stdout] 17 |     fn on_create(&mut self, data: &mut graphics::ComponentStorageManager){
[INFO] [stdout]    |                             ^^^^ help: if this is intentional, prefix it with an underscore: `_data`
[INFO] [stdout] 
[INFO] [stdout] 
[INFO] [stdout] warning: unused variable: `id`
[INFO] [stdout]   --> src/main.rs:22:14
[INFO] [stdout]    |
[INFO] [stdout] 22 |         let (id, storage, input) = data;
[INFO] [stdout]    |              ^^ help: if this is intentional, prefix it with an underscore: `_id`
[INFO] [stdout] 
[INFO] [stdout] 
[INFO] [stdout] warning: unused variable: `delta`
[INFO] [stdout]   --> src/main.rs:21:45
[INFO] [stdout]    |
[INFO] [stdout] 21 |     fn on_update(&mut self, data: GameData, delta: f32){
[INFO] [stdout]    |                                             ^^^^^ help: if this is intentional, prefix it with an underscore: `_delta`
[INFO] [stdout] 
[INFO] [stdout] 
[INFO] [stdout] warning: unused variable: `data`
[INFO] [stdout]   --> src/main.rs:50:29
[INFO] [stdout]    |
[INFO] [stdout] 50 |     fn on_delete(&mut self, data: &mut graphics::ComponentStorageManager){
[INFO] [stdout]    |                             ^^^^ help: if this is intentional, prefix it with an underscore: `_data`
[INFO] [stdout] 
[INFO] [stdout] 
[INFO] [stdout] warning: unused variable: `data`
[INFO] [stdout]   --> src/main.rs:84:33
[INFO] [stdout]    |
[INFO] [stdout] 84 |         fn on_create(&mut self, data: &mut graphics::ComponentStorageManager){
[INFO] [stdout]    |                                 ^^^^ help: if this is intentional, prefix it with an underscore: `_data`
[INFO] [stdout] 
[INFO] [stdout] 
[INFO] [stdout] warning: unused variable: `id`
[INFO] [stdout]   --> src/main.rs:89:18
[INFO] [stdout]    |
[INFO] [stdout] 89 |             let (id, storage, input) = data;
[INFO] [stdout]    |                  ^^ help: if this is intentional, prefix it with an underscore: `_id`
[INFO] [stdout] 
[INFO] [stdout] 
[INFO] [stdout] warning: unused variable: `data`
[INFO] [stdout]    --> src/main.rs:115:33
[INFO] [stdout]     |
[INFO] [stdout] 115 |         fn on_delete(&mut self, data: &mut graphics::ComponentStorageManager){
[INFO] [stdout]     |                                 ^^^^ help: if this is intentional, prefix it with an underscore: `_data`
[INFO] [stdout] 
[INFO] [stdout] 
[INFO] [stdout] warning: unused variable: `delta`
[INFO] [stdout]    --> src/graphics/mod.rs:211:51
[INFO] [stdout]     |
[INFO] [stdout] 211 |                 glutin::WindowEvent::MouseWheel { delta, ..} => (),
[INFO] [stdout]     |                                                   ^^^^^ help: try ignoring the field: `delta: _`
[INFO] [stdout] 
[INFO] [stdout] 
[INFO] [stdout] warning: unused variable: `id`
[INFO] [stdout]   --> src/graphics/scene.rs:12:14
[INFO] [stdout]    |
[INFO] [stdout] 12 |         for (id, trans) in storage.transform_manager.iter() {
[INFO] [stdout]    |              ^^ help: if this is intentional, prefix it with an underscore: `_id`
[INFO] [stdout] 
[INFO] [stdout] 
[INFO] [stdout] warning: unused variable: `trans`
[INFO] [stdout]   --> src/graphics/scene.rs:12:18
[INFO] [stdout]    |
[INFO] [stdout] 12 |         for (id, trans) in storage.transform_manager.iter() {
[INFO] [stdout]    |                  ^^^^^ help: if this is intentional, prefix it with an underscore: `_trans`
[INFO] [stdout] 
[INFO] [stdout] 
[INFO] [stdout] warning: associated function is never used: `build_vertex`
[INFO] [stdout]    --> src/graphics/mesh.rs:276:8
[INFO] [stdout]     |
[INFO] [stdout] 276 |     fn build_vertex(&self, index: usize) -> Vertice {
[INFO] [stdout]     |        ^^^^^^^^^^^^
[INFO] [stdout]     |
[INFO] [stdout]     = note: `#[warn(dead_code)]` on by default
[INFO] [stdout] 
[INFO] [stdout] 
[INFO] [stdout] warning: struct is never constructed: `SceneManager`
[INFO] [stdout]  --> src/graphics/scene.rs:6:8
[INFO] [stdout]   |
[INFO] [stdout] 6 | struct SceneManager {
[INFO] [stdout]   |        ^^^^^^^^^^^^
[INFO] [stdout] 
[INFO] [stdout] 
[INFO] [stdout] warning: associated function is never used: `update_transforms`
[INFO] [stdout]   --> src/graphics/scene.rs:11:12
[INFO] [stdout]    |
[INFO] [stdout] 11 |     pub fn update_transforms(&mut self, storage: &ComponentStorageManager) {
[INFO] [stdout]    |            ^^^^^^^^^^^^^^^^^
[INFO] [stdout] 
[INFO] [stdout] 
[INFO] [stdout] warning: field is never read: `width`
[INFO] [stdout]    --> src/graphics/mod.rs:294:5
[INFO] [stdout]     |
[INFO] [stdout] 294 |     width: u32,
[INFO] [stdout]     |     ^^^^^^^^^^
[INFO] [stdout] 
[INFO] [stdout] 
[INFO] [stdout] warning: field is never read: `height`
[INFO] [stdout]    --> src/graphics/mod.rs:295:5
[INFO] [stdout]     |
[INFO] [stdout] 295 |     height: u32,
[INFO] [stdout]     |     ^^^^^^^^^^^
[INFO] [stdout] 
[INFO] [stdout] 
[INFO] [stdout] warning: field is never read: `title`
[INFO] [stdout]    --> src/graphics/mod.rs:296:5
[INFO] [stdout]     |
[INFO] [stdout] 296 |     title: String,
[INFO] [stdout]     |     ^^^^^^^^^^^^^
[INFO] [stdout] 
[INFO] [stdout] 
[INFO] [stdout] warning: associated function is never used: `set_title`
[INFO] [stdout]    --> src/graphics/mod.rs:336:8
[INFO] [stdout]     |
[INFO] [stdout] 336 |     fn set_title(&mut self, title: &str) {
[INFO] [stdout]     |        ^^^^^^^^^
[INFO] [stdout] 
[INFO] [stdout] 
[INFO] [stdout] warning: field is never read: `width`
[INFO] [stdout]  --> src/procedural/terrain.rs:2:5
[INFO] [stdout]   |
[INFO] [stdout] 2 |     width: f32,
[INFO] [stdout]   |     ^^^^^^^^^^
[INFO] [stdout] 
[INFO] [stdout] 
[INFO] [stdout] warning: field is never read: `depth`
[INFO] [stdout]  --> src/procedural/terrain.rs:3:5
[INFO] [stdout]   |
[INFO] [stdout] 3 |     depth: f32,
[INFO] [stdout]   |     ^^^^^^^^^^
[INFO] [stdout] 
[INFO] [stdout] 
[INFO] [stdout] warning: field is never read: `vertex_size`
[INFO] [stdout]  --> src/procedural/terrain.rs:4:5
[INFO] [stdout]   |
[INFO] [stdout] 4 |     vertex_size: f32,
[INFO] [stdout]   |     ^^^^^^^^^^^^^^^^
[INFO] [stdout] 
[INFO] [stdout] 
[INFO] [stdout] warning: function is never used: `example1`
[INFO] [stdout]   --> src/main.rs:55:4
[INFO] [stdout]    |
[INFO] [stdout] 55 | fn example1() {
[INFO] [stdout]    |    ^^^^^^^^
[INFO] [stdout] 
[INFO] [stdout] 
[INFO] [stdout] warning: function is never used: `example3`
[INFO] [stdout]    --> src/main.rs:147:4
[INFO] [stdout]     |
[INFO] [stdout] 147 | fn example3() {
[INFO] [stdout]     |    ^^^^^^^^
[INFO] [stdout] 
[INFO] [stdout] 
[INFO] [stdout] warning: 29 warnings emitted
[INFO] [stdout] 
[INFO] [stdout] 
[INFO] [stderr]     Finished dev [unoptimized + debuginfo] target(s) in 1m 35s
[INFO] running `Command { std: "docker" "inspect" "476d5ef090f1d4b59cef25c87b50f152a39bba30ebc8c403e38e2f4aebec61e5", kill_on_drop: false }`
[INFO] running `Command { std: "docker" "rm" "-f" "476d5ef090f1d4b59cef25c87b50f152a39bba30ebc8c403e38e2f4aebec61e5", kill_on_drop: false }`
[INFO] [stdout] 476d5ef090f1d4b59cef25c87b50f152a39bba30ebc8c403e38e2f4aebec61e5
[INFO] running `Command { std: "docker" "create" "-v" "/var/lib/crater-agent-workspace/builds/worker-19/target:/opt/rustwide/target:rw,Z" "-v" "/var/lib/crater-agent-workspace/builds/worker-19/source:/opt/rustwide/workdir:ro,Z" "-v" "/var/lib/crater-agent-workspace/cargo-home:/opt/rustwide/cargo-home:ro,Z" "-v" "/var/lib/crater-agent-workspace/rustup-home:/opt/rustwide/rustup-home:ro,Z" "-e" "SOURCE_DIR=/opt/rustwide/workdir" "-e" "CARGO_TARGET_DIR=/opt/rustwide/target" "-e" "CARGO_INCREMENTAL=0" "-e" "RUST_BACKTRACE=full" "-e" "RUSTFLAGS=--cap-lints=warn" "-e" "CARGO_HOME=/opt/rustwide/cargo-home" "-e" "RUSTUP_HOME=/opt/rustwide/rustup-home" "-w" "/opt/rustwide/workdir" "-m" "1610612736" "--user" "0:0" "--network" "none" "ghcr.io/rust-lang/crates-build-env/linux@sha256:34b6a614d2c27851fe6cbf88fbd1137609cefab8b10d0615aaeb6fd47975d74e" "/opt/rustwide/cargo-home/bin/cargo" "+beta-2021-08-01" "test" "--frozen" "--no-run" "--message-format=json", kill_on_drop: false }`
[INFO] [stdout] f7b0d96096ae20845975a4ad66e33eac053e2d5befc90debb27481d7f4eba497
[INFO] running `Command { std: "docker" "start" "-a" "f7b0d96096ae20845975a4ad66e33eac053e2d5befc90debb27481d7f4eba497", kill_on_drop: false }`
[INFO] [stderr]    Compiling neutrino-engine v0.1.0 (/opt/rustwide/workdir)
[INFO] [stdout] warning: trait objects without an explicit `dyn` are deprecated
[INFO] [stdout]   --> src/graphics/states.rs:19:40
[INFO] [stdout]    |
[INFO] [stdout] 19 |     states_manager: HashMap<Index, Box<EntityState>>
[INFO] [stdout]    |                                        ^^^^^^^^^^^ help: use `dyn`: `dyn EntityState`
[INFO] [stdout]    |
[INFO] [stdout]    = note: `#[warn(bare_trait_objects)]` on by default
[INFO] [stdout]    = warning: this is accepted in the current edition (Rust 2018) but is a hard error in Rust 2021!
[INFO] [stdout]    = note: for more information, see issue #80165 <https://github.com/rust-lang/rust/issues/80165>
[INFO] [stdout] 
[INFO] [stdout] 
[INFO] [stdout] warning: unused import: `MouseScrollDelta`
[INFO] [stdout]  --> src/graphics/inputs.rs:1:43
[INFO] [stdout]   |
[INFO] [stdout] 1 | use glutin::{KeyboardInput, ElementState, MouseScrollDelta};
[INFO] [stdout]   |                                           ^^^^^^^^^^^^^^^^
[INFO] [stdout]   |
[INFO] [stdout]   = note: `#[warn(unused_imports)]` on by default
[INFO] [stdout] 
[INFO] [stdout] 
[INFO] [stdout] warning: trait objects without an explicit `dyn` are deprecated
[INFO] [stdout]   --> src/graphics/mod.rs:48:40
[INFO] [stdout]    |
[INFO] [stdout] 48 |     update_manager: HashMap<Index, Box<SceneUpdate>>,
[INFO] [stdout]    |                                        ^^^^^^^^^^^ help: use `dyn`: `dyn SceneUpdate`
[INFO] [stdout]    |
[INFO] [stdout]    = warning: this is accepted in the current edition (Rust 2018) but is a hard error in Rust 2021!
[INFO] [stdout]    = note: for more information, see issue #80165 <https://github.com/rust-lang/rust/issues/80165>
[INFO] [stdout] 
[INFO] [stdout] 
[INFO] [stdout] warning: trait objects without an explicit `dyn` are deprecated
[INFO] [stdout]    --> src/graphics/mod.rs:106:56
[INFO] [stdout]     |
[INFO] [stdout] 106 |     pub fn get_update(&self, id: Index) -> Result<&Box<SceneUpdate>, String> {
[INFO] [stdout]     |                                                        ^^^^^^^^^^^ help: use `dyn`: `dyn SceneUpdate`
[INFO] [stdout]     |
[INFO] [stdout]     = warning: this is accepted in the current edition (Rust 2018) but is a hard error in Rust 2021!
[INFO] [stdout]     = note: for more information, see issue #80165 <https://github.com/rust-lang/rust/issues/80165>
[INFO] [stdout] 
[INFO] [stdout] 
[INFO] [stdout] warning: trait objects without an explicit `dyn` are deprecated
[INFO] [stdout]    --> src/graphics/mod.rs:268:57
[INFO] [stdout]     |
[INFO] [stdout] 268 |     pub fn add_update(&mut self, id: Index, update: Box<SceneUpdate>) {
[INFO] [stdout]     |                                                         ^^^^^^^^^^^ help: use `dyn`: `dyn SceneUpdate`
[INFO] [stdout]     |
[INFO] [stdout]     = warning: this is accepted in the current edition (Rust 2018) but is a hard error in Rust 2021!
[INFO] [stdout]     = note: for more information, see issue #80165 <https://github.com/rust-lang/rust/issues/80165>
[INFO] [stdout] 
[INFO] [stdout] 
[INFO] [stdout] warning: trait objects without an explicit `dyn` are deprecated
[INFO] [stdout]    --> src/graphics/mod.rs:288:49
[INFO] [stdout]     |
[INFO] [stdout] 288 |     pub fn get_update(&self, id: Index) -> &Box<SceneUpdate> {
[INFO] [stdout]     |                                                 ^^^^^^^^^^^ help: use `dyn`: `dyn SceneUpdate`
[INFO] [stdout]     |
[INFO] [stdout]     = warning: this is accepted in the current edition (Rust 2018) but is a hard error in Rust 2021!
[INFO] [stdout]     = note: for more information, see issue #80165 <https://github.com/rust-lang/rust/issues/80165>
[INFO] [stdout] 
[INFO] [stdout] 
[INFO] [stdout] warning: unused variable: `plane`
[INFO] [stdout]    --> src/main.rs:139:9
[INFO] [stdout]     |
[INFO] [stdout] 139 |     let plane = EntityBuilder::new().with_mesh(PrimitiveBuilder::plane(Color::new(14.0/255.0, 50.0/255.0, 214.0/255.0))).with_transform(T...
[INFO] [stdout]     |         ^^^^^ help: if this is intentional, prefix it with an underscore: `_plane`
[INFO] [stdout]     |
[INFO] [stdout]     = note: `#[warn(unused_variables)]` on by default
[INFO] [stdout] 
[INFO] [stdout] 
[INFO] [stdout] warning: unused variable: `data`
[INFO] [stdout]   --> src/main.rs:17:29
[INFO] [stdout]    |
[INFO] [stdout] 17 |     fn on_create(&mut self, data: &mut graphics::ComponentStorageManager){
[INFO] [stdout]    |                             ^^^^ help: if this is intentional, prefix it with an underscore: `_data`
[INFO] [stdout] 
[INFO] [stdout] 
[INFO] [stdout] warning: unused variable: `id`
[INFO] [stdout]   --> src/main.rs:22:14
[INFO] [stdout]    |
[INFO] [stdout] 22 |         let (id, storage, input) = data;
[INFO] [stdout]    |              ^^ help: if this is intentional, prefix it with an underscore: `_id`
[INFO] [stdout] 
[INFO] [stdout] 
[INFO] [stdout] warning: unused variable: `delta`
[INFO] [stdout]   --> src/main.rs:21:45
[INFO] [stdout]    |
[INFO] [stdout] 21 |     fn on_update(&mut self, data: GameData, delta: f32){
[INFO] [stdout]    |                                             ^^^^^ help: if this is intentional, prefix it with an underscore: `_delta`
[INFO] [stdout] 
[INFO] [stdout] 
[INFO] [stdout] warning: unused variable: `data`
[INFO] [stdout]   --> src/main.rs:50:29
[INFO] [stdout]    |
[INFO] [stdout] 50 |     fn on_delete(&mut self, data: &mut graphics::ComponentStorageManager){
[INFO] [stdout]    |                             ^^^^ help: if this is intentional, prefix it with an underscore: `_data`
[INFO] [stdout] 
[INFO] [stdout] 
[INFO] [stdout] warning: unused variable: `data`
[INFO] [stdout]   --> src/main.rs:84:33
[INFO] [stdout]    |
[INFO] [stdout] 84 |         fn on_create(&mut self, data: &mut graphics::ComponentStorageManager){
[INFO] [stdout]    |                                 ^^^^ help: if this is intentional, prefix it with an underscore: `_data`
[INFO] [stdout] 
[INFO] [stdout] 
[INFO] [stdout] warning: unused variable: `id`
[INFO] [stdout]   --> src/main.rs:89:18
[INFO] [stdout]    |
[INFO] [stdout] 89 |             let (id, storage, input) = data;
[INFO] [stdout]    |                  ^^ help: if this is intentional, prefix it with an underscore: `_id`
[INFO] [stdout] 
[INFO] [stdout] 
[INFO] [stdout] warning: unused variable: `data`
[INFO] [stdout]    --> src/main.rs:115:33
[INFO] [stdout]     |
[INFO] [stdout] 115 |         fn on_delete(&mut self, data: &mut graphics::ComponentStorageManager){
[INFO] [stdout]     |                                 ^^^^ help: if this is intentional, prefix it with an underscore: `_data`
[INFO] [stdout] 
[INFO] [stdout] 
[INFO] [stdout] warning: unused variable: `delta`
[INFO] [stdout]    --> src/graphics/mod.rs:211:51
[INFO] [stdout]     |
[INFO] [stdout] 211 |                 glutin::WindowEvent::MouseWheel { delta, ..} => (),
[INFO] [stdout]     |                                                   ^^^^^ help: try ignoring the field: `delta: _`
[INFO] [stdout] 
[INFO] [stdout] 
[INFO] [stdout] warning: unused variable: `id`
[INFO] [stdout]   --> src/graphics/scene.rs:12:14
[INFO] [stdout]    |
[INFO] [stdout] 12 |         for (id, trans) in storage.transform_manager.iter() {
[INFO] [stdout]    |              ^^ help: if this is intentional, prefix it with an underscore: `_id`
[INFO] [stdout] 
[INFO] [stdout] 
[INFO] [stdout] warning: unused variable: `trans`
[INFO] [stdout]   --> src/graphics/scene.rs:12:18
[INFO] [stdout]    |
[INFO] [stdout] 12 |         for (id, trans) in storage.transform_manager.iter() {
[INFO] [stdout]    |                  ^^^^^ help: if this is intentional, prefix it with an underscore: `_trans`
[INFO] [stdout] 
[INFO] [stdout] 
[INFO] [stdout] warning: associated function is never used: `build_vertex`
[INFO] [stdout]    --> src/graphics/mesh.rs:276:8
[INFO] [stdout]     |
[INFO] [stdout] 276 |     fn build_vertex(&self, index: usize) -> Vertice {
[INFO] [stdout]     |        ^^^^^^^^^^^^
[INFO] [stdout]     |
[INFO] [stdout]     = note: `#[warn(dead_code)]` on by default
[INFO] [stdout] 
[INFO] [stdout] 
[INFO] [stdout] warning: struct is never constructed: `SceneManager`
[INFO] [stdout]  --> src/graphics/scene.rs:6:8
[INFO] [stdout]   |
[INFO] [stdout] 6 | struct SceneManager {
[INFO] [stdout]   |        ^^^^^^^^^^^^
[INFO] [stdout] 
[INFO] [stdout] 
[INFO] [stdout] warning: associated function is never used: `update_transforms`
[INFO] [stdout]   --> src/graphics/scene.rs:11:12
[INFO] [stdout]    |
[INFO] [stdout] 11 |     pub fn update_transforms(&mut self, storage: &ComponentStorageManager) {
[INFO] [stdout]    |            ^^^^^^^^^^^^^^^^^
[INFO] [stdout] 
[INFO] [stdout] 
[INFO] [stdout] warning: field is never read: `width`
[INFO] [stdout]    --> src/graphics/mod.rs:294:5
[INFO] [stdout]     |
[INFO] [stdout] 294 |     width: u32,
[INFO] [stdout]     |     ^^^^^^^^^^
[INFO] [stdout] 
[INFO] [stdout] 
[INFO] [stdout] warning: field is never read: `height`
[INFO] [stdout]    --> src/graphics/mod.rs:295:5
[INFO] [stdout]     |
[INFO] [stdout] 295 |     height: u32,
[INFO] [stdout]     |     ^^^^^^^^^^^
[INFO] [stdout] 
[INFO] [stdout] 
[INFO] [stdout] warning: field is never read: `title`
[INFO] [stdout]    --> src/graphics/mod.rs:296:5
[INFO] [stdout]     |
[INFO] [stdout] 296 |     title: String,
[INFO] [stdout]     |     ^^^^^^^^^^^^^
[INFO] [stdout] 
[INFO] [stdout] 
[INFO] [stdout] warning: associated function is never used: `set_title`
[INFO] [stdout]    --> src/graphics/mod.rs:336:8
[INFO] [stdout]     |
[INFO] [stdout] 336 |     fn set_title(&mut self, title: &str) {
[INFO] [stdout]     |        ^^^^^^^^^
[INFO] [stdout] 
[INFO] [stdout] 
[INFO] [stdout] warning: field is never read: `width`
[INFO] [stdout]  --> src/procedural/terrain.rs:2:5
[INFO] [stdout]   |
[INFO] [stdout] 2 |     width: f32,
[INFO] [stdout]   |     ^^^^^^^^^^
[INFO] [stdout] 
[INFO] [stdout] 
[INFO] [stdout] warning: field is never read: `depth`
[INFO] [stdout]  --> src/procedural/terrain.rs:3:5
[INFO] [stdout]   |
[INFO] [stdout] 3 |     depth: f32,
[INFO] [stdout]   |     ^^^^^^^^^^
[INFO] [stdout] 
[INFO] [stdout] 
[INFO] [stdout] warning: field is never read: `vertex_size`
[INFO] [stdout]  --> src/procedural/terrain.rs:4:5
[INFO] [stdout]   |
[INFO] [stdout] 4 |     vertex_size: f32,
[INFO] [stdout]   |     ^^^^^^^^^^^^^^^^
[INFO] [stdout] 
[INFO] [stdout] 
[INFO] [stdout] warning: function is never used: `example1`
[INFO] [stdout]   --> src/main.rs:55:4
[INFO] [stdout]    |
[INFO] [stdout] 55 | fn example1() {
[INFO] [stdout]    |    ^^^^^^^^
[INFO] [stdout] 
[INFO] [stdout] 
[INFO] [stdout] warning: function is never used: `example3`
[INFO] [stdout]    --> src/main.rs:147:4
[INFO] [stdout]     |
[INFO] [stdout] 147 | fn example3() {
[INFO] [stdout]     |    ^^^^^^^^
[INFO] [stdout] 
[INFO] [stdout] 
[INFO] [stdout] warning: 29 warnings emitted
[INFO] [stdout] 
[INFO] [stdout] 
[INFO] [stderr]     Finished test [unoptimized + debuginfo] target(s) in 3.88s
[INFO] running `Command { std: "docker" "inspect" "f7b0d96096ae20845975a4ad66e33eac053e2d5befc90debb27481d7f4eba497", kill_on_drop: false }`
[INFO] running `Command { std: "docker" "rm" "-f" "f7b0d96096ae20845975a4ad66e33eac053e2d5befc90debb27481d7f4eba497", kill_on_drop: false }`
[INFO] [stdout] f7b0d96096ae20845975a4ad66e33eac053e2d5befc90debb27481d7f4eba497
[INFO] running `Command { std: "docker" "create" "-v" "/var/lib/crater-agent-workspace/builds/worker-19/target:/opt/rustwide/target:rw,Z" "-v" "/var/lib/crater-agent-workspace/builds/worker-19/source:/opt/rustwide/workdir:ro,Z" "-v" "/var/lib/crater-agent-workspace/cargo-home:/opt/rustwide/cargo-home:ro,Z" "-v" "/var/lib/crater-agent-workspace/rustup-home:/opt/rustwide/rustup-home:ro,Z" "-e" "SOURCE_DIR=/opt/rustwide/workdir" "-e" "CARGO_TARGET_DIR=/opt/rustwide/target" "-e" "CARGO_INCREMENTAL=0" "-e" "RUST_BACKTRACE=full" "-e" "RUSTFLAGS=--cap-lints=warn" "-e" "CARGO_HOME=/opt/rustwide/cargo-home" "-e" "RUSTUP_HOME=/opt/rustwide/rustup-home" "-w" "/opt/rustwide/workdir" "-m" "1610612736" "--user" "0:0" "--network" "none" "ghcr.io/rust-lang/crates-build-env/linux@sha256:34b6a614d2c27851fe6cbf88fbd1137609cefab8b10d0615aaeb6fd47975d74e" "/opt/rustwide/cargo-home/bin/cargo" "+beta-2021-08-01" "test" "--frozen", kill_on_drop: false }`
[INFO] [stdout] 37e907cbf632d18bf65ac75483bbe344d3b78c20149a596cab7b36e3d2c387ec
[INFO] running `Command { std: "docker" "start" "-a" "37e907cbf632d18bf65ac75483bbe344d3b78c20149a596cab7b36e3d2c387ec", kill_on_drop: false }`
[INFO] [stderr] warning: trait objects without an explicit `dyn` are deprecated
[INFO] [stderr]   --> src/graphics/states.rs:19:40
[INFO] [stderr]    |
[INFO] [stderr] 19 |     states_manager: HashMap<Index, Box<EntityState>>
[INFO] [stderr]    |                                        ^^^^^^^^^^^ help: use `dyn`: `dyn EntityState`
[INFO] [stderr]    |
[INFO] [stderr]    = note: `#[warn(bare_trait_objects)]` on by default
[INFO] [stderr]    = warning: this is accepted in the current edition (Rust 2018) but is a hard error in Rust 2021!
[INFO] [stderr]    = note: for more information, see issue #80165 <https://github.com/rust-lang/rust/issues/80165>
[INFO] [stderr] 
[INFO] [stderr] warning: unused import: `MouseScrollDelta`
[INFO] [stderr]  --> src/graphics/inputs.rs:1:43
[INFO] [stderr]   |
[INFO] [stderr] 1 | use glutin::{KeyboardInput, ElementState, MouseScrollDelta};
[INFO] [stderr]   |                                           ^^^^^^^^^^^^^^^^
[INFO] [stderr]   |
[INFO] [stderr]   = note: `#[warn(unused_imports)]` on by default
[INFO] [stderr] 
[INFO] [stderr] warning: trait objects without an explicit `dyn` are deprecated
[INFO] [stderr]   --> src/graphics/mod.rs:48:40
[INFO] [stderr]    |
[INFO] [stderr] 48 |     update_manager: HashMap<Index, Box<SceneUpdate>>,
[INFO] [stderr]    |                                        ^^^^^^^^^^^ help: use `dyn`: `dyn SceneUpdate`
[INFO] [stderr]    |
[INFO] [stderr]    = warning: this is accepted in the current edition (Rust 2018) but is a hard error in Rust 2021!
[INFO] [stderr]    = note: for more information, see issue #80165 <https://github.com/rust-lang/rust/issues/80165>
[INFO] [stderr] 
[INFO] [stderr] warning: trait objects without an explicit `dyn` are deprecated
[INFO] [stderr]    --> src/graphics/mod.rs:106:56
[INFO] [stderr]     |
[INFO] [stderr] 106 |     pub fn get_update(&self, id: Index) -> Result<&Box<SceneUpdate>, String> {
[INFO] [stderr]     |                                                        ^^^^^^^^^^^ help: use `dyn`: `dyn SceneUpdate`
[INFO] [stderr]     |
[INFO] [stderr]     = warning: this is accepted in the current edition (Rust 2018) but is a hard error in Rust 2021!
[INFO] [stderr]     = note: for more information, see issue #80165 <https://github.com/rust-lang/rust/issues/80165>
[INFO] [stderr] 
[INFO] [stderr] warning: trait objects without an explicit `dyn` are deprecated
[INFO] [stderr]    --> src/graphics/mod.rs:268:57
[INFO] [stderr]     |
[INFO] [stderr] 268 |     pub fn add_update(&mut self, id: Index, update: Box<SceneUpdate>) {
[INFO] [stderr]     |                                                         ^^^^^^^^^^^ help: use `dyn`: `dyn SceneUpdate`
[INFO] [stderr]     |
[INFO] [stderr]     = warning: this is accepted in the current edition (Rust 2018) but is a hard error in Rust 2021!
[INFO] [stderr]     = note: for more information, see issue #80165 <https://github.com/rust-lang/rust/issues/80165>
[INFO] [stderr] 
[INFO] [stderr] warning: trait objects without an explicit `dyn` are deprecated
[INFO] [stderr]    --> src/graphics/mod.rs:288:49
[INFO] [stderr]     |
[INFO] [stderr] 288 |     pub fn get_update(&self, id: Index) -> &Box<SceneUpdate> {
[INFO] [stderr]     |                                                 ^^^^^^^^^^^ help: use `dyn`: `dyn SceneUpdate`
[INFO] [stderr]     |
[INFO] [stderr]     = warning: this is accepted in the current edition (Rust 2018) but is a hard error in Rust 2021!
[INFO] [stderr]     = note: for more information, see issue #80165 <https://github.com/rust-lang/rust/issues/80165>
[INFO] [stderr] 
[INFO] [stderr] warning: unused variable: `plane`
[INFO] [stderr]    --> src/main.rs:139:9
[INFO] [stderr]     |
[INFO] [stderr] 139 |     let plane = EntityBuilder::new().with_mesh(PrimitiveBuilder::plane(Color::new(14.0/255.0, 50.0/255.0, 214.0/255.0))).with_transform(T...
[INFO] [stderr]     |         ^^^^^ help: if this is intentional, prefix it with an underscore: `_plane`
[INFO] [stderr]     |
[INFO] [stderr]     = note: `#[warn(unused_variables)]` on by default
[INFO] [stderr] 
[INFO] [stderr] warning: unused variable: `data`
[INFO] [stderr]   --> src/main.rs:17:29
[INFO] [stderr]    |
[INFO] [stderr] 17 |     fn on_create(&mut self, data: &mut graphics::ComponentStorageManager){
[INFO] [stderr]    |                             ^^^^ help: if this is intentional, prefix it with an underscore: `_data`
[INFO] [stderr] 
[INFO] [stderr] warning: unused variable: `id`
[INFO] [stderr]   --> src/main.rs:22:14
[INFO] [stderr]    |
[INFO] [stderr] 22 |         let (id, storage, input) = data;
[INFO] [stderr]    |              ^^ help: if this is intentional, prefix it with an underscore: `_id`
[INFO] [stderr] 
[INFO] [stderr] warning: unused variable: `delta`
[INFO] [stderr]   --> src/main.rs:21:45
[INFO] [stderr]    |
[INFO] [stderr] 21 |     fn on_update(&mut self, data: GameData, delta: f32){
[INFO] [stderr]    |                                             ^^^^^ help: if this is intentional, prefix it with an underscore: `_delta`
[INFO] [stderr] 
[INFO] [stderr] warning: unused variable: `data`
[INFO] [stderr]   --> src/main.rs:50:29
[INFO] [stderr]    |
[INFO] [stderr] 50 |     fn on_delete(&mut self, data: &mut graphics::ComponentStorageManager){
[INFO] [stderr]    |                             ^^^^ help: if this is intentional, prefix it with an underscore: `_data`
[INFO] [stderr] 
[INFO] [stderr] warning: unused variable: `data`
[INFO] [stderr]   --> src/main.rs:84:33
[INFO] [stderr]    |
[INFO] [stderr] 84 |         fn on_create(&mut self, data: &mut graphics::ComponentStorageManager){
[INFO] [stderr]    |                                 ^^^^ help: if this is intentional, prefix it with an underscore: `_data`
[INFO] [stderr] 
[INFO] [stderr] warning: unused variable: `id`
[INFO] [stderr]   --> src/main.rs:89:18
[INFO] [stderr]    |
[INFO] [stderr] 89 |             let (id, storage, input) = data;
[INFO] [stderr]    |                  ^^ help: if this is intentional, prefix it with an underscore: `_id`
[INFO] [stderr] 
[INFO] [stderr] warning: unused variable: `data`
[INFO] [stderr]    --> src/main.rs:115:33
[INFO] [stderr]     |
[INFO] [stderr] 115 |         fn on_delete(&mut self, data: &mut graphics::ComponentStorageManager){
[INFO] [stderr]     |                                 ^^^^ help: if this is intentional, prefix it with an underscore: `_data`
[INFO] [stderr] 
[INFO] [stderr] warning: unused variable: `delta`
[INFO] [stderr]    --> src/graphics/mod.rs:211:51
[INFO] [stderr]     |
[INFO] [stderr] 211 |                 glutin::WindowEvent::MouseWheel { delta, ..} => (),
[INFO] [stderr]     |                                                   ^^^^^ help: try ignoring the field: `delta: _`
[INFO] [stderr] 
[INFO] [stderr] warning: unused variable: `id`
[INFO] [stderr]   --> src/graphics/scene.rs:12:14
[INFO] [stderr]    |
[INFO] [stderr] 12 |         for (id, trans) in storage.transform_manager.iter() {
[INFO] [stderr]    |              ^^ help: if this is intentional, prefix it with an underscore: `_id`
[INFO] [stderr] 
[INFO] [stderr] warning: unused variable: `trans`
[INFO] [stderr]   --> src/graphics/scene.rs:12:18
[INFO] [stderr]    |
[INFO] [stderr] 12 |         for (id, trans) in storage.transform_manager.iter() {
[INFO] [stderr]    |                  ^^^^^ help: if this is intentional, prefix it with an underscore: `_trans`
[INFO] [stderr] 
[INFO] [stderr] warning: associated function is never used: `build_vertex`
[INFO] [stderr]    --> src/graphics/mesh.rs:276:8
[INFO] [stderr]     |
[INFO] [stderr] 276 |     fn build_vertex(&self, index: usize) -> Vertice {
[INFO] [stderr]     |        ^^^^^^^^^^^^
[INFO] [stderr]     |
[INFO] [stderr]     = note: `#[warn(dead_code)]` on by default
[INFO] [stderr] 
[INFO] [stderr] warning: struct is never constructed: `SceneManager`
[INFO] [stderr]  --> src/graphics/scene.rs:6:8
[INFO] [stderr]   |
[INFO] [stderr] 6 | struct SceneManager {
[INFO] [stderr]   |        ^^^^^^^^^^^^
[INFO] [stderr] 
[INFO] [stderr] warning: associated function is never used: `update_transforms`
[INFO] [stderr]   --> src/graphics/scene.rs:11:12
[INFO] [stderr]    |
[INFO] [stderr] 11 |     pub fn update_transforms(&mut self, storage: &ComponentStorageManager) {
[INFO] [stderr]    |            ^^^^^^^^^^^^^^^^^
[INFO] [stderr] 
[INFO] [stderr] warning: field is never read: `width`
[INFO] [stderr]    --> src/graphics/mod.rs:294:5
[INFO] [stderr]     |
[INFO] [stderr] 294 |     width: u32,
[INFO] [stderr]     |     ^^^^^^^^^^
[INFO] [stderr] 
[INFO] [stderr] warning: field is never read: `height`
[INFO] [stderr]    --> src/graphics/mod.rs:295:5
[INFO] [stderr]     |
[INFO] [stderr] 295 |     height: u32,
[INFO] [stderr]     |     ^^^^^^^^^^^
[INFO] [stderr] 
[INFO] [stderr] warning: field is never read: `title`
[INFO] [stderr]    --> src/graphics/mod.rs:296:5
[INFO] [stderr]     |
[INFO] [stderr] 296 |     title: String,
[INFO] [stderr]     |     ^^^^^^^^^^^^^
[INFO] [stderr] 
[INFO] [stderr] warning: associated function is never used: `set_title`
[INFO] [stderr]    --> src/graphics/mod.rs:336:8
[INFO] [stderr]     |
[INFO] [stderr] 336 |     fn set_title(&mut self, title: &str) {
[INFO] [stderr]     |        ^^^^^^^^^
[INFO] [stderr] 
[INFO] [stderr] warning: field is never read: `width`
[INFO] [stderr]  --> src/procedural/terrain.rs:2:5
[INFO] [stderr]   |
[INFO] [stderr] 2 |     width: f32,
[INFO] [stderr]   |     ^^^^^^^^^^
[INFO] [stderr] 
[INFO] [stderr] warning: field is never read: `depth`
[INFO] [stderr]  --> src/procedural/terrain.rs:3:5
[INFO] [stderr]   |
[INFO] [stderr] 3 |     depth: f32,
[INFO] [stderr]   |     ^^^^^^^^^^
[INFO] [stderr] 
[INFO] [stderr] warning: field is never read: `vertex_size`
[INFO] [stderr]  --> src/procedural/terrain.rs:4:5
[INFO] [stderr]   |
[INFO] [stderr] 4 |     vertex_size: f32,
[INFO] [stderr]   |     ^^^^^^^^^^^^^^^^
[INFO] [stderr] 
[INFO] [stderr] warning: function is never used: `example1`
[INFO] [stderr]   --> src/main.rs:55:4
[INFO] [stderr]    |
[INFO] [stderr] 55 | fn example1() {
[INFO] [stderr]    |    ^^^^^^^^
[INFO] [stderr] 
[INFO] [stderr] warning: function is never used: `example3`
[INFO] [stderr]    --> src/main.rs:147:4
[INFO] [stderr]     |
[INFO] [stderr] 147 | fn example3() {
[INFO] [stderr]     |    ^^^^^^^^
[INFO] [stderr] 
[INFO] [stderr] warning: `neutrino-engine` (bin "neutrino-engine" test) generated 29 warnings
[INFO] [stderr]     Finished test [unoptimized + debuginfo] target(s) in 0.11s
[INFO] [stderr]      Running unittests (/opt/rustwide/target/debug/deps/neutrino_engine-08523a2f01782365)
[INFO] [stdout] 
[INFO] [stdout] running 2 tests
[INFO] [stdout] test graphics::primitives::tests::cube_normals ... ok
[INFO] [stdout] test graphics::mesh::tests::mesh_builder_auto_index ... FAILED
[INFO] [stdout] 
[INFO] [stdout] failures:
[INFO] [stdout] 
[INFO] [stdout] ---- graphics::mesh::tests::mesh_builder_auto_index stdout ----
[INFO] [stdout] thread 'graphics::mesh::tests::mesh_builder_auto_index' panicked at 'assertion failed: `(left == right)`
[INFO] [stdout]   left: `[]`,
[INFO] [stdout]  right: `[0, 1, 2, 1, 3, 2]`', src/graphics/mesh.rs:408:9
[INFO] [stdout] stack backtrace:
[INFO] [stdout]    0:     0x55c211f58ea0 - std::backtrace_rs::backtrace::libunwind::trace::hff4d1766e93f64f1
[INFO] [stdout]                                at /rustc/53fd98ca776cb875bc9e5514f56b52eb74f9e7a9/library/std/src/../../backtrace/src/backtrace/libunwind.rs:90:5
[INFO] [stdout]    1:     0x55c211f58ea0 - std::backtrace_rs::backtrace::trace_unsynchronized::h56bbc8eb78770bcb
[INFO] [stdout]                                at /rustc/53fd98ca776cb875bc9e5514f56b52eb74f9e7a9/library/std/src/../../backtrace/src/backtrace/mod.rs:66:5
[INFO] [stdout]    2:     0x55c211f58ea0 - std::sys_common::backtrace::_print_fmt::h5c8e75464faca780
[INFO] [stdout]                                at /rustc/53fd98ca776cb875bc9e5514f56b52eb74f9e7a9/library/std/src/sys_common/backtrace.rs:67:5
[INFO] [stdout]    3:     0x55c211f58ea0 - <std::sys_common::backtrace::_print::DisplayBacktrace as core::fmt::Display>::fmt::h48b88277def8b362
[INFO] [stdout]                                at /rustc/53fd98ca776cb875bc9e5514f56b52eb74f9e7a9/library/std/src/sys_common/backtrace.rs:46:22
[INFO] [stdout]    4:     0x55c211f7becc - core::fmt::write::h3381b3176fe2b3d3
[INFO] [stdout]                                at /rustc/53fd98ca776cb875bc9e5514f56b52eb74f9e7a9/library/core/src/fmt/mod.rs:1115:17
[INFO] [stdout]    5:     0x55c211f55e05 - std::io::Write::write_fmt::h5f34a676f60246b5
[INFO] [stdout]                                at /rustc/53fd98ca776cb875bc9e5514f56b52eb74f9e7a9/library/std/src/io/mod.rs:1665:15
[INFO] [stdout]    6:     0x55c211f5b01b - std::sys_common::backtrace::_print::ha537687d6c17dd0d
[INFO] [stdout]                                at /rustc/53fd98ca776cb875bc9e5514f56b52eb74f9e7a9/library/std/src/sys_common/backtrace.rs:49:5
[INFO] [stdout]    7:     0x55c211f5b01b - std::sys_common::backtrace::print::h61376ae57d131d72
[INFO] [stdout]                                at /rustc/53fd98ca776cb875bc9e5514f56b52eb74f9e7a9/library/std/src/sys_common/backtrace.rs:36:9
[INFO] [stdout]    8:     0x55c211f5b01b - std::panicking::default_hook::{{closure}}::h0f7208c0b9644a54
[INFO] [stdout]                                at /rustc/53fd98ca776cb875bc9e5514f56b52eb74f9e7a9/library/std/src/panicking.rs:208:50
[INFO] [stdout]    9:     0x55c211f5ab2c - std::panicking::default_hook::hdac7fc06578c14ce
[INFO] [stdout]                                at /rustc/53fd98ca776cb875bc9e5514f56b52eb74f9e7a9/library/std/src/panicking.rs:222:9
[INFO] [stdout]   10:     0x55c211f5b6e4 - std::panicking::rust_panic_with_hook::h72b21c283da3d1ef
[INFO] [stdout]                                at /rustc/53fd98ca776cb875bc9e5514f56b52eb74f9e7a9/library/std/src/panicking.rs:622:17
[INFO] [stdout]   11:     0x55c211f5b1c7 - std::panicking::begin_panic_handler::{{closure}}::he5778f1729cff84a
[INFO] [stdout]                                at /rustc/53fd98ca776cb875bc9e5514f56b52eb74f9e7a9/library/std/src/panicking.rs:519:13
[INFO] [stdout]   12:     0x55c211f5937c - std::sys_common::backtrace::__rust_end_short_backtrace::h2d11ca8b453b4b1d
[INFO] [stdout]                                at /rustc/53fd98ca776cb875bc9e5514f56b52eb74f9e7a9/library/std/src/sys_common/backtrace.rs:141:18
[INFO] [stdout]   13:     0x55c211f5b129 - rust_begin_unwind
[INFO] [stdout]                                at /rustc/53fd98ca776cb875bc9e5514f56b52eb74f9e7a9/library/std/src/panicking.rs:515:5
[INFO] [stdout]   14:     0x55c211ef23b1 - core::panicking::panic_fmt::hf9de31d4acbce4db
[INFO] [stdout]                                at /rustc/53fd98ca776cb875bc9e5514f56b52eb74f9e7a9/library/core/src/panicking.rs:92:14
[INFO] [stdout]   15:     0x55c211f79f88 - core::panicking::assert_failed_inner::h62e8cb2847a6e7ec
[INFO] [stdout]   16:     0x55c211ef7e7a - core::panicking::assert_failed::he4c9bef80efb0d60
[INFO] [stdout]                                at /rustc/53fd98ca776cb875bc9e5514f56b52eb74f9e7a9/library/core/src/panicking.rs:117:5
[INFO] [stdout]   17:     0x55c211f02639 - neutrino_engine::graphics::mesh::tests::mesh_builder_auto_index::h685129b69bdec255
[INFO] [stdout]                                at /opt/rustwide/workdir/src/graphics/mesh.rs:408:9
[INFO] [stdout]   18:     0x55c211f01f3a - neutrino_engine::graphics::mesh::tests::mesh_builder_auto_index::{{closure}}::h85817f579c2d953c
[INFO] [stdout]                                at /opt/rustwide/workdir/src/graphics/mesh.rs:397:5
[INFO] [stdout]   19:     0x55c211f0182e - core::ops::function::FnOnce::call_once::h65ad63ff18c8de6a
[INFO] [stdout]                                at /rustc/53fd98ca776cb875bc9e5514f56b52eb74f9e7a9/library/core/src/ops/function.rs:227:5
[INFO] [stdout]   20:     0x55c211f363e3 - core::ops::function::FnOnce::call_once::hbb52c4519d3137b0
[INFO] [stdout]                                at /rustc/53fd98ca776cb875bc9e5514f56b52eb74f9e7a9/library/core/src/ops/function.rs:227:5
[INFO] [stdout]   21:     0x55c211f363e3 - test::__rust_begin_short_backtrace::h86fe3a2a5a5121af
[INFO] [stdout]                                at /rustc/53fd98ca776cb875bc9e5514f56b52eb74f9e7a9/library/test/src/lib.rs:578:5
[INFO] [stdout]   22:     0x55c211f34e98 - <alloc::boxed::Box<F,A> as core::ops::function::FnOnce<Args>>::call_once::hfd956bc3d57399be
[INFO] [stdout]                                at /rustc/53fd98ca776cb875bc9e5514f56b52eb74f9e7a9/library/alloc/src/boxed.rs:1572:9
[INFO] [stdout]   23:     0x55c211f34e98 - <std::panic::AssertUnwindSafe<F> as core::ops::function::FnOnce<()>>::call_once::h40dc93e0ddb5938a
[INFO] [stdout]                                at /rustc/53fd98ca776cb875bc9e5514f56b52eb74f9e7a9/library/std/src/panic.rs:347:9
[INFO] [stdout]   24:     0x55c211f34e98 - std::panicking::try::do_call::h90d07750cb47c562
[INFO] [stdout]                                at /rustc/53fd98ca776cb875bc9e5514f56b52eb74f9e7a9/library/std/src/panicking.rs:401:40
[INFO] [stdout]   25:     0x55c211f34e98 - std::panicking::try::h063c84733ad2a629
[INFO] [stdout]                                at /rustc/53fd98ca776cb875bc9e5514f56b52eb74f9e7a9/library/std/src/panicking.rs:365:19
[INFO] [stdout]   26:     0x55c211f34e98 - std::panic::catch_unwind::h0c464836a84e7c08
[INFO] [stdout]                                at /rustc/53fd98ca776cb875bc9e5514f56b52eb74f9e7a9/library/std/src/panic.rs:434:14
[INFO] [stdout]   27:     0x55c211f34e98 - test::run_test_in_process::h5cb06ef620b157fc
[INFO] [stdout]                                at /rustc/53fd98ca776cb875bc9e5514f56b52eb74f9e7a9/library/test/src/lib.rs:601:18
[INFO] [stdout]   28:     0x55c211f34e98 - test::run_test::run_test_inner::{{closure}}::h76f677f4b93f9828
[INFO] [stdout]                                at /rustc/53fd98ca776cb875bc9e5514f56b52eb74f9e7a9/library/test/src/lib.rs:493:39
[INFO] [stdout]   29:     0x55c211f0362d - test::run_test::run_test_inner::{{closure}}::h366d01fe04f4d67a
[INFO] [stdout]                                at /rustc/53fd98ca776cb875bc9e5514f56b52eb74f9e7a9/library/test/src/lib.rs:520:37
[INFO] [stdout]   30:     0x55c211f0362d - std::sys_common::backtrace::__rust_begin_short_backtrace::h7dfa0de4eb395af2
[INFO] [stdout]                                at /rustc/53fd98ca776cb875bc9e5514f56b52eb74f9e7a9/library/std/src/sys_common/backtrace.rs:125:18
[INFO] [stdout]   31:     0x55c211f07df8 - std::thread::Builder::spawn_unchecked::{{closure}}::{{closure}}::hf0a74bb58798037f
[INFO] [stdout]                                at /rustc/53fd98ca776cb875bc9e5514f56b52eb74f9e7a9/library/std/src/thread/mod.rs:476:17
[INFO] [stdout]   32:     0x55c211f07df8 - <std::panic::AssertUnwindSafe<F> as core::ops::function::FnOnce<()>>::call_once::hb024e854818586ac
[INFO] [stdout]                                at /rustc/53fd98ca776cb875bc9e5514f56b52eb74f9e7a9/library/std/src/panic.rs:347:9
[INFO] [stdout]   33:     0x55c211f07df8 - std::panicking::try::do_call::hb2dd9f1d0d48e41d
[INFO] [stdout]                                at /rustc/53fd98ca776cb875bc9e5514f56b52eb74f9e7a9/library/std/src/panicking.rs:401:40
[INFO] [stdout]   34:     0x55c211f07df8 - std::panicking::try::h4717ae7bac8b2bf3
[INFO] [stdout]                                at /rustc/53fd98ca776cb875bc9e5514f56b52eb74f9e7a9/library/std/src/panicking.rs:365:19
[INFO] [stdout]   35:     0x55c211f07df8 - std::panic::catch_unwind::h0dc8a061326ce8d8
[INFO] [stdout]                                at /rustc/53fd98ca776cb875bc9e5514f56b52eb74f9e7a9/library/std/src/panic.rs:434:14
[INFO] [stdout]   36:     0x55c211f07df8 - std::thread::Builder::spawn_unchecked::{{closure}}::haa369e2d6fd00aa1
[INFO] [stdout]                                at /rustc/53fd98ca776cb875bc9e5514f56b52eb74f9e7a9/library/std/src/thread/mod.rs:475:30
[INFO] [stdout]   37:     0x55c211f07df8 - core::ops::function::FnOnce::call_once{{vtable.shim}}::h36dcf3de8b056f17
[INFO] [stdout]                                at /rustc/53fd98ca776cb875bc9e5514f56b52eb74f9e7a9/library/core/src/ops/function.rs:227:5
[INFO] [stdout]   38:     0x55c211f60257 - <alloc::boxed::Box<F,A> as core::ops::function::FnOnce<Args>>::call_once::h65c29e4642be2358
[INFO] [stdout]                                at /rustc/53fd98ca776cb875bc9e5514f56b52eb74f9e7a9/library/alloc/src/boxed.rs:1572:9
[INFO] [stdout]   39:     0x55c211f60257 - <alloc::boxed::Box<F,A> as core::ops::function::FnOnce<Args>>::call_once::hd0f8f7fbbd9fffbf
[INFO] [stdout]                                at /rustc/53fd98ca776cb875bc9e5514f56b52eb74f9e7a9/library/alloc/src/boxed.rs:1572:9
[INFO] [stdout]   40:     0x55c211f60257 - std::sys::unix::thread::Thread::new::thread_start::h2fd22fee3ca77b65
[INFO] [stdout]                                at /rustc/53fd98ca776cb875bc9e5514f56b52eb74f9e7a9/library/std/src/sys/unix/thread.rs:74:17
[INFO] [stdout]   41:     0x7f860e523609 - start_thread
[INFO] [stdout]   42:     0x7f860e2f9293 - clone
[INFO] [stdout]   43:                0x0 - <unknown>
[INFO] [stdout] 
[INFO] [stdout] 
[INFO] [stdout] failures:
[INFO] [stdout]     graphics::mesh::tests::mesh_builder_auto_index
[INFO] [stdout] 
[INFO] [stdout] test result: FAILED. 1 passed; 1 failed; 0 ignored; 0 measured; 0 filtered out; finished in 0.02s
[INFO] [stdout] 
[INFO] [stderr] error: test failed, to rerun pass '--bin neutrino-engine'
[INFO] running `Command { std: "docker" "inspect" "37e907cbf632d18bf65ac75483bbe344d3b78c20149a596cab7b36e3d2c387ec", kill_on_drop: false }`
[INFO] running `Command { std: "docker" "rm" "-f" "37e907cbf632d18bf65ac75483bbe344d3b78c20149a596cab7b36e3d2c387ec", kill_on_drop: false }`
[INFO] [stdout] 37e907cbf632d18bf65ac75483bbe344d3b78c20149a596cab7b36e3d2c387ec
