[INFO] cloning repository https://github.com/delandtj/ztproxy
[INFO] running `Command { std: "git" "-c" "credential.helper=" "-c" "credential.helper=/workspace/cargo-home/bin/git-credential-null" "clone" "--bare" "https://github.com/delandtj/ztproxy" "/workspace/cache/git-repos/https%3A%2F%2Fgithub.com%2Fdelandtj%2Fztproxy", kill_on_drop: false }`
[INFO] [stderr] Cloning into bare repository '/workspace/cache/git-repos/https%3A%2F%2Fgithub.com%2Fdelandtj%2Fztproxy'...
[INFO] running `Command { std: "git" "rev-parse" "HEAD", kill_on_drop: false }`
[INFO] [stdout] f157633efc529265784f17b68e08e33e5f22c8a5
[INFO] testing delandtj/ztproxy against 1.54.0 for beta-1.55-1
[INFO] running `Command { std: "git" "clone" "/workspace/cache/git-repos/https%3A%2F%2Fgithub.com%2Fdelandtj%2Fztproxy" "/workspace/builds/worker-59/source", kill_on_drop: false }`
[INFO] [stderr] Cloning into '/workspace/builds/worker-59/source'...
[INFO] [stderr] done.
[INFO] validating manifest of git repo https://github.com/delandtj/ztproxy on toolchain 1.54.0
[INFO] running `Command { std: "/workspace/cargo-home/bin/cargo" "+1.54.0" "metadata" "--manifest-path" "Cargo.toml" "--no-deps", kill_on_drop: false }`
[INFO] started tweaking git repo https://github.com/delandtj/ztproxy
[INFO] finished tweaking git repo https://github.com/delandtj/ztproxy
[INFO] tweaked toml for git repo https://github.com/delandtj/ztproxy written to /workspace/builds/worker-59/source/Cargo.toml
[INFO] crate git repo https://github.com/delandtj/ztproxy already has a lockfile, it will not be regenerated
[INFO] running `Command { std: "/workspace/cargo-home/bin/cargo" "+1.54.0" "fetch" "--manifest-path" "Cargo.toml", kill_on_drop: false }`
[INFO] [stderr]     Blocking waiting for file lock on package cache
[INFO] [stderr]     Blocking waiting for file lock on package cache
[INFO] running `Command { std: "docker" "create" "-v" "/var/lib/crater-agent-workspace/builds/worker-59/target:/opt/rustwide/target:rw,Z" "-v" "/var/lib/crater-agent-workspace/builds/worker-59/source:/opt/rustwide/workdir:ro,Z" "-v" "/var/lib/crater-agent-workspace/cargo-home:/opt/rustwide/cargo-home:ro,Z" "-v" "/var/lib/crater-agent-workspace/rustup-home:/opt/rustwide/rustup-home:ro,Z" "-e" "SOURCE_DIR=/opt/rustwide/workdir" "-e" "CARGO_TARGET_DIR=/opt/rustwide/target" "-e" "CARGO_HOME=/opt/rustwide/cargo-home" "-e" "RUSTUP_HOME=/opt/rustwide/rustup-home" "-w" "/opt/rustwide/workdir" "-m" "1610612736" "--user" "0:0" "--network" "none" "ghcr.io/rust-lang/crates-build-env/linux@sha256:34b6a614d2c27851fe6cbf88fbd1137609cefab8b10d0615aaeb6fd47975d74e" "/opt/rustwide/cargo-home/bin/cargo" "+1.54.0" "metadata" "--no-deps" "--format-version=1", kill_on_drop: false }`
[INFO] [stdout] 02bd6b7fdc4996932efec4706eac7f4670be75b9a28c48e4d34e00e1b4ff26fe
[INFO] running `Command { std: "docker" "start" "-a" "02bd6b7fdc4996932efec4706eac7f4670be75b9a28c48e4d34e00e1b4ff26fe", kill_on_drop: false }`
[INFO] running `Command { std: "docker" "inspect" "02bd6b7fdc4996932efec4706eac7f4670be75b9a28c48e4d34e00e1b4ff26fe", kill_on_drop: false }`
[INFO] running `Command { std: "docker" "rm" "-f" "02bd6b7fdc4996932efec4706eac7f4670be75b9a28c48e4d34e00e1b4ff26fe", kill_on_drop: false }`
[INFO] [stdout] 02bd6b7fdc4996932efec4706eac7f4670be75b9a28c48e4d34e00e1b4ff26fe
[INFO] running `Command { std: "docker" "create" "-v" "/var/lib/crater-agent-workspace/builds/worker-59/target:/opt/rustwide/target:rw,Z" "-v" "/var/lib/crater-agent-workspace/builds/worker-59/source:/opt/rustwide/workdir:ro,Z" "-v" "/var/lib/crater-agent-workspace/cargo-home:/opt/rustwide/cargo-home:ro,Z" "-v" "/var/lib/crater-agent-workspace/rustup-home:/opt/rustwide/rustup-home:ro,Z" "-e" "SOURCE_DIR=/opt/rustwide/workdir" "-e" "CARGO_TARGET_DIR=/opt/rustwide/target" "-e" "CARGO_INCREMENTAL=0" "-e" "RUST_BACKTRACE=full" "-e" "RUSTFLAGS=--cap-lints=warn" "-e" "CARGO_HOME=/opt/rustwide/cargo-home" "-e" "RUSTUP_HOME=/opt/rustwide/rustup-home" "-w" "/opt/rustwide/workdir" "-m" "1610612736" "--user" "0:0" "--network" "none" "ghcr.io/rust-lang/crates-build-env/linux@sha256:34b6a614d2c27851fe6cbf88fbd1137609cefab8b10d0615aaeb6fd47975d74e" "/opt/rustwide/cargo-home/bin/cargo" "+1.54.0" "build" "--frozen" "--message-format=json", kill_on_drop: false }`
[INFO] [stdout] d9e1a96303c0172e33c001eb810fc0ab4d8b7c9b5b57182d3becf4231299192b
[INFO] running `Command { std: "docker" "start" "-a" "d9e1a96303c0172e33c001eb810fc0ab4d8b7c9b5b57182d3becf4231299192b", kill_on_drop: false }`
[INFO] [stderr]     Blocking waiting for file lock on package cache
[INFO] [stderr]    Compiling libc v0.2.44
[INFO] [stderr]    Compiling cfg-if v0.1.6
[INFO] [stderr]    Compiling rand_core v0.3.0
[INFO] [stderr]    Compiling cc v1.0.25
[INFO] [stderr]    Compiling futures v0.1.25
[INFO] [stderr]    Compiling byteorder v1.2.7
[INFO] [stderr]    Compiling lazy_static v1.2.0
[INFO] [stderr]    Compiling version_check v0.1.5
[INFO] [stderr]    Compiling proc-macro2 v0.4.24
[INFO] [stderr]    Compiling scopeguard v0.3.3
[INFO] [stderr]    Compiling void v1.0.2
[INFO] [stderr]    Compiling slab v0.4.1
[INFO] [stderr]    Compiling stable_deref_trait v1.1.1
[INFO] [stderr]    Compiling lazycell v1.2.0
[INFO] [stderr]    Compiling pkg-config v0.3.14
[INFO] [stderr]    Compiling itoa v0.4.3
[INFO] [stderr]    Compiling siphasher v0.2.3
[INFO] [stderr]    Compiling memoffset v0.2.1
[INFO] [stderr]    Compiling serde v1.0.80
[INFO] [stderr]    Compiling openssl v0.10.15
[INFO] [stderr]    Compiling ryu v0.2.7
[INFO] [stderr]    Compiling foreign-types-shared v0.1.1
[INFO] [stderr]    Compiling matches v0.1.8
[INFO] [stderr]    Compiling num-traits v0.2.6
[INFO] [stderr]    Compiling fnv v1.0.6
[INFO] [stderr]    Compiling bitflags v1.0.4
[INFO] [stderr]    Compiling httparse v1.3.3
[INFO] [stderr]    Compiling try-lock v0.2.2
[INFO] [stderr]    Compiling string v0.1.2
[INFO] [stderr]    Compiling num-integer v0.1.39
[INFO] [stderr]    Compiling unicode-normalization v0.1.7
[INFO] [stderr]    Compiling indexmap v1.0.2
[INFO] [stderr]    Compiling crc32fast v1.1.1
[INFO] [stderr]    Compiling native-tls v0.2.2
[INFO] [stderr]    Compiling safemem v0.3.0
[INFO] [stderr]    Compiling percent-encoding v1.0.1
[INFO] [stderr]    Compiling failure_derive v0.1.3
[INFO] [stderr]    Compiling encoding_rs v0.8.13
[INFO] [stderr]    Compiling openssl-probe v0.1.2
[INFO] [stderr]    Compiling rustc-demangle v0.1.9
[INFO] [stderr]    Compiling dtoa v0.4.3
[INFO] [stderr]    Compiling untrusted v0.6.2
[INFO] [stderr]    Compiling unicode-width v0.1.5
[INFO] [stderr]    Compiling yaml-rust v0.3.5
[INFO] [stderr]    Compiling strsim v0.7.0
[INFO] [stderr]    Compiling arrayvec v0.4.8
[INFO] [stderr]    Compiling parking_lot_core v0.3.1
[INFO] [stderr]    Compiling rand_chacha v0.1.0
[INFO] [stderr]    Compiling rand_pcg v0.1.1
[INFO] [stderr]    Compiling rand v0.6.1
[INFO] [stderr]    Compiling log v0.4.6
[INFO] [stderr]    Compiling crossbeam-utils v0.6.1
[INFO] [stderr]    Compiling owning_ref v0.4.0
[INFO] [stderr]    Compiling unicode-bidi v0.3.4
[INFO] [stderr]    Compiling unreachable v1.0.0
[INFO] [stderr]    Compiling textwrap v0.10.0
[INFO] [stderr]    Compiling foreign-types v0.3.2
[INFO] [stderr]    Compiling base64 v0.9.3
[INFO] [stderr]    Compiling lock_api v0.1.5
[INFO] [stderr]    Compiling smallvec v0.6.7
[INFO] [stderr]    Compiling unicase v1.4.2
[INFO] [stderr]    Compiling unicase v2.2.0
[INFO] [stderr]    Compiling rand_core v0.2.2
[INFO] [stderr]    Compiling rand_isaac v0.1.1
[INFO] [stderr]    Compiling rand_hc v0.1.0
[INFO] [stderr]    Compiling rand_xorshift v0.1.0
[INFO] [stderr]    Compiling crossbeam-epoch v0.6.1
[INFO] [stderr]    Compiling backtrace-sys v0.1.24
[INFO] [stderr]    Compiling ring v0.13.5
[INFO] [stderr]    Compiling openssl-sys v0.9.39
[INFO] [stderr]    Compiling crossbeam-deque v0.6.2
[INFO] [stderr]    Compiling quote v0.6.10
[INFO] [stderr]    Compiling iovec v0.1.2
[INFO] [stderr]    Compiling rand v0.5.5
[INFO] [stderr]    Compiling num_cpus v1.8.0
[INFO] [stderr]    Compiling net2 v0.2.33
[INFO] [stderr]    Compiling time v0.1.40
[INFO] [stderr]    Compiling atty v0.2.11
[INFO] [stderr]    Compiling libflate v0.1.19
[INFO] [stderr]    Compiling mime v0.3.12
[INFO] [stderr]    Compiling clap v2.32.0
[INFO] [stderr]    Compiling bytes v0.4.11
[INFO] [stderr]    Compiling tokio-executor v0.1.5
[INFO] [stderr]    Compiling want v0.0.6
[INFO] [stderr]    Compiling syn v0.15.22
[INFO] [stderr]    Compiling phf_shared v0.7.23
[INFO] [stderr]    Compiling idna v0.1.5
[INFO] [stderr]    Compiling mio v0.6.16
[INFO] [stderr]    Compiling futures-cpupool v0.1.8
[INFO] [stderr]    Compiling phf v0.7.23
[INFO] [stderr]    Compiling tokio-timer v0.2.8
[INFO] [stderr]    Compiling tokio-current-thread v0.1.4
[INFO] [stderr]    Compiling tokio-io v0.1.10
[INFO] [stderr]    Compiling http v0.1.14
[INFO] [stderr]    Compiling chrono v0.4.6
[INFO] [stderr]    Compiling phf_generator v0.7.23
[INFO] [stderr]    Compiling uuid v0.7.1
[INFO] [stderr]    Compiling tokio-codec v0.1.1
[INFO] [stderr]    Compiling url v1.7.2
[INFO] [stderr]    Compiling backtrace v0.3.9
[INFO] [stderr]    Compiling mio-uds v0.6.7
[INFO] [stderr]    Compiling tokio-threadpool v0.1.9
[INFO] [stderr]    Compiling phf_codegen v0.7.23
[INFO] [stderr]    Compiling parking_lot v0.6.4
[INFO] [stderr]    Compiling mime_guess v2.0.0-alpha.6
[INFO] [stderr]    Compiling tokio-reactor v0.1.7
[INFO] [stderr]    Compiling tokio-fs v0.1.4
[INFO] [stderr]    Compiling tokio-tcp v0.1.2
[INFO] [stderr]    Compiling tokio-udp v0.1.3
[INFO] [stderr]    Compiling tokio-uds v0.2.4
[INFO] [stderr]    Compiling tokio v0.1.13
[INFO] [stderr]    Compiling h2 v0.1.13
[INFO] [stderr]    Compiling synstructure v0.10.1
[INFO] [stderr]    Compiling serde_derive v1.0.80
[INFO] [stderr]    Compiling hyper v0.12.16
[INFO] [stderr]    Compiling failure v0.1.3
[INFO] [stderr]    Compiling hyper-tls v0.3.1
[INFO] [stderr]    Compiling serde_json v1.0.33
[INFO] [stderr]    Compiling serde_urlencoded v0.5.4
[INFO] [stderr]    Compiling ipnet v2.0.0
[INFO] [stderr]    Compiling jsonwebtoken v5.0.1
[INFO] [stderr]    Compiling reqwest v0.9.5
[INFO] [stderr]    Compiling ztproxy v0.1.0 (/opt/rustwide/workdir)
[INFO] [stdout] warning: unnecessary parentheses around type
[INFO] [stdout]  --> src/commands.rs:8:60
[INFO] [stdout]   |
[INFO] [stdout] 8 | pub fn new_network(r: RootInterface, auth: Auth) -> Result<(RootInterface), Error> {
[INFO] [stdout]   |                                                            ^^^^^^^^^^^^^^^ help: remove these parentheses
[INFO] [stdout]   |
[INFO] [stdout]   = note: `#[warn(unused_parens)]` on by default
[INFO] [stdout] 
[INFO] [stdout] 
[INFO] [stdout] warning: unused imports: `Ipv4Addr`, `Ipv6Addr`
[INFO] [stdout]   --> src/lib.rs:50:24
[INFO] [stdout]    |
[INFO] [stdout] 50 | use std::net::{IpAddr, Ipv4Addr, Ipv6Addr};
[INFO] [stdout]    |                        ^^^^^^^^  ^^^^^^^^
[INFO] [stdout]    |
[INFO] [stdout]    = note: `#[warn(unused_imports)]` on by default
[INFO] [stdout] 
[INFO] [stdout] 
[INFO] [stdout] warning: unused variable: `net_url`
[INFO] [stdout]  --> src/commands.rs:9:9
[INFO] [stdout]   |
[INFO] [stdout] 9 |     let net_url: String = format!("{}/network",BASE_URL).to_owned();
[INFO] [stdout]   |         ^^^^^^^ help: if this is intentional, prefix it with an underscore: `_net_url`
[INFO] [stdout]   |
[INFO] [stdout]   = note: `#[warn(unused_variables)]` on by default
[INFO] [stdout] 
[INFO] [stdout] 
[INFO] [stdout] warning: unused variable: `auth`
[INFO] [stdout]  --> src/commands.rs:8:38
[INFO] [stdout]   |
[INFO] [stdout] 8 | pub fn new_network(r: RootInterface, auth: Auth) -> Result<(RootInterface), Error> {
[INFO] [stdout]   |                                      ^^^^ help: if this is intentional, prefix it with an underscore: `_auth`
[INFO] [stdout] 
[INFO] [stdout] 
[INFO] [stdout] warning: unused variable: `r`
[INFO] [stdout]   --> src/commands.rs:22:23
[INFO] [stdout]    |
[INFO] [stdout] 22 | pub fn update_network(r: RootInterface) -> Result<RootInterface,Error> {
[INFO] [stdout]    |                       ^ help: if this is intentional, prefix it with an underscore: `_r`
[INFO] [stdout] 
[INFO] [stdout] 
[INFO] [stdout] warning: function is never used: `get_network`
[INFO] [stdout]   --> src/commands.rs:14:4
[INFO] [stdout]    |
[INFO] [stdout] 14 | fn get_network(i: String) -> Result<RootInterface,Error> {
[INFO] [stdout]    |    ^^^^^^^^^^^
[INFO] [stdout]    |
[INFO] [stdout]    = note: `#[warn(dead_code)]` on by default
[INFO] [stdout] 
[INFO] [stdout] 
[INFO] [stdout] warning: constant is never used: `ZT_ETHERTYPE_IPV4`
[INFO] [stdout]   --> src/lib.rs:54:1
[INFO] [stdout]    |
[INFO] [stdout] 54 | const ZT_ETHERTYPE_IPV4: u16 = 0x0800;
[INFO] [stdout]    | ^^^^^^^^^^^^^^^^^^^^^^^^^^^^^^^^^^^^^^
[INFO] [stdout] 
[INFO] [stdout] 
[INFO] [stdout] warning: constant is never used: `ZT_ETHERTYPE_ARP`
[INFO] [stdout]   --> src/lib.rs:55:1
[INFO] [stdout]    |
[INFO] [stdout] 55 | const ZT_ETHERTYPE_ARP: u16 = 0x0806;
[INFO] [stdout]    | ^^^^^^^^^^^^^^^^^^^^^^^^^^^^^^^^^^^^^
[INFO] [stdout] 
[INFO] [stdout] 
[INFO] [stdout] warning: constant is never used: `ZT_ETHERTYPE_IPV6`
[INFO] [stdout]   --> src/lib.rs:56:1
[INFO] [stdout]    |
[INFO] [stdout] 56 | const ZT_ETHERTYPE_IPV6: u16 = 0x86dd;
[INFO] [stdout]    | ^^^^^^^^^^^^^^^^^^^^^^^^^^^^^^^^^^^^^^
[INFO] [stdout] 
[INFO] [stdout] 
[INFO] [stdout] warning: associated function is never used: `validate_sibling`
[INFO] [stdout]    --> src/lib.rs:185:8
[INFO] [stdout]     |
[INFO] [stdout] 185 |     fn validate_sibling() {}
[INFO] [stdout]     |        ^^^^^^^^^^^^^^^^
[INFO] [stdout] 
[INFO] [stdout] 
[INFO] [stdout] warning: 10 warnings emitted
[INFO] [stdout] 
[INFO] [stdout] 
[INFO] [stderr]     Finished dev [unoptimized + debuginfo] target(s) in 1m 18s
[INFO] running `Command { std: "docker" "inspect" "d9e1a96303c0172e33c001eb810fc0ab4d8b7c9b5b57182d3becf4231299192b", kill_on_drop: false }`
[INFO] running `Command { std: "docker" "rm" "-f" "d9e1a96303c0172e33c001eb810fc0ab4d8b7c9b5b57182d3becf4231299192b", kill_on_drop: false }`
[INFO] [stdout] d9e1a96303c0172e33c001eb810fc0ab4d8b7c9b5b57182d3becf4231299192b
[INFO] running `Command { std: "docker" "create" "-v" "/var/lib/crater-agent-workspace/builds/worker-59/target:/opt/rustwide/target:rw,Z" "-v" "/var/lib/crater-agent-workspace/builds/worker-59/source:/opt/rustwide/workdir:ro,Z" "-v" "/var/lib/crater-agent-workspace/cargo-home:/opt/rustwide/cargo-home:ro,Z" "-v" "/var/lib/crater-agent-workspace/rustup-home:/opt/rustwide/rustup-home:ro,Z" "-e" "SOURCE_DIR=/opt/rustwide/workdir" "-e" "CARGO_TARGET_DIR=/opt/rustwide/target" "-e" "CARGO_INCREMENTAL=0" "-e" "RUST_BACKTRACE=full" "-e" "RUSTFLAGS=--cap-lints=warn" "-e" "CARGO_HOME=/opt/rustwide/cargo-home" "-e" "RUSTUP_HOME=/opt/rustwide/rustup-home" "-w" "/opt/rustwide/workdir" "-m" "1610612736" "--user" "0:0" "--network" "none" "ghcr.io/rust-lang/crates-build-env/linux@sha256:34b6a614d2c27851fe6cbf88fbd1137609cefab8b10d0615aaeb6fd47975d74e" "/opt/rustwide/cargo-home/bin/cargo" "+1.54.0" "test" "--frozen" "--no-run" "--message-format=json", kill_on_drop: false }`
[INFO] [stdout] c4af49ff2a39a3c2d20fbbe67d7320a029e448f620460cd3f4e55b5d6aac90ac
[INFO] running `Command { std: "docker" "start" "-a" "c4af49ff2a39a3c2d20fbbe67d7320a029e448f620460cd3f4e55b5d6aac90ac", kill_on_drop: false }`
[INFO] [stderr]    Compiling ztproxy v0.1.0 (/opt/rustwide/workdir)
[INFO] [stdout] warning: unnecessary parentheses around type
[INFO] [stdout]  --> src/commands.rs:8:60
[INFO] [stdout]   |
[INFO] [stdout] 8 | pub fn new_network(r: RootInterface, auth: Auth) -> Result<(RootInterface), Error> {
[INFO] [stdout]   |                                                            ^^^^^^^^^^^^^^^ help: remove these parentheses
[INFO] [stdout]   |
[INFO] [stdout]   = note: `#[warn(unused_parens)]` on by default
[INFO] [stdout] 
[INFO] [stdout] 
[INFO] [stdout] warning: unused imports: `Ipv4Addr`, `Ipv6Addr`
[INFO] [stdout]   --> src/lib.rs:50:24
[INFO] [stdout]    |
[INFO] [stdout] 50 | use std::net::{IpAddr, Ipv4Addr, Ipv6Addr};
[INFO] [stdout]    |                        ^^^^^^^^  ^^^^^^^^
[INFO] [stdout]    |
[INFO] [stdout]    = note: `#[warn(unused_imports)]` on by default
[INFO] [stdout] 
[INFO] [stdout] 
[INFO] [stdout] warning: unused variable: `net_url`
[INFO] [stdout]  --> src/commands.rs:9:9
[INFO] [stdout]   |
[INFO] [stdout] 9 |     let net_url: String = format!("{}/network",BASE_URL).to_owned();
[INFO] [stdout]   |         ^^^^^^^ help: if this is intentional, prefix it with an underscore: `_net_url`
[INFO] [stdout]   |
[INFO] [stdout]   = note: `#[warn(unused_variables)]` on by default
[INFO] [stdout] 
[INFO] [stdout] 
[INFO] [stdout] warning: unused variable: `auth`
[INFO] [stdout]  --> src/commands.rs:8:38
[INFO] [stdout]   |
[INFO] [stdout] 8 | pub fn new_network(r: RootInterface, auth: Auth) -> Result<(RootInterface), Error> {
[INFO] [stdout]   |                                      ^^^^ help: if this is intentional, prefix it with an underscore: `_auth`
[INFO] [stdout] 
[INFO] [stdout] 
[INFO] [stdout] warning: unused variable: `r`
[INFO] [stdout]   --> src/commands.rs:22:23
[INFO] [stdout]    |
[INFO] [stdout] 22 | pub fn update_network(r: RootInterface) -> Result<RootInterface,Error> {
[INFO] [stdout]    |                       ^ help: if this is intentional, prefix it with an underscore: `_r`
[INFO] [stdout] 
[INFO] [stdout] 
[INFO] [stdout] warning: function is never used: `get_network`
[INFO] [stdout]   --> src/commands.rs:14:4
[INFO] [stdout]    |
[INFO] [stdout] 14 | fn get_network(i: String) -> Result<RootInterface,Error> {
[INFO] [stdout]    |    ^^^^^^^^^^^
[INFO] [stdout]    |
[INFO] [stdout]    = note: `#[warn(dead_code)]` on by default
[INFO] [stdout] 
[INFO] [stdout] 
[INFO] [stdout] warning: constant is never used: `ZT_ETHERTYPE_IPV4`
[INFO] [stdout]   --> src/lib.rs:54:1
[INFO] [stdout]    |
[INFO] [stdout] 54 | const ZT_ETHERTYPE_IPV4: u16 = 0x0800;
[INFO] [stdout]    | ^^^^^^^^^^^^^^^^^^^^^^^^^^^^^^^^^^^^^^
[INFO] [stdout] 
[INFO] [stdout] 
[INFO] [stdout] warning: constant is never used: `ZT_ETHERTYPE_ARP`
[INFO] [stdout]   --> src/lib.rs:55:1
[INFO] [stdout]    |
[INFO] [stdout] 55 | const ZT_ETHERTYPE_ARP: u16 = 0x0806;
[INFO] [stdout]    | ^^^^^^^^^^^^^^^^^^^^^^^^^^^^^^^^^^^^^
[INFO] [stdout] 
[INFO] [stdout] 
[INFO] [stdout] warning: constant is never used: `ZT_ETHERTYPE_IPV6`
[INFO] [stdout]   --> src/lib.rs:56:1
[INFO] [stdout]    |
[INFO] [stdout] 56 | const ZT_ETHERTYPE_IPV6: u16 = 0x86dd;
[INFO] [stdout]    | ^^^^^^^^^^^^^^^^^^^^^^^^^^^^^^^^^^^^^^
[INFO] [stdout] 
[INFO] [stdout] 
[INFO] [stdout] warning: associated function is never used: `validate_sibling`
[INFO] [stdout]    --> src/lib.rs:185:8
[INFO] [stdout]     |
[INFO] [stdout] 185 |     fn validate_sibling() {}
[INFO] [stdout]     |        ^^^^^^^^^^^^^^^^
[INFO] [stdout] 
[INFO] [stdout] 
[INFO] [stdout] warning: 10 warnings emitted
[INFO] [stdout] 
[INFO] [stdout] 
[INFO] [stdout] warning: unnecessary parentheses around type
[INFO] [stdout]  --> src/commands.rs:8:60
[INFO] [stdout]   |
[INFO] [stdout] 8 | pub fn new_network(r: RootInterface, auth: Auth) -> Result<(RootInterface), Error> {
[INFO] [stdout]   |                                                            ^^^^^^^^^^^^^^^ help: remove these parentheses
[INFO] [stdout]   |
[INFO] [stdout]   = note: `#[warn(unused_parens)]` on by default
[INFO] [stdout] 
[INFO] [stdout] 
[INFO] [stdout] warning: unused imports: `Ipv4Addr`, `Ipv6Addr`
[INFO] [stdout]   --> src/lib.rs:50:24
[INFO] [stdout]    |
[INFO] [stdout] 50 | use std::net::{IpAddr, Ipv4Addr, Ipv6Addr};
[INFO] [stdout]    |                        ^^^^^^^^  ^^^^^^^^
[INFO] [stdout]    |
[INFO] [stdout]    = note: `#[warn(unused_imports)]` on by default
[INFO] [stdout] 
[INFO] [stdout] 
[INFO] [stdout] warning: unused variable: `net_url`
[INFO] [stdout]  --> src/commands.rs:9:9
[INFO] [stdout]   |
[INFO] [stdout] 9 |     let net_url: String = format!("{}/network",BASE_URL).to_owned();
[INFO] [stdout]   |         ^^^^^^^ help: if this is intentional, prefix it with an underscore: `_net_url`
[INFO] [stdout]   |
[INFO] [stdout]   = note: `#[warn(unused_variables)]` on by default
[INFO] [stdout] 
[INFO] [stdout] 
[INFO] [stdout] warning: unused variable: `auth`
[INFO] [stdout]  --> src/commands.rs:8:38
[INFO] [stdout]   |
[INFO] [stdout] 8 | pub fn new_network(r: RootInterface, auth: Auth) -> Result<(RootInterface), Error> {
[INFO] [stdout]   |                                      ^^^^ help: if this is intentional, prefix it with an underscore: `_auth`
[INFO] [stdout] 
[INFO] [stdout] 
[INFO] [stdout] warning: unused variable: `r`
[INFO] [stdout]   --> src/commands.rs:22:23
[INFO] [stdout]    |
[INFO] [stdout] 22 | pub fn update_network(r: RootInterface) -> Result<RootInterface,Error> {
[INFO] [stdout]    |                       ^ help: if this is intentional, prefix it with an underscore: `_r`
[INFO] [stdout] 
[INFO] [stdout] 
[INFO] [stdout] warning: constant is never used: `ZT_ETHERTYPE_IPV4`
[INFO] [stdout]   --> src/lib.rs:54:1
[INFO] [stdout]    |
[INFO] [stdout] 54 | const ZT_ETHERTYPE_IPV4: u16 = 0x0800;
[INFO] [stdout]    | ^^^^^^^^^^^^^^^^^^^^^^^^^^^^^^^^^^^^^^
[INFO] [stdout]    |
[INFO] [stdout]    = note: `#[warn(dead_code)]` on by default
[INFO] [stdout] 
[INFO] [stdout] 
[INFO] [stdout] warning: constant is never used: `ZT_ETHERTYPE_ARP`
[INFO] [stdout]   --> src/lib.rs:55:1
[INFO] [stdout]    |
[INFO] [stdout] 55 | const ZT_ETHERTYPE_ARP: u16 = 0x0806;
[INFO] [stdout]    | ^^^^^^^^^^^^^^^^^^^^^^^^^^^^^^^^^^^^^
[INFO] [stdout] 
[INFO] [stdout] 
[INFO] [stdout] warning: constant is never used: `ZT_ETHERTYPE_IPV6`
[INFO] [stdout]   --> src/lib.rs:56:1
[INFO] [stdout]    |
[INFO] [stdout] 56 | const ZT_ETHERTYPE_IPV6: u16 = 0x86dd;
[INFO] [stdout]    | ^^^^^^^^^^^^^^^^^^^^^^^^^^^^^^^^^^^^^^
[INFO] [stdout] 
[INFO] [stdout] 
[INFO] [stdout] warning: associated function is never used: `validate_sibling`
[INFO] [stdout]    --> src/lib.rs:185:8
[INFO] [stdout]     |
[INFO] [stdout] 185 |     fn validate_sibling() {}
[INFO] [stdout]     |        ^^^^^^^^^^^^^^^^
[INFO] [stdout] 
[INFO] [stdout] 
[INFO] [stdout] warning: 9 warnings emitted
[INFO] [stdout] 
[INFO] [stdout] 
[INFO] [stderr]     Finished test [unoptimized + debuginfo] target(s) in 5.16s
[INFO] running `Command { std: "docker" "inspect" "c4af49ff2a39a3c2d20fbbe67d7320a029e448f620460cd3f4e55b5d6aac90ac", kill_on_drop: false }`
[INFO] running `Command { std: "docker" "rm" "-f" "c4af49ff2a39a3c2d20fbbe67d7320a029e448f620460cd3f4e55b5d6aac90ac", kill_on_drop: false }`
[INFO] [stdout] c4af49ff2a39a3c2d20fbbe67d7320a029e448f620460cd3f4e55b5d6aac90ac
[INFO] running `Command { std: "docker" "create" "-v" "/var/lib/crater-agent-workspace/builds/worker-59/target:/opt/rustwide/target:rw,Z" "-v" "/var/lib/crater-agent-workspace/builds/worker-59/source:/opt/rustwide/workdir:ro,Z" "-v" "/var/lib/crater-agent-workspace/cargo-home:/opt/rustwide/cargo-home:ro,Z" "-v" "/var/lib/crater-agent-workspace/rustup-home:/opt/rustwide/rustup-home:ro,Z" "-e" "SOURCE_DIR=/opt/rustwide/workdir" "-e" "CARGO_TARGET_DIR=/opt/rustwide/target" "-e" "CARGO_INCREMENTAL=0" "-e" "RUST_BACKTRACE=full" "-e" "RUSTFLAGS=--cap-lints=warn" "-e" "CARGO_HOME=/opt/rustwide/cargo-home" "-e" "RUSTUP_HOME=/opt/rustwide/rustup-home" "-w" "/opt/rustwide/workdir" "-m" "1610612736" "--user" "0:0" "--network" "none" "ghcr.io/rust-lang/crates-build-env/linux@sha256:34b6a614d2c27851fe6cbf88fbd1137609cefab8b10d0615aaeb6fd47975d74e" "/opt/rustwide/cargo-home/bin/cargo" "+1.54.0" "test" "--frozen", kill_on_drop: false }`
[INFO] [stdout] b63e56c17093159ddec754f9cc439b0261753d49ba8dd69a09e2abddacb0f25b
[INFO] running `Command { std: "docker" "start" "-a" "b63e56c17093159ddec754f9cc439b0261753d49ba8dd69a09e2abddacb0f25b", kill_on_drop: false }`
[INFO] [stderr]     Blocking waiting for file lock on package cache
[INFO] [stderr] warning: unnecessary parentheses around type
[INFO] [stderr]  --> src/commands.rs:8:60
[INFO] [stderr]   |
[INFO] [stderr] 8 | pub fn new_network(r: RootInterface, auth: Auth) -> Result<(RootInterface), Error> {
[INFO] [stderr]   |                                                            ^^^^^^^^^^^^^^^ help: remove these parentheses
[INFO] [stderr]   |
[INFO] [stderr]   = note: `#[warn(unused_parens)]` on by default
[INFO] [stderr] 
[INFO] [stderr] warning: unused imports: `Ipv4Addr`, `Ipv6Addr`
[INFO] [stderr]   --> src/lib.rs:50:24
[INFO] [stderr]    |
[INFO] [stderr] 50 | use std::net::{IpAddr, Ipv4Addr, Ipv6Addr};
[INFO] [stderr]    |                        ^^^^^^^^  ^^^^^^^^
[INFO] [stderr]    |
[INFO] [stderr]    = note: `#[warn(unused_imports)]` on by default
[INFO] [stderr] 
[INFO] [stderr] warning: unused variable: `net_url`
[INFO] [stderr]  --> src/commands.rs:9:9
[INFO] [stderr]   |
[INFO] [stderr] 9 |     let net_url: String = format!("{}/network",BASE_URL).to_owned();
[INFO] [stderr]   |         ^^^^^^^ help: if this is intentional, prefix it with an underscore: `_net_url`
[INFO] [stderr]   |
[INFO] [stderr]   = note: `#[warn(unused_variables)]` on by default
[INFO] [stderr] 
[INFO] [stderr] warning: unused variable: `auth`
[INFO] [stderr]  --> src/commands.rs:8:38
[INFO] [stderr]   |
[INFO] [stderr] 8 | pub fn new_network(r: RootInterface, auth: Auth) -> Result<(RootInterface), Error> {
[INFO] [stderr]   |                                      ^^^^ help: if this is intentional, prefix it with an underscore: `_auth`
[INFO] [stderr] 
[INFO] [stderr] warning: unused variable: `r`
[INFO] [stderr]   --> src/commands.rs:22:23
[INFO] [stderr]    |
[INFO] [stderr] 22 | pub fn update_network(r: RootInterface) -> Result<RootInterface,Error> {
[INFO] [stderr]    |                       ^ help: if this is intentional, prefix it with an underscore: `_r`
[INFO] [stderr] 
[INFO] [stderr] warning: function is never used: `get_network`
[INFO] [stderr]   --> src/commands.rs:14:4
[INFO] [stderr]    |
[INFO] [stderr] 14 | fn get_network(i: String) -> Result<RootInterface,Error> {
[INFO] [stderr]    |    ^^^^^^^^^^^
[INFO] [stderr]    |
[INFO] [stderr]    = note: `#[warn(dead_code)]` on by default
[INFO] [stderr] 
[INFO] [stderr] warning: constant is never used: `ZT_ETHERTYPE_IPV4`
[INFO] [stderr]   --> src/lib.rs:54:1
[INFO] [stderr]    |
[INFO] [stderr] 54 | const ZT_ETHERTYPE_IPV4: u16 = 0x0800;
[INFO] [stderr]    | ^^^^^^^^^^^^^^^^^^^^^^^^^^^^^^^^^^^^^^
[INFO] [stderr] 
[INFO] [stderr] warning: constant is never used: `ZT_ETHERTYPE_ARP`
[INFO] [stderr]   --> src/lib.rs:55:1
[INFO] [stderr]    |
[INFO] [stderr] 55 | const ZT_ETHERTYPE_ARP: u16 = 0x0806;
[INFO] [stderr]    | ^^^^^^^^^^^^^^^^^^^^^^^^^^^^^^^^^^^^^
[INFO] [stderr] 
[INFO] [stderr] warning: constant is never used: `ZT_ETHERTYPE_IPV6`
[INFO] [stderr]   --> src/lib.rs:56:1
[INFO] [stderr]    |
[INFO] [stderr] 56 | const ZT_ETHERTYPE_IPV6: u16 = 0x86dd;
[INFO] [stderr]    | ^^^^^^^^^^^^^^^^^^^^^^^^^^^^^^^^^^^^^^
[INFO] [stderr] 
[INFO] [stderr] warning: associated function is never used: `validate_sibling`
[INFO] [stderr]    --> src/lib.rs:185:8
[INFO] [stderr]     |
[INFO] [stderr] 185 |     fn validate_sibling() {}
[INFO] [stderr]     |        ^^^^^^^^^^^^^^^^
[INFO] [stderr] 
[INFO] [stderr] warning: 10 warnings emitted
[INFO] [stderr] 
[INFO] [stderr] warning: unnecessary parentheses around type
[INFO] [stderr]  --> src/commands.rs:8:60
[INFO] [stderr]   |
[INFO] [stderr] 8 | pub fn new_network(r: RootInterface, auth: Auth) -> Result<(RootInterface), Error> {
[INFO] [stderr]   |                                                            ^^^^^^^^^^^^^^^ help: remove these parentheses
[INFO] [stderr]   |
[INFO] [stderr]   = note: `#[warn(unused_parens)]` on by default
[INFO] [stderr] 
[INFO] [stderr] warning: unused imports: `Ipv4Addr`, `Ipv6Addr`
[INFO] [stderr]   --> src/lib.rs:50:24
[INFO] [stderr]    |
[INFO] [stderr] 50 | use std::net::{IpAddr, Ipv4Addr, Ipv6Addr};
[INFO] [stderr]    |                        ^^^^^^^^  ^^^^^^^^
[INFO] [stderr]    |
[INFO] [stderr]    = note: `#[warn(unused_imports)]` on by default
[INFO] [stderr] 
[INFO] [stderr] warning: unused variable: `net_url`
[INFO] [stderr]  --> src/commands.rs:9:9
[INFO] [stderr]   |
[INFO] [stderr] 9 |     let net_url: String = format!("{}/network",BASE_URL).to_owned();
[INFO] [stderr]   |         ^^^^^^^ help: if this is intentional, prefix it with an underscore: `_net_url`
[INFO] [stderr]   |
[INFO] [stderr]   = note: `#[warn(unused_variables)]` on by default
[INFO] [stderr] 
[INFO] [stderr] warning: unused variable: `auth`
[INFO] [stderr]  --> src/commands.rs:8:38
[INFO] [stderr]   |
[INFO] [stderr] 8 | pub fn new_network(r: RootInterface, auth: Auth) -> Result<(RootInterface), Error> {
[INFO] [stderr]   |                                      ^^^^ help: if this is intentional, prefix it with an underscore: `_auth`
[INFO] [stderr] 
[INFO] [stderr] warning: unused variable: `r`
[INFO] [stderr]   --> src/commands.rs:22:23
[INFO] [stderr]    |
[INFO] [stderr] 22 | pub fn update_network(r: RootInterface) -> Result<RootInterface,Error> {
[INFO] [stderr]    |                       ^ help: if this is intentional, prefix it with an underscore: `_r`
[INFO] [stderr] 
[INFO] [stderr] warning: constant is never used: `ZT_ETHERTYPE_IPV4`
[INFO] [stderr]   --> src/lib.rs:54:1
[INFO] [stderr]    |
[INFO] [stderr] 54 | const ZT_ETHERTYPE_IPV4: u16 = 0x0800;
[INFO] [stderr]    | ^^^^^^^^^^^^^^^^^^^^^^^^^^^^^^^^^^^^^^
[INFO] [stderr]    |
[INFO] [stderr]    = note: `#[warn(dead_code)]` on by default
[INFO] [stderr] 
[INFO] [stderr] warning: constant is never used: `ZT_ETHERTYPE_ARP`
[INFO] [stderr]   --> src/lib.rs:55:1
[INFO] [stderr]    |
[INFO] [stderr] 55 | const ZT_ETHERTYPE_ARP: u16 = 0x0806;
[INFO] [stderr]    | ^^^^^^^^^^^^^^^^^^^^^^^^^^^^^^^^^^^^^
[INFO] [stderr] 
[INFO] [stderr] warning: constant is never used: `ZT_ETHERTYPE_IPV6`
[INFO] [stderr]   --> src/lib.rs:56:1
[INFO] [stderr]    |
[INFO] [stderr] 56 | const ZT_ETHERTYPE_IPV6: u16 = 0x86dd;
[INFO] [stderr]    | ^^^^^^^^^^^^^^^^^^^^^^^^^^^^^^^^^^^^^^
[INFO] [stderr] 
[INFO] [stderr] warning: associated function is never used: `validate_sibling`
[INFO] [stderr]    --> src/lib.rs:185:8
[INFO] [stderr]     |
[INFO] [stderr] 185 |     fn validate_sibling() {}
[INFO] [stderr]     |        ^^^^^^^^^^^^^^^^
[INFO] [stderr] 
[INFO] [stderr] warning: 9 warnings emitted
[INFO] [stderr] 
[INFO] [stderr]     Finished test [unoptimized + debuginfo] target(s) in 2.16s
[INFO] [stderr]      Running unittests (/opt/rustwide/target/debug/deps/ztproxy-55ea8172664372bc)
[INFO] [stdout] 
[INFO] [stdout] running 2 tests
[INFO] [stdout] test commands::test::test_get ... ok
[INFO] [stdout] test test::test_auth ... FAILED
[INFO] [stdout] 
[INFO] [stdout] failures:
[INFO] [stdout] 
[INFO] [stdout] ---- test::test_auth stdout ----
[INFO] [stdout] Error: Os { code: 2, kind: NotFound, message: "No such file or directory" }
[INFO] [stdout] 
[INFO] [stdout] stack backtrace:
[INFO] [stdout]    0:     0x558119cf2f1d - backtrace::backtrace::libunwind::trace::h098ab7f2544bae17
[INFO] [stdout]                         at /opt/rustwide/cargo-home/registry/src/github.com-1ecc6299db9ec823/backtrace-0.3.9/src/backtrace/libunwind.rs:53
[INFO] [stdout]                          - backtrace::backtrace::trace::hcc5970d92e2a1b10
[INFO] [stdout]                         at /opt/rustwide/cargo-home/registry/src/github.com-1ecc6299db9ec823/backtrace-0.3.9/src/backtrace/mod.rs:42
[INFO] [stdout]    1:     0x558119ceeb9f - backtrace::capture::Backtrace::new_unresolved::h3fba91801f17160b
[INFO] [stdout]                         at /opt/rustwide/cargo-home/registry/src/github.com-1ecc6299db9ec823/backtrace-0.3.9/src/capture.rs:88
[INFO] [stdout]    2:     0x558119ce83cc - failure::backtrace::internal::InternalBacktrace::new::h81868f5022edb8f6
[INFO] [stdout]                         at /opt/rustwide/cargo-home/registry/src/github.com-1ecc6299db9ec823/failure-0.1.3/src/backtrace/internal.rs:44
[INFO] [stdout]    3:     0x558119ce7ce6 - failure::backtrace::Backtrace::new::h0ae4e4eabfbc58e7
[INFO] [stdout]                         at /opt/rustwide/cargo-home/registry/src/github.com-1ecc6299db9ec823/failure-0.1.3/src/backtrace/mod.rs:111
[INFO] [stdout]    4:     0x55811987e03e - <failure::error::error_impl::ErrorImpl as core::convert::From<F>>::from::h55088084f1a8a5aa
[INFO] [stdout]                         at /opt/rustwide/cargo-home/registry/src/github.com-1ecc6299db9ec823/failure-0.1.3/src/error/error_impl.rs:19
[INFO] [stdout]    5:     0x558119885240 - <failure::error::Error as core::convert::From<F>>::from::h2812a722b31cbc0b
[INFO] [stdout]                         at /opt/rustwide/cargo-home/registry/src/github.com-1ecc6299db9ec823/failure-0.1.3/src/error/mod.rs:36
[INFO] [stdout]    6:     0x558119864683 - <core::result::Result<T,F> as core::ops::try_trait::FromResidual<core::result::Result<core::convert::Infallible,E>>>::from_residual::h8ca6aecae19f8d07
[INFO] [stdout]                         at /rustc/a178d0322ce20e33eac124758e837cbd80a6f633/library/core/src/result.rs:1675
[INFO] [stdout]    7:     0x55811985b14b - ztproxy::Auth::read_auth::hb7fb384b5e4c2e9d
[INFO] [stdout]                         at src/lib.rs:300
[INFO] [stdout]    8:     0x558119886143 - ztproxy::test::test_auth::h417b940c1d0695b1
[INFO] [stdout]                         at src/lib.rs:327
[INFO] [stdout]    9:     0x55811988610d - ztproxy::test::test_auth::{{closure}}::h603a28df2abc7647
[INFO] [stdout]                         at src/lib.rs:326
[INFO] [stdout]   10:     0x5581198820cd - core::ops::function::FnOnce::call_once::h2e59ca1d1d2810a9
[INFO] [stdout]                         at /rustc/a178d0322ce20e33eac124758e837cbd80a6f633/library/core/src/ops/function.rs:227
[INFO] [stdout]   11:     0x5581198af092 - core::ops::function::FnOnce::call_once::h152e7e439ff59e19
[INFO] [stdout]                         at /rustc/a178d0322ce20e33eac124758e837cbd80a6f633/library/core/src/ops/function.rs:227
[INFO] [stdout]                          - test::__rust_begin_short_backtrace::h0908f3b1fdbb72ab
[INFO] [stdout]                         at library/test/src/lib.rs:577
[INFO] [stdout]   12:     0x5581198adb4f - <alloc::boxed::Box<F,A> as core::ops::function::FnOnce<Args>>::call_once::hf6d2a51e5587546c
[INFO] [stdout]                         at /rustc/a178d0322ce20e33eac124758e837cbd80a6f633/library/alloc/src/boxed.rs:1575
[INFO] [stdout]                          - <std::panic::AssertUnwindSafe<F> as core::ops::function::FnOnce<()>>::call_once::h8af660f3a89ef593
[INFO] [stdout]                         at /rustc/a178d0322ce20e33eac124758e837cbd80a6f633/library/std/src/panic.rs:347
[INFO] [stdout]                          - std::panicking::try::do_call::hd36aef60f84b6d36
[INFO] [stdout]                         at /rustc/a178d0322ce20e33eac124758e837cbd80a6f633/library/std/src/panicking.rs:401
[INFO] [stdout]                          - std::panicking::try::h9932b4480e69817c
[INFO] [stdout]                         at /rustc/a178d0322ce20e33eac124758e837cbd80a6f633/library/std/src/panicking.rs:365
[INFO] [stdout]                          - std::panic::catch_unwind::h6aa177099cfff5f8
[INFO] [stdout]                         at /rustc/a178d0322ce20e33eac124758e837cbd80a6f633/library/std/src/panic.rs:434
[INFO] [stdout]                          - test::run_test_in_process::h5884d6f2d99e20c3
[INFO] [stdout]                         at library/test/src/lib.rs:600
[INFO] [stdout]                          - test::run_test::run_test_inner::{{closure}}::h6fdc58c6d5f5b6e3
[INFO] [stdout]                         at library/test/src/lib.rs:492
[INFO] [stdout]   13:     0x558119887201 - test::run_test::run_test_inner::{{closure}}::h408365d67a78ade8
[INFO] [stdout]                         at library/test/src/lib.rs:519
[INFO] [stdout]                          - std::sys_common::backtrace::__rust_begin_short_backtrace::hb560b77c4f701523
[INFO] [stdout]                         at /rustc/a178d0322ce20e33eac124758e837cbd80a6f633/library/std/src/sys_common/backtrace.rs:125
[INFO] [stdout]   14:     0x55811988adb7 - std::thread::Builder::spawn_unchecked::{{closure}}::{{closure}}::hf2e7831dad93c597
[INFO] [stdout]                         at /rustc/a178d0322ce20e33eac124758e837cbd80a6f633/library/std/src/thread/mod.rs:481
[INFO] [stdout]                          - <std::panic::AssertUnwindSafe<F> as core::ops::function::FnOnce<()>>::call_once::hd2e08783d8be4d02
[INFO] [stdout]                         at /rustc/a178d0322ce20e33eac124758e837cbd80a6f633/library/std/src/panic.rs:347
[INFO] [stdout]                          - std::panicking::try::do_call::h062597b7acfd6b82
[INFO] [stdout]                         at /rustc/a178d0322ce20e33eac124758e837cbd80a6f633/library/std/src/panicking.rs:401
[INFO] [stdout]                          - std::panicking::try::h0d7b79db04c14552
[INFO] [stdout]                         at /rustc/a178d0322ce20e33eac124758e837cbd80a6f633/library/std/src/panicking.rs:365
[INFO] [stdout]                          - std::panic::catch_unwind::hb01a0b5e7c8cd43b
[INFO] [stdout]                         at /rustc/a178d0322ce20e33eac124758e837cbd80a6f633/library/std/src/panic.rs:434
[INFO] [stdout]                          - std::thread::Builder::spawn_unchecked::{{closure}}::h5bde48cc887e0d1e
[INFO] [stdout]                         at /rustc/a178d0322ce20e33eac124758e837cbd80a6f633/library/std/src/thread/mod.rs:480
[INFO] [stdout]                          - core::ops::function::FnOnce::call_once{{vtable.shim}}::h745ea30807a29e55
[INFO] [stdout]                         at /rustc/a178d0322ce20e33eac124758e837cbd80a6f633/library/core/src/ops/function.rs:227
[INFO] [stdout]   15:     0x558119d300f6 - <alloc::boxed::Box<F,A> as core::ops::function::FnOnce<Args>>::call_once::h7ece6cfefaff1005
[INFO] [stdout]                         at /rustc/a178d0322ce20e33eac124758e837cbd80a6f633/library/alloc/src/boxed.rs:1575
[INFO] [stdout]                          - <alloc::boxed::Box<F,A> as core::ops::function::FnOnce<Args>>::call_once::hb8b48e55c21f193e
[INFO] [stdout]                         at /rustc/a178d0322ce20e33eac124758e837cbd80a6f633/library/alloc/src/boxed.rs:1575
[INFO] [stdout]                          - std::sys::unix::thread::Thread::new::thread_start::h8c7c4450dba62914
[INFO] [stdout]                         at library/std/src/sys/unix/thread.rs:71
[INFO] [stdout]   16:     0x7fcd1e3e8608 - start_thread
[INFO] [stdout]   17:     0x7fcd1e1b8292 - __clone
[INFO] [stdout]   18:                0x0 - <unknown>
[INFO] [stdout] thread 'test::test_auth' panicked at 'assertion failed: `(left == right)`
[INFO] [stdout]   left: `1`,
[INFO] [stdout]  right: `0`: the test returned a termination value with a non-zero status code (1) which indicates a failure', /rustc/a178d0322ce20e33eac124758e837cbd80a6f633/library/test/src/lib.rs:193:5
[INFO] [stdout] stack backtrace:
[INFO] [stdout]    0:     0x558119d284e0 - std::backtrace_rs::backtrace::libunwind::trace::h34055254b57d8e79
[INFO] [stdout]                                at /rustc/a178d0322ce20e33eac124758e837cbd80a6f633/library/std/src/../../backtrace/src/backtrace/libunwind.rs:90:5
[INFO] [stdout]    1:     0x558119d284e0 - std::backtrace_rs::backtrace::trace_unsynchronized::h8f1e3fbd9afff6ec
[INFO] [stdout]                                at /rustc/a178d0322ce20e33eac124758e837cbd80a6f633/library/std/src/../../backtrace/src/backtrace/mod.rs:66:5
[INFO] [stdout]    2:     0x558119d284e0 - std::sys_common::backtrace::_print_fmt::h3a99a796b770c360
[INFO] [stdout]                                at /rustc/a178d0322ce20e33eac124758e837cbd80a6f633/library/std/src/sys_common/backtrace.rs:67:5
[INFO] [stdout]    3:     0x558119d284e0 - <std::sys_common::backtrace::_print::DisplayBacktrace as core::fmt::Display>::fmt::h32d1f94a80615d18
[INFO] [stdout]                                at /rustc/a178d0322ce20e33eac124758e837cbd80a6f633/library/std/src/sys_common/backtrace.rs:46:22
[INFO] [stdout]    4:     0x558119d4b91c - core::fmt::write::h306731c068f7162c
[INFO] [stdout]                                at /rustc/a178d0322ce20e33eac124758e837cbd80a6f633/library/core/src/fmt/mod.rs:1110:17
[INFO] [stdout]    5:     0x558119d21df5 - std::io::Write::write_fmt::h87f19b0a2cd190bc
[INFO] [stdout]                                at /rustc/a178d0322ce20e33eac124758e837cbd80a6f633/library/std/src/io/mod.rs:1588:15
[INFO] [stdout]    6:     0x558119d2a69b - std::sys_common::backtrace::_print::h5abaa2601a852287
[INFO] [stdout]                                at /rustc/a178d0322ce20e33eac124758e837cbd80a6f633/library/std/src/sys_common/backtrace.rs:49:5
[INFO] [stdout]    7:     0x558119d2a69b - std::sys_common::backtrace::print::h8d81445442bb638f
[INFO] [stdout]                                at /rustc/a178d0322ce20e33eac124758e837cbd80a6f633/library/std/src/sys_common/backtrace.rs:36:9
[INFO] [stdout]    8:     0x558119d2a69b - std::panicking::default_hook::{{closure}}::hcfe804496a9fa747
[INFO] [stdout]                                at /rustc/a178d0322ce20e33eac124758e837cbd80a6f633/library/std/src/panicking.rs:208:50
[INFO] [stdout]    9:     0x558119d2a1ac - std::panicking::default_hook::hbea8e3ccf2ba8901
[INFO] [stdout]                                at /rustc/a178d0322ce20e33eac124758e837cbd80a6f633/library/std/src/panicking.rs:222:9
[INFO] [stdout]   10:     0x558119d2ad64 - std::panicking::rust_panic_with_hook::h7ee9e1a2d0f8975a
[INFO] [stdout]                                at /rustc/a178d0322ce20e33eac124758e837cbd80a6f633/library/std/src/panicking.rs:622:17
[INFO] [stdout]   11:     0x558119d2a847 - std::panicking::begin_panic_handler::{{closure}}::h8ab3b4491718b2c7
[INFO] [stdout]                                at /rustc/a178d0322ce20e33eac124758e837cbd80a6f633/library/std/src/panicking.rs:519:13
[INFO] [stdout]   12:     0x558119d289dc - std::sys_common::backtrace::__rust_end_short_backtrace::hd489062ffa586a9f
[INFO] [stdout]                                at /rustc/a178d0322ce20e33eac124758e837cbd80a6f633/library/std/src/sys_common/backtrace.rs:141:18
[INFO] [stdout]   13:     0x558119d2a7a9 - rust_begin_unwind
[INFO] [stdout]                                at /rustc/a178d0322ce20e33eac124758e837cbd80a6f633/library/std/src/panicking.rs:515:5
[INFO] [stdout]   14:     0x558119859d51 - core::panicking::panic_fmt::hca6330e3e14086b4
[INFO] [stdout]                                at /rustc/a178d0322ce20e33eac124758e837cbd80a6f633/library/core/src/panicking.rs:92:14
[INFO] [stdout]   15:     0x558119d4a06e - core::panicking::assert_failed_inner::h33b45280069a80ed
[INFO] [stdout]   16:     0x558119ba1a0a - core::panicking::assert_failed::h7978ada115bf6bd1
[INFO] [stdout]                                at /rustc/a178d0322ce20e33eac124758e837cbd80a6f633/library/core/src/panicking.rs:117:5
[INFO] [stdout]   17:     0x55811986a0a9 - test::assert_test_result::ha83432eb823c354c
[INFO] [stdout]                                at /rustc/a178d0322ce20e33eac124758e837cbd80a6f633/library/test/src/lib.rs:193:5
[INFO] [stdout]   18:     0x558119886125 - ztproxy::test::test_auth::{{closure}}::h603a28df2abc7647
[INFO] [stdout]                                at /opt/rustwide/workdir/src/lib.rs:326:5
[INFO] [stdout]   19:     0x5581198820ce - core::ops::function::FnOnce::call_once::h2e59ca1d1d2810a9
[INFO] [stdout]                                at /rustc/a178d0322ce20e33eac124758e837cbd80a6f633/library/core/src/ops/function.rs:227:5
[INFO] [stdout]   20:     0x5581198af093 - core::ops::function::FnOnce::call_once::h152e7e439ff59e19
[INFO] [stdout]                                at /rustc/a178d0322ce20e33eac124758e837cbd80a6f633/library/core/src/ops/function.rs:227:5
[INFO] [stdout]   21:     0x5581198af093 - test::__rust_begin_short_backtrace::h0908f3b1fdbb72ab
[INFO] [stdout]                                at /rustc/a178d0322ce20e33eac124758e837cbd80a6f633/library/test/src/lib.rs:577:5
[INFO] [stdout]   22:     0x5581198adb50 - <alloc::boxed::Box<F,A> as core::ops::function::FnOnce<Args>>::call_once::hf6d2a51e5587546c
[INFO] [stdout]                                at /rustc/a178d0322ce20e33eac124758e837cbd80a6f633/library/alloc/src/boxed.rs:1575:9
[INFO] [stdout]   23:     0x5581198adb50 - <std::panic::AssertUnwindSafe<F> as core::ops::function::FnOnce<()>>::call_once::h8af660f3a89ef593
[INFO] [stdout]                                at /rustc/a178d0322ce20e33eac124758e837cbd80a6f633/library/std/src/panic.rs:347:9
[INFO] [stdout]   24:     0x5581198adb50 - std::panicking::try::do_call::hd36aef60f84b6d36
[INFO] [stdout]                                at /rustc/a178d0322ce20e33eac124758e837cbd80a6f633/library/std/src/panicking.rs:401:40
[INFO] [stdout]   25:     0x5581198adb50 - std::panicking::try::h9932b4480e69817c
[INFO] [stdout]                                at /rustc/a178d0322ce20e33eac124758e837cbd80a6f633/library/std/src/panicking.rs:365:19
[INFO] [stdout]   26:     0x5581198adb50 - std::panic::catch_unwind::h6aa177099cfff5f8
[INFO] [stdout]                                at /rustc/a178d0322ce20e33eac124758e837cbd80a6f633/library/std/src/panic.rs:434:14
[INFO] [stdout]   27:     0x5581198adb50 - test::run_test_in_process::h5884d6f2d99e20c3
[INFO] [stdout]                                at /rustc/a178d0322ce20e33eac124758e837cbd80a6f633/library/test/src/lib.rs:600:18
[INFO] [stdout]   28:     0x5581198adb50 - test::run_test::run_test_inner::{{closure}}::h6fdc58c6d5f5b6e3
[INFO] [stdout]                                at /rustc/a178d0322ce20e33eac124758e837cbd80a6f633/library/test/src/lib.rs:492:39
[INFO] [stdout]   29:     0x558119887202 - test::run_test::run_test_inner::{{closure}}::h408365d67a78ade8
[INFO] [stdout]                                at /rustc/a178d0322ce20e33eac124758e837cbd80a6f633/library/test/src/lib.rs:519:37
[INFO] [stdout]   30:     0x558119887202 - std::sys_common::backtrace::__rust_begin_short_backtrace::hb560b77c4f701523
[INFO] [stdout]                                at /rustc/a178d0322ce20e33eac124758e837cbd80a6f633/library/std/src/sys_common/backtrace.rs:125:18
[INFO] [stdout]   31:     0x55811988adb8 - std::thread::Builder::spawn_unchecked::{{closure}}::{{closure}}::hf2e7831dad93c597
[INFO] [stdout]                                at /rustc/a178d0322ce20e33eac124758e837cbd80a6f633/library/std/src/thread/mod.rs:481:17
[INFO] [stdout]   32:     0x55811988adb8 - <std::panic::AssertUnwindSafe<F> as core::ops::function::FnOnce<()>>::call_once::hd2e08783d8be4d02
[INFO] [stdout]                                at /rustc/a178d0322ce20e33eac124758e837cbd80a6f633/library/std/src/panic.rs:347:9
[INFO] [stdout]   33:     0x55811988adb8 - std::panicking::try::do_call::h062597b7acfd6b82
[INFO] [stdout]                                at /rustc/a178d0322ce20e33eac124758e837cbd80a6f633/library/std/src/panicking.rs:401:40
[INFO] [stdout]   34:     0x55811988adb8 - std::panicking::try::h0d7b79db04c14552
[INFO] [stdout]                                at /rustc/a178d0322ce20e33eac124758e837cbd80a6f633/library/std/src/panicking.rs:365:19
[INFO] [stdout]   35:     0x55811988adb8 - std::panic::catch_unwind::hb01a0b5e7c8cd43b
[INFO] [stdout]                                at /rustc/a178d0322ce20e33eac124758e837cbd80a6f633/library/std/src/panic.rs:434:14
[INFO] [stdout]   36:     0x55811988adb8 - std::thread::Builder::spawn_unchecked::{{closure}}::h5bde48cc887e0d1e
[INFO] [stdout]                                at /rustc/a178d0322ce20e33eac124758e837cbd80a6f633/library/std/src/thread/mod.rs:480:30
[INFO] [stdout]   37:     0x55811988adb8 - core::ops::function::FnOnce::call_once{{vtable.shim}}::h745ea30807a29e55
[INFO] [stdout]                                at /rustc/a178d0322ce20e33eac124758e837cbd80a6f633/library/core/src/ops/function.rs:227:5
[INFO] [stdout]   38:     0x558119d300f7 - <alloc::boxed::Box<F,A> as core::ops::function::FnOnce<Args>>::call_once::h7ece6cfefaff1005
[INFO] [stdout]                                at /rustc/a178d0322ce20e33eac124758e837cbd80a6f633/library/alloc/src/boxed.rs:1575:9
[INFO] [stdout]   39:     0x558119d300f7 - <alloc::boxed::Box<F,A> as core::ops::function::FnOnce<Args>>::call_once::hb8b48e55c21f193e
[INFO] [stdout]                                at /rustc/a178d0322ce20e33eac124758e837cbd80a6f633/library/alloc/src/boxed.rs:1575:9
[INFO] [stdout]   40:     0x558119d300f7 - std::sys::unix::thread::Thread::new::thread_start::h8c7c4450dba62914
[INFO] [stdout]                                at /rustc/a178d0322ce20e33eac124758e837cbd80a6f633/library/std/src/sys/unix/thread.rs:71:17
[INFO] [stdout]   41:     0x7fcd1e3e8609 - start_thread
[INFO] [stdout]   42:     0x7fcd1e1b8293 - clone
[INFO] [stdout]   43:                0x0 - <unknown>
[INFO] [stdout] 
[INFO] [stdout] 
[INFO] [stdout] failures:
[INFO] [stdout]     test::test_auth
[INFO] [stdout] 
[INFO] [stdout] test result: FAILED. 1 passed; 1 failed; 0 ignored; 0 measured; 0 filtered out; finished in 0.49s
[INFO] [stdout] 
[INFO] [stderr] error: test failed, to rerun pass '--lib'
[INFO] running `Command { std: "docker" "inspect" "b63e56c17093159ddec754f9cc439b0261753d49ba8dd69a09e2abddacb0f25b", kill_on_drop: false }`
[INFO] running `Command { std: "docker" "rm" "-f" "b63e56c17093159ddec754f9cc439b0261753d49ba8dd69a09e2abddacb0f25b", kill_on_drop: false }`
[INFO] [stdout] b63e56c17093159ddec754f9cc439b0261753d49ba8dd69a09e2abddacb0f25b
