[INFO] cloning repository https://github.com/ddimaria/rust-actix-starter
[INFO] running `Command { std: "git" "-c" "credential.helper=" "-c" "credential.helper=/workspace/cargo-home/bin/git-credential-null" "clone" "--bare" "https://github.com/ddimaria/rust-actix-starter" "/workspace/cache/git-repos/https%3A%2F%2Fgithub.com%2Fddimaria%2Frust-actix-starter", kill_on_drop: false }`
[INFO] [stderr] Cloning into bare repository '/workspace/cache/git-repos/https%3A%2F%2Fgithub.com%2Fddimaria%2Frust-actix-starter'...
[INFO] running `Command { std: "git" "rev-parse" "HEAD", kill_on_drop: false }`
[INFO] [stdout] cf9ea8f583228c0de5c3da8d0d2828573aeffcca
[INFO] testing ddimaria/rust-actix-starter against beta-2021-08-01 for beta-1.55-1
[INFO] running `Command { std: "git" "clone" "/workspace/cache/git-repos/https%3A%2F%2Fgithub.com%2Fddimaria%2Frust-actix-starter" "/workspace/builds/worker-88/source", kill_on_drop: false }`
[INFO] [stderr] Cloning into '/workspace/builds/worker-88/source'...
[INFO] [stderr] done.
[INFO] validating manifest of git repo https://github.com/ddimaria/rust-actix-starter on toolchain beta-2021-08-01
[INFO] running `Command { std: "/workspace/cargo-home/bin/cargo" "+beta-2021-08-01" "metadata" "--manifest-path" "Cargo.toml" "--no-deps", kill_on_drop: false }`
[INFO] started tweaking git repo https://github.com/ddimaria/rust-actix-starter
[INFO] finished tweaking git repo https://github.com/ddimaria/rust-actix-starter
[INFO] tweaked toml for git repo https://github.com/ddimaria/rust-actix-starter written to /workspace/builds/worker-88/source/Cargo.toml
[INFO] crate git repo https://github.com/ddimaria/rust-actix-starter already has a lockfile, it will not be regenerated
[INFO] running `Command { std: "/workspace/cargo-home/bin/cargo" "+beta-2021-08-01" "fetch" "--manifest-path" "Cargo.toml", kill_on_drop: false }`
[INFO] [stderr]     Blocking waiting for file lock on package cache
[INFO] [stderr]  Downloading crates ...
[INFO] [stderr]   Downloaded actix-http v0.2.5
[INFO] [stderr]   Downloaded ipconfig v0.2.0
[INFO] [stderr]   Downloaded copyless v0.1.3
[INFO] [stderr]   Downloaded actix-utils v0.4.2
[INFO] [stderr]   Downloaded actix-server v0.5.1
[INFO] [stderr]   Downloaded actix-connect v0.2.0
[INFO] [stderr]   Downloaded actix-rt v0.2.3
[INFO] [stderr]   Downloaded actix-server-config v0.1.1
[INFO] [stderr]   Downloaded h2 v0.1.21
[INFO] [stderr]   Downloaded envy v0.4.0
[INFO] [stderr]   Downloaded actix-web v1.0.3
[INFO] [stderr]   Downloaded backtrace v0.3.26
[INFO] [stderr]   Downloaded validator_derive v0.8.0
[INFO] [stderr]   Downloaded winreg v0.6.0
[INFO] [stderr]   Downloaded validator v0.8.0
[INFO] [stderr]   Downloaded actix-http-test v0.2.3
[INFO] running `Command { std: "docker" "create" "-v" "/var/lib/crater-agent-workspace/builds/worker-88/target:/opt/rustwide/target:rw,Z" "-v" "/var/lib/crater-agent-workspace/builds/worker-88/source:/opt/rustwide/workdir:ro,Z" "-v" "/var/lib/crater-agent-workspace/cargo-home:/opt/rustwide/cargo-home:ro,Z" "-v" "/var/lib/crater-agent-workspace/rustup-home:/opt/rustwide/rustup-home:ro,Z" "-e" "SOURCE_DIR=/opt/rustwide/workdir" "-e" "CARGO_TARGET_DIR=/opt/rustwide/target" "-e" "CARGO_HOME=/opt/rustwide/cargo-home" "-e" "RUSTUP_HOME=/opt/rustwide/rustup-home" "-w" "/opt/rustwide/workdir" "-m" "1610612736" "--user" "0:0" "--network" "none" "ghcr.io/rust-lang/crates-build-env/linux@sha256:34b6a614d2c27851fe6cbf88fbd1137609cefab8b10d0615aaeb6fd47975d74e" "/opt/rustwide/cargo-home/bin/cargo" "+beta-2021-08-01" "metadata" "--no-deps" "--format-version=1", kill_on_drop: false }`
[INFO] [stdout] b7f7441c7c6470943aeb44e145bb03ad89531b12cbe03bd525b5312b22a1afd9
[INFO] running `Command { std: "docker" "start" "-a" "b7f7441c7c6470943aeb44e145bb03ad89531b12cbe03bd525b5312b22a1afd9", kill_on_drop: false }`
[INFO] running `Command { std: "docker" "inspect" "b7f7441c7c6470943aeb44e145bb03ad89531b12cbe03bd525b5312b22a1afd9", kill_on_drop: false }`
[INFO] running `Command { std: "docker" "rm" "-f" "b7f7441c7c6470943aeb44e145bb03ad89531b12cbe03bd525b5312b22a1afd9", kill_on_drop: false }`
[INFO] [stdout] b7f7441c7c6470943aeb44e145bb03ad89531b12cbe03bd525b5312b22a1afd9
[INFO] running `Command { std: "docker" "create" "-v" "/var/lib/crater-agent-workspace/builds/worker-88/target:/opt/rustwide/target:rw,Z" "-v" "/var/lib/crater-agent-workspace/builds/worker-88/source:/opt/rustwide/workdir:ro,Z" "-v" "/var/lib/crater-agent-workspace/cargo-home:/opt/rustwide/cargo-home:ro,Z" "-v" "/var/lib/crater-agent-workspace/rustup-home:/opt/rustwide/rustup-home:ro,Z" "-e" "SOURCE_DIR=/opt/rustwide/workdir" "-e" "CARGO_TARGET_DIR=/opt/rustwide/target" "-e" "CARGO_INCREMENTAL=0" "-e" "RUST_BACKTRACE=full" "-e" "RUSTFLAGS=--cap-lints=warn" "-e" "CARGO_HOME=/opt/rustwide/cargo-home" "-e" "RUSTUP_HOME=/opt/rustwide/rustup-home" "-w" "/opt/rustwide/workdir" "-m" "1610612736" "--user" "0:0" "--network" "none" "ghcr.io/rust-lang/crates-build-env/linux@sha256:34b6a614d2c27851fe6cbf88fbd1137609cefab8b10d0615aaeb6fd47975d74e" "/opt/rustwide/cargo-home/bin/cargo" "+beta-2021-08-01" "build" "--frozen" "--message-format=json", kill_on_drop: false }`
[INFO] [stdout] bd8a658ff76053971f8991a4abe9148ab839ee7e1bd239f71c7719e9c718d370
[INFO] running `Command { std: "docker" "start" "-a" "bd8a658ff76053971f8991a4abe9148ab839ee7e1bd239f71c7719e9c718d370", kill_on_drop: false }`
[INFO] [stderr]    Compiling libc v0.2.57
[INFO] [stderr]    Compiling autocfg v0.1.4
[INFO] [stderr]    Compiling cfg-if v0.1.9
[INFO] [stderr]    Compiling spin v0.5.0
[INFO] [stderr]    Compiling proc-macro2 v0.4.30
[INFO] [stderr]    Compiling rand_core v0.4.0
[INFO] [stderr]    Compiling syn v0.15.34
[INFO] [stderr]    Compiling byteorder v1.3.1
[INFO] [stderr]    Compiling futures v0.1.27
[INFO] [stderr]    Compiling smallvec v0.6.9
[INFO] [stderr]    Compiling cc v1.0.37
[INFO] [stderr]    Compiling slab v0.4.2
[INFO] [stderr]    Compiling fnv v1.0.6
[INFO] [stderr]    Compiling stable_deref_trait v1.1.1
[INFO] [stderr]    Compiling encoding_index_tests v0.1.4
[INFO] [stderr]    Compiling scopeguard v0.3.3
[INFO] [stderr]    Compiling memchr v2.2.0
[INFO] [stderr]    Compiling matches v0.1.8
[INFO] [stderr]    Compiling serde v1.0.92
[INFO] [stderr]    Compiling itoa v0.4.4
[INFO] [stderr]    Compiling regex v1.1.6
[INFO] [stderr]    Compiling ucd-util v0.1.3
[INFO] [stderr]    Compiling failure_derive v0.1.5
[INFO] [stderr]    Compiling percent-encoding v1.0.1
[INFO] [stderr]    Compiling utf8-ranges v1.0.2
[INFO] [stderr]    Compiling rustc-demangle v0.1.15
[INFO] [stderr]    Compiling ryu v0.2.8
[INFO] [stderr]    Compiling scopeguard v1.0.0
[INFO] [stderr]    Compiling quick-error v1.2.2
[INFO] [stderr]    Compiling version_check v0.1.5
[INFO] [stderr]    Compiling crc32fast v1.2.0
[INFO] [stderr]    Compiling linked-hash-map v0.5.2
[INFO] [stderr]    Compiling encoding_rs v0.8.17
[INFO] [stderr]    Compiling arc-swap v0.3.11
[INFO] [stderr]    Compiling httparse v1.3.3
[INFO] [stderr]    Compiling either v1.5.2
[INFO] [stderr]    Compiling ppv-lite86 v0.2.5
[INFO] [stderr]    Compiling indexmap v1.0.2
[INFO] [stderr]    Compiling string v0.1.3
[INFO] [stderr]    Compiling dtoa v0.4.4
[INFO] [stderr]    Compiling hashbrown v0.5.0
[INFO] [stderr]    Compiling copyless v0.1.3
[INFO] [stderr]    Compiling sha1 v0.6.0
[INFO] [stderr]    Compiling bitflags v1.0.4
[INFO] [stderr]    Compiling termcolor v1.0.4
[INFO] [stderr]    Compiling if_chain v0.1.3
[INFO] [stderr]    Compiling parking_lot_core v0.4.0
[INFO] [stderr]    Compiling parking_lot_core v0.5.0
[INFO] [stderr]    Compiling parking_lot v0.8.0
[INFO] [stderr]    Compiling owning_ref v0.4.0
[INFO] [stderr]    Compiling encoding-index-tradchinese v1.20141219.5
[INFO] [stderr]    Compiling encoding-index-singlebyte v1.20141219.5
[INFO] [stderr]    Compiling encoding-index-japanese v1.20141219.5
[INFO] [stderr]    Compiling encoding-index-simpchinese v1.20141219.5
[INFO] [stderr]    Compiling encoding-index-korean v1.20141219.5
[INFO] [stderr]    Compiling lock_api v0.2.0
[INFO] [stderr]    Compiling log v0.4.6
[INFO] [stderr]    Compiling rand_core v0.3.1
[INFO] [stderr]    Compiling rand_jitter v0.1.4
[INFO] [stderr]    Compiling regex-syntax v0.6.6
[INFO] [stderr]    Compiling lazy_static v1.4.0
[INFO] [stderr]    Compiling lru-cache v0.1.2
[INFO] [stderr]    Compiling unicode-bidi v0.3.4
[INFO] [stderr]    Compiling unicode-normalization v0.1.8
[INFO] [stderr]    Compiling humantime v1.2.0
[INFO] [stderr]    Compiling lock_api v0.1.5
[INFO] [stderr]    Compiling rand_xorshift v0.1.1
[INFO] [stderr]    Compiling rand_isaac v0.1.1
[INFO] [stderr]    Compiling rand_hc v0.1.0
[INFO] [stderr]    Compiling crossbeam-utils v0.6.5
[INFO] [stderr]    Compiling thread_local v0.3.6
[INFO] [stderr]    Compiling c2-chacha v0.2.2
[INFO] [stderr]    Compiling rand_pcg v0.1.2
[INFO] [stderr]    Compiling rand_chacha v0.1.1
[INFO] [stderr]    Compiling rand v0.6.5
[INFO] [stderr]    Compiling backtrace v0.3.26
[INFO] [stderr]    Compiling num-traits v0.2.8
[INFO] [stderr]    Compiling num-integer v0.1.41
[INFO] [stderr]    Compiling rand_chacha v0.2.0
[INFO] [stderr]    Compiling unicase v2.4.0
[INFO] [stderr]    Compiling encoding v0.2.33
[INFO] [stderr]    Compiling tokio-executor v0.1.7
[INFO] [stderr]    Compiling tokio-sync v0.1.5
[INFO] [stderr]    Compiling actix-service v0.4.1
[INFO] [stderr]    Compiling backtrace-sys v0.1.28
[INFO] [stderr]    Compiling miniz-sys v0.1.12
[INFO] [stderr]    Compiling brotli-sys v0.3.2
[INFO] [stderr]    Compiling aho-corasick v0.7.3
[INFO] [stderr]    Compiling idna v0.1.5
[INFO] [stderr]    Compiling base64 v0.10.1
[INFO] [stderr]    Compiling quote v0.6.12
[INFO] [stderr]    Compiling tokio-timer v0.2.11
[INFO] [stderr]    Compiling tokio-current-thread v0.1.6
[INFO] [stderr]    Compiling iovec v0.1.2
[INFO] [stderr]    Compiling rand_os v0.1.3
[INFO] [stderr]    Compiling num_cpus v1.10.0
[INFO] [stderr]    Compiling net2 v0.2.33
[INFO] [stderr]    Compiling socket2 v0.3.9
[INFO] [stderr]    Compiling hostname v0.1.5
[INFO] [stderr]    Compiling getrandom v0.1.6
[INFO] [stderr]    Compiling signal-hook-registry v1.0.1
[INFO] [stderr]    Compiling time v0.1.42
[INFO] [stderr]    Compiling atty v0.2.11
[INFO] [stderr]    Compiling listenfd v0.3.3
[INFO] [stderr]    Compiling bytes v0.4.12
[INFO] [stderr]    Compiling resolv-conf v0.6.2
[INFO] [stderr]    Compiling threadpool v1.7.1
[INFO] [stderr]    Compiling rand_core v0.5.0
[INFO] [stderr]    Compiling signal-hook v0.1.9
[INFO] [stderr]    Compiling mio v0.6.19
[INFO] [stderr]    Compiling tokio-io v0.1.12
[INFO] [stderr]    Compiling http v0.1.17
[INFO] [stderr]    Compiling string v0.2.0
[INFO] [stderr]    Compiling url v1.7.2
[INFO] [stderr]    Compiling mime v0.3.13
[INFO] [stderr]    Compiling rand v0.7.0
[INFO] [stderr]    Compiling flate2 v1.0.7
[INFO] [stderr]    Compiling tokio-codec v0.1.1
[INFO] [stderr]    Compiling mio-uds v0.6.7
[INFO] [stderr]    Compiling actix-codec v0.1.2
[INFO] [stderr]    Compiling parking_lot v0.7.1
[INFO] [stderr]    Compiling chrono v0.4.6
[INFO] [stderr]    Compiling actix-utils v0.4.2
[INFO] [stderr]    Compiling tokio-reactor v0.1.9
[INFO] [stderr]    Compiling tokio-tcp v0.1.3
[INFO] [stderr]    Compiling tokio-udp v0.1.3
[INFO] [stderr]    Compiling tokio-signal v0.2.7
[INFO] [stderr]    Compiling actix-server-config v0.1.1
[INFO] [stderr]    Compiling env_logger v0.6.1
[INFO] [stderr]    Compiling h2 v0.1.21
[INFO] [stderr]    Compiling synstructure v0.10.2
[INFO] [stderr]    Compiling brotli2 v0.3.2
[INFO] [stderr]    Compiling serde_derive v1.0.92
[INFO] [stderr]    Compiling derive_more v0.14.1
[INFO] [stderr]    Compiling enum-as-inner v0.2.1
[INFO] [stderr]    Compiling derive_more v0.15.0
[INFO] [stderr]    Compiling actix-web-codegen v0.1.2
[INFO] [stderr]    Compiling failure v0.1.5
[INFO] [stderr]    Compiling trust-dns-proto v0.7.4
[INFO] [stderr]    Compiling dotenv v0.14.1
[INFO] [stderr]    Compiling actix-threadpool v0.1.1
[INFO] [stderr]    Compiling actix-rt v0.2.3
[INFO] [stderr]    Compiling trust-dns-resolver v0.11.1
[INFO] [stderr]    Compiling actix-server v0.5.1
[INFO] [stderr]    Compiling actix-connect v0.2.0
[INFO] [stderr]    Compiling serde_json v1.0.39
[INFO] [stderr]    Compiling serde_urlencoded v0.5.5
[INFO] [stderr]    Compiling actix-router v0.1.5
[INFO] [stderr]    Compiling envy v0.4.0
[INFO] [stderr]    Compiling uuid v0.7.4
[INFO] [stderr]    Compiling actix-http v0.2.5
[INFO] [stderr]    Compiling validator v0.8.0
[INFO] [stderr]    Compiling validator_derive v0.8.0
[INFO] [stderr]    Compiling awc v0.2.2
[INFO] [stderr]    Compiling actix-web v1.0.3
[INFO] [stderr]    Compiling rust_actix_starter v0.1.0 (/opt/rustwide/workdir)
[INFO] [stdout] warning: unnecessary parentheses around type
[INFO] [stdout]   --> src/handlers/user.rs:40:31
[INFO] [stdout]    |
[INFO] [stdout] 40 | pub fn get_user(user_id: Path<(Uuid)>) -> Result<Json<UserResponse>, ApiError> {
[INFO] [stdout]    |                               ^^^^^^ help: remove these parentheses
[INFO] [stdout]    |
[INFO] [stdout]    = note: `#[warn(unused_parens)]` on by default
[INFO] [stdout] 
[INFO] [stdout] 
[INFO] [stdout] warning: 1 warning emitted
[INFO] [stdout] 
[INFO] [stdout] 
[INFO] [stderr]     Finished dev [unoptimized + debuginfo] target(s) in 33.85s
[INFO] running `Command { std: "docker" "inspect" "bd8a658ff76053971f8991a4abe9148ab839ee7e1bd239f71c7719e9c718d370", kill_on_drop: false }`
[INFO] running `Command { std: "docker" "rm" "-f" "bd8a658ff76053971f8991a4abe9148ab839ee7e1bd239f71c7719e9c718d370", kill_on_drop: false }`
[INFO] [stdout] bd8a658ff76053971f8991a4abe9148ab839ee7e1bd239f71c7719e9c718d370
[INFO] running `Command { std: "docker" "create" "-v" "/var/lib/crater-agent-workspace/builds/worker-88/target:/opt/rustwide/target:rw,Z" "-v" "/var/lib/crater-agent-workspace/builds/worker-88/source:/opt/rustwide/workdir:ro,Z" "-v" "/var/lib/crater-agent-workspace/cargo-home:/opt/rustwide/cargo-home:ro,Z" "-v" "/var/lib/crater-agent-workspace/rustup-home:/opt/rustwide/rustup-home:ro,Z" "-e" "SOURCE_DIR=/opt/rustwide/workdir" "-e" "CARGO_TARGET_DIR=/opt/rustwide/target" "-e" "CARGO_INCREMENTAL=0" "-e" "RUST_BACKTRACE=full" "-e" "RUSTFLAGS=--cap-lints=warn" "-e" "CARGO_HOME=/opt/rustwide/cargo-home" "-e" "RUSTUP_HOME=/opt/rustwide/rustup-home" "-w" "/opt/rustwide/workdir" "-m" "1610612736" "--user" "0:0" "--network" "none" "ghcr.io/rust-lang/crates-build-env/linux@sha256:34b6a614d2c27851fe6cbf88fbd1137609cefab8b10d0615aaeb6fd47975d74e" "/opt/rustwide/cargo-home/bin/cargo" "+beta-2021-08-01" "test" "--frozen" "--no-run" "--message-format=json", kill_on_drop: false }`
[INFO] [stdout] c3604f4d2ef4e819deb27d62bc7c1a58cb3b4150c6171cf77b70693596b374f6
[INFO] running `Command { std: "docker" "start" "-a" "c3604f4d2ef4e819deb27d62bc7c1a58cb3b4150c6171cf77b70693596b374f6", kill_on_drop: false }`
[INFO] [stderr]     Blocking waiting for file lock on package cache
[INFO] [stderr]    Compiling actix-http-test v0.2.3
[INFO] [stderr]    Compiling rust_actix_starter v0.1.0 (/opt/rustwide/workdir)
[INFO] [stdout] warning: unnecessary parentheses around type
[INFO] [stdout]   --> src/handlers/user.rs:40:31
[INFO] [stdout]    |
[INFO] [stdout] 40 | pub fn get_user(user_id: Path<(Uuid)>) -> Result<Json<UserResponse>, ApiError> {
[INFO] [stdout]    |                               ^^^^^^ help: remove these parentheses
[INFO] [stdout]    |
[INFO] [stdout]    = note: `#[warn(unused_parens)]` on by default
[INFO] [stdout] 
[INFO] [stdout] 
[INFO] [stdout] warning: unnecessary parentheses around type
[INFO] [stdout]   --> src/handlers/user.rs:61:27
[INFO] [stdout]    |
[INFO] [stdout] 61 |         let user_id: Path<(Uuid)> = get_data()[0].id.into();
[INFO] [stdout]    |                           ^^^^^^ help: remove these parentheses
[INFO] [stdout] 
[INFO] [stdout] 
[INFO] [stdout] warning: unnecessary parentheses around type
[INFO] [stdout]   --> src/handlers/user.rs:69:27
[INFO] [stdout]    |
[INFO] [stdout] 69 |         let user_id: Path<(Uuid)> = uuid.into();
[INFO] [stdout]    |                           ^^^^^^ help: remove these parentheses
[INFO] [stdout] 
[INFO] [stdout] 
[INFO] [stdout] warning: unnecessary parentheses around type
[INFO] [stdout]   --> src/tests/user.rs:13:27
[INFO] [stdout]    |
[INFO] [stdout] 13 |         let user_id: Path<(Uuid)> = get_data()[0].id.into();
[INFO] [stdout]    |                           ^^^^^^ help: remove these parentheses
[INFO] [stdout] 
[INFO] [stdout] 
[INFO] [stdout] warning: 4 warnings emitted
[INFO] [stdout] 
[INFO] [stdout] 
[INFO] [stderr]     Finished test [unoptimized + debuginfo] target(s) in 48.95s
[INFO] running `Command { std: "docker" "inspect" "c3604f4d2ef4e819deb27d62bc7c1a58cb3b4150c6171cf77b70693596b374f6", kill_on_drop: false }`
[INFO] running `Command { std: "docker" "rm" "-f" "c3604f4d2ef4e819deb27d62bc7c1a58cb3b4150c6171cf77b70693596b374f6", kill_on_drop: false }`
[INFO] [stdout] c3604f4d2ef4e819deb27d62bc7c1a58cb3b4150c6171cf77b70693596b374f6
[INFO] running `Command { std: "docker" "create" "-v" "/var/lib/crater-agent-workspace/builds/worker-88/target:/opt/rustwide/target:rw,Z" "-v" "/var/lib/crater-agent-workspace/builds/worker-88/source:/opt/rustwide/workdir:ro,Z" "-v" "/var/lib/crater-agent-workspace/cargo-home:/opt/rustwide/cargo-home:ro,Z" "-v" "/var/lib/crater-agent-workspace/rustup-home:/opt/rustwide/rustup-home:ro,Z" "-e" "SOURCE_DIR=/opt/rustwide/workdir" "-e" "CARGO_TARGET_DIR=/opt/rustwide/target" "-e" "CARGO_INCREMENTAL=0" "-e" "RUST_BACKTRACE=full" "-e" "RUSTFLAGS=--cap-lints=warn" "-e" "CARGO_HOME=/opt/rustwide/cargo-home" "-e" "RUSTUP_HOME=/opt/rustwide/rustup-home" "-w" "/opt/rustwide/workdir" "-m" "1610612736" "--user" "0:0" "--network" "none" "ghcr.io/rust-lang/crates-build-env/linux@sha256:34b6a614d2c27851fe6cbf88fbd1137609cefab8b10d0615aaeb6fd47975d74e" "/opt/rustwide/cargo-home/bin/cargo" "+beta-2021-08-01" "test" "--frozen", kill_on_drop: false }`
[INFO] [stdout] ef92bbadf99b22f0781eade6e61a61966ba37caa3e0520bef38385f677eb1f85
[INFO] running `Command { std: "docker" "start" "-a" "ef92bbadf99b22f0781eade6e61a61966ba37caa3e0520bef38385f677eb1f85", kill_on_drop: false }`
[INFO] [stderr]     Blocking waiting for file lock on package cache
[INFO] [stderr] warning: unnecessary parentheses around type
[INFO] [stderr]   --> src/handlers/user.rs:40:31
[INFO] [stderr]    |
[INFO] [stderr] 40 | pub fn get_user(user_id: Path<(Uuid)>) -> Result<Json<UserResponse>, ApiError> {
[INFO] [stderr]    |                               ^^^^^^ help: remove these parentheses
[INFO] [stderr]    |
[INFO] [stderr]    = note: `#[warn(unused_parens)]` on by default
[INFO] [stderr] 
[INFO] [stderr] warning: unnecessary parentheses around type
[INFO] [stderr]   --> src/handlers/user.rs:61:27
[INFO] [stderr]    |
[INFO] [stderr] 61 |         let user_id: Path<(Uuid)> = get_data()[0].id.into();
[INFO] [stderr]    |                           ^^^^^^ help: remove these parentheses
[INFO] [stderr] 
[INFO] [stderr] warning: unnecessary parentheses around type
[INFO] [stderr]   --> src/handlers/user.rs:69:27
[INFO] [stderr]    |
[INFO] [stderr] 69 |         let user_id: Path<(Uuid)> = uuid.into();
[INFO] [stderr]    |                           ^^^^^^ help: remove these parentheses
[INFO] [stderr] 
[INFO] [stderr] warning: unnecessary parentheses around type
[INFO] [stderr]   --> src/tests/user.rs:13:27
[INFO] [stderr]    |
[INFO] [stderr] 13 |         let user_id: Path<(Uuid)> = get_data()[0].id.into();
[INFO] [stderr]    |                           ^^^^^^ help: remove these parentheses
[INFO] [stderr] 
[INFO] [stderr] warning: `rust_actix_starter` (bin "rust_actix_starter" test) generated 4 warnings
[INFO] [stderr]     Finished test [unoptimized + debuginfo] target(s) in 0.25s
[INFO] [stderr]      Running unittests (/opt/rustwide/target/debug/deps/rust_actix_starter-ea462435f2541fce)
[INFO] [stdout] 
[INFO] [stdout] running 14 tests
[INFO] [stdout] test handlers::health::tests::test_get_health ... ok
[INFO] [stdout] test handlers::user::tests::test_get_user ... ok
[INFO] [stdout] test helpers::tests::it_responds_json ... ok
[INFO] [stdout] test handlers::user::tests::test_get_users ... ok
[INFO] [stdout] test handlers::user::tests::test_get_user_not_found ... ok
[INFO] [stdout] test validate::tests::it_collects_errors ... ok
[INFO] [stdout] test validate::tests::it_validates ... ok
[INFO] [stdout] test tests::health::tests::test_health ... ok
[INFO] [stdout] test tests::user::tests::test_get_users ... ok
[INFO] [stdout] test tests::user::tests::test_get_user ... ok
[INFO] [stdout] test tests::user::tests::test_create_user ... ok
[INFO] [stdout] test handlers::user::tests::test_create_users ... ok
[INFO] [stdout] test config::tests::it_gets_a_config ... FAILED
[INFO] [stdout] test config::tests::it_gets_a_config_from_the_lazy_static ... FAILED
[INFO] [stdout] 
[INFO] [stdout] failures:
[INFO] [stdout] 
[INFO] [stdout] ---- config::tests::it_gets_a_config stdout ----
[INFO] [stdout] thread 'config::tests::it_gets_a_config' panicked at 'Configuration Error: MissingValue(
[INFO] [stdout]     "server",
[INFO] [stdout] )', src/config.rs:30:23
[INFO] [stdout] stack backtrace:
[INFO] [stdout]    0:     0x555e1b81cb00 - std::backtrace_rs::backtrace::libunwind::trace::hff4d1766e93f64f1
[INFO] [stdout]                                at /rustc/53fd98ca776cb875bc9e5514f56b52eb74f9e7a9/library/std/src/../../backtrace/src/backtrace/libunwind.rs:90:5
[INFO] [stdout]    1:     0x555e1b81cb00 - std::backtrace_rs::backtrace::trace_unsynchronized::h56bbc8eb78770bcb
[INFO] [stdout]                                at /rustc/53fd98ca776cb875bc9e5514f56b52eb74f9e7a9/library/std/src/../../backtrace/src/backtrace/mod.rs:66:5
[INFO] [stdout]    2:     0x555e1b81cb00 - std::sys_common::backtrace::_print_fmt::h5c8e75464faca780
[INFO] [stdout]                                at /rustc/53fd98ca776cb875bc9e5514f56b52eb74f9e7a9/library/std/src/sys_common/backtrace.rs:67:5
[INFO] [stdout]    3:     0x555e1b81cb00 - <std::sys_common::backtrace::_print::DisplayBacktrace as core::fmt::Display>::fmt::h48b88277def8b362
[INFO] [stdout]                                at /rustc/53fd98ca776cb875bc9e5514f56b52eb74f9e7a9/library/std/src/sys_common/backtrace.rs:46:22
[INFO] [stdout]    4:     0x555e1b83fb0c - core::fmt::write::h3381b3176fe2b3d3
[INFO] [stdout]                                at /rustc/53fd98ca776cb875bc9e5514f56b52eb74f9e7a9/library/core/src/fmt/mod.rs:1115:17
[INFO] [stdout]    5:     0x555e1b818155 - std::io::Write::write_fmt::h5f34a676f60246b5
[INFO] [stdout]                                at /rustc/53fd98ca776cb875bc9e5514f56b52eb74f9e7a9/library/std/src/io/mod.rs:1665:15
[INFO] [stdout]    6:     0x555e1b81eccb - std::sys_common::backtrace::_print::ha537687d6c17dd0d
[INFO] [stdout]                                at /rustc/53fd98ca776cb875bc9e5514f56b52eb74f9e7a9/library/std/src/sys_common/backtrace.rs:49:5
[INFO] [stdout]    7:     0x555e1b81eccb - std::sys_common::backtrace::print::h61376ae57d131d72
[INFO] [stdout]                                at /rustc/53fd98ca776cb875bc9e5514f56b52eb74f9e7a9/library/std/src/sys_common/backtrace.rs:36:9
[INFO] [stdout]    8:     0x555e1b81eccb - std::panicking::default_hook::{{closure}}::h0f7208c0b9644a54
[INFO] [stdout]                                at /rustc/53fd98ca776cb875bc9e5514f56b52eb74f9e7a9/library/std/src/panicking.rs:208:50
[INFO] [stdout]    9:     0x555e1b81e7dc - std::panicking::default_hook::hdac7fc06578c14ce
[INFO] [stdout]                                at /rustc/53fd98ca776cb875bc9e5514f56b52eb74f9e7a9/library/std/src/panicking.rs:222:9
[INFO] [stdout]   10:     0x555e1b81f394 - std::panicking::rust_panic_with_hook::h72b21c283da3d1ef
[INFO] [stdout]                                at /rustc/53fd98ca776cb875bc9e5514f56b52eb74f9e7a9/library/std/src/panicking.rs:622:17
[INFO] [stdout]   11:     0x555e1b81ee77 - std::panicking::begin_panic_handler::{{closure}}::he5778f1729cff84a
[INFO] [stdout]                                at /rustc/53fd98ca776cb875bc9e5514f56b52eb74f9e7a9/library/std/src/panicking.rs:519:13
[INFO] [stdout]   12:     0x555e1b81cfdc - std::sys_common::backtrace::__rust_end_short_backtrace::h2d11ca8b453b4b1d
[INFO] [stdout]                                at /rustc/53fd98ca776cb875bc9e5514f56b52eb74f9e7a9/library/std/src/sys_common/backtrace.rs:141:18
[INFO] [stdout]   13:     0x555e1b81edd9 - rust_begin_unwind
[INFO] [stdout]                                at /rustc/53fd98ca776cb875bc9e5514f56b52eb74f9e7a9/library/std/src/panicking.rs:515:5
[INFO] [stdout]   14:     0x555e1b2e9ccb - std::panicking::begin_panic_fmt::h746518bde832d259
[INFO] [stdout]                                at /rustc/53fd98ca776cb875bc9e5514f56b52eb74f9e7a9/library/std/src/panicking.rs:457:5
[INFO] [stdout]   15:     0x555e1b33254a - rust_actix_starter::config::get_config::hbdde20fde227aca6
[INFO] [stdout]                                at /opt/rustwide/workdir/src/config.rs:30:23
[INFO] [stdout]   16:     0x555e1b362fc1 - rust_actix_starter::config::tests::it_gets_a_config::h9a731c6ee38ebbbe
[INFO] [stdout]                                at /opt/rustwide/workdir/src/config.rs:40:22
[INFO] [stdout]   17:     0x555e1b362f9a - rust_actix_starter::config::tests::it_gets_a_config::{{closure}}::h70ad9c38d8f13088
[INFO] [stdout]                                at /opt/rustwide/workdir/src/config.rs:39:5
[INFO] [stdout]   18:     0x555e1b326f6e - core::ops::function::FnOnce::call_once::haf3d8bfd62f2f400
[INFO] [stdout]                                at /rustc/53fd98ca776cb875bc9e5514f56b52eb74f9e7a9/library/core/src/ops/function.rs:227:5
[INFO] [stdout]   19:     0x555e1b3b7843 - core::ops::function::FnOnce::call_once::hbb52c4519d3137b0
[INFO] [stdout]                                at /rustc/53fd98ca776cb875bc9e5514f56b52eb74f9e7a9/library/core/src/ops/function.rs:227:5
[INFO] [stdout]   20:     0x555e1b3b7843 - test::__rust_begin_short_backtrace::h86fe3a2a5a5121af
[INFO] [stdout]                                at /rustc/53fd98ca776cb875bc9e5514f56b52eb74f9e7a9/library/test/src/lib.rs:578:5
[INFO] [stdout]   21:     0x555e1b3b62f8 - <alloc::boxed::Box<F,A> as core::ops::function::FnOnce<Args>>::call_once::hfd956bc3d57399be
[INFO] [stdout]                                at /rustc/53fd98ca776cb875bc9e5514f56b52eb74f9e7a9/library/alloc/src/boxed.rs:1572:9
[INFO] [stdout]   22:     0x555e1b3b62f8 - <std::panic::AssertUnwindSafe<F> as core::ops::function::FnOnce<()>>::call_once::h40dc93e0ddb5938a
[INFO] [stdout]                                at /rustc/53fd98ca776cb875bc9e5514f56b52eb74f9e7a9/library/std/src/panic.rs:347:9
[INFO] [stdout]   23:     0x555e1b3b62f8 - std::panicking::try::do_call::h90d07750cb47c562
[INFO] [stdout]                                at /rustc/53fd98ca776cb875bc9e5514f56b52eb74f9e7a9/library/std/src/panicking.rs:401:40
[INFO] [stdout]   24:     0x555e1b3b62f8 - std::panicking::try::h063c84733ad2a629
[INFO] [stdout]                                at /rustc/53fd98ca776cb875bc9e5514f56b52eb74f9e7a9/library/std/src/panicking.rs:365:19
[INFO] [stdout]   25:     0x555e1b3b62f8 - std::panic::catch_unwind::h0c464836a84e7c08
[INFO] [stdout]                                at /rustc/53fd98ca776cb875bc9e5514f56b52eb74f9e7a9/library/std/src/panic.rs:434:14
[INFO] [stdout]   26:     0x555e1b3b62f8 - test::run_test_in_process::h5cb06ef620b157fc
[INFO] [stdout]                                at /rustc/53fd98ca776cb875bc9e5514f56b52eb74f9e7a9/library/test/src/lib.rs:601:18
[INFO] [stdout]   27:     0x555e1b3b62f8 - test::run_test::run_test_inner::{{closure}}::h76f677f4b93f9828
[INFO] [stdout]                                at /rustc/53fd98ca776cb875bc9e5514f56b52eb74f9e7a9/library/test/src/lib.rs:493:39
[INFO] [stdout]   28:     0x555e1b384a8d - test::run_test::run_test_inner::{{closure}}::h366d01fe04f4d67a
[INFO] [stdout]                                at /rustc/53fd98ca776cb875bc9e5514f56b52eb74f9e7a9/library/test/src/lib.rs:520:37
[INFO] [stdout]   29:     0x555e1b384a8d - std::sys_common::backtrace::__rust_begin_short_backtrace::h7dfa0de4eb395af2
[INFO] [stdout]                                at /rustc/53fd98ca776cb875bc9e5514f56b52eb74f9e7a9/library/std/src/sys_common/backtrace.rs:125:18
[INFO] [stdout]   30:     0x555e1b389258 - std::thread::Builder::spawn_unchecked::{{closure}}::{{closure}}::hf0a74bb58798037f
[INFO] [stdout]                                at /rustc/53fd98ca776cb875bc9e5514f56b52eb74f9e7a9/library/std/src/thread/mod.rs:476:17
[INFO] [stdout]   31:     0x555e1b389258 - <std::panic::AssertUnwindSafe<F> as core::ops::function::FnOnce<()>>::call_once::hb024e854818586ac
[INFO] [stdout]                                at /rustc/53fd98ca776cb875bc9e5514f56b52eb74f9e7a9/library/std/src/panic.rs:347:9
[INFO] [stdout]   32:     0x555e1b389258 - std::panicking::try::do_call::hb2dd9f1d0d48e41d
[INFO] [stdout]                                at /rustc/53fd98ca776cb875bc9e5514f56b52eb74f9e7a9/library/std/src/panicking.rs:401:40
[INFO] [stdout]   33:     0x555e1b389258 - std::panicking::try::h4717ae7bac8b2bf3
[INFO] [stdout]                                at /rustc/53fd98ca776cb875bc9e5514f56b52eb74f9e7a9/library/std/src/panicking.rs:365:19
[INFO] [stdout]   34:     0x555e1b389258 - std::panic::catch_unwind::h0dc8a061326ce8d8
[INFO] [stdout]                                at /rustc/53fd98ca776cb875bc9e5514f56b52eb74f9e7a9/library/std/src/panic.rs:434:14
[INFO] [stdout]   35:     0x555e1b389258 - std::thread::Builder::spawn_unchecked::{{closure}}::haa369e2d6fd00aa1
[INFO] [stdout]                                at /rustc/53fd98ca776cb875bc9e5514f56b52eb74f9e7a9/library/std/src/thread/mod.rs:475:30
[INFO] [stdout]   36:     0x555e1b389258 - core::ops::function::FnOnce::call_once{{vtable.shim}}::h36dcf3de8b056f17
[INFO] [stdout]                                at /rustc/53fd98ca776cb875bc9e5514f56b52eb74f9e7a9/library/core/src/ops/function.rs:227:5
[INFO] [stdout]   37:     0x555e1b824157 - <alloc::boxed::Box<F,A> as core::ops::function::FnOnce<Args>>::call_once::h65c29e4642be2358
[INFO] [stdout]                                at /rustc/53fd98ca776cb875bc9e5514f56b52eb74f9e7a9/library/alloc/src/boxed.rs:1572:9
[INFO] [stdout]   38:     0x555e1b824157 - <alloc::boxed::Box<F,A> as core::ops::function::FnOnce<Args>>::call_once::hd0f8f7fbbd9fffbf
[INFO] [stdout]                                at /rustc/53fd98ca776cb875bc9e5514f56b52eb74f9e7a9/library/alloc/src/boxed.rs:1572:9
[INFO] [stdout]   39:     0x555e1b824157 - std::sys::unix::thread::Thread::new::thread_start::h2fd22fee3ca77b65
[INFO] [stdout]                                at /rustc/53fd98ca776cb875bc9e5514f56b52eb74f9e7a9/library/std/src/sys/unix/thread.rs:74:17
[INFO] [stdout]   40:     0x7feb5911c609 - start_thread
[INFO] [stdout]   41:     0x7feb58eee293 - clone
[INFO] [stdout]   42:                0x0 - <unknown>
[INFO] [stdout] 
[INFO] [stdout] ---- config::tests::it_gets_a_config_from_the_lazy_static stdout ----
[INFO] [stdout] thread 'config::tests::it_gets_a_config_from_the_lazy_static' panicked at 'Configuration Error: MissingValue(
[INFO] [stdout]     "server",
[INFO] [stdout] )', src/config.rs:30:23
[INFO] [stdout] stack backtrace:
[INFO] [stdout]    0:     0x555e1b81cb00 - std::backtrace_rs::backtrace::libunwind::trace::hff4d1766e93f64f1
[INFO] [stdout]                                at /rustc/53fd98ca776cb875bc9e5514f56b52eb74f9e7a9/library/std/src/../../backtrace/src/backtrace/libunwind.rs:90:5
[INFO] [stdout]    1:     0x555e1b81cb00 - std::backtrace_rs::backtrace::trace_unsynchronized::h56bbc8eb78770bcb
[INFO] [stdout]                                at /rustc/53fd98ca776cb875bc9e5514f56b52eb74f9e7a9/library/std/src/../../backtrace/src/backtrace/mod.rs:66:5
[INFO] [stdout]    2:     0x555e1b81cb00 - std::sys_common::backtrace::_print_fmt::h5c8e75464faca780
[INFO] [stdout]                                at /rustc/53fd98ca776cb875bc9e5514f56b52eb74f9e7a9/library/std/src/sys_common/backtrace.rs:67:5
[INFO] [stdout]    3:     0x555e1b81cb00 - <std::sys_common::backtrace::_print::DisplayBacktrace as core::fmt::Display>::fmt::h48b88277def8b362
[INFO] [stdout]                                at /rustc/53fd98ca776cb875bc9e5514f56b52eb74f9e7a9/library/std/src/sys_common/backtrace.rs:46:22
[INFO] [stdout]    4:     0x555e1b83fb0c - core::fmt::write::h3381b3176fe2b3d3
[INFO] [stdout]                                at /rustc/53fd98ca776cb875bc9e5514f56b52eb74f9e7a9/library/core/src/fmt/mod.rs:1115:17
[INFO] [stdout]    5:     0x555e1b818155 - std::io::Write::write_fmt::h5f34a676f60246b5
[INFO] [stdout]                                at /rustc/53fd98ca776cb875bc9e5514f56b52eb74f9e7a9/library/std/src/io/mod.rs:1665:15
[INFO] [stdout]    6:     0x555e1b81eccb - std::sys_common::backtrace::_print::ha537687d6c17dd0d
[INFO] [stdout]                                at /rustc/53fd98ca776cb875bc9e5514f56b52eb74f9e7a9/library/std/src/sys_common/backtrace.rs:49:5
[INFO] [stdout]    7:     0x555e1b81eccb - std::sys_common::backtrace::print::h61376ae57d131d72
[INFO] [stdout]                                at /rustc/53fd98ca776cb875bc9e5514f56b52eb74f9e7a9/library/std/src/sys_common/backtrace.rs:36:9
[INFO] [stdout]    8:     0x555e1b81eccb - std::panicking::default_hook::{{closure}}::h0f7208c0b9644a54
[INFO] [stdout]                                at /rustc/53fd98ca776cb875bc9e5514f56b52eb74f9e7a9/library/std/src/panicking.rs:208:50
[INFO] [stdout]    9:     0x555e1b81e7dc - std::panicking::default_hook::hdac7fc06578c14ce
[INFO] [stdout]                                at /rustc/53fd98ca776cb875bc9e5514f56b52eb74f9e7a9/library/std/src/panicking.rs:222:9
[INFO] [stdout]   10:     0x555e1b81f394 - std::panicking::rust_panic_with_hook::h72b21c283da3d1ef
[INFO] [stdout]                                at /rustc/53fd98ca776cb875bc9e5514f56b52eb74f9e7a9/library/std/src/panicking.rs:622:17
[INFO] [stdout]   11:     0x555e1b81ee77 - std::panicking::begin_panic_handler::{{closure}}::he5778f1729cff84a
[INFO] [stdout]                                at /rustc/53fd98ca776cb875bc9e5514f56b52eb74f9e7a9/library/std/src/panicking.rs:519:13
[INFO] [stdout]   12:     0x555e1b81cfdc - std::sys_common::backtrace::__rust_end_short_backtrace::h2d11ca8b453b4b1d
[INFO] [stdout]                                at /rustc/53fd98ca776cb875bc9e5514f56b52eb74f9e7a9/library/std/src/sys_common/backtrace.rs:141:18
[INFO] [stdout]   13:     0x555e1b81edd9 - rust_begin_unwind
[INFO] [stdout]                                at /rustc/53fd98ca776cb875bc9e5514f56b52eb74f9e7a9/library/std/src/panicking.rs:515:5
[INFO] [stdout]   14:     0x555e1b2e9ccb - std::panicking::begin_panic_fmt::h746518bde832d259
[INFO] [stdout]                                at /rustc/53fd98ca776cb875bc9e5514f56b52eb74f9e7a9/library/std/src/panicking.rs:457:5
[INFO] [stdout]   15:     0x555e1b33254a - rust_actix_starter::config::get_config::hbdde20fde227aca6
[INFO] [stdout]                                at /opt/rustwide/workdir/src/config.rs:30:23
[INFO] [stdout]   16:     0x555e1b327160 - <rust_actix_starter::config::CONFIG as core::ops::deref::Deref>::deref::__static_ref_initialize::hf7a92e141b5e60f4
[INFO] [stdout]                                at /opt/rustwide/workdir/src/config.rs:21:37
[INFO] [stdout]   17:     0x555e1b327160 - core::ops::function::FnOnce::call_once::hbd7863ba4d362053
[INFO] [stdout]                                at /rustc/53fd98ca776cb875bc9e5514f56b52eb74f9e7a9/library/core/src/ops/function.rs:227:5
[INFO] [stdout]   18:     0x555e1b2f9e79 - spin::once::Once<T>::call_once::h4504641ac6656e86
[INFO] [stdout]                                at /opt/rustwide/cargo-home/registry/src/github.com-1ecc6299db9ec823/spin-0.5.0/src/once.rs:110:50
[INFO] [stdout]   19:     0x555e1b3335a1 - lazy_static::lazy::Lazy<T>::get::h16f80bf43fe95072
[INFO] [stdout]                                at /opt/rustwide/cargo-home/registry/src/github.com-1ecc6299db9ec823/lazy_static-1.4.0/src/core_lazy.rs:21:9
[INFO] [stdout]   20:     0x555e1b3335a1 - <rust_actix_starter::config::CONFIG as core::ops::deref::Deref>::deref::__stability::h3ad75dab3b25bdc4
[INFO] [stdout]                                at /opt/rustwide/cargo-home/registry/src/github.com-1ecc6299db9ec823/lazy_static-1.4.0/src/lib.rs:142:21
[INFO] [stdout]   21:     0x555e1b3335a1 - <rust_actix_starter::config::CONFIG as core::ops::deref::Deref>::deref::hf38da03fbf7ab475
[INFO] [stdout]                                at /opt/rustwide/cargo-home/registry/src/github.com-1ecc6299db9ec823/lazy_static-1.4.0/src/lib.rs:144:17
[INFO] [stdout]   22:     0x555e1b363122 - rust_actix_starter::config::tests::it_gets_a_config_from_the_lazy_static::h1c6f7707c6b4529c
[INFO] [stdout]                                at /opt/rustwide/workdir/src/config.rs:47:20
[INFO] [stdout]   23:     0x555e1b3630ea - rust_actix_starter::config::tests::it_gets_a_config_from_the_lazy_static::{{closure}}::hddccf4434a2d63dd
[INFO] [stdout]                                at /opt/rustwide/workdir/src/config.rs:45:5
[INFO] [stdout]   24:     0x555e1b326c5e - core::ops::function::FnOnce::call_once::h9b9defcf16bf4828
[INFO] [stdout]                                at /rustc/53fd98ca776cb875bc9e5514f56b52eb74f9e7a9/library/core/src/ops/function.rs:227:5
[INFO] [stdout]   25:     0x555e1b3b7843 - core::ops::function::FnOnce::call_once::hbb52c4519d3137b0
[INFO] [stdout]                                at /rustc/53fd98ca776cb875bc9e5514f56b52eb74f9e7a9/library/core/src/ops/function.rs:227:5
[INFO] [stdout]   26:     0x555e1b3b7843 - test::__rust_begin_short_backtrace::h86fe3a2a5a5121af
[INFO] [stdout]                                at /rustc/53fd98ca776cb875bc9e5514f56b52eb74f9e7a9/library/test/src/lib.rs:578:5
[INFO] [stdout]   27:     0x555e1b3b62f8 - <alloc::boxed::Box<F,A> as core::ops::function::FnOnce<Args>>::call_once::hfd956bc3d57399be
[INFO] [stdout]                                at /rustc/53fd98ca776cb875bc9e5514f56b52eb74f9e7a9/library/alloc/src/boxed.rs:1572:9
[INFO] [stdout]   28:     0x555e1b3b62f8 - <std::panic::AssertUnwindSafe<F> as core::ops::function::FnOnce<()>>::call_once::h40dc93e0ddb5938a
[INFO] [stdout]                                at /rustc/53fd98ca776cb875bc9e5514f56b52eb74f9e7a9/library/std/src/panic.rs:347:9
[INFO] [stdout]   29:     0x555e1b3b62f8 - std::panicking::try::do_call::h90d07750cb47c562
[INFO] [stdout]                                at /rustc/53fd98ca776cb875bc9e5514f56b52eb74f9e7a9/library/std/src/panicking.rs:401:40
[INFO] [stdout]   30:     0x555e1b3b62f8 - std::panicking::try::h063c84733ad2a629
[INFO] [stdout]                                at /rustc/53fd98ca776cb875bc9e5514f56b52eb74f9e7a9/library/std/src/panicking.rs:365:19
[INFO] [stdout]   31:     0x555e1b3b62f8 - std::panic::catch_unwind::h0c464836a84e7c08
[INFO] [stdout]                                at /rustc/53fd98ca776cb875bc9e5514f56b52eb74f9e7a9/library/std/src/panic.rs:434:14
[INFO] [stdout]   32:     0x555e1b3b62f8 - test::run_test_in_process::h5cb06ef620b157fc
[INFO] [stdout]                                at /rustc/53fd98ca776cb875bc9e5514f56b52eb74f9e7a9/library/test/src/lib.rs:601:18
[INFO] [stdout]   33:     0x555e1b3b62f8 - test::run_test::run_test_inner::{{closure}}::h76f677f4b93f9828
[INFO] [stdout]                                at /rustc/53fd98ca776cb875bc9e5514f56b52eb74f9e7a9/library/test/src/lib.rs:493:39
[INFO] [stdout]   34:     0x555e1b384a8d - test::run_test::run_test_inner::{{closure}}::h366d01fe04f4d67a
[INFO] [stdout]                                at /rustc/53fd98ca776cb875bc9e5514f56b52eb74f9e7a9/library/test/src/lib.rs:520:37
[INFO] [stdout]   35:     0x555e1b384a8d - std::sys_common::backtrace::__rust_begin_short_backtrace::h7dfa0de4eb395af2
[INFO] [stdout]                                at /rustc/53fd98ca776cb875bc9e5514f56b52eb74f9e7a9/library/std/src/sys_common/backtrace.rs:125:18
[INFO] [stdout]   36:     0x555e1b389258 - std::thread::Builder::spawn_unchecked::{{closure}}::{{closure}}::hf0a74bb58798037f
[INFO] [stdout]                                at /rustc/53fd98ca776cb875bc9e5514f56b52eb74f9e7a9/library/std/src/thread/mod.rs:476:17
[INFO] [stdout]   37:     0x555e1b389258 - <std::panic::AssertUnwindSafe<F> as core::ops::function::FnOnce<()>>::call_once::hb024e854818586ac
[INFO] [stdout]                                at /rustc/53fd98ca776cb875bc9e5514f56b52eb74f9e7a9/library/std/src/panic.rs:347:9
[INFO] [stdout]   38:     0x555e1b389258 - std::panicking::try::do_call::hb2dd9f1d0d48e41d
[INFO] [stdout]                                at /rustc/53fd98ca776cb875bc9e5514f56b52eb74f9e7a9/library/std/src/panicking.rs:401:40
[INFO] [stdout]   39:     0x555e1b389258 - std::panicking::try::h4717ae7bac8b2bf3
[INFO] [stdout]                                at /rustc/53fd98ca776cb875bc9e5514f56b52eb74f9e7a9/library/std/src/panicking.rs:365:19
[INFO] [stdout]   40:     0x555e1b389258 - std::panic::catch_unwind::h0dc8a061326ce8d8
[INFO] [stdout]                                at /rustc/53fd98ca776cb875bc9e5514f56b52eb74f9e7a9/library/std/src/panic.rs:434:14
[INFO] [stdout]   41:     0x555e1b389258 - std::thread::Builder::spawn_unchecked::{{closure}}::haa369e2d6fd00aa1
[INFO] [stdout]                                at /rustc/53fd98ca776cb875bc9e5514f56b52eb74f9e7a9/library/std/src/thread/mod.rs:475:30
[INFO] [stdout]   42:     0x555e1b389258 - core::ops::function::FnOnce::call_once{{vtable.shim}}::h36dcf3de8b056f17
[INFO] [stdout]                                at /rustc/53fd98ca776cb875bc9e5514f56b52eb74f9e7a9/library/core/src/ops/function.rs:227:5
[INFO] [stdout]   43:     0x555e1b824157 - <alloc::boxed::Box<F,A> as core::ops::function::FnOnce<Args>>::call_once::h65c29e4642be2358
[INFO] [stdout]                                at /rustc/53fd98ca776cb875bc9e5514f56b52eb74f9e7a9/library/alloc/src/boxed.rs:1572:9
[INFO] [stdout]   44:     0x555e1b824157 - <alloc::boxed::Box<F,A> as core::ops::function::FnOnce<Args>>::call_once::hd0f8f7fbbd9fffbf
[INFO] [stdout]                                at /rustc/53fd98ca776cb875bc9e5514f56b52eb74f9e7a9/library/alloc/src/boxed.rs:1572:9
[INFO] [stdout]   45:     0x555e1b824157 - std::sys::unix::thread::Thread::new::thread_start::h2fd22fee3ca77b65
[INFO] [stdout]                                at /rustc/53fd98ca776cb875bc9e5514f56b52eb74f9e7a9/library/std/src/sys/unix/thread.rs:74:17
[INFO] [stdout]   46:     0x7feb5911c609 - start_thread
[INFO] [stdout]   47:     0x7feb58eee293 - clone
[INFO] [stdout]   48:                0x0 - <unknown>
[INFO] [stdout] 
[INFO] [stdout] 
[INFO] [stdout] failures:
[INFO] [stdout]     config::tests::it_gets_a_config
[INFO] [stdout]     config::tests::it_gets_a_config_from_the_lazy_static
[INFO] [stdout] 
[INFO] [stdout] test result: FAILED. 12 passed; 2 failed; 0 ignored; 0 measured; 0 filtered out; finished in 0.07s
[INFO] [stdout] 
[INFO] [stderr] error: test failed, to rerun pass '--bin rust_actix_starter'
[INFO] running `Command { std: "docker" "inspect" "ef92bbadf99b22f0781eade6e61a61966ba37caa3e0520bef38385f677eb1f85", kill_on_drop: false }`
[INFO] running `Command { std: "docker" "rm" "-f" "ef92bbadf99b22f0781eade6e61a61966ba37caa3e0520bef38385f677eb1f85", kill_on_drop: false }`
[INFO] [stdout] ef92bbadf99b22f0781eade6e61a61966ba37caa3e0520bef38385f677eb1f85
