[INFO] cloning repository https://github.com/davlum/raft-rs
[INFO] running `Command { std: "git" "-c" "credential.helper=" "-c" "credential.helper=/workspace/cargo-home/bin/git-credential-null" "clone" "--bare" "https://github.com/davlum/raft-rs" "/workspace/cache/git-repos/https%3A%2F%2Fgithub.com%2Fdavlum%2Fraft-rs", kill_on_drop: false }`
[INFO] [stderr] Cloning into bare repository '/workspace/cache/git-repos/https%3A%2F%2Fgithub.com%2Fdavlum%2Fraft-rs'...
[INFO] running `Command { std: "git" "rev-parse" "HEAD", kill_on_drop: false }`
[INFO] [stdout] 2764fdc81830e887cc4baf40db66e1f8df3450ff
[INFO] testing davlum/raft-rs against 1.54.0 for beta-1.55-1
[INFO] running `Command { std: "git" "clone" "/workspace/cache/git-repos/https%3A%2F%2Fgithub.com%2Fdavlum%2Fraft-rs" "/workspace/builds/worker-19/source", kill_on_drop: false }`
[INFO] [stderr] Cloning into '/workspace/builds/worker-19/source'...
[INFO] [stderr] done.
[INFO] validating manifest of git repo https://github.com/davlum/raft-rs on toolchain 1.54.0
[INFO] running `Command { std: "/workspace/cargo-home/bin/cargo" "+1.54.0" "metadata" "--manifest-path" "Cargo.toml" "--no-deps", kill_on_drop: false }`
[INFO] started tweaking git repo https://github.com/davlum/raft-rs
[INFO] finished tweaking git repo https://github.com/davlum/raft-rs
[INFO] tweaked toml for git repo https://github.com/davlum/raft-rs written to /workspace/builds/worker-19/source/Cargo.toml
[INFO] crate git repo https://github.com/davlum/raft-rs already has a lockfile, it will not be regenerated
[INFO] running `Command { std: "/workspace/cargo-home/bin/cargo" "+1.54.0" "fetch" "--manifest-path" "Cargo.toml", kill_on_drop: false }`
[INFO] [stderr]     Blocking waiting for file lock on package cache
[INFO] [stderr]     Blocking waiting for file lock on package cache
[INFO] running `Command { std: "docker" "create" "-v" "/var/lib/crater-agent-workspace/builds/worker-19/target:/opt/rustwide/target:rw,Z" "-v" "/var/lib/crater-agent-workspace/builds/worker-19/source:/opt/rustwide/workdir:ro,Z" "-v" "/var/lib/crater-agent-workspace/cargo-home:/opt/rustwide/cargo-home:ro,Z" "-v" "/var/lib/crater-agent-workspace/rustup-home:/opt/rustwide/rustup-home:ro,Z" "-e" "SOURCE_DIR=/opt/rustwide/workdir" "-e" "CARGO_TARGET_DIR=/opt/rustwide/target" "-e" "CARGO_HOME=/opt/rustwide/cargo-home" "-e" "RUSTUP_HOME=/opt/rustwide/rustup-home" "-w" "/opt/rustwide/workdir" "-m" "1610612736" "--user" "0:0" "--network" "none" "ghcr.io/rust-lang/crates-build-env/linux@sha256:34b6a614d2c27851fe6cbf88fbd1137609cefab8b10d0615aaeb6fd47975d74e" "/opt/rustwide/cargo-home/bin/cargo" "+1.54.0" "metadata" "--no-deps" "--format-version=1", kill_on_drop: false }`
[INFO] [stdout] 53483fe95e65e52a91c7f3bbb7da01e2ce99c02504cb92417a0f2ed7c8f748b4
[INFO] running `Command { std: "docker" "start" "-a" "53483fe95e65e52a91c7f3bbb7da01e2ce99c02504cb92417a0f2ed7c8f748b4", kill_on_drop: false }`
[INFO] running `Command { std: "docker" "inspect" "53483fe95e65e52a91c7f3bbb7da01e2ce99c02504cb92417a0f2ed7c8f748b4", kill_on_drop: false }`
[INFO] running `Command { std: "docker" "rm" "-f" "53483fe95e65e52a91c7f3bbb7da01e2ce99c02504cb92417a0f2ed7c8f748b4", kill_on_drop: false }`
[INFO] [stdout] 53483fe95e65e52a91c7f3bbb7da01e2ce99c02504cb92417a0f2ed7c8f748b4
[INFO] running `Command { std: "docker" "create" "-v" "/var/lib/crater-agent-workspace/builds/worker-19/target:/opt/rustwide/target:rw,Z" "-v" "/var/lib/crater-agent-workspace/builds/worker-19/source:/opt/rustwide/workdir:ro,Z" "-v" "/var/lib/crater-agent-workspace/cargo-home:/opt/rustwide/cargo-home:ro,Z" "-v" "/var/lib/crater-agent-workspace/rustup-home:/opt/rustwide/rustup-home:ro,Z" "-e" "SOURCE_DIR=/opt/rustwide/workdir" "-e" "CARGO_TARGET_DIR=/opt/rustwide/target" "-e" "CARGO_INCREMENTAL=0" "-e" "RUST_BACKTRACE=full" "-e" "RUSTFLAGS=--cap-lints=warn" "-e" "CARGO_HOME=/opt/rustwide/cargo-home" "-e" "RUSTUP_HOME=/opt/rustwide/rustup-home" "-w" "/opt/rustwide/workdir" "-m" "1610612736" "--user" "0:0" "--network" "none" "ghcr.io/rust-lang/crates-build-env/linux@sha256:34b6a614d2c27851fe6cbf88fbd1137609cefab8b10d0615aaeb6fd47975d74e" "/opt/rustwide/cargo-home/bin/cargo" "+1.54.0" "build" "--frozen" "--message-format=json", kill_on_drop: false }`
[INFO] [stdout] ae0ce846ac308cf73bf8c65ba691a4ed4f72be098a0f715a07ee2be5434f9caa
[INFO] running `Command { std: "docker" "start" "-a" "ae0ce846ac308cf73bf8c65ba691a4ed4f72be098a0f715a07ee2be5434f9caa", kill_on_drop: false }`
[INFO] [stderr]     Blocking waiting for file lock on package cache
[INFO] [stderr]    Compiling libc v0.2.93
[INFO] [stderr]    Compiling syn v1.0.60
[INFO] [stderr]    Compiling memchr v2.3.4
[INFO] [stderr]    Compiling proc-macro-nested v0.1.7
[INFO] [stderr]    Compiling getrandom v0.2.2
[INFO] [stderr]    Compiling futures-sink v0.3.14
[INFO] [stderr]    Compiling futures-core v0.3.14
[INFO] [stderr]    Compiling serde_derive v1.0.123
[INFO] [stderr]    Compiling pin-project-lite v0.2.6
[INFO] [stderr]    Compiling futures-task v0.3.14
[INFO] [stderr]    Compiling futures-io v0.3.14
[INFO] [stderr]    Compiling ryu v1.0.5
[INFO] [stderr]    Compiling log v0.4.14
[INFO] [stderr]    Compiling serde v1.0.123
[INFO] [stderr]    Compiling serde_json v1.0.62
[INFO] [stderr]    Compiling byteorder v1.4.3
[INFO] [stderr]    Compiling itoa v0.4.7
[INFO] [stderr]    Compiling bytes v1.0.1
[INFO] [stderr]    Compiling quote v1.0.9
[INFO] [stderr]    Compiling crc32c v0.6.0
[INFO] [stderr]    Compiling futures-channel v0.3.14
[INFO] [stderr]    Compiling memmap v0.7.0
[INFO] [stderr]    Compiling page_size v0.4.2
[INFO] [stderr]    Compiling commitlog v0.1.3
[INFO] [stderr]    Compiling rand_core v0.6.1
[INFO] [stderr]    Compiling rand_chacha v0.3.0
[INFO] [stderr]    Compiling rand v0.8.3
[INFO] [stderr]    Compiling futures-macro v0.3.14
[INFO] [stderr]    Compiling futures-util v0.3.14
[INFO] [stderr]    Compiling futures-executor v0.3.14
[INFO] [stderr]    Compiling futures v0.3.14
[INFO] [stderr]    Compiling raftrs v0.1.0 (/opt/rustwide/workdir)
[INFO] [stdout] warning: associated function is never used: `new`
[INFO] [stdout]   --> src/node.rs:49:19
[INFO] [stdout]    |
[INFO] [stdout] 49 |     pub(crate) fn new() -> Self {
[INFO] [stdout]    |                   ^^^
[INFO] [stdout]    |
[INFO] [stdout]    = note: `#[warn(dead_code)]` on by default
[INFO] [stdout] 
[INFO] [stdout] 
[INFO] [stdout] warning: variant is never constructed: `AppendError`
[INFO] [stdout]   --> src/aplog.rs:15:5
[INFO] [stdout]    |
[INFO] [stdout] 15 |     AppendError(String),
[INFO] [stdout]    |     ^^^^^^^^^^^^^^^^^^^
[INFO] [stdout] 
[INFO] [stdout] 
[INFO] [stdout] warning: 2 warnings emitted
[INFO] [stdout] 
[INFO] [stdout] 
[INFO] [stderr]     Finished dev [unoptimized + debuginfo] target(s) in 1m 17s
[INFO] running `Command { std: "docker" "inspect" "ae0ce846ac308cf73bf8c65ba691a4ed4f72be098a0f715a07ee2be5434f9caa", kill_on_drop: false }`
[INFO] running `Command { std: "docker" "rm" "-f" "ae0ce846ac308cf73bf8c65ba691a4ed4f72be098a0f715a07ee2be5434f9caa", kill_on_drop: false }`
[INFO] [stdout] ae0ce846ac308cf73bf8c65ba691a4ed4f72be098a0f715a07ee2be5434f9caa
[INFO] running `Command { std: "docker" "create" "-v" "/var/lib/crater-agent-workspace/builds/worker-19/target:/opt/rustwide/target:rw,Z" "-v" "/var/lib/crater-agent-workspace/builds/worker-19/source:/opt/rustwide/workdir:ro,Z" "-v" "/var/lib/crater-agent-workspace/cargo-home:/opt/rustwide/cargo-home:ro,Z" "-v" "/var/lib/crater-agent-workspace/rustup-home:/opt/rustwide/rustup-home:ro,Z" "-e" "SOURCE_DIR=/opt/rustwide/workdir" "-e" "CARGO_TARGET_DIR=/opt/rustwide/target" "-e" "CARGO_INCREMENTAL=0" "-e" "RUST_BACKTRACE=full" "-e" "RUSTFLAGS=--cap-lints=warn" "-e" "CARGO_HOME=/opt/rustwide/cargo-home" "-e" "RUSTUP_HOME=/opt/rustwide/rustup-home" "-w" "/opt/rustwide/workdir" "-m" "1610612736" "--user" "0:0" "--network" "none" "ghcr.io/rust-lang/crates-build-env/linux@sha256:34b6a614d2c27851fe6cbf88fbd1137609cefab8b10d0615aaeb6fd47975d74e" "/opt/rustwide/cargo-home/bin/cargo" "+1.54.0" "test" "--frozen" "--no-run" "--message-format=json", kill_on_drop: false }`
[INFO] [stdout] 2c65505bb61f95aee083d283b0df2312468a83d173c25d54f356af20b93c7a35
[INFO] running `Command { std: "docker" "start" "-a" "2c65505bb61f95aee083d283b0df2312468a83d173c25d54f356af20b93c7a35", kill_on_drop: false }`
[INFO] [stderr]     Blocking waiting for file lock on package cache
[INFO] [stderr]    Compiling cc v1.0.67
[INFO] [stderr]    Compiling regex-syntax v0.6.23
[INFO] [stderr]    Compiling db-key v0.0.5
[INFO] [stderr]    Compiling termcolor v1.1.2
[INFO] [stderr]    Compiling humantime v2.1.0
[INFO] [stderr]    Compiling num_cpus v1.13.0
[INFO] [stderr]    Compiling atty v0.2.14
[INFO] [stderr]    Compiling aho-corasick v0.7.15
[INFO] [stdout] warning: associated function is never used: `new`
[INFO] [stdout]   --> src/node.rs:49:19
[INFO] [stdout]    |
[INFO] [stdout] 49 |     pub(crate) fn new() -> Self {
[INFO] [stdout]    |                   ^^^
[INFO] [stdout]    |
[INFO] [stdout]    = note: `#[warn(dead_code)]` on by default
[INFO] [stdout] 
[INFO] [stdout] 
[INFO] [stdout] warning: variant is never constructed: `AppendError`
[INFO] [stdout]   --> src/aplog.rs:15:5
[INFO] [stdout]    |
[INFO] [stdout] 15 |     AppendError(String),
[INFO] [stdout]    |     ^^^^^^^^^^^^^^^^^^^
[INFO] [stdout] 
[INFO] [stdout] 
[INFO] [stdout] warning: 2 warnings emitted
[INFO] [stdout] 
[INFO] [stdout] 
[INFO] [stderr]    Compiling cmake v0.1.45
[INFO] [stderr]    Compiling leveldb-sys v2.0.8
[INFO] [stderr]    Compiling regex v1.4.5
[INFO] [stderr]    Compiling env_logger v0.8.3
[INFO] [stderr]    Compiling leveldb v0.8.6
[INFO] [stderr]    Compiling raftrs v0.1.0 (/opt/rustwide/workdir)
[INFO] [stdout] warning: variant is never constructed: `AppendError`
[INFO] [stdout]   --> src/aplog.rs:15:5
[INFO] [stdout]    |
[INFO] [stdout] 15 |     AppendError(String),
[INFO] [stdout]    |     ^^^^^^^^^^^^^^^^^^^
[INFO] [stdout]    |
[INFO] [stdout]    = note: `#[warn(dead_code)]` on by default
[INFO] [stdout] 
[INFO] [stdout] 
[INFO] [stdout] warning: 1 warning emitted
[INFO] [stdout] 
[INFO] [stdout] 
[INFO] [stderr]     Finished test [unoptimized + debuginfo] target(s) in 45.61s
[INFO] running `Command { std: "docker" "inspect" "2c65505bb61f95aee083d283b0df2312468a83d173c25d54f356af20b93c7a35", kill_on_drop: false }`
[INFO] running `Command { std: "docker" "rm" "-f" "2c65505bb61f95aee083d283b0df2312468a83d173c25d54f356af20b93c7a35", kill_on_drop: false }`
[INFO] [stdout] 2c65505bb61f95aee083d283b0df2312468a83d173c25d54f356af20b93c7a35
[INFO] running `Command { std: "docker" "create" "-v" "/var/lib/crater-agent-workspace/builds/worker-19/target:/opt/rustwide/target:rw,Z" "-v" "/var/lib/crater-agent-workspace/builds/worker-19/source:/opt/rustwide/workdir:ro,Z" "-v" "/var/lib/crater-agent-workspace/cargo-home:/opt/rustwide/cargo-home:ro,Z" "-v" "/var/lib/crater-agent-workspace/rustup-home:/opt/rustwide/rustup-home:ro,Z" "-e" "SOURCE_DIR=/opt/rustwide/workdir" "-e" "CARGO_TARGET_DIR=/opt/rustwide/target" "-e" "CARGO_INCREMENTAL=0" "-e" "RUST_BACKTRACE=full" "-e" "RUSTFLAGS=--cap-lints=warn" "-e" "CARGO_HOME=/opt/rustwide/cargo-home" "-e" "RUSTUP_HOME=/opt/rustwide/rustup-home" "-w" "/opt/rustwide/workdir" "-m" "1610612736" "--user" "0:0" "--network" "none" "ghcr.io/rust-lang/crates-build-env/linux@sha256:34b6a614d2c27851fe6cbf88fbd1137609cefab8b10d0615aaeb6fd47975d74e" "/opt/rustwide/cargo-home/bin/cargo" "+1.54.0" "test" "--frozen", kill_on_drop: false }`
[INFO] [stdout] b45def0f182945dc278525d952d9b3b61a919a7652e904312744730f8379faf3
[INFO] running `Command { std: "docker" "start" "-a" "b45def0f182945dc278525d952d9b3b61a919a7652e904312744730f8379faf3", kill_on_drop: false }`
[INFO] [stderr]     Blocking waiting for file lock on package cache
[INFO] [stderr] warning: associated function is never used: `new`
[INFO] [stderr]   --> src/node.rs:49:19
[INFO] [stderr]    |
[INFO] [stderr] 49 |     pub(crate) fn new() -> Self {
[INFO] [stderr]    |                   ^^^
[INFO] [stderr]    |
[INFO] [stderr]    = note: `#[warn(dead_code)]` on by default
[INFO] [stderr] 
[INFO] [stderr] warning: variant is never constructed: `AppendError`
[INFO] [stderr]   --> src/aplog.rs:15:5
[INFO] [stderr]    |
[INFO] [stderr] 15 |     AppendError(String),
[INFO] [stderr]    |     ^^^^^^^^^^^^^^^^^^^
[INFO] [stderr] 
[INFO] [stderr] warning: 2 warnings emitted
[INFO] [stderr] 
[INFO] [stderr] warning: variant is never constructed: `AppendError`
[INFO] [stderr]   --> src/aplog.rs:15:5
[INFO] [stderr]    |
[INFO] [stderr] 15 |     AppendError(String),
[INFO] [stderr]    |     ^^^^^^^^^^^^^^^^^^^
[INFO] [stderr]    |
[INFO] [stderr]    = note: `#[warn(dead_code)]` on by default
[INFO] [stderr] 
[INFO] [stderr] warning: 1 warning emitted
[INFO] [stderr] 
[INFO] [stderr]     Finished test [unoptimized + debuginfo] target(s) in 0.51s
[INFO] [stderr]      Running unittests (/opt/rustwide/target/debug/deps/raftrs-7cd6278c1c47e626)
[INFO] [stdout] 
[INFO] [stdout] running 31 tests
[INFO] [stdout] test test::candidate::request_vote_req::test_becomes_follower_on_higher_term ... ok
[INFO] [stdout] test test::candidate::request_vote_resp::test_becomes_follower_on_higher_term ... ok
[INFO] [stdout] test test::candidate::request_vote_resp::test_becomes_leader_on_majority_votes ... ok
[INFO] [stdout] test test::candidate::request_vote_req::test_replies_no_because_is_candidate ... ok
[INFO] [stdout] test test::candidate::request_vote_resp::test_no_state_change_on_already_received_vote ... ok
[INFO] [stdout] test test::candidate::request_vote_resp::test_no_state_change_on_no ... ok
[INFO] [stdout] test test::follower::append_entry_req::test_appends_entries_when_no_prev_log ... ok
[INFO] [stdout] test test::follower::append_entry_req::test_appends_entries_when_prev_log_is_equal ... ok
[INFO] [stdout] test test::follower::append_entry_req::test_no_op_succeeds_when_already_contains_logs ... ok
[INFO] [stdout] test test::follower::append_entry_req::test_replies_failed_on_lower_term ... ok
[INFO] [stdout] test test::follower::append_entry_req::test_replies_failed_when_no_matching_previous_log ... ok
[INFO] [stdout] test test::follower::append_entry_req::test_replies_success_on_empty_entries ... ok
[INFO] [stdout] test test::follower::append_entry_req::test_succeeds_when_prev_log_matches_last_log ... ok
[INFO] [stdout] test test::follower::append_entry_req::test_truncates_until_matching_and_appends ... ok
[INFO] [stdout] test test::follower::request_vote_req::test_increments_term_on_higher_term ... ok
[INFO] [stdout] test test::follower::request_vote_req::test_replies_no_to_equal_log_term_equal_index ... ok
[INFO] [stdout] test test::follower::request_vote_req::test_replies_no_to_equal_log_term_larger_index ... ok
[INFO] [stdout] test test::follower::request_vote_req::test_replies_no_to_equal_log_term_lower_index ... ok
[INFO] [stdout] test test::follower::request_vote_req::test_replies_no_to_lower_log_term ... ok
[INFO] [stdout] test test::follower::request_vote_req::test_replies_no_to_lower_term ... ok
[INFO] [stdout] test test::follower::request_vote_req::test_replies_no_when_already_voted_and_term_is_equal ... ok
[INFO] [stdout] test test::follower::request_vote_req::test_replies_no_when_has_log_to_none_log ... ok
[INFO] [stdout] test test::follower::request_vote_req::test_replies_yes_to_equal_or_higher_term ... ok
[INFO] [stdout] test test::follower::request_vote_req::test_replies_yes_to_higher_log_term ... ok
[INFO] [stdout] test test::follower::request_vote_req::test_replies_yes_when_already_voted_and_term_is_higher ... ok
[INFO] [stdout] test test::follower::request_vote_resp::test_doesnt_reply ... ok
[INFO] [stdout] test test::leader::append_entry_resp::test_decrements_next_index_on_failure ... ok
[INFO] [stdout] test test::leader::append_entry_resp::test_decrements_next_index_on_two_failures ... ok
[INFO] [stdout] test test::leader::append_entry_resp::test_increments_next_index_by_entries_len_and_indices ... ok
[INFO] [stdout] test test::leader::append_entry_resp::test_sends_sets_indexes_correctly ... ok
[INFO] [stdout] test test::integration::integration::integration ... FAILED
[INFO] [stdout] 
[INFO] [stdout] failures:
[INFO] [stdout] 
[INFO] [stdout] ---- test::integration::integration::integration stdout ----
[INFO] [stdout] thread 'test::integration::integration::integration' panicked at 'called `Result::unwrap()` on an `Err` value: Os { code: 30, kind: Other, message: "Read-only file system" }', src/test/integration.rs:24:43
[INFO] [stdout] stack backtrace:
[INFO] [stdout]    0:     0x5624921ccb00 - std::backtrace_rs::backtrace::libunwind::trace::h34055254b57d8e79
[INFO] [stdout]                                at /rustc/a178d0322ce20e33eac124758e837cbd80a6f633/library/std/src/../../backtrace/src/backtrace/libunwind.rs:90:5
[INFO] [stdout]    1:     0x5624921ccb00 - std::backtrace_rs::backtrace::trace_unsynchronized::h8f1e3fbd9afff6ec
[INFO] [stdout]                                at /rustc/a178d0322ce20e33eac124758e837cbd80a6f633/library/std/src/../../backtrace/src/backtrace/mod.rs:66:5
[INFO] [stdout]    2:     0x5624921ccb00 - std::sys_common::backtrace::_print_fmt::h3a99a796b770c360
[INFO] [stdout]                                at /rustc/a178d0322ce20e33eac124758e837cbd80a6f633/library/std/src/sys_common/backtrace.rs:67:5
[INFO] [stdout]    3:     0x5624921ccb00 - <std::sys_common::backtrace::_print::DisplayBacktrace as core::fmt::Display>::fmt::h32d1f94a80615d18
[INFO] [stdout]                                at /rustc/a178d0322ce20e33eac124758e837cbd80a6f633/library/std/src/sys_common/backtrace.rs:46:22
[INFO] [stdout]    4:     0x5624921f0fbc - core::fmt::write::h306731c068f7162c
[INFO] [stdout]                                at /rustc/a178d0322ce20e33eac124758e837cbd80a6f633/library/core/src/fmt/mod.rs:1110:17
[INFO] [stdout]    5:     0x5624921c75d5 - std::io::Write::write_fmt::h87f19b0a2cd190bc
[INFO] [stdout]                                at /rustc/a178d0322ce20e33eac124758e837cbd80a6f633/library/std/src/io/mod.rs:1588:15
[INFO] [stdout]    6:     0x5624921cf0bb - std::sys_common::backtrace::_print::h5abaa2601a852287
[INFO] [stdout]                                at /rustc/a178d0322ce20e33eac124758e837cbd80a6f633/library/std/src/sys_common/backtrace.rs:49:5
[INFO] [stdout]    7:     0x5624921cf0bb - std::sys_common::backtrace::print::h8d81445442bb638f
[INFO] [stdout]                                at /rustc/a178d0322ce20e33eac124758e837cbd80a6f633/library/std/src/sys_common/backtrace.rs:36:9
[INFO] [stdout]    8:     0x5624921cf0bb - std::panicking::default_hook::{{closure}}::hcfe804496a9fa747
[INFO] [stdout]                                at /rustc/a178d0322ce20e33eac124758e837cbd80a6f633/library/std/src/panicking.rs:208:50
[INFO] [stdout]    9:     0x5624921cebcc - std::panicking::default_hook::hbea8e3ccf2ba8901
[INFO] [stdout]                                at /rustc/a178d0322ce20e33eac124758e837cbd80a6f633/library/std/src/panicking.rs:222:9
[INFO] [stdout]   10:     0x5624921cf784 - std::panicking::rust_panic_with_hook::h7ee9e1a2d0f8975a
[INFO] [stdout]                                at /rustc/a178d0322ce20e33eac124758e837cbd80a6f633/library/std/src/panicking.rs:622:17
[INFO] [stdout]   11:     0x5624921cf267 - std::panicking::begin_panic_handler::{{closure}}::h8ab3b4491718b2c7
[INFO] [stdout]                                at /rustc/a178d0322ce20e33eac124758e837cbd80a6f633/library/std/src/panicking.rs:519:13
[INFO] [stdout]   12:     0x5624921ccffc - std::sys_common::backtrace::__rust_end_short_backtrace::hd489062ffa586a9f
[INFO] [stdout]                                at /rustc/a178d0322ce20e33eac124758e837cbd80a6f633/library/std/src/sys_common/backtrace.rs:141:18
[INFO] [stdout]   13:     0x5624921cf1c9 - rust_begin_unwind
[INFO] [stdout]                                at /rustc/a178d0322ce20e33eac124758e837cbd80a6f633/library/std/src/panicking.rs:515:5
[INFO] [stdout]   14:     0x562491e65c31 - core::panicking::panic_fmt::hca6330e3e14086b4
[INFO] [stdout]                                at /rustc/a178d0322ce20e33eac124758e837cbd80a6f633/library/core/src/panicking.rs:92:14
[INFO] [stdout]   15:     0x562491e65d23 - core::result::unwrap_failed::h6160d2b4bfbb0e87
[INFO] [stdout]                                at /rustc/a178d0322ce20e33eac124758e837cbd80a6f633/library/core/src/result.rs:1355:5
[INFO] [stdout]   16:     0x562491e74e47 - core::result::Result<T,E>::unwrap::h3d0afa07868da314
[INFO] [stdout]                                at /rustc/a178d0322ce20e33eac124758e837cbd80a6f633/library/core/src/result.rs:1037:23
[INFO] [stdout]   17:     0x562491ed079b - raftrs::test::integration::integration::TestDir::new::h7e414d555b861c8c
[INFO] [stdout]                                at /opt/rustwide/workdir/src/test/integration.rs:24:13
[INFO] [stdout]   18:     0x562491ed5c65 - raftrs::test::integration::integration::integration::h2b1305eb5f139763
[INFO] [stdout]                                at /opt/rustwide/workdir/src/test/integration.rs:53:23
[INFO] [stdout]   19:     0x562491ed57ca - raftrs::test::integration::integration::integration::{{closure}}::h6b04377d36e2070c
[INFO] [stdout]                                at /opt/rustwide/workdir/src/test/integration.rs:43:5
[INFO] [stdout]   20:     0x562491e8903e - core::ops::function::FnOnce::call_once::h8196c19a581dd1ce
[INFO] [stdout]                                at /rustc/a178d0322ce20e33eac124758e837cbd80a6f633/library/core/src/ops/function.rs:227:5
[INFO] [stdout]   21:     0x5624920dc093 - core::ops::function::FnOnce::call_once::h152e7e439ff59e19
[INFO] [stdout]                                at /rustc/a178d0322ce20e33eac124758e837cbd80a6f633/library/core/src/ops/function.rs:227:5
[INFO] [stdout]   22:     0x5624920dc093 - test::__rust_begin_short_backtrace::h0908f3b1fdbb72ab
[INFO] [stdout]                                at /rustc/a178d0322ce20e33eac124758e837cbd80a6f633/library/test/src/lib.rs:577:5
[INFO] [stdout]   23:     0x5624920dab50 - <alloc::boxed::Box<F,A> as core::ops::function::FnOnce<Args>>::call_once::hf6d2a51e5587546c
[INFO] [stdout]                                at /rustc/a178d0322ce20e33eac124758e837cbd80a6f633/library/alloc/src/boxed.rs:1575:9
[INFO] [stdout]   24:     0x5624920dab50 - <std::panic::AssertUnwindSafe<F> as core::ops::function::FnOnce<()>>::call_once::h8af660f3a89ef593
[INFO] [stdout]                                at /rustc/a178d0322ce20e33eac124758e837cbd80a6f633/library/std/src/panic.rs:347:9
[INFO] [stdout]   25:     0x5624920dab50 - std::panicking::try::do_call::hd36aef60f84b6d36
[INFO] [stdout]                                at /rustc/a178d0322ce20e33eac124758e837cbd80a6f633/library/std/src/panicking.rs:401:40
[INFO] [stdout]   26:     0x5624920dab50 - std::panicking::try::h9932b4480e69817c
[INFO] [stdout]                                at /rustc/a178d0322ce20e33eac124758e837cbd80a6f633/library/std/src/panicking.rs:365:19
[INFO] [stdout]   27:     0x5624920dab50 - std::panic::catch_unwind::h6aa177099cfff5f8
[INFO] [stdout]                                at /rustc/a178d0322ce20e33eac124758e837cbd80a6f633/library/std/src/panic.rs:434:14
[INFO] [stdout]   28:     0x5624920dab50 - test::run_test_in_process::h5884d6f2d99e20c3
[INFO] [stdout]                                at /rustc/a178d0322ce20e33eac124758e837cbd80a6f633/library/test/src/lib.rs:600:18
[INFO] [stdout]   29:     0x5624920dab50 - test::run_test::run_test_inner::{{closure}}::h6fdc58c6d5f5b6e3
[INFO] [stdout]                                at /rustc/a178d0322ce20e33eac124758e837cbd80a6f633/library/test/src/lib.rs:492:39
[INFO] [stdout]   30:     0x5624920b4202 - test::run_test::run_test_inner::{{closure}}::h408365d67a78ade8
[INFO] [stdout]                                at /rustc/a178d0322ce20e33eac124758e837cbd80a6f633/library/test/src/lib.rs:519:37
[INFO] [stdout]   31:     0x5624920b4202 - std::sys_common::backtrace::__rust_begin_short_backtrace::hb560b77c4f701523
[INFO] [stdout]                                at /rustc/a178d0322ce20e33eac124758e837cbd80a6f633/library/std/src/sys_common/backtrace.rs:125:18
[INFO] [stdout]   32:     0x5624920b7db8 - std::thread::Builder::spawn_unchecked::{{closure}}::{{closure}}::hf2e7831dad93c597
[INFO] [stdout]                                at /rustc/a178d0322ce20e33eac124758e837cbd80a6f633/library/std/src/thread/mod.rs:481:17
[INFO] [stdout]   33:     0x5624920b7db8 - <std::panic::AssertUnwindSafe<F> as core::ops::function::FnOnce<()>>::call_once::hd2e08783d8be4d02
[INFO] [stdout]                                at /rustc/a178d0322ce20e33eac124758e837cbd80a6f633/library/std/src/panic.rs:347:9
[INFO] [stdout]   34:     0x5624920b7db8 - std::panicking::try::do_call::h062597b7acfd6b82
[INFO] [stdout]                                at /rustc/a178d0322ce20e33eac124758e837cbd80a6f633/library/std/src/panicking.rs:401:40
[INFO] [stdout]   35:     0x5624920b7db8 - std::panicking::try::h0d7b79db04c14552
[INFO] [stdout]                                at /rustc/a178d0322ce20e33eac124758e837cbd80a6f633/library/std/src/panicking.rs:365:19
[INFO] [stdout]   36:     0x5624920b7db8 - std::panic::catch_unwind::hb01a0b5e7c8cd43b
[INFO] [stdout]                                at /rustc/a178d0322ce20e33eac124758e837cbd80a6f633/library/std/src/panic.rs:434:14
[INFO] [stdout]   37:     0x5624920b7db8 - std::thread::Builder::spawn_unchecked::{{closure}}::h5bde48cc887e0d1e
[INFO] [stdout]                                at /rustc/a178d0322ce20e33eac124758e837cbd80a6f633/library/std/src/thread/mod.rs:480:30
[INFO] [stdout]   38:     0x5624920b7db8 - core::ops::function::FnOnce::call_once{{vtable.shim}}::h745ea30807a29e55
[INFO] [stdout]                                at /rustc/a178d0322ce20e33eac124758e837cbd80a6f633/library/core/src/ops/function.rs:227:5
[INFO] [stdout]   39:     0x5624921d56e7 - <alloc::boxed::Box<F,A> as core::ops::function::FnOnce<Args>>::call_once::h7ece6cfefaff1005
[INFO] [stdout]                                at /rustc/a178d0322ce20e33eac124758e837cbd80a6f633/library/alloc/src/boxed.rs:1575:9
[INFO] [stdout]   40:     0x5624921d56e7 - <alloc::boxed::Box<F,A> as core::ops::function::FnOnce<Args>>::call_once::hb8b48e55c21f193e
[INFO] [stdout]                                at /rustc/a178d0322ce20e33eac124758e837cbd80a6f633/library/alloc/src/boxed.rs:1575:9
[INFO] [stdout]   41:     0x5624921d56e7 - std::sys::unix::thread::Thread::new::thread_start::h8c7c4450dba62914
[INFO] [stdout]                                at /rustc/a178d0322ce20e33eac124758e837cbd80a6f633/library/std/src/sys/unix/thread.rs:71:17
[INFO] [stdout]   42:     0x7febba7b4609 - start_thread
[INFO] [stdout]   43:     0x7febba586293 - clone
[INFO] [stdout]   44:                0x0 - <unknown>
[INFO] [stdout] 
[INFO] [stdout] 
[INFO] [stdout] failures:
[INFO] [stdout]     test::integration::integration::integration
[INFO] [stdout] 
[INFO] [stdout] test result: FAILED. 30 passed; 1 failed; 0 ignored; 0 measured; 0 filtered out; finished in 0.03s
[INFO] [stdout] 
[INFO] [stderr] error: test failed, to rerun pass '--lib'
[INFO] running `Command { std: "docker" "inspect" "b45def0f182945dc278525d952d9b3b61a919a7652e904312744730f8379faf3", kill_on_drop: false }`
[INFO] running `Command { std: "docker" "rm" "-f" "b45def0f182945dc278525d952d9b3b61a919a7652e904312744730f8379faf3", kill_on_drop: false }`
[INFO] [stdout] b45def0f182945dc278525d952d9b3b61a919a7652e904312744730f8379faf3
