[INFO] cloning repository https://github.com/daviswahl/rust-hkt
[INFO] running `Command { std: "git" "-c" "credential.helper=" "-c" "credential.helper=/workspace/cargo-home/bin/git-credential-null" "clone" "--bare" "https://github.com/daviswahl/rust-hkt" "/workspace/cache/git-repos/https%3A%2F%2Fgithub.com%2Fdaviswahl%2Frust-hkt", kill_on_drop: false }`
[INFO] [stderr] Cloning into bare repository '/workspace/cache/git-repos/https%3A%2F%2Fgithub.com%2Fdaviswahl%2Frust-hkt'...
[INFO] running `Command { std: "git" "rev-parse" "HEAD", kill_on_drop: false }`
[INFO] [stdout] bd67627fa38dae1fe6676e6f5dbd269fcfb1ad88
[INFO] testing daviswahl/rust-hkt against 1.54.0 for beta-1.55-1
[INFO] running `Command { std: "git" "clone" "/workspace/cache/git-repos/https%3A%2F%2Fgithub.com%2Fdaviswahl%2Frust-hkt" "/workspace/builds/worker-33/source", kill_on_drop: false }`
[INFO] [stderr] Cloning into '/workspace/builds/worker-33/source'...
[INFO] [stderr] done.
[INFO] validating manifest of git repo https://github.com/daviswahl/rust-hkt on toolchain 1.54.0
[INFO] running `Command { std: "/workspace/cargo-home/bin/cargo" "+1.54.0" "metadata" "--manifest-path" "Cargo.toml" "--no-deps", kill_on_drop: false }`
[INFO] started tweaking git repo https://github.com/daviswahl/rust-hkt
[INFO] finished tweaking git repo https://github.com/daviswahl/rust-hkt
[INFO] tweaked toml for git repo https://github.com/daviswahl/rust-hkt written to /workspace/builds/worker-33/source/Cargo.toml
[INFO] crate git repo https://github.com/daviswahl/rust-hkt already has a lockfile, it will not be regenerated
[INFO] running `Command { std: "/workspace/cargo-home/bin/cargo" "+1.54.0" "fetch" "--manifest-path" "Cargo.toml", kill_on_drop: false }`
[INFO] [stderr]     Blocking waiting for file lock on package cache
[INFO] [stderr]     Blocking waiting for file lock on package cache
[INFO] running `Command { std: "docker" "create" "-v" "/var/lib/crater-agent-workspace/builds/worker-33/target:/opt/rustwide/target:rw,Z" "-v" "/var/lib/crater-agent-workspace/builds/worker-33/source:/opt/rustwide/workdir:ro,Z" "-v" "/var/lib/crater-agent-workspace/cargo-home:/opt/rustwide/cargo-home:ro,Z" "-v" "/var/lib/crater-agent-workspace/rustup-home:/opt/rustwide/rustup-home:ro,Z" "-e" "SOURCE_DIR=/opt/rustwide/workdir" "-e" "CARGO_TARGET_DIR=/opt/rustwide/target" "-e" "CARGO_HOME=/opt/rustwide/cargo-home" "-e" "RUSTUP_HOME=/opt/rustwide/rustup-home" "-w" "/opt/rustwide/workdir" "-m" "1610612736" "--user" "0:0" "--network" "none" "ghcr.io/rust-lang/crates-build-env/linux@sha256:34b6a614d2c27851fe6cbf88fbd1137609cefab8b10d0615aaeb6fd47975d74e" "/opt/rustwide/cargo-home/bin/cargo" "+1.54.0" "metadata" "--no-deps" "--format-version=1", kill_on_drop: false }`
[INFO] [stdout] ff86d2d09c9da6d88921689ec95b31564a936cdea3b896d958459f1c4136f92e
[INFO] running `Command { std: "docker" "start" "-a" "ff86d2d09c9da6d88921689ec95b31564a936cdea3b896d958459f1c4136f92e", kill_on_drop: false }`
[INFO] running `Command { std: "docker" "inspect" "ff86d2d09c9da6d88921689ec95b31564a936cdea3b896d958459f1c4136f92e", kill_on_drop: false }`
[INFO] running `Command { std: "docker" "rm" "-f" "ff86d2d09c9da6d88921689ec95b31564a936cdea3b896d958459f1c4136f92e", kill_on_drop: false }`
[INFO] [stdout] ff86d2d09c9da6d88921689ec95b31564a936cdea3b896d958459f1c4136f92e
[INFO] running `Command { std: "docker" "create" "-v" "/var/lib/crater-agent-workspace/builds/worker-33/target:/opt/rustwide/target:rw,Z" "-v" "/var/lib/crater-agent-workspace/builds/worker-33/source:/opt/rustwide/workdir:ro,Z" "-v" "/var/lib/crater-agent-workspace/cargo-home:/opt/rustwide/cargo-home:ro,Z" "-v" "/var/lib/crater-agent-workspace/rustup-home:/opt/rustwide/rustup-home:ro,Z" "-e" "SOURCE_DIR=/opt/rustwide/workdir" "-e" "CARGO_TARGET_DIR=/opt/rustwide/target" "-e" "CARGO_INCREMENTAL=0" "-e" "RUST_BACKTRACE=full" "-e" "RUSTFLAGS=--cap-lints=warn" "-e" "CARGO_HOME=/opt/rustwide/cargo-home" "-e" "RUSTUP_HOME=/opt/rustwide/rustup-home" "-w" "/opt/rustwide/workdir" "-m" "1610612736" "--user" "0:0" "--network" "none" "ghcr.io/rust-lang/crates-build-env/linux@sha256:34b6a614d2c27851fe6cbf88fbd1137609cefab8b10d0615aaeb6fd47975d74e" "/opt/rustwide/cargo-home/bin/cargo" "+1.54.0" "build" "--frozen" "--message-format=json", kill_on_drop: false }`
[INFO] [stdout] 30ee88dbbb1c6a02b5f0831804c8594a76fa7677b48f7921a0585e19f8962cb0
[INFO] running `Command { std: "docker" "start" "-a" "30ee88dbbb1c6a02b5f0831804c8594a76fa7677b48f7921a0585e19f8962cb0", kill_on_drop: false }`
[INFO] [stderr]     Blocking waiting for file lock on package cache
[INFO] [stderr]    Compiling rust-hkt v0.1.0 (/opt/rustwide/workdir)
[INFO] [stdout] warning: function is never used: `functor_2_test`
[INFO] [stdout]    --> src/part2.rs:182:4
[INFO] [stdout]     |
[INFO] [stdout] 182 | fn functor_2_test() {
[INFO] [stdout]     |    ^^^^^^^^^^^^^^
[INFO] [stdout]     |
[INFO] [stdout]     = note: `#[warn(dead_code)]` on by default
[INFO] [stdout] 
[INFO] [stdout] 
[INFO] [stdout] warning: 1 warning emitted
[INFO] [stdout] 
[INFO] [stdout] 
[INFO] [stderr]     Finished dev [unoptimized + debuginfo] target(s) in 0.97s
[INFO] running `Command { std: "docker" "inspect" "30ee88dbbb1c6a02b5f0831804c8594a76fa7677b48f7921a0585e19f8962cb0", kill_on_drop: false }`
[INFO] running `Command { std: "docker" "rm" "-f" "30ee88dbbb1c6a02b5f0831804c8594a76fa7677b48f7921a0585e19f8962cb0", kill_on_drop: false }`
[INFO] [stdout] 30ee88dbbb1c6a02b5f0831804c8594a76fa7677b48f7921a0585e19f8962cb0
[INFO] running `Command { std: "docker" "create" "-v" "/var/lib/crater-agent-workspace/builds/worker-33/target:/opt/rustwide/target:rw,Z" "-v" "/var/lib/crater-agent-workspace/builds/worker-33/source:/opt/rustwide/workdir:ro,Z" "-v" "/var/lib/crater-agent-workspace/cargo-home:/opt/rustwide/cargo-home:ro,Z" "-v" "/var/lib/crater-agent-workspace/rustup-home:/opt/rustwide/rustup-home:ro,Z" "-e" "SOURCE_DIR=/opt/rustwide/workdir" "-e" "CARGO_TARGET_DIR=/opt/rustwide/target" "-e" "CARGO_INCREMENTAL=0" "-e" "RUST_BACKTRACE=full" "-e" "RUSTFLAGS=--cap-lints=warn" "-e" "CARGO_HOME=/opt/rustwide/cargo-home" "-e" "RUSTUP_HOME=/opt/rustwide/rustup-home" "-w" "/opt/rustwide/workdir" "-m" "1610612736" "--user" "0:0" "--network" "none" "ghcr.io/rust-lang/crates-build-env/linux@sha256:34b6a614d2c27851fe6cbf88fbd1137609cefab8b10d0615aaeb6fd47975d74e" "/opt/rustwide/cargo-home/bin/cargo" "+1.54.0" "test" "--frozen" "--no-run" "--message-format=json", kill_on_drop: false }`
[INFO] [stdout] d3972ba34a75632f5d40b897e7e7f8906b43dbfa0e52ff2b9474fa615fe1407b
[INFO] running `Command { std: "docker" "start" "-a" "d3972ba34a75632f5d40b897e7e7f8906b43dbfa0e52ff2b9474fa615fe1407b", kill_on_drop: false }`
[INFO] [stdout] warning: function is never used: `functor_2_test`
[INFO] [stdout]    --> src/part2.rs:182:4
[INFO] [stdout]     |
[INFO] [stdout] 182 | fn functor_2_test() {
[INFO] [stdout]     |    ^^^^^^^^^^^^^^
[INFO] [stdout]     |
[INFO] [stdout]     = note: `#[warn(dead_code)]` on by default
[INFO] [stdout] 
[INFO] [stdout] 
[INFO] [stderr]    Compiling rust-hkt v0.1.0 (/opt/rustwide/workdir)
[INFO] [stdout] warning: 1 warning emitted
[INFO] [stdout] 
[INFO] [stdout] 
[INFO] [stdout] warning: function is never used: `functor_2_test`
[INFO] [stdout]    --> src/part2.rs:182:4
[INFO] [stdout]     |
[INFO] [stdout] 182 | fn functor_2_test() {
[INFO] [stdout]     |    ^^^^^^^^^^^^^^
[INFO] [stdout]     |
[INFO] [stdout]     = note: `#[warn(dead_code)]` on by default
[INFO] [stdout] 
[INFO] [stdout] 
[INFO] [stdout] warning: 1 warning emitted
[INFO] [stdout] 
[INFO] [stdout] 
[INFO] [stderr]     Finished test [unoptimized + debuginfo] target(s) in 0.82s
[INFO] running `Command { std: "docker" "inspect" "d3972ba34a75632f5d40b897e7e7f8906b43dbfa0e52ff2b9474fa615fe1407b", kill_on_drop: false }`
[INFO] running `Command { std: "docker" "rm" "-f" "d3972ba34a75632f5d40b897e7e7f8906b43dbfa0e52ff2b9474fa615fe1407b", kill_on_drop: false }`
[INFO] [stdout] d3972ba34a75632f5d40b897e7e7f8906b43dbfa0e52ff2b9474fa615fe1407b
[INFO] running `Command { std: "docker" "create" "-v" "/var/lib/crater-agent-workspace/builds/worker-33/target:/opt/rustwide/target:rw,Z" "-v" "/var/lib/crater-agent-workspace/builds/worker-33/source:/opt/rustwide/workdir:ro,Z" "-v" "/var/lib/crater-agent-workspace/cargo-home:/opt/rustwide/cargo-home:ro,Z" "-v" "/var/lib/crater-agent-workspace/rustup-home:/opt/rustwide/rustup-home:ro,Z" "-e" "SOURCE_DIR=/opt/rustwide/workdir" "-e" "CARGO_TARGET_DIR=/opt/rustwide/target" "-e" "CARGO_INCREMENTAL=0" "-e" "RUST_BACKTRACE=full" "-e" "RUSTFLAGS=--cap-lints=warn" "-e" "CARGO_HOME=/opt/rustwide/cargo-home" "-e" "RUSTUP_HOME=/opt/rustwide/rustup-home" "-w" "/opt/rustwide/workdir" "-m" "1610612736" "--user" "0:0" "--network" "none" "ghcr.io/rust-lang/crates-build-env/linux@sha256:34b6a614d2c27851fe6cbf88fbd1137609cefab8b10d0615aaeb6fd47975d74e" "/opt/rustwide/cargo-home/bin/cargo" "+1.54.0" "test" "--frozen", kill_on_drop: false }`
[INFO] [stdout] 672b9eaca0096aaa87a0e07ee5640fc9a4feaea982b1df99c98097573788ceb1
[INFO] running `Command { std: "docker" "start" "-a" "672b9eaca0096aaa87a0e07ee5640fc9a4feaea982b1df99c98097573788ceb1", kill_on_drop: false }`
[INFO] [stderr] warning: function is never used: `functor_2_test`
[INFO] [stderr]    --> src/part2.rs:182:4
[INFO] [stderr]     |
[INFO] [stderr] 182 | fn functor_2_test() {
[INFO] [stderr]     |    ^^^^^^^^^^^^^^
[INFO] [stderr]     |
[INFO] [stderr]     = note: `#[warn(dead_code)]` on by default
[INFO] [stderr] 
[INFO] [stderr] warning: 1 warning emitted
[INFO] [stderr] 
[INFO] [stderr] warning: function is never used: `functor_2_test`
[INFO] [stderr]    --> src/part2.rs:182:4
[INFO] [stderr]     |
[INFO] [stderr] 182 | fn functor_2_test() {
[INFO] [stderr]     |    ^^^^^^^^^^^^^^
[INFO] [stderr]     |
[INFO] [stderr]     = note: `#[warn(dead_code)]` on by default
[INFO] [stderr] 
[INFO] [stderr] warning: 1 warning emitted
[INFO] [stderr] 
[INFO] [stderr]     Finished test [unoptimized + debuginfo] target(s) in 0.13s
[INFO] [stderr]      Running unittests (/opt/rustwide/target/debug/deps/rust_hkt-68d15ef64959a852)
[INFO] [stdout] 
[INFO] [stdout] running 0 tests
[INFO] [stdout] 
[INFO] [stdout] test result: ok. 0 passed; 0 failed; 0 ignored; 0 measured; 0 filtered out; finished in 0.00s
[INFO] [stdout] 
[INFO] [stderr]    Doc-tests rust-hkt
[INFO] [stdout] 
[INFO] [stdout] running 12 tests
[INFO] [stdout] test src/part1.rs - part1 (line 24) - compile fail ... ok
[INFO] [stdout] test src/part1.rs - part1 (line 56) - compile fail ... ok
[INFO] [stdout] test src/part1.rs - part1 (line 36) - compile fail ... ok
[INFO] [stdout] test src/part1.rs - part1 (line 6) - compile fail ... ok
[INFO] [stdout] test src/part2.rs - part2 (line 96) ... FAILED
[INFO] [stdout] test src/part2.rs - part2 (line 73) - compile fail ... ok
[INFO] [stdout] test src/part2.rs - part2 (line 119) ... ok
[INFO] [stdout] test src/part2.rs - part2 (line 60) ... ok
[INFO] [stdout] test src/part2.rs - part2 (line 113) ... ok
[INFO] [stdout] test src/part2.rs - part2 (line 11) ... ok
[INFO] [stdout] test src/part2.rs - part2 (line 51) ... ok
[INFO] [stdout] test src/part2.rs - part2 (line 33) ... ok
[INFO] [stdout] 
[INFO] [stdout] failures:
[INFO] [stdout] 
[INFO] [stdout] ---- src/part2.rs - part2 (line 96) stdout ----
[INFO] [stdout] error: expected one of `!`, `(`, `.`, `::`, `;`, `<`, `?`, or `}`, found `method`
[INFO] [stdout]  --> src/part2.rs:97:18
[INFO] [stdout]   |
[INFO] [stdout] 3 | error[E0599]: no method named fmap found for type <F as HKT<String>>::T in the current scope
[INFO] [stdout]   |             -    ^^^^^^ expected one of 8 possible tokens
[INFO] [stdout]   |             |
[INFO] [stdout]   |             tried to parse a type due to this
[INFO] [stdout] 
[INFO] [stdout] error: aborting due to previous error
[INFO] [stdout] 
[INFO] [stdout] Couldn't compile the test.
[INFO] [stdout] 
[INFO] [stdout] failures:
[INFO] [stdout]     src/part2.rs - part2 (line 96)
[INFO] [stdout] 
[INFO] [stdout] test result: FAILED. 11 passed; 1 failed; 0 ignored; 0 measured; 0 filtered out; finished in 0.57s
[INFO] [stdout] 
[INFO] [stderr] error: test failed, to rerun pass '--doc'
[INFO] running `Command { std: "docker" "inspect" "672b9eaca0096aaa87a0e07ee5640fc9a4feaea982b1df99c98097573788ceb1", kill_on_drop: false }`
[INFO] running `Command { std: "docker" "rm" "-f" "672b9eaca0096aaa87a0e07ee5640fc9a4feaea982b1df99c98097573788ceb1", kill_on_drop: false }`
[INFO] [stdout] 672b9eaca0096aaa87a0e07ee5640fc9a4feaea982b1df99c98097573788ceb1
