[INFO] cloning repository https://github.com/dave20874/rs_aoc2020
[INFO] running `Command { std: "git" "-c" "credential.helper=" "-c" "credential.helper=/workspace/cargo-home/bin/git-credential-null" "clone" "--bare" "https://github.com/dave20874/rs_aoc2020" "/workspace/cache/git-repos/https%3A%2F%2Fgithub.com%2Fdave20874%2Frs_aoc2020", kill_on_drop: false }`
[INFO] [stderr] Cloning into bare repository '/workspace/cache/git-repos/https%3A%2F%2Fgithub.com%2Fdave20874%2Frs_aoc2020'...
[INFO] running `Command { std: "git" "rev-parse" "HEAD", kill_on_drop: false }`
[INFO] [stdout] 82c6dc8ebc43f147cd968c27fcb98c93de3bc0c3
[INFO] testing dave20874/rs_aoc2020 against 1.54.0 for beta-1.55-1
[INFO] running `Command { std: "git" "clone" "/workspace/cache/git-repos/https%3A%2F%2Fgithub.com%2Fdave20874%2Frs_aoc2020" "/workspace/builds/worker-72/source", kill_on_drop: false }`
[INFO] [stderr] Cloning into '/workspace/builds/worker-72/source'...
[INFO] [stderr] done.
[INFO] validating manifest of git repo https://github.com/dave20874/rs_aoc2020 on toolchain 1.54.0
[INFO] running `Command { std: "/workspace/cargo-home/bin/cargo" "+1.54.0" "metadata" "--manifest-path" "Cargo.toml" "--no-deps", kill_on_drop: false }`
[INFO] started tweaking git repo https://github.com/dave20874/rs_aoc2020
[INFO] finished tweaking git repo https://github.com/dave20874/rs_aoc2020
[INFO] tweaked toml for git repo https://github.com/dave20874/rs_aoc2020 written to /workspace/builds/worker-72/source/Cargo.toml
[INFO] crate git repo https://github.com/dave20874/rs_aoc2020 already has a lockfile, it will not be regenerated
[INFO] running `Command { std: "/workspace/cargo-home/bin/cargo" "+1.54.0" "fetch" "--manifest-path" "Cargo.toml", kill_on_drop: false }`
[INFO] [stderr]     Blocking waiting for file lock on package cache
[INFO] [stderr]     Blocking waiting for file lock on package cache
[INFO] running `Command { std: "docker" "create" "-v" "/var/lib/crater-agent-workspace/builds/worker-72/target:/opt/rustwide/target:rw,Z" "-v" "/var/lib/crater-agent-workspace/builds/worker-72/source:/opt/rustwide/workdir:ro,Z" "-v" "/var/lib/crater-agent-workspace/cargo-home:/opt/rustwide/cargo-home:ro,Z" "-v" "/var/lib/crater-agent-workspace/rustup-home:/opt/rustwide/rustup-home:ro,Z" "-e" "SOURCE_DIR=/opt/rustwide/workdir" "-e" "CARGO_TARGET_DIR=/opt/rustwide/target" "-e" "CARGO_HOME=/opt/rustwide/cargo-home" "-e" "RUSTUP_HOME=/opt/rustwide/rustup-home" "-w" "/opt/rustwide/workdir" "-m" "1610612736" "--user" "0:0" "--network" "none" "ghcr.io/rust-lang/crates-build-env/linux@sha256:34b6a614d2c27851fe6cbf88fbd1137609cefab8b10d0615aaeb6fd47975d74e" "/opt/rustwide/cargo-home/bin/cargo" "+1.54.0" "metadata" "--no-deps" "--format-version=1", kill_on_drop: false }`
[INFO] [stdout] 7d41eb20ec918cb279a6f86a634820228af86e4fe6a94539906cad2437cfc717
[INFO] running `Command { std: "docker" "start" "-a" "7d41eb20ec918cb279a6f86a634820228af86e4fe6a94539906cad2437cfc717", kill_on_drop: false }`
[INFO] running `Command { std: "docker" "inspect" "7d41eb20ec918cb279a6f86a634820228af86e4fe6a94539906cad2437cfc717", kill_on_drop: false }`
[INFO] running `Command { std: "docker" "rm" "-f" "7d41eb20ec918cb279a6f86a634820228af86e4fe6a94539906cad2437cfc717", kill_on_drop: false }`
[INFO] [stdout] 7d41eb20ec918cb279a6f86a634820228af86e4fe6a94539906cad2437cfc717
[INFO] running `Command { std: "docker" "create" "-v" "/var/lib/crater-agent-workspace/builds/worker-72/target:/opt/rustwide/target:rw,Z" "-v" "/var/lib/crater-agent-workspace/builds/worker-72/source:/opt/rustwide/workdir:ro,Z" "-v" "/var/lib/crater-agent-workspace/cargo-home:/opt/rustwide/cargo-home:ro,Z" "-v" "/var/lib/crater-agent-workspace/rustup-home:/opt/rustwide/rustup-home:ro,Z" "-e" "SOURCE_DIR=/opt/rustwide/workdir" "-e" "CARGO_TARGET_DIR=/opt/rustwide/target" "-e" "CARGO_INCREMENTAL=0" "-e" "RUST_BACKTRACE=full" "-e" "RUSTFLAGS=--cap-lints=warn" "-e" "CARGO_HOME=/opt/rustwide/cargo-home" "-e" "RUSTUP_HOME=/opt/rustwide/rustup-home" "-w" "/opt/rustwide/workdir" "-m" "1610612736" "--user" "0:0" "--network" "none" "ghcr.io/rust-lang/crates-build-env/linux@sha256:34b6a614d2c27851fe6cbf88fbd1137609cefab8b10d0615aaeb6fd47975d74e" "/opt/rustwide/cargo-home/bin/cargo" "+1.54.0" "build" "--frozen" "--message-format=json", kill_on_drop: false }`
[INFO] [stdout] 3b5a6a720327d7e01027f6e73c5b022c461c02beab8f69b79d1cf84d66d56d9f
[INFO] running `Command { std: "docker" "start" "-a" "3b5a6a720327d7e01027f6e73c5b022c461c02beab8f69b79d1cf84d66d56d9f", kill_on_drop: false }`
[INFO] [stderr]     Blocking waiting for file lock on package cache
[INFO] [stderr]    Compiling byteorder v1.3.4
[INFO] [stderr]    Compiling memchr v2.3.4
[INFO] [stderr]    Compiling arrayvec v0.4.12
[INFO] [stderr]    Compiling nodrop v0.1.14
[INFO] [stderr]    Compiling regex-syntax v0.6.21
[INFO] [stderr]    Compiling array2d v0.2.1
[INFO] [stderr]    Compiling num-traits v0.2.14
[INFO] [stderr]    Compiling itertools v0.9.0
[INFO] [stderr]    Compiling aho-corasick v0.7.15
[INFO] [stderr]    Compiling stb_truetype v0.3.1
[INFO] [stderr]    Compiling stb_truetype v0.2.8
[INFO] [stderr]    Compiling num-traits v0.1.43
[INFO] [stderr]    Compiling regex v1.4.2
[INFO] [stderr]    Compiling ordered-float v0.5.2
[INFO] [stderr]    Compiling rusttype v0.4.3
[INFO] [stderr]    Compiling rs_aoc2020 v0.1.0 (/opt/rustwide/workdir)
[INFO] [stdout] warning: unused variable: `n`
[INFO] [stdout]    --> src/ticket_translation.rs:196:13
[INFO] [stdout]     |
[INFO] [stdout] 196 |         for n in 0..self.my_ticket.values.len() {
[INFO] [stdout]     |             ^ help: if this is intentional, prefix it with an underscore: `_n`
[INFO] [stdout]     |
[INFO] [stdout]     = note: `#[warn(unused_variables)]` on by default
[INFO] [stdout] 
[INFO] [stdout] 
[INFO] [stdout] warning: unused variable: `fieldname`
[INFO] [stdout]    --> src/ticket_translation.rs:198:18
[INFO] [stdout]     |
[INFO] [stdout] 198 |             for (fieldname, rule) in &self.fields {
[INFO] [stdout]     |                  ^^^^^^^^^ help: if this is intentional, prefix it with an underscore: `_fieldname`
[INFO] [stdout] 
[INFO] [stdout] 
[INFO] [stdout] warning: unused variable: `rule`
[INFO] [stdout]    --> src/ticket_translation.rs:198:29
[INFO] [stdout]     |
[INFO] [stdout] 198 |             for (fieldname, rule) in &self.fields {
[INFO] [stdout]     |                             ^^^^ help: if this is intentional, prefix it with an underscore: `_rule`
[INFO] [stdout] 
[INFO] [stdout] 
[INFO] [stdout] warning: 3 warnings emitted
[INFO] [stdout] 
[INFO] [stdout] 
[INFO] [stderr]     Finished dev [unoptimized + debuginfo] target(s) in 16.35s
[INFO] running `Command { std: "docker" "inspect" "3b5a6a720327d7e01027f6e73c5b022c461c02beab8f69b79d1cf84d66d56d9f", kill_on_drop: false }`
[INFO] running `Command { std: "docker" "rm" "-f" "3b5a6a720327d7e01027f6e73c5b022c461c02beab8f69b79d1cf84d66d56d9f", kill_on_drop: false }`
[INFO] [stdout] 3b5a6a720327d7e01027f6e73c5b022c461c02beab8f69b79d1cf84d66d56d9f
[INFO] running `Command { std: "docker" "create" "-v" "/var/lib/crater-agent-workspace/builds/worker-72/target:/opt/rustwide/target:rw,Z" "-v" "/var/lib/crater-agent-workspace/builds/worker-72/source:/opt/rustwide/workdir:ro,Z" "-v" "/var/lib/crater-agent-workspace/cargo-home:/opt/rustwide/cargo-home:ro,Z" "-v" "/var/lib/crater-agent-workspace/rustup-home:/opt/rustwide/rustup-home:ro,Z" "-e" "SOURCE_DIR=/opt/rustwide/workdir" "-e" "CARGO_TARGET_DIR=/opt/rustwide/target" "-e" "CARGO_INCREMENTAL=0" "-e" "RUST_BACKTRACE=full" "-e" "RUSTFLAGS=--cap-lints=warn" "-e" "CARGO_HOME=/opt/rustwide/cargo-home" "-e" "RUSTUP_HOME=/opt/rustwide/rustup-home" "-w" "/opt/rustwide/workdir" "-m" "1610612736" "--user" "0:0" "--network" "none" "ghcr.io/rust-lang/crates-build-env/linux@sha256:34b6a614d2c27851fe6cbf88fbd1137609cefab8b10d0615aaeb6fd47975d74e" "/opt/rustwide/cargo-home/bin/cargo" "+1.54.0" "test" "--frozen" "--no-run" "--message-format=json", kill_on_drop: false }`
[INFO] [stdout] 15b36804243c7a57f75a7b63df559299670ffa322f1dcb9d87e0f37d5ea6ee7f
[INFO] running `Command { std: "docker" "start" "-a" "15b36804243c7a57f75a7b63df559299670ffa322f1dcb9d87e0f37d5ea6ee7f", kill_on_drop: false }`
[INFO] [stderr]    Compiling rs_aoc2020 v0.1.0 (/opt/rustwide/workdir)
[INFO] [stdout] warning: unused variable: `n`
[INFO] [stdout]    --> src/ticket_translation.rs:196:13
[INFO] [stdout]     |
[INFO] [stdout] 196 |         for n in 0..self.my_ticket.values.len() {
[INFO] [stdout]     |             ^ help: if this is intentional, prefix it with an underscore: `_n`
[INFO] [stdout]     |
[INFO] [stdout]     = note: `#[warn(unused_variables)]` on by default
[INFO] [stdout] 
[INFO] [stdout] 
[INFO] [stdout] warning: unused variable: `fieldname`
[INFO] [stdout]    --> src/ticket_translation.rs:198:18
[INFO] [stdout]     |
[INFO] [stdout] 198 |             for (fieldname, rule) in &self.fields {
[INFO] [stdout]     |                  ^^^^^^^^^ help: if this is intentional, prefix it with an underscore: `_fieldname`
[INFO] [stdout] 
[INFO] [stdout] 
[INFO] [stdout] warning: unused variable: `rule`
[INFO] [stdout]    --> src/ticket_translation.rs:198:29
[INFO] [stdout]     |
[INFO] [stdout] 198 |             for (fieldname, rule) in &self.fields {
[INFO] [stdout]     |                             ^^^^ help: if this is intentional, prefix it with an underscore: `_rule`
[INFO] [stdout] 
[INFO] [stdout] 
[INFO] [stdout] warning: 3 warnings emitted
[INFO] [stdout] 
[INFO] [stdout] 
[INFO] [stderr]     Finished test [unoptimized + debuginfo] target(s) in 3.59s
[INFO] running `Command { std: "docker" "inspect" "15b36804243c7a57f75a7b63df559299670ffa322f1dcb9d87e0f37d5ea6ee7f", kill_on_drop: false }`
[INFO] running `Command { std: "docker" "rm" "-f" "15b36804243c7a57f75a7b63df559299670ffa322f1dcb9d87e0f37d5ea6ee7f", kill_on_drop: false }`
[INFO] [stdout] 15b36804243c7a57f75a7b63df559299670ffa322f1dcb9d87e0f37d5ea6ee7f
[INFO] running `Command { std: "docker" "create" "-v" "/var/lib/crater-agent-workspace/builds/worker-72/target:/opt/rustwide/target:rw,Z" "-v" "/var/lib/crater-agent-workspace/builds/worker-72/source:/opt/rustwide/workdir:ro,Z" "-v" "/var/lib/crater-agent-workspace/cargo-home:/opt/rustwide/cargo-home:ro,Z" "-v" "/var/lib/crater-agent-workspace/rustup-home:/opt/rustwide/rustup-home:ro,Z" "-e" "SOURCE_DIR=/opt/rustwide/workdir" "-e" "CARGO_TARGET_DIR=/opt/rustwide/target" "-e" "CARGO_INCREMENTAL=0" "-e" "RUST_BACKTRACE=full" "-e" "RUSTFLAGS=--cap-lints=warn" "-e" "CARGO_HOME=/opt/rustwide/cargo-home" "-e" "RUSTUP_HOME=/opt/rustwide/rustup-home" "-w" "/opt/rustwide/workdir" "-m" "1610612736" "--user" "0:0" "--network" "none" "ghcr.io/rust-lang/crates-build-env/linux@sha256:34b6a614d2c27851fe6cbf88fbd1137609cefab8b10d0615aaeb6fd47975d74e" "/opt/rustwide/cargo-home/bin/cargo" "+1.54.0" "test" "--frozen", kill_on_drop: false }`
[INFO] [stdout] 3eb1aaa10fa2c52539d175f92e330a8fcac51c87c4b5ae8dd18bddd69ba5bd63
[INFO] running `Command { std: "docker" "start" "-a" "3eb1aaa10fa2c52539d175f92e330a8fcac51c87c4b5ae8dd18bddd69ba5bd63", kill_on_drop: false }`
[INFO] [stderr] warning: unused variable: `n`
[INFO] [stderr]    --> src/ticket_translation.rs:196:13
[INFO] [stderr]     |
[INFO] [stderr] 196 |         for n in 0..self.my_ticket.values.len() {
[INFO] [stderr]     |             ^ help: if this is intentional, prefix it with an underscore: `_n`
[INFO] [stderr]     |
[INFO] [stderr]     = note: `#[warn(unused_variables)]` on by default
[INFO] [stderr] 
[INFO] [stderr] warning: unused variable: `fieldname`
[INFO] [stderr]    --> src/ticket_translation.rs:198:18
[INFO] [stderr]     |
[INFO] [stderr] 198 |             for (fieldname, rule) in &self.fields {
[INFO] [stderr]     |                  ^^^^^^^^^ help: if this is intentional, prefix it with an underscore: `_fieldname`
[INFO] [stderr] 
[INFO] [stderr] warning: unused variable: `rule`
[INFO] [stderr]    --> src/ticket_translation.rs:198:29
[INFO] [stderr]     |
[INFO] [stderr] 198 |             for (fieldname, rule) in &self.fields {
[INFO] [stderr]     |                             ^^^^ help: if this is intentional, prefix it with an underscore: `_rule`
[INFO] [stderr] 
[INFO] [stderr] warning: 3 warnings emitted
[INFO] [stderr] 
[INFO] [stderr]     Finished test [unoptimized + debuginfo] target(s) in 0.04s
[INFO] [stderr]      Running unittests (/opt/rustwide/target/debug/deps/rs_aoc2020-0e2e8e636ddfc551)
[INFO] [stdout] 
[INFO] [stdout] running 62 tests
[INFO] [stdout] test adapter_array::tests::test_load ... ok
[INFO] [stdout] test adapter_array::tests::test_part1 ... ok
[INFO] [stdout] test adapter_array::tests::test_part2 ... ok
[INFO] [stdout] test binary_boarding::tests::test_part1 ... ok
[INFO] [stdout] test binary_boarding::tests::test_part2 ... ok
[INFO] [stdout] test encoding_error::tests::test_find_invalid ... ok
[INFO] [stdout] test encoding_error::tests::test_load ... ok
[INFO] [stdout] test encoding_error::tests::test_weakness ... ok
[INFO] [stdout] test docking_data::tests::test_load ... ok
[INFO] [stdout] test docking_data::tests::test_part1_ex2 ... ok
[INFO] [stdout] test handheld_halting::tests::test_patch ... ok
[INFO] [stdout] test docking_data::tests::test_part2_ex2 ... ok
[INFO] [stdout] test docking_data::tests::test_part1_ex1 ... ok
[INFO] [stdout] test handheld_halting::tests::test_load ... ok
[INFO] [stdout] test handheld_halting::tests::test_run ... ok
[INFO] [stdout] test rambunctious_recitation::tests::test_load ... ok
[INFO] [stdout] test handheld_halting::tests::test_part1 ... ok
[INFO] [stdout] test encoding_error::tests::test_part2 ... ok
[INFO] [stdout] test report_repair::tests::test_part1 ... ok
[INFO] [stdout] test encoding_error::tests::test_part1 ... ok
[INFO] [stdout] test rambunctious_recitation::tests::test_part1 ... ok
[INFO] [stdout] test rain_risk::tests::test_load ... ok
[INFO] [stdout] test seating_system::tests::ex1_part1 ... ok
[INFO] [stdout] test rain_risk::tests::test_part1_ex1 ... ok
[INFO] [stdout] test seating_system::tests::ex1_part2 ... ok
[INFO] [stdout] test seating_system::tests::test_load ... ok
[INFO] [stdout] test rain_risk::tests::test_part2_ex1 ... ok
[INFO] [stdout] test docking_data::tests::test_part1 ... ok
[INFO] [stdout] test rambunctious_recitation::tests::test_part1_examples ... ok
[INFO] [stdout] test rain_risk::tests::test_part1 ... ok
[INFO] [stdout] test toboggan_trajectory::tests::test_part1 ... ok
[INFO] [stdout] test rain_risk::tests::test_part2 ... ok
[INFO] [stdout] test password_philosophy::tests::test_pp_part2 ... ok
[INFO] [stdout] test password_philosophy::tests::test_pp_part1 ... ok
[INFO] [stdout] test toboggan_trajectory::tests::test_part2 ... ok
[INFO] [stdout] test shuttle_search::tests::test_ex1_part1 ... ok
[INFO] [stdout] test shuttle_search::tests::test_part2_ex6 ... ok
[INFO] [stdout] test ticket_translation::tests::test_load ... ok
[INFO] [stdout] test custom_customs::tests::test_part1 ... ok
[INFO] [stdout] test shuttle_search::tests::test_part2_ex5 ... ok
[INFO] [stdout] test shuttle_search::tests::test_part2_ex2 ... ok
[INFO] [stdout] test shuttle_search::tests::test_part2_ex1 ... ok
[INFO] [stdout] test shuttle_search::tests::test_part2_ex4 ... ok
[INFO] [stdout] test shuttle_search::tests::test_part2 ... ok
[INFO] [stdout] test shuttle_search::tests::test_load ... ok
[INFO] [stdout] test shuttle_search::tests::test_part1 ... ok
[INFO] [stdout] test shuttle_search::tests::test_part2_ex3 ... ok
[INFO] [stdout] test ticket_translation::tests::test_part1_ex1 ... ok
[INFO] [stdout] test custom_customs::tests::test_part2 ... ok
[INFO] [stdout] test handheld_halting::tests::test_part2 ... ok
[INFO] [stdout] test passport_processing::tests::test_part1 ... ok
[INFO] [stdout] test ticket_translation::tests::test_part1 ... ok
[INFO] [stdout] test passport_processing::tests::test_part2 ... ok
[INFO] [stdout] test handy_haversacks::tests::test_part2 ... ok
[INFO] [stdout] test ticket_translation::tests::test_part2 ... FAILED
[INFO] [stdout] test handy_haversacks::tests::test_part1 ... ok
[INFO] [stdout] test docking_data::tests::test_part2 ... ok
[INFO] [stdout] test report_repair::tests::test_part2 ... ok
[INFO] [stdout] test seating_system::tests::part1 ... ok
[INFO] [stdout] test seating_system::tests::part2 ... ok
[INFO] [stdout] test rambunctious_recitation::tests::test_part2 ... ok
[INFO] [stdout] test rambunctious_recitation::tests::test_part2_examples ... ok
[INFO] [stdout] 
[INFO] [stdout] failures:
[INFO] [stdout] 
[INFO] [stdout] ---- ticket_translation::tests::test_part2 stdout ----
[INFO] [stdout] thread 'ticket_translation::tests::test_part2' panicked at 'assertion failed: `(left == right)`
[INFO] [stdout]   left: `Ok(0)`,
[INFO] [stdout]  right: `Ok(1265347500049)`', src/ticket_translation.rs:294:9
[INFO] [stdout] stack backtrace:
[INFO] [stdout]    0:     0x55a2daf73d80 - std::backtrace_rs::backtrace::libunwind::trace::h34055254b57d8e79
[INFO] [stdout]                                at /rustc/a178d0322ce20e33eac124758e837cbd80a6f633/library/std/src/../../backtrace/src/backtrace/libunwind.rs:90:5
[INFO] [stdout]    1:     0x55a2daf73d80 - std::backtrace_rs::backtrace::trace_unsynchronized::h8f1e3fbd9afff6ec
[INFO] [stdout]                                at /rustc/a178d0322ce20e33eac124758e837cbd80a6f633/library/std/src/../../backtrace/src/backtrace/mod.rs:66:5
[INFO] [stdout]    2:     0x55a2daf73d80 - std::sys_common::backtrace::_print_fmt::h3a99a796b770c360
[INFO] [stdout]                                at /rustc/a178d0322ce20e33eac124758e837cbd80a6f633/library/std/src/sys_common/backtrace.rs:67:5
[INFO] [stdout]    3:     0x55a2daf73d80 - <std::sys_common::backtrace::_print::DisplayBacktrace as core::fmt::Display>::fmt::h32d1f94a80615d18
[INFO] [stdout]                                at /rustc/a178d0322ce20e33eac124758e837cbd80a6f633/library/std/src/sys_common/backtrace.rs:46:22
[INFO] [stdout]    4:     0x55a2daf9676c - core::fmt::write::h306731c068f7162c
[INFO] [stdout]                                at /rustc/a178d0322ce20e33eac124758e837cbd80a6f633/library/core/src/fmt/mod.rs:1110:17
[INFO] [stdout]    5:     0x55a2daf70ca5 - std::io::Write::write_fmt::h87f19b0a2cd190bc
[INFO] [stdout]                                at /rustc/a178d0322ce20e33eac124758e837cbd80a6f633/library/std/src/io/mod.rs:1588:15
[INFO] [stdout]    6:     0x55a2daf75eeb - std::sys_common::backtrace::_print::h5abaa2601a852287
[INFO] [stdout]                                at /rustc/a178d0322ce20e33eac124758e837cbd80a6f633/library/std/src/sys_common/backtrace.rs:49:5
[INFO] [stdout]    7:     0x55a2daf75eeb - std::sys_common::backtrace::print::h8d81445442bb638f
[INFO] [stdout]                                at /rustc/a178d0322ce20e33eac124758e837cbd80a6f633/library/std/src/sys_common/backtrace.rs:36:9
[INFO] [stdout]    8:     0x55a2daf75eeb - std::panicking::default_hook::{{closure}}::hcfe804496a9fa747
[INFO] [stdout]                                at /rustc/a178d0322ce20e33eac124758e837cbd80a6f633/library/std/src/panicking.rs:208:50
[INFO] [stdout]    9:     0x55a2daf759fc - std::panicking::default_hook::hbea8e3ccf2ba8901
[INFO] [stdout]                                at /rustc/a178d0322ce20e33eac124758e837cbd80a6f633/library/std/src/panicking.rs:222:9
[INFO] [stdout]   10:     0x55a2daf765b4 - std::panicking::rust_panic_with_hook::h7ee9e1a2d0f8975a
[INFO] [stdout]                                at /rustc/a178d0322ce20e33eac124758e837cbd80a6f633/library/std/src/panicking.rs:622:17
[INFO] [stdout]   11:     0x55a2daf76097 - std::panicking::begin_panic_handler::{{closure}}::h8ab3b4491718b2c7
[INFO] [stdout]                                at /rustc/a178d0322ce20e33eac124758e837cbd80a6f633/library/std/src/panicking.rs:519:13
[INFO] [stdout]   12:     0x55a2daf7427c - std::sys_common::backtrace::__rust_end_short_backtrace::hd489062ffa586a9f
[INFO] [stdout]                                at /rustc/a178d0322ce20e33eac124758e837cbd80a6f633/library/std/src/sys_common/backtrace.rs:141:18
[INFO] [stdout]   13:     0x55a2daf75ff9 - rust_begin_unwind
[INFO] [stdout]                                at /rustc/a178d0322ce20e33eac124758e837cbd80a6f633/library/std/src/panicking.rs:515:5
[INFO] [stdout]   14:     0x55a2dacfbb31 - core::panicking::panic_fmt::hca6330e3e14086b4
[INFO] [stdout]                                at /rustc/a178d0322ce20e33eac124758e837cbd80a6f633/library/core/src/panicking.rs:92:14
[INFO] [stdout]   15:     0x55a2daf95088 - core::panicking::assert_failed_inner::h33b45280069a80ed
[INFO] [stdout]   16:     0x55a2dad30d8a - core::panicking::assert_failed::h38db8a9219b4db26
[INFO] [stdout]                                at /rustc/a178d0322ce20e33eac124758e837cbd80a6f633/library/core/src/panicking.rs:117:5
[INFO] [stdout]   17:     0x55a2dad3426b - rs_aoc2020::ticket_translation::tests::test_part2::hd821662160ca2fbf
[INFO] [stdout]                                at /opt/rustwide/workdir/src/ticket_translation.rs:294:9
[INFO] [stdout]   18:     0x55a2dad3416a - rs_aoc2020::ticket_translation::tests::test_part2::{{closure}}::h04f0d67a92abe587
[INFO] [stdout]                                at /opt/rustwide/workdir/src/ticket_translation.rs:292:5
[INFO] [stdout]   19:     0x55a2dad4017e - core::ops::function::FnOnce::call_once::h8ab307b0c8d02e74
[INFO] [stdout]                                at /rustc/a178d0322ce20e33eac124758e837cbd80a6f633/library/core/src/ops/function.rs:227:5
[INFO] [stdout]   20:     0x55a2dad83ef3 - core::ops::function::FnOnce::call_once::h152e7e439ff59e19
[INFO] [stdout]                                at /rustc/a178d0322ce20e33eac124758e837cbd80a6f633/library/core/src/ops/function.rs:227:5
[INFO] [stdout]   21:     0x55a2dad83ef3 - test::__rust_begin_short_backtrace::h0908f3b1fdbb72ab
[INFO] [stdout]                                at /rustc/a178d0322ce20e33eac124758e837cbd80a6f633/library/test/src/lib.rs:577:5
[INFO] [stdout]   22:     0x55a2dad829b0 - <alloc::boxed::Box<F,A> as core::ops::function::FnOnce<Args>>::call_once::hf6d2a51e5587546c
[INFO] [stdout]                                at /rustc/a178d0322ce20e33eac124758e837cbd80a6f633/library/alloc/src/boxed.rs:1575:9
[INFO] [stdout]   23:     0x55a2dad829b0 - <std::panic::AssertUnwindSafe<F> as core::ops::function::FnOnce<()>>::call_once::h8af660f3a89ef593
[INFO] [stderr] error: test failed, to rerun pass '--bin rs_aoc2020'
[INFO] [stdout]                                at /rustc/a178d0322ce20e33eac124758e837cbd80a6f633/library/std/src/panic.rs:347:9
[INFO] [stdout]   24:     0x55a2dad829b0 - std::panicking::try::do_call::hd36aef60f84b6d36
[INFO] [stdout]                                at /rustc/a178d0322ce20e33eac124758e837cbd80a6f633/library/std/src/panicking.rs:401:40
[INFO] [stdout]   25:     0x55a2dad829b0 - std::panicking::try::h9932b4480e69817c
[INFO] [stdout]                                at /rustc/a178d0322ce20e33eac124758e837cbd80a6f633/library/std/src/panicking.rs:365:19
[INFO] [stdout]   26:     0x55a2dad829b0 - std::panic::catch_unwind::h6aa177099cfff5f8
[INFO] [stdout]                                at /rustc/a178d0322ce20e33eac124758e837cbd80a6f633/library/std/src/panic.rs:434:14
[INFO] [stdout]   27:     0x55a2dad829b0 - test::run_test_in_process::h5884d6f2d99e20c3
[INFO] [stdout]                                at /rustc/a178d0322ce20e33eac124758e837cbd80a6f633/library/test/src/lib.rs:600:18
[INFO] [stdout]   28:     0x55a2dad829b0 - test::run_test::run_test_inner::{{closure}}::h6fdc58c6d5f5b6e3
[INFO] [stdout]                                at /rustc/a178d0322ce20e33eac124758e837cbd80a6f633/library/test/src/lib.rs:492:39
[INFO] [stdout]   29:     0x55a2dad5c062 - test::run_test::run_test_inner::{{closure}}::h408365d67a78ade8
[INFO] [stdout]                                at /rustc/a178d0322ce20e33eac124758e837cbd80a6f633/library/test/src/lib.rs:519:37
[INFO] [stdout]   30:     0x55a2dad5c062 - std::sys_common::backtrace::__rust_begin_short_backtrace::hb560b77c4f701523
[INFO] [stdout]                                at /rustc/a178d0322ce20e33eac124758e837cbd80a6f633/library/std/src/sys_common/backtrace.rs:125:18
[INFO] [stdout]   31:     0x55a2dad5fc18 - std::thread::Builder::spawn_unchecked::{{closure}}::{{closure}}::hf2e7831dad93c597
[INFO] [stdout]                                at /rustc/a178d0322ce20e33eac124758e837cbd80a6f633/library/std/src/thread/mod.rs:481:17
[INFO] [stdout]   32:     0x55a2dad5fc18 - <std::panic::AssertUnwindSafe<F> as core::ops::function::FnOnce<()>>::call_once::hd2e08783d8be4d02
[INFO] [stdout]                                at /rustc/a178d0322ce20e33eac124758e837cbd80a6f633/library/std/src/panic.rs:347:9
[INFO] [stdout]   33:     0x55a2dad5fc18 - std::panicking::try::do_call::h062597b7acfd6b82
[INFO] [stdout]                                at /rustc/a178d0322ce20e33eac124758e837cbd80a6f633/library/std/src/panicking.rs:401:40
[INFO] [stdout]   34:     0x55a2dad5fc18 - std::panicking::try::h0d7b79db04c14552
[INFO] [stdout]                                at /rustc/a178d0322ce20e33eac124758e837cbd80a6f633/library/std/src/panicking.rs:365:19
[INFO] [stdout]   35:     0x55a2dad5fc18 - std::panic::catch_unwind::hb01a0b5e7c8cd43b
[INFO] [stdout]                                at /rustc/a178d0322ce20e33eac124758e837cbd80a6f633/library/std/src/panic.rs:434:14
[INFO] [stdout]   36:     0x55a2dad5fc18 - std::thread::Builder::spawn_unchecked::{{closure}}::h5bde48cc887e0d1e
[INFO] [stdout]                                at /rustc/a178d0322ce20e33eac124758e837cbd80a6f633/library/std/src/thread/mod.rs:480:30
[INFO] [stdout]   37:     0x55a2dad5fc18 - core::ops::function::FnOnce::call_once{{vtable.shim}}::h745ea30807a29e55
[INFO] [stdout]                                at /rustc/a178d0322ce20e33eac124758e837cbd80a6f633/library/core/src/ops/function.rs:227:5
[INFO] [stdout]   38:     0x55a2daf7b0a7 - <alloc::boxed::Box<F,A> as core::ops::function::FnOnce<Args>>::call_once::h7ece6cfefaff1005
[INFO] [stdout]                                at /rustc/a178d0322ce20e33eac124758e837cbd80a6f633/library/alloc/src/boxed.rs:1575:9
[INFO] [stdout]   39:     0x55a2daf7b0a7 - <alloc::boxed::Box<F,A> as core::ops::function::FnOnce<Args>>::call_once::hb8b48e55c21f193e
[INFO] [stdout]                                at /rustc/a178d0322ce20e33eac124758e837cbd80a6f633/library/alloc/src/boxed.rs:1575:9
[INFO] [stdout]   40:     0x55a2daf7b0a7 - std::sys::unix::thread::Thread::new::thread_start::h8c7c4450dba62914
[INFO] [stdout]                                at /rustc/a178d0322ce20e33eac124758e837cbd80a6f633/library/std/src/sys/unix/thread.rs:71:17
[INFO] [stdout]   41:     0x7fb32376f609 - start_thread
[INFO] [stdout]   42:     0x7fb323541293 - clone
[INFO] [stdout]   43:                0x0 - <unknown>
[INFO] [stdout] 
[INFO] [stdout] 
[INFO] [stdout] failures:
[INFO] [stdout]     ticket_translation::tests::test_part2
[INFO] [stdout] 
[INFO] [stdout] test result: FAILED. 61 passed; 1 failed; 0 ignored; 0 measured; 0 filtered out; finished in 41.34s
[INFO] [stdout] 
[INFO] running `Command { std: "docker" "inspect" "3eb1aaa10fa2c52539d175f92e330a8fcac51c87c4b5ae8dd18bddd69ba5bd63", kill_on_drop: false }`
[INFO] running `Command { std: "docker" "rm" "-f" "3eb1aaa10fa2c52539d175f92e330a8fcac51c87c4b5ae8dd18bddd69ba5bd63", kill_on_drop: false }`
[INFO] [stdout] 3eb1aaa10fa2c52539d175f92e330a8fcac51c87c4b5ae8dd18bddd69ba5bd63
