[INFO] cloning repository https://github.com/dalance/pipecolor
[INFO] running `Command { std: "git" "-c" "credential.helper=" "-c" "credential.helper=/workspace/cargo-home/bin/git-credential-null" "clone" "--bare" "https://github.com/dalance/pipecolor" "/workspace/cache/git-repos/https%3A%2F%2Fgithub.com%2Fdalance%2Fpipecolor", kill_on_drop: false }`
[INFO] [stderr] Cloning into bare repository '/workspace/cache/git-repos/https%3A%2F%2Fgithub.com%2Fdalance%2Fpipecolor'...
[INFO] running `Command { std: "git" "rev-parse" "HEAD", kill_on_drop: false }`
[INFO] [stdout] 37d051f863e696e7b69514d20e685a9cf3a05ad1
[INFO] testing dalance/pipecolor against beta-2021-08-01 for beta-1.55-1
[INFO] running `Command { std: "git" "clone" "/workspace/cache/git-repos/https%3A%2F%2Fgithub.com%2Fdalance%2Fpipecolor" "/workspace/builds/worker-3/source", kill_on_drop: false }`
[INFO] [stderr] Cloning into '/workspace/builds/worker-3/source'...
[INFO] [stderr] done.
[INFO] validating manifest of git repo https://github.com/dalance/pipecolor on toolchain beta-2021-08-01
[INFO] running `Command { std: "/workspace/cargo-home/bin/cargo" "+beta-2021-08-01" "metadata" "--manifest-path" "Cargo.toml" "--no-deps", kill_on_drop: false }`
[INFO] started tweaking git repo https://github.com/dalance/pipecolor
[INFO] finished tweaking git repo https://github.com/dalance/pipecolor
[INFO] tweaked toml for git repo https://github.com/dalance/pipecolor written to /workspace/builds/worker-3/source/Cargo.toml
[INFO] crate git repo https://github.com/dalance/pipecolor already has a lockfile, it will not be regenerated
[INFO] running `Command { std: "/workspace/cargo-home/bin/cargo" "+beta-2021-08-01" "fetch" "--manifest-path" "Cargo.toml", kill_on_drop: false }`
[INFO] [stderr]  Downloading crates ...
[INFO] [stderr]   Downloaded timeout-readwrite v0.3.1
[INFO] [stderr]   Downloaded proc-reader v0.5.0
[INFO] running `Command { std: "docker" "create" "-v" "/var/lib/crater-agent-workspace/builds/worker-3/target:/opt/rustwide/target:rw,Z" "-v" "/var/lib/crater-agent-workspace/builds/worker-3/source:/opt/rustwide/workdir:ro,Z" "-v" "/var/lib/crater-agent-workspace/cargo-home:/opt/rustwide/cargo-home:ro,Z" "-v" "/var/lib/crater-agent-workspace/rustup-home:/opt/rustwide/rustup-home:ro,Z" "-e" "SOURCE_DIR=/opt/rustwide/workdir" "-e" "CARGO_TARGET_DIR=/opt/rustwide/target" "-e" "CARGO_HOME=/opt/rustwide/cargo-home" "-e" "RUSTUP_HOME=/opt/rustwide/rustup-home" "-w" "/opt/rustwide/workdir" "-m" "1610612736" "--user" "0:0" "--network" "none" "ghcr.io/rust-lang/crates-build-env/linux@sha256:34b6a614d2c27851fe6cbf88fbd1137609cefab8b10d0615aaeb6fd47975d74e" "/opt/rustwide/cargo-home/bin/cargo" "+beta-2021-08-01" "metadata" "--no-deps" "--format-version=1", kill_on_drop: false }`
[INFO] [stderr] WARNING: Your kernel does not support swap limit capabilities or the cgroup is not mounted. Memory limited without swap.
[INFO] [stdout] 3116dfc4d9585471f4ee5ef157294a0bd9acd7fd87f21c180957fbbfabbf5f1d
[INFO] running `Command { std: "docker" "start" "-a" "3116dfc4d9585471f4ee5ef157294a0bd9acd7fd87f21c180957fbbfabbf5f1d", kill_on_drop: false }`
[INFO] running `Command { std: "docker" "inspect" "3116dfc4d9585471f4ee5ef157294a0bd9acd7fd87f21c180957fbbfabbf5f1d", kill_on_drop: false }`
[INFO] running `Command { std: "docker" "rm" "-f" "3116dfc4d9585471f4ee5ef157294a0bd9acd7fd87f21c180957fbbfabbf5f1d", kill_on_drop: false }`
[INFO] [stdout] 3116dfc4d9585471f4ee5ef157294a0bd9acd7fd87f21c180957fbbfabbf5f1d
[INFO] running `Command { std: "docker" "create" "-v" "/var/lib/crater-agent-workspace/builds/worker-3/target:/opt/rustwide/target:rw,Z" "-v" "/var/lib/crater-agent-workspace/builds/worker-3/source:/opt/rustwide/workdir:ro,Z" "-v" "/var/lib/crater-agent-workspace/cargo-home:/opt/rustwide/cargo-home:ro,Z" "-v" "/var/lib/crater-agent-workspace/rustup-home:/opt/rustwide/rustup-home:ro,Z" "-e" "SOURCE_DIR=/opt/rustwide/workdir" "-e" "CARGO_TARGET_DIR=/opt/rustwide/target" "-e" "CARGO_INCREMENTAL=0" "-e" "RUST_BACKTRACE=full" "-e" "RUSTFLAGS=--cap-lints=warn" "-e" "CARGO_HOME=/opt/rustwide/cargo-home" "-e" "RUSTUP_HOME=/opt/rustwide/rustup-home" "-w" "/opt/rustwide/workdir" "-m" "1610612736" "--user" "0:0" "--network" "none" "ghcr.io/rust-lang/crates-build-env/linux@sha256:34b6a614d2c27851fe6cbf88fbd1137609cefab8b10d0615aaeb6fd47975d74e" "/opt/rustwide/cargo-home/bin/cargo" "+beta-2021-08-01" "build" "--frozen" "--message-format=json", kill_on_drop: false }`
[INFO] [stderr] WARNING: Your kernel does not support swap limit capabilities or the cgroup is not mounted. Memory limited without swap.
[INFO] [stdout] 274218158fe2f6be77efba7025906116ef31797abd3a24b7e8fc8b479d3215fb
[INFO] running `Command { std: "docker" "start" "-a" "274218158fe2f6be77efba7025906116ef31797abd3a24b7e8fc8b479d3215fb", kill_on_drop: false }`
[INFO] [stderr]    Compiling object v0.23.0
[INFO] [stderr]    Compiling bytecount v0.6.2
[INFO] [stderr]    Compiling numtoa v0.1.0
[INFO] [stderr]    Compiling getrandom v0.2.2
[INFO] [stderr]    Compiling pulldown-cmark v0.2.0
[INFO] [stderr]    Compiling nix v0.17.0
[INFO] [stderr]    Compiling dirs-sys v0.3.6
[INFO] [stderr]    Compiling semver v0.9.0
[INFO] [stderr]    Compiling serde_json v1.0.61
[INFO] [stderr]    Compiling structopt-derive v0.4.14
[INFO] [stderr]    Compiling rand_core v0.6.1
[INFO] [stderr]    Compiling termion v1.5.6
[INFO] [stderr]    Compiling dirs v3.0.2
[INFO] [stderr]    Compiling rand_chacha v0.3.0
[INFO] [stderr]    Compiling rand v0.8.2
[INFO] [stderr]    Compiling cargo_metadata v0.10.0
[INFO] [stderr]    Compiling tempfile v3.2.0
[INFO] [stderr]    Compiling structopt v0.3.21
[INFO] [stderr]    Compiling backtrace v0.3.56
[INFO] [stderr]    Compiling error-chain v0.12.4
[INFO] [stderr]    Compiling skeptic v0.13.5
[INFO] [stderr]    Compiling timeout-readwrite v0.3.1
[INFO] [stderr]    Compiling proc-reader v0.5.0
[INFO] [stderr]    Compiling pipecolor v0.4.3-pre (/opt/rustwide/workdir)
[INFO] [stderr]     Finished dev [unoptimized + debuginfo] target(s) in 22.62s
[INFO] running `Command { std: "docker" "inspect" "274218158fe2f6be77efba7025906116ef31797abd3a24b7e8fc8b479d3215fb", kill_on_drop: false }`
[INFO] running `Command { std: "docker" "rm" "-f" "274218158fe2f6be77efba7025906116ef31797abd3a24b7e8fc8b479d3215fb", kill_on_drop: false }`
[INFO] [stdout] 274218158fe2f6be77efba7025906116ef31797abd3a24b7e8fc8b479d3215fb
[INFO] running `Command { std: "docker" "create" "-v" "/var/lib/crater-agent-workspace/builds/worker-3/target:/opt/rustwide/target:rw,Z" "-v" "/var/lib/crater-agent-workspace/builds/worker-3/source:/opt/rustwide/workdir:ro,Z" "-v" "/var/lib/crater-agent-workspace/cargo-home:/opt/rustwide/cargo-home:ro,Z" "-v" "/var/lib/crater-agent-workspace/rustup-home:/opt/rustwide/rustup-home:ro,Z" "-e" "SOURCE_DIR=/opt/rustwide/workdir" "-e" "CARGO_TARGET_DIR=/opt/rustwide/target" "-e" "CARGO_INCREMENTAL=0" "-e" "RUST_BACKTRACE=full" "-e" "RUSTFLAGS=--cap-lints=warn" "-e" "CARGO_HOME=/opt/rustwide/cargo-home" "-e" "RUSTUP_HOME=/opt/rustwide/rustup-home" "-w" "/opt/rustwide/workdir" "-m" "1610612736" "--user" "0:0" "--network" "none" "ghcr.io/rust-lang/crates-build-env/linux@sha256:34b6a614d2c27851fe6cbf88fbd1137609cefab8b10d0615aaeb6fd47975d74e" "/opt/rustwide/cargo-home/bin/cargo" "+beta-2021-08-01" "test" "--frozen" "--no-run" "--message-format=json", kill_on_drop: false }`
[INFO] [stdout] 13464355ee3e0a664308f3d646c4355c5dd6b901331ad82d04c48e96d377df45
[INFO] [stderr] WARNING: Your kernel does not support swap limit capabilities or the cgroup is not mounted. Memory limited without swap.
[INFO] running `Command { std: "docker" "start" "-a" "13464355ee3e0a664308f3d646c4355c5dd6b901331ad82d04c48e96d377df45", kill_on_drop: false }`
[INFO] [stderr]    Compiling pipecolor v0.4.3-pre (/opt/rustwide/workdir)
[INFO] [stderr]     Finished test [unoptimized + debuginfo] target(s) in 4.49s
[INFO] running `Command { std: "docker" "inspect" "13464355ee3e0a664308f3d646c4355c5dd6b901331ad82d04c48e96d377df45", kill_on_drop: false }`
[INFO] running `Command { std: "docker" "rm" "-f" "13464355ee3e0a664308f3d646c4355c5dd6b901331ad82d04c48e96d377df45", kill_on_drop: false }`
[INFO] [stdout] 13464355ee3e0a664308f3d646c4355c5dd6b901331ad82d04c48e96d377df45
[INFO] running `Command { std: "docker" "create" "-v" "/var/lib/crater-agent-workspace/builds/worker-3/target:/opt/rustwide/target:rw,Z" "-v" "/var/lib/crater-agent-workspace/builds/worker-3/source:/opt/rustwide/workdir:ro,Z" "-v" "/var/lib/crater-agent-workspace/cargo-home:/opt/rustwide/cargo-home:ro,Z" "-v" "/var/lib/crater-agent-workspace/rustup-home:/opt/rustwide/rustup-home:ro,Z" "-e" "SOURCE_DIR=/opt/rustwide/workdir" "-e" "CARGO_TARGET_DIR=/opt/rustwide/target" "-e" "CARGO_INCREMENTAL=0" "-e" "RUST_BACKTRACE=full" "-e" "RUSTFLAGS=--cap-lints=warn" "-e" "CARGO_HOME=/opt/rustwide/cargo-home" "-e" "RUSTUP_HOME=/opt/rustwide/rustup-home" "-w" "/opt/rustwide/workdir" "-m" "1610612736" "--user" "0:0" "--network" "none" "ghcr.io/rust-lang/crates-build-env/linux@sha256:34b6a614d2c27851fe6cbf88fbd1137609cefab8b10d0615aaeb6fd47975d74e" "/opt/rustwide/cargo-home/bin/cargo" "+beta-2021-08-01" "test" "--frozen", kill_on_drop: false }`
[INFO] [stdout] 983e76b33d54c37fde17e0340db3d517a045fde7ddcecf1a6e5c4cf51d50e571
[INFO] [stderr] WARNING: Your kernel does not support swap limit capabilities or the cgroup is not mounted. Memory limited without swap.
[INFO] running `Command { std: "docker" "start" "-a" "983e76b33d54c37fde17e0340db3d517a045fde7ddcecf1a6e5c4cf51d50e571", kill_on_drop: false }`
[INFO] [stderr]     Finished test [unoptimized + debuginfo] target(s) in 0.06s
[INFO] [stderr]      Running unittests (/opt/rustwide/target/debug/deps/pipecolor-4b039ec768852782)
[INFO] [stdout] 
[INFO] [stdout] running 6 tests
[INFO] [stdout] test tests::test_read_config_fail ... ok
[INFO] [stdout] xxx.xxx.xx.xxx - - [25/Mar/2018:04:20:54 +0900] "GET /index.html HTTP/1.1" 302 278 "-" "Mozilla/5.0 (compatible; MSIE 10.0; Windows NT 6.1; Trident/6.0)"
[INFO] [stdout] xxx.xx.xx.xx - - [25/Mar/2018:04:23:20 +0900] "HEAD / HTTP/1.1" 302 - "https://xxx.xxx" "Mozilla/5.0 (compatible; MSIE 9.0; Windows NT 6.1; WOW64; Trident/5.0)"
[INFO] [stdout] xxx.xxx.xx.xx - - [25/Mar/2018:12:14:55 +0900] "POST /xxx.php HTTP/1.1" 302 281 "-" "Mozilla/5.0 (Windows NT 6.1; rv:34.0) Gecko/20100101 Firefox/34.0"
[INFO] [stdout] xx.xxx.xxx.xxx - - [25/Mar/2018:14:12:13 +0900] "GET / HTTP/1.1" 302 278 "-" "Mozilla/5.0 (Macintosh; Intel Mac OS X 10_12_0) AppleWebKit/537.36 (KHTML, like Gecko) Chrome/53.0.2785.143 Safari/537.36"
[INFO] [stdout] xxx.xxx.xx.xxx - - [25/Mar/2018:14:13:04 +0900] "GET /index.html HTTP/1.1" 302 278 "-" "Mozilla/5.0 (compatible; MSIE 10.0; Windows NT 6.1; Trident/6.0)"
[INFO] [stdout] xxx.xxx.xx.xxx - - [25/Mar/2018:14:13:04 +0900] "GET /index.html HTTP/1.1" 302 278 "-" "Mozilla/5.0 (compatible; MSIE 10.0; Windows NT 6.1; Trident/6.0)"
[INFO] [stdout] xxx.xxx.xx.xxx - - [25/Mar/2018:14:15:59 +0900] "GET /en/index.html HTTP/1.1" 302 278 "-" "Mozilla/5.0 (iPad; CPU OS 11_2_6 like Mac OS X) AppleWebKit/604.5.6 (KHTML, like Gecko) Version/11.0 Mobile/15D100 Safari/604.1"
[INFO] [stdout] xxx.xxx.xx.xxx - - [25/Mar/2018:14:18:36 +0900] "GET /index.html HTTP/1.1" 302 278 "-" "Mozilla/5.0 (compatible; MSIE 10.0; Windows NT 6.1; Trident/6.0)"
[INFO] [stdout] xxx.xxx.xx.xxx - - [25/Mar/2018:14:18:36 +0900] "GET /index.html HTTP/1.1" 302 278 "-" "Mozilla/5.0 (compatible; MSIE 10.0; Windows NT 6.1; Trident/6.0)"
[INFO] [stdout] xxx.xxx.xx.xxx - - [25/Mar/2018:14:24:05 +0900] "GET /index.html HTTP/1.1" 302 278 "-" "Mozilla/5.0 (compatible; MSIE 10.0; Windows NT 6.1; Trident/6.0)"
[INFO] [stdout] Mar 25 04:17:30 xxx postfix/smtpd[19644]: connect from example.com[xxx.xxx.xx.xxx]
[INFO] [stdout] Mar 25 04:17:30 xxx postfix/smtpd[19644]: SSL_accept error from example.com[xxx.xxx.xx.xxx]: -1
[INFO] [stdout] Mar 25 04:17:30 xxx postfix/smtpd[19644]: lost connection after STARTTLS from example.com[xxx.xxx.xx.xxx]
[INFO] [stdout] Mar 25 04:17:30 xxx postfix/smtpd[19644]: disconnect from example.com[xxx.xxx.xx.xxx]
[INFO] [stdout] Mar 25 04:17:31 xxx dovecot: imap-login: Disconnected: rip=xxx.xxx.xx.xxx, lip=xxx.xx.xxx.xxx
[INFO] [stdout] Mar 25 04:17:45 xxx postfix/smtpd[19644]: connect from example.com[xxx.xxx.xx.xxx]
[INFO] [stdout] Mar 25 04:17:45 xxx postfix/smtpd[19644]: SSL_accept error from example.com[xxx.xxx.xx.xxx]: -1
[INFO] [stdout] Mar 25 04:17:45 xxx postfix/smtpd[19644]: lost connection after STARTTLS from example.com[xxx.xxx.xx.xxx]
[INFO] [stdout] Mar 25 04:17:45 xxx postfix/smtpd[19644]: disconnect from example.com[xxx.xxx.xx.xxx]
[INFO] [stdout] Mar 25 04:17:46 xxx dovecot: imap-login: Login: user=<xxx>, method=PLAIN, rip=xxx.xxx.xx.xx, lip=xxx.xx.xxx.xxx, TLS
[INFO] [stdout] Mar 25 04:17:46 xxx dovecot: imap-login: Disconnected: rip=xxx.xxx.xx.xxx, lip=xxx.xx.xxx.xxx
[INFO] [stdout] Mar 25 04:17:46 xxx dovecot: IMAP(xxx): Connection closed
[INFO] [stdout] Mar 25 04:18:00 xxx postfix/smtpd[19644]: connect from example.com[xxx.xxx.xx.xxx]
[INFO] [stdout] Mar 25 04:18:00 xxx postfix/smtpd[19644]: SSL_accept error from example.com[xxx.xxx.xx.xxx]: -1
[INFO] [stdout] Mar 25 04:18:00 xxx postfix/smtpd[19644]: lost connection after STARTTLS from example.com[xxx.xxx.xx.xxx]
[INFO] [stdout] Mar 25 04:18:00 xxx postfix/smtpd[19644]: disconnect from example.com[xxx.xxx.xx.xxx]
[INFO] [stdout] Mar 25 04:18:01 xxx dovecot: imap-login: Disconnected: rip=xxx.xxx.xx.xxx, lip=xxx.xx.xxx.xxx
[INFO] [stdout] Mar 25 04:18:04 xxx dovecot: pop3-login: Login: user=<xxx>, method=PLAIN, rip=xxx.xx.xxx.xx, lip=xxx.xx.xxx.xxx
[INFO] [stdout] Mar 25 04:18:04 xxx dovecot: pop3-login: Login: user=<xxx>, method=PLAIN, rip=xxx.xxx.xx.xxx, lip=xxx.xx.xxx.xxx, TLS
[INFO] [stdout] Mar 25 04:18:04 xxx dovecot: POP3(xxx): Disconnected: Logged out top=0/0, retr=0/0, del=0/582, size=97911928
[INFO] [stdout] test tests::test_run ... ok
[INFO] [stdout] xxx.xxx.xx.xxx - - [25/Mar/2018:04:20:54 +0900] "GET /index.html HTTP/1.1" 302 278 "-" "Mozilla/5.0 (compatible; MSIE 10.0; Windows NT 6.1; Trident/6.0)"
[INFO] [stdout] xxx.xx.xx.xx - - [25/Mar/2018:04:23:20 +0900] "HEAD / HTTP/1.1" 302 - "https://xxx.xxx" "Mozilla/5.0 (compatible; MSIE 9.0; Windows NT 6.1; WOW64; Trident/5.0)"
[INFO] [stdout] xxx.xxx.xx.xx - - [25/Mar/2018:12:14:55 +0900] "POST /xxx.php HTTP/1.1" 302 281 "-" "Mozilla/5.0 (Windows NT 6.1; rv:34.0) Gecko/20100101 Firefox/34.0"
[INFO] [stdout] xx.xxx.xxx.xxx - - [25/Mar/2018:14:12:13 +0900] "GET / HTTP/1.1" 302 278 "-" "Mozilla/5.0 (Macintosh; Intel Mac OS X 10_12_0) AppleWebKit/537.36 (KHTML, like Gecko) Chrome/53.0.2785.143 Safari/537.36"
[INFO] [stdout] xxx.xxx.xx.xxx - - [25/Mar/2018:14:13:04 +0900] "GET /index.html HTTP/1.1" 302 278 "-" "Mozilla/5.0 (compatible; MSIE 10.0; Windows NT 6.1; Trident/6.0)"
[INFO] [stdout] xxx.xxx.xx.xxx - - [25/Mar/2018:14:13:04 +0900] "GET /index.html HTTP/1.1" 302 278 "-" "Mozilla/5.0 (compatible; MSIE 10.0; Windows NT 6.1; Trident/6.0)"
[INFO] [stdout] xxx.xxx.xx.xxx - - [25/Mar/2018:14:15:59 +0900] "GET /en/index.html HTTP/1.1" 302 278 "-" "Mozilla/5.0 (iPad; CPU OS 11_2_6 like Mac OS X) AppleWebKit/604.5.6 (KHTML, like Gecko) Version/11.0 Mobile/15D100 Safari/604.1"
[INFO] [stdout] xxx.xxx.xx.xxx - - [25/Mar/2018:14:18:36 +0900] "GET /index.html HTTP/1.1" 302 278 "-" "Mozilla/5.0 (compatible; MSIE 10.0; Windows NT 6.1; Trident/6.0)"
[INFO] [stdout] xxx.xxx.xx.xxx - - [25/Mar/2018:14:18:36 +0900] "GET /index.html HTTP/1.1" 302 278 "-" "Mozilla/5.0 (compatible; MSIE 10.0; Windows NT 6.1; Trident/6.0)"
[INFO] [stdout] xxx.xxx.xx.xxx - - [25/Mar/2018:14:24:05 +0900] "GET /index.html HTTP/1.1" 302 278 "-" "Mozilla/5.0 (compatible; MSIE 10.0; Windows NT 6.1; Trident/6.0)"
[INFO] [stdout] test tests::test_verbose ... ok
[INFO] [stdout] [38;5;7m[38;5;10mxxx.xxx.xx.xxx[38;5;7m - - [[38;5;12m25/Mar/2018:04:20:54 +0900[38;5;7m] "[38;5;14mGET[38;5;7m /index.html HTTP/1.1" 302 278 "-" "[38;5;2mMozilla/5.0 (compatible; MSIE 10.0; Windows NT 6.1; Trident/6.0)[38;5;7m"[39m
[INFO] [stdout] [38;5;7m[38;5;10mxxx.xx.xx.xx[38;5;7m - - [[38;5;12m25/Mar/2018:04:23:20 +0900[38;5;7m] "[38;5;13mHEAD[38;5;7m / HTTP/1.1" 302 - "https://xxx.xxx" "[38;5;2mMozilla/5.0 (compatible; MSIE 9.0; Windows NT 6.1; WOW64; Trident/5.0)[38;5;7m"[39m
[INFO] [stdout] [38;5;7m[38;5;10mxxx.xxx.xx.xx[38;5;7m - - [[38;5;12m25/Mar/2018:12:14:55 +0900[38;5;7m] "[38;5;11mPOST[38;5;7m /xxx.php HTTP/1.1" 302 281 "-" "[38;5;2mMozilla/5.0 (Windows NT 6.1; rv:34.0) Gecko/20100101 Firefox/34.0[38;5;7m"[39m
[INFO] [stdout] [38;5;7m[38;5;10mxx.xxx.xxx.xxx[38;5;7m - - [[38;5;12m25/Mar/2018:14:12:13 +0900[38;5;7m] "[38;5;14mGET[38;5;7m / HTTP/1.1" 302 278 "-" "[38;5;2mMozilla/5.0 (Macintosh; Intel Mac OS X 10_12_0) AppleWebKit/537.36 (KHTML, like Gecko) Chrome/53.0.2785.143 Safari/537.36[38;5;7m"[39m
[INFO] [stdout] [38;5;7m[38;5;10mxxx.xxx.xx.xxx[38;5;7m - - [[38;5;12m25/Mar/2018:14:13:04 +0900[38;5;7m] "[38;5;14mGET[38;5;7m /index.html HTTP/1.1" 302 278 "-" "[38;5;2mMozilla/5.0 (compatible; MSIE 10.0; Windows NT 6.1; Trident/6.0)[38;5;7m"[39m
[INFO] [stdout] [38;5;7m[38;5;10mxxx.xxx.xx.xxx[38;5;7m - - [[38;5;12m25/Mar/2018:14:13:04 +0900[38;5;7m] "[38;5;14mGET[38;5;7m /index.html HTTP/1.1" 302 278 "-" "[38;5;2mMozilla/5.0 (compatible; MSIE 10.0; Windows NT 6.1; Trident/6.0)[38;5;7m"[39m
[INFO] [stdout] [38;5;7m[38;5;10mxxx.xxx.xx.xxx[38;5;7m - - [[38;5;12m25/Mar/2018:14:15:59 +0900[38;5;7m] "[38;5;14mGET[38;5;7m /en/index.html HTTP/1.1" 302 278 "-" "[38;5;2mMozilla/5.0 (iPad; CPU OS 11_2_6 like Mac OS X) AppleWebKit/604.5.6 (KHTML, like Gecko) Version/11.0 Mobile/15D100 Safari/604.1[38;5;7m"[39m
[INFO] [stdout] [38;5;7m[38;5;10mxxx.xxx.xx.xxx[38;5;7m - - [[38;5;12m25/Mar/2018:14:18:36 +0900[38;5;7m] "[38;5;14mGET[38;5;7m /index.html HTTP/1.1" 302 278 "-" "[38;5;2mMozilla/5.0 (compatible; MSIE 10.0; Windows NT 6.1; Trident/6.0)[38;5;7m"[39m
[INFO] [stdout] [38;5;7m[38;5;10mxxx.xxx.xx.xxx[38;5;7m - - [[38;5;12m25/Mar/2018:14:18:36 +0900[38;5;7m] "[38;5;14mGET[38;5;7m /index.html HTTP/1.1" 302 278 "-" "[38;5;2mMozilla/5.0 (compatible; MSIE 10.0; Windows NT 6.1; Trident/6.0)[38;5;7m"[39m
[INFO] [stdout] [38;5;7m[38;5;10mxxx.xxx.xx.xxx[38;5;7m - - [[38;5;12m25/Mar/2018:14:24:05 +0900[38;5;7m] "[38;5;14mGET[38;5;7m /index.html HTTP/1.1" 302 278 "-" "[38;5;2mMozilla/5.0 (compatible; MSIE 10.0; Windows NT 6.1; Trident/6.0)[38;5;7m"[39m
[INFO] [stdout] test colorize::tests::test_colorize ... ok
[INFO] [stdout] xxx.xxx.xx.xxx - - [25/Mar/2018:04:20:54 +0900] "GET /index.html HTTP/1.1" 302 278 "-" "Mozilla/5.0 (compatible; MSIE 10.0; Windows NT 6.1; Trident/6.0)"
[INFO] [stdout] xxx.xx.xx.xx - - [25/Mar/2018:04:23:20 +0900] "HEAD / HTTP/1.1" 302 - "https://xxx.xxx" "Mozilla/5.0 (compatible; MSIE 9.0; Windows NT 6.1; WOW64; Trident/5.0)"
[INFO] [stdout] xxx.xxx.xx.xx - - [25/Mar/2018:12:14:55 +0900] "POST /xxx.php HTTP/1.1" 302 281 "-" "Mozilla/5.0 (Windows NT 6.1; rv:34.0) Gecko/20100101 Firefox/34.0"
[INFO] [stdout] xx.xxx.xxx.xxx - - [25/Mar/2018:14:12:13 +0900] "GET / HTTP/1.1" 302 278 "-" "Mozilla/5.0 (Macintosh; Intel Mac OS X 10_12_0) AppleWebKit/537.36 (KHTML, like Gecko) Chrome/53.0.2785.143 Safari/537.36"
[INFO] [stdout] xxx.xxx.xx.xxx - - [25/Mar/2018:14:13:04 +0900] "GET /index.html HTTP/1.1" 302 278 "-" "Mozilla/5.0 (compatible; MSIE 10.0; Windows NT 6.1; Trident/6.0)"
[INFO] [stdout] xxx.xxx.xx.xxx - - [25/Mar/2018:14:13:04 +0900] "GET /index.html HTTP/1.1" 302 278 "-" "Mozilla/5.0 (compatible; MSIE 10.0; Windows NT 6.1; Trident/6.0)"
[INFO] [stdout] xxx.xxx.xx.xxx - - [25/Mar/2018:14:15:59 +0900] "GET /en/index.html HTTP/1.1" 302 278 "-" "Mozilla/5.0 (iPad; CPU OS 11_2_6 like Mac OS X) AppleWebKit/604.5.6 (KHTML, like Gecko) Version/11.0 Mobile/15D100 Safari/604.1"
[INFO] [stdout] xxx.xxx.xx.xxx - - [25/Mar/2018:14:18:36 +0900] "GET /index.html HTTP/1.1" 302 278 "-" "Mozilla/5.0 (compatible; MSIE 10.0; Windows NT 6.1; Trident/6.0)"
[INFO] [stdout] xxx.xxx.xx.xxx - - [25/Mar/2018:14:18:36 +0900] "GET /index.html HTTP/1.1" 302 278 "-" "Mozilla/5.0 (compatible; MSIE 10.0; Windows NT 6.1; Trident/6.0)"
[INFO] [stdout] xxx.xxx.xx.xxx - - [25/Mar/2018:14:24:05 +0900] "GET /index.html HTTP/1.1" 302 278 "-" "Mozilla/5.0 (compatible; MSIE 10.0; Windows NT 6.1; Trident/6.0)"
[INFO] [stdout] xxx.xxx.xx.xxx - - [25/Mar/2018:04:20:54 +0900] "GET /index.html HTTP/1.1" 302 278 "-" "Mozilla/5.0 (compatible; MSIE 10.0; Windows NT 6.1; Trident/6.0)"
[INFO] [stdout] xxx.xx.xx.xx - - [25/Mar/2018:04:23:20 +0900] "HEAD / HTTP/1.1" 302 - "https://xxx.xxx" "Mozilla/5.0 (compatible; MSIE 9.0; Windows NT 6.1; WOW64; Trident/5.0)"
[INFO] [stdout] xxx.xxx.xx.xx - - [25/Mar/2018:12:14:55 +0900] "POST /xxx.php HTTP/1.1" 302 281 "-" "Mozilla/5.0 (Windows NT 6.1; rv:34.0) Gecko/20100101 Firefox/34.0"
[INFO] [stdout] xx.xxx.xxx.xxx - - [25/Mar/2018:14:12:13 +0900] "GET / HTTP/1.1" 302 278 "-" "Mozilla/5.0 (Macintosh; Intel Mac OS X 10_12_0) AppleWebKit/537.36 (KHTML, like Gecko) Chrome/53.0.2785.143 Safari/537.36"
[INFO] [stdout] xxx.xxx.xx.xxx - - [25/Mar/2018:14:13:04 +0900] "GET /index.html HTTP/1.1" 302 278 "-" "Mozilla/5.0 (compatible; MSIE 10.0; Windows NT 6.1; Trident/6.0)"
[INFO] [stdout] xxx.xxx.xx.xxx - - [25/Mar/2018:14:13:04 +0900] "GET /index.html HTTP/1.1" 302 278 "-" "Mozilla/5.0 (compatible; MSIE 10.0; Windows NT 6.1; Trident/6.0)"
[INFO] [stdout] xxx.xxx.xx.xxx - - [25/Mar/2018:14:15:59 +0900] "GET /en/index.html HTTP/1.1" 302 278 "-" "Mozilla/5.0 (iPad; CPU OS 11_2_6 like Mac OS X) AppleWebKit/604.5.6 (KHTML, like Gecko) Version/11.0 Mobile/15D100 Safari/604.1"
[INFO] [stdout] xxx.xxx.xx.xxx - - [25/Mar/2018:14:18:36 +0900] "GET /index.html HTTP/1.1" 302 278 "-" "Mozilla/5.0 (compatible; MSIE 10.0; Windows NT 6.1; Trident/6.0)"
[INFO] [stdout] xxx.xxx.xx.xxx - - [25/Mar/2018:14:18:36 +0900] "GET /index.html HTTP/1.1" 302 278 "-" "Mozilla/5.0 (compatible; MSIE 10.0; Windows NT 6.1; Trident/6.0)"
[INFO] [stdout] xxx.xxx.xx.xxx - - [25/Mar/2018:14:24:05 +0900] "GET /index.html HTTP/1.1" 302 278 "-" "Mozilla/5.0 (compatible; MSIE 10.0; Windows NT 6.1; Trident/6.0)"
[INFO] [stdout] test tests::test_mode ... ok
[INFO] [stdout] test colorize::tests::test_colorize_fail ... FAILED
[INFO] [stdout] 
[INFO] [stdout] failures:
[INFO] [stdout] 
[INFO] [stdout] ---- colorize::tests::test_colorize_fail stdout ----
[INFO] [stdout] thread 'colorize::tests::test_colorize_fail' panicked at 'assertion failed: `(left == right)`
[INFO] [stdout]   left: `"Err(Error(Msg(\"failed to parse color name 'xxx'\"),"`,
[INFO] [stdout]  right: `"Err(Error(Msg(\"failed to parse color name \\'xxx\\'\""`', src/colorize.rs:246:9
[INFO] [stdout] stack backtrace:
[INFO] [stdout]    0:     0x5598516b2a30 - std::backtrace_rs::backtrace::libunwind::trace::hff4d1766e93f64f1
[INFO] [stdout]                                at /rustc/53fd98ca776cb875bc9e5514f56b52eb74f9e7a9/library/std/src/../../backtrace/src/backtrace/libunwind.rs:90:5
[INFO] [stdout]    1:     0x5598516b2a30 - std::backtrace_rs::backtrace::trace_unsynchronized::h56bbc8eb78770bcb
[INFO] [stdout]                                at /rustc/53fd98ca776cb875bc9e5514f56b52eb74f9e7a9/library/std/src/../../backtrace/src/backtrace/mod.rs:66:5
[INFO] [stdout]    2:     0x5598516b2a30 - std::sys_common::backtrace::_print_fmt::h5c8e75464faca780
[INFO] [stdout]                                at /rustc/53fd98ca776cb875bc9e5514f56b52eb74f9e7a9/library/std/src/sys_common/backtrace.rs:67:5
[INFO] [stdout]    3:     0x5598516b2a30 - <std::sys_common::backtrace::_print::DisplayBacktrace as core::fmt::Display>::fmt::h48b88277def8b362
[INFO] [stdout]                                at /rustc/53fd98ca776cb875bc9e5514f56b52eb74f9e7a9/library/std/src/sys_common/backtrace.rs:46:22
[INFO] [stdout]    4:     0x5598516d665c - core::fmt::write::h3381b3176fe2b3d3
[INFO] [stdout]                                at /rustc/53fd98ca776cb875bc9e5514f56b52eb74f9e7a9/library/core/src/fmt/mod.rs:1115:17
[INFO] [stdout]    5:     0x5598516af4c5 - std::io::Write::write_fmt::h5f34a676f60246b5
[INFO] [stdout]                                at /rustc/53fd98ca776cb875bc9e5514f56b52eb74f9e7a9/library/std/src/io/mod.rs:1665:15
[INFO] [stdout]    6:     0x5598516b4bdb - std::sys_common::backtrace::_print::ha537687d6c17dd0d
[INFO] [stdout]                                at /rustc/53fd98ca776cb875bc9e5514f56b52eb74f9e7a9/library/std/src/sys_common/backtrace.rs:49:5
[INFO] [stdout]    7:     0x5598516b4bdb - std::sys_common::backtrace::print::h61376ae57d131d72
[INFO] [stdout]                                at /rustc/53fd98ca776cb875bc9e5514f56b52eb74f9e7a9/library/std/src/sys_common/backtrace.rs:36:9
[INFO] [stdout]    8:     0x5598516b4bdb - std::panicking::default_hook::{{closure}}::h0f7208c0b9644a54
[INFO] [stdout]                                at /rustc/53fd98ca776cb875bc9e5514f56b52eb74f9e7a9/library/std/src/panicking.rs:208:50
[INFO] [stdout]    9:     0x5598516b46ec - std::panicking::default_hook::hdac7fc06578c14ce
[INFO] [stdout]                                at /rustc/53fd98ca776cb875bc9e5514f56b52eb74f9e7a9/library/std/src/panicking.rs:222:9
[INFO] [stdout]   10:     0x5598516b52a4 - std::panicking::rust_panic_with_hook::h72b21c283da3d1ef
[INFO] [stdout]                                at /rustc/53fd98ca776cb875bc9e5514f56b52eb74f9e7a9/library/std/src/panicking.rs:622:17
[INFO] [stdout]   11:     0x5598516b4d87 - std::panicking::begin_panic_handler::{{closure}}::he5778f1729cff84a
[INFO] [stdout]                                at /rustc/53fd98ca776cb875bc9e5514f56b52eb74f9e7a9/library/std/src/panicking.rs:519:13
[INFO] [stdout]   12:     0x5598516b2f0c - std::sys_common::backtrace::__rust_end_short_backtrace::h2d11ca8b453b4b1d
[INFO] [stdout]                                at /rustc/53fd98ca776cb875bc9e5514f56b52eb74f9e7a9/library/std/src/sys_common/backtrace.rs:141:18
[INFO] [stdout]   13:     0x5598516b4ce9 - rust_begin_unwind
[INFO] [stdout]                                at /rustc/53fd98ca776cb875bc9e5514f56b52eb74f9e7a9/library/std/src/panicking.rs:515:5
[INFO] [stdout]   14:     0x5598511c2a31 - core::panicking::panic_fmt::hf9de31d4acbce4db
[INFO] [stdout]                                at /rustc/53fd98ca776cb875bc9e5514f56b52eb74f9e7a9/library/core/src/panicking.rs:92:14
[INFO] [stdout]   15:     0x5598516d4f78 - core::panicking::assert_failed_inner::h62e8cb2847a6e7ec
[INFO] [stdout]   16:     0x5598511ed77a - core::panicking::assert_failed::h14a9312f666728c4
[INFO] [stdout]                                at /rustc/53fd98ca776cb875bc9e5514f56b52eb74f9e7a9/library/core/src/panicking.rs:117:5
[INFO] [stdout]   17:     0x5598511ef0b4 - pipecolor::colorize::tests::test_colorize_fail::hb4b18a849858ca6d
[INFO] [stdout]                                at /opt/rustwide/workdir/src/colorize.rs:246:9
[INFO] [stdout]   18:     0x5598511eedfa - pipecolor::colorize::tests::test_colorize_fail::{{closure}}::hd92f6e1fe70c1da0
[INFO] [stdout]                                at /opt/rustwide/workdir/src/colorize.rs:243:5
[INFO] [stdout]   19:     0x559851206e6e - core::ops::function::FnOnce::call_once::h008a5bfc02ce119b
[INFO] [stdout]                                at /rustc/53fd98ca776cb875bc9e5514f56b52eb74f9e7a9/library/core/src/ops/function.rs:227:5
[INFO] [stdout]   20:     0x55985127f453 - core::ops::function::FnOnce::call_once::hbb52c4519d3137b0
[INFO] [stdout]                                at /rustc/53fd98ca776cb875bc9e5514f56b52eb74f9e7a9/library/core/src/ops/function.rs:227:5
[INFO] [stdout]   21:     0x55985127f453 - test::__rust_begin_short_backtrace::h86fe3a2a5a5121af
[INFO] [stdout]                                at /rustc/53fd98ca776cb875bc9e5514f56b52eb74f9e7a9/library/test/src/lib.rs:578:5
[INFO] [stdout]   22:     0x55985127df08 - <alloc::boxed::Box<F,A> as core::ops::function::FnOnce<Args>>::call_once::hfd956bc3d57399be
[INFO] [stdout]                                at /rustc/53fd98ca776cb875bc9e5514f56b52eb74f9e7a9/library/alloc/src/boxed.rs:1572:9
[INFO] [stdout]   23:     0x55985127df08 - <std::panic::AssertUnwindSafe<F> as core::ops::function::FnOnce<()>>::call_once::h40dc93e0ddb5938a
[INFO] [stdout]                                at /rustc/53fd98ca776cb875bc9e5514f56b52eb74f9e7a9/library/std/src/panic.rs:347:9
[INFO] [stdout]   24:     0x55985127df08 - std::panicking::try::do_call::h90d07750cb47c562
[INFO] [stdout]                                at /rustc/53fd98ca776cb875bc9e5514f56b52eb74f9e7a9/library/std/src/panicking.rs:401:40
[INFO] [stdout]   25:     0x55985127df08 - std::panicking::try::h063c84733ad2a629
[INFO] [stdout]                                at /rustc/53fd98ca776cb875bc9e5514f56b52eb74f9e7a9/library/std/src/panicking.rs:365:19
[INFO] [stdout]   26:     0x55985127df08 - std::panic::catch_unwind::h0c464836a84e7c08
[INFO] [stdout]                                at /rustc/53fd98ca776cb875bc9e5514f56b52eb74f9e7a9/library/std/src/panic.rs:434:14
[INFO] [stdout]   27:     0x55985127df08 - test::run_test_in_process::h5cb06ef620b157fc
[INFO] [stdout]                                at /rustc/53fd98ca776cb875bc9e5514f56b52eb74f9e7a9/library/test/src/lib.rs:601:18
[INFO] [stdout]   28:     0x55985127df08 - test::run_test::run_test_inner::{{closure}}::h76f677f4b93f9828
[INFO] [stdout]                                at /rustc/53fd98ca776cb875bc9e5514f56b52eb74f9e7a9/library/test/src/lib.rs:493:39
[INFO] [stdout]   29:     0x55985124c69d - test::run_test::run_test_inner::{{closure}}::h366d01fe04f4d67a
[INFO] [stdout]                                at /rustc/53fd98ca776cb875bc9e5514f56b52eb74f9e7a9/library/test/src/lib.rs:520:37
[INFO] [stdout]   30:     0x55985124c69d - std::sys_common::backtrace::__rust_begin_short_backtrace::h7dfa0de4eb395af2
[INFO] [stdout]                                at /rustc/53fd98ca776cb875bc9e5514f56b52eb74f9e7a9/library/std/src/sys_common/backtrace.rs:125:18
[INFO] [stdout]   31:     0x559851250e68 - std::thread::Builder::spawn_unchecked::{{closure}}::{{closure}}::hf0a74bb58798037f
[INFO] [stdout]                                at /rustc/53fd98ca776cb875bc9e5514f56b52eb74f9e7a9/library/std/src/thread/mod.rs:476:17
[INFO] [stdout]   32:     0x559851250e68 - <std::panic::AssertUnwindSafe<F> as core::ops::function::FnOnce<()>>::call_once::hb024e854818586ac
[INFO] [stdout]                                at /rustc/53fd98ca776cb875bc9e5514f56b52eb74f9e7a9/library/std/src/panic.rs:347:9
[INFO] [stdout]   33:     0x559851250e68 - std::panicking::try::do_call::hb2dd9f1d0d48e41d
[INFO] [stdout]                                at /rustc/53fd98ca776cb875bc9e5514f56b52eb74f9e7a9/library/std/src/panicking.rs:401:40
[INFO] [stdout]   34:     0x559851250e68 - std::panicking::try::h4717ae7bac8b2bf3
[INFO] [stdout]                                at /rustc/53fd98ca776cb875bc9e5514f56b52eb74f9e7a9/library/std/src/panicking.rs:365:19
[INFO] [stdout]   35:     0x559851250e68 - std::panic::catch_unwind::h0dc8a061326ce8d8
[INFO] [stdout]                                at /rustc/53fd98ca776cb875bc9e5514f56b52eb74f9e7a9/library/std/src/panic.rs:434:14
[INFO] [stdout]   36:     0x559851250e68 - std::thread::Builder::spawn_unchecked::{{closure}}::haa369e2d6fd00aa1
[INFO] [stdout]                                at /rustc/53fd98ca776cb875bc9e5514f56b52eb74f9e7a9/library/std/src/thread/mod.rs:475:30
[INFO] [stdout]   37:     0x559851250e68 - core::ops::function::FnOnce::call_once{{vtable.shim}}::h36dcf3de8b056f17
[INFO] [stdout]                                at /rustc/53fd98ca776cb875bc9e5514f56b52eb74f9e7a9/library/core/src/ops/function.rs:227:5
[INFO] [stdout]   38:     0x5598516b9e67 - <alloc::boxed::Box<F,A> as core::ops::function::FnOnce<Args>>::call_once::h65c29e4642be2358
[INFO] [stdout]                                at /rustc/53fd98ca776cb875bc9e5514f56b52eb74f9e7a9/library/alloc/src/boxed.rs:1572:9
[INFO] [stdout]   39:     0x5598516b9e67 - <alloc::boxed::Box<F,A> as core::ops::function::FnOnce<Args>>::call_once::hd0f8f7fbbd9fffbf
[INFO] [stdout]                                at /rustc/53fd98ca776cb875bc9e5514f56b52eb74f9e7a9/library/alloc/src/boxed.rs:1572:9
[INFO] [stdout]   40:     0x5598516b9e67 - std::sys::unix::thread::Thread::new::thread_start::h2fd22fee3ca77b65
[INFO] [stdout]                                at /rustc/53fd98ca776cb875bc9e5514f56b52eb74f9e7a9/library/std/src/sys/unix/thread.rs:74:17
[INFO] [stdout]   41:     0x7f88b598c609 - start_thread
[INFO] [stdout]   42:     0x7f88b575c293 - clone
[INFO] [stdout]   43:                0x0 - <unknown>
[INFO] [stdout] 
[INFO] [stdout] 
[INFO] [stdout] failures:
[INFO] [stdout]     colorize::tests::test_colorize_fail
[INFO] [stdout] 
[INFO] [stdout] test result: FAILED. 5 passed; 1 failed; 0 ignored; 0 measured; 0 filtered out; finished in 0.48s
[INFO] [stdout] 
[INFO] [stderr] error: test failed, to rerun pass '--bin pipecolor'
[INFO] running `Command { std: "docker" "inspect" "983e76b33d54c37fde17e0340db3d517a045fde7ddcecf1a6e5c4cf51d50e571", kill_on_drop: false }`
[INFO] running `Command { std: "docker" "rm" "-f" "983e76b33d54c37fde17e0340db3d517a045fde7ddcecf1a6e5c4cf51d50e571", kill_on_drop: false }`
[INFO] [stdout] 983e76b33d54c37fde17e0340db3d517a045fde7ddcecf1a6e5c4cf51d50e571
