[INFO] cloning repository https://github.com/csm123199/cml-rs
[INFO] running `Command { std: "git" "-c" "credential.helper=" "-c" "credential.helper=/workspace/cargo-home/bin/git-credential-null" "clone" "--bare" "https://github.com/csm123199/cml-rs" "/workspace/cache/git-repos/https%3A%2F%2Fgithub.com%2Fcsm123199%2Fcml-rs", kill_on_drop: false }`
[INFO] [stderr] Cloning into bare repository '/workspace/cache/git-repos/https%3A%2F%2Fgithub.com%2Fcsm123199%2Fcml-rs'...
[INFO] running `Command { std: "git" "rev-parse" "HEAD", kill_on_drop: false }`
[INFO] [stdout] 65946e0ebb2bd99519f363a06108908faa4c0632
[INFO] testing csm123199/cml-rs against beta-2021-08-01 for beta-1.55-1
[INFO] running `Command { std: "git" "clone" "/workspace/cache/git-repos/https%3A%2F%2Fgithub.com%2Fcsm123199%2Fcml-rs" "/workspace/builds/worker-14/source", kill_on_drop: false }`
[INFO] [stderr] Cloning into '/workspace/builds/worker-14/source'...
[INFO] [stderr] done.
[INFO] validating manifest of git repo https://github.com/csm123199/cml-rs on toolchain beta-2021-08-01
[INFO] running `Command { std: "/workspace/cargo-home/bin/cargo" "+beta-2021-08-01" "metadata" "--manifest-path" "Cargo.toml" "--no-deps", kill_on_drop: false }`
[INFO] started tweaking git repo https://github.com/csm123199/cml-rs
[INFO] finished tweaking git repo https://github.com/csm123199/cml-rs
[INFO] tweaked toml for git repo https://github.com/csm123199/cml-rs written to /workspace/builds/worker-14/source/Cargo.toml
[INFO] crate git repo https://github.com/csm123199/cml-rs already has a lockfile, it will not be regenerated
[INFO] running `Command { std: "/workspace/cargo-home/bin/cargo" "+beta-2021-08-01" "fetch" "--manifest-path" "Cargo.toml", kill_on_drop: false }`
[INFO] [stderr]  Downloading crates ...
[INFO] [stderr]   Downloaded crossterm v0.17.7
[INFO] [stderr]   Downloaded merge-io v0.3.0
[INFO] [stderr]   Downloaded async-ssh2-lite v0.2.1
[INFO] [stderr]   Downloaded minimad v0.6.9
[INFO] [stderr]   Downloaded termimad v0.9.7
[INFO] [stderr]   Downloaded ssh2 v0.9.1
[INFO] running `Command { std: "docker" "create" "-v" "/var/lib/crater-agent-workspace/builds/worker-14/target:/opt/rustwide/target:rw,Z" "-v" "/var/lib/crater-agent-workspace/builds/worker-14/source:/opt/rustwide/workdir:ro,Z" "-v" "/var/lib/crater-agent-workspace/cargo-home:/opt/rustwide/cargo-home:ro,Z" "-v" "/var/lib/crater-agent-workspace/rustup-home:/opt/rustwide/rustup-home:ro,Z" "-e" "SOURCE_DIR=/opt/rustwide/workdir" "-e" "CARGO_TARGET_DIR=/opt/rustwide/target" "-e" "CARGO_HOME=/opt/rustwide/cargo-home" "-e" "RUSTUP_HOME=/opt/rustwide/rustup-home" "-w" "/opt/rustwide/workdir" "-m" "1610612736" "--user" "0:0" "--network" "none" "ghcr.io/rust-lang/crates-build-env/linux@sha256:34b6a614d2c27851fe6cbf88fbd1137609cefab8b10d0615aaeb6fd47975d74e" "/opt/rustwide/cargo-home/bin/cargo" "+beta-2021-08-01" "metadata" "--no-deps" "--format-version=1", kill_on_drop: false }`
[INFO] [stdout] 4bd117fa9a4283b816d4dc207fb2dd46cb2322ce837ee7982c9e8c7b6537584b
[INFO] running `Command { std: "docker" "start" "-a" "4bd117fa9a4283b816d4dc207fb2dd46cb2322ce837ee7982c9e8c7b6537584b", kill_on_drop: false }`
[INFO] running `Command { std: "docker" "inspect" "4bd117fa9a4283b816d4dc207fb2dd46cb2322ce837ee7982c9e8c7b6537584b", kill_on_drop: false }`
[INFO] running `Command { std: "docker" "rm" "-f" "4bd117fa9a4283b816d4dc207fb2dd46cb2322ce837ee7982c9e8c7b6537584b", kill_on_drop: false }`
[INFO] [stdout] 4bd117fa9a4283b816d4dc207fb2dd46cb2322ce837ee7982c9e8c7b6537584b
[INFO] running `Command { std: "docker" "create" "-v" "/var/lib/crater-agent-workspace/builds/worker-14/target:/opt/rustwide/target:rw,Z" "-v" "/var/lib/crater-agent-workspace/builds/worker-14/source:/opt/rustwide/workdir:ro,Z" "-v" "/var/lib/crater-agent-workspace/cargo-home:/opt/rustwide/cargo-home:ro,Z" "-v" "/var/lib/crater-agent-workspace/rustup-home:/opt/rustwide/rustup-home:ro,Z" "-e" "SOURCE_DIR=/opt/rustwide/workdir" "-e" "CARGO_TARGET_DIR=/opt/rustwide/target" "-e" "CARGO_INCREMENTAL=0" "-e" "RUST_BACKTRACE=full" "-e" "RUSTFLAGS=--cap-lints=warn" "-e" "CARGO_HOME=/opt/rustwide/cargo-home" "-e" "RUSTUP_HOME=/opt/rustwide/rustup-home" "-w" "/opt/rustwide/workdir" "-m" "1610612736" "--user" "0:0" "--network" "none" "ghcr.io/rust-lang/crates-build-env/linux@sha256:34b6a614d2c27851fe6cbf88fbd1137609cefab8b10d0615aaeb6fd47975d74e" "/opt/rustwide/cargo-home/bin/cargo" "+beta-2021-08-01" "build" "--frozen" "--message-format=json", kill_on_drop: false }`
[INFO] [stdout] b4131f83dbe41bdfa1077cef5525b143a7e49ebfae5a4d995176a12327ba3064
[INFO] running `Command { std: "docker" "start" "-a" "b4131f83dbe41bdfa1077cef5525b143a7e49ebfae5a4d995176a12327ba3064", kill_on_drop: false }`
[INFO] [stderr]    Compiling strsim v0.10.0
[INFO] [stderr]    Compiling openssl-probe v0.1.4
[INFO] [stderr]    Compiling rustversion v1.0.5
[INFO] [stderr]    Compiling os_str_bytes v2.4.0
[INFO] [stderr]    Compiling cpufeatures v0.1.4
[INFO] [stderr]    Compiling utf-8 v0.7.6
[INFO] [stderr]    Compiling ascii v1.0.0
[INFO] [stderr]    Compiling smol_str v0.1.17
[INFO] [stderr]    Compiling tokio v1.6.0
[INFO] [stderr]    Compiling crossbeam-utils v0.8.4
[INFO] [stderr]    Compiling memoffset v0.6.3
[INFO] [stderr]    Compiling proc-macro-error-attr v1.0.4
[INFO] [stderr]    Compiling proc-macro-error v1.0.4
[INFO] [stderr]    Compiling libz-sys v1.1.3
[INFO] [stderr]    Compiling libssh2-sys v0.2.21
[INFO] [stderr]    Compiling input_buffer v0.4.0
[INFO] [stderr]    Compiling minimad v0.6.9
[INFO] [stderr]    Compiling merge-io v0.3.0
[INFO] [stderr]    Compiling textwrap v0.12.1
[INFO] [stderr]    Compiling mio v0.7.11
[INFO] [stderr]    Compiling parking_lot_core v0.7.2
[INFO] [stderr]    Compiling polling v2.0.3
[INFO] [stderr]    Compiling futures-lite v1.11.3
[INFO] [stderr]    Compiling regex v1.5.4
[INFO] [stderr]    Compiling tokio-macros v1.2.0
[INFO] [stderr]    Compiling serde_derive v1.0.126
[INFO] [stderr]    Compiling url v2.2.2
[INFO] [stderr]    Compiling thiserror-impl v1.0.24
[INFO] [stderr]    Compiling colored v2.0.0
[INFO] [stderr]    Compiling futures-util v0.3.15
[INFO] [stderr]    Compiling darling_core v0.12.4
[INFO] [stderr]    Compiling sha-1 v0.9.6
[INFO] [stderr]    Compiling parking_lot v0.10.2
[INFO] [stderr]    Compiling native-tls v0.2.7
[INFO] [stderr]    Compiling async-io v1.4.1
[INFO] [stderr]    Compiling signal-hook v0.1.17
[INFO] [stderr]    Compiling tungstenite v0.12.0
[INFO] [stderr]    Compiling env_logger v0.8.3
[INFO] [stderr]    Compiling crossterm v0.17.7
[INFO] [stderr]    Compiling crossterm v0.19.0
[INFO] [stderr]    Compiling crossbeam-epoch v0.9.4
[INFO] [stderr]    Compiling crossbeam-queue v0.3.1
[INFO] [stderr]    Compiling crossbeam-channel v0.5.1
[INFO] [stderr]    Compiling clap_derive v3.0.0-beta.2
[INFO] [stderr]    Compiling crossbeam-deque v0.8.0
[INFO] [stderr]    Compiling thiserror v1.0.24
[INFO] [stderr]    Compiling futures-executor v0.3.15
[INFO] [stderr]    Compiling futures v0.3.15
[INFO] [stderr]    Compiling darling_macro v0.12.4
[INFO] [stderr]    Compiling crossbeam v0.8.0
[INFO] [stderr]    Compiling termimad v0.9.7
[INFO] [stderr]    Compiling darling v0.12.4
[INFO] [stderr]    Compiling serde_with_macros v1.4.1
[INFO] [stderr]    Compiling clap v3.0.0-beta.2
[INFO] [stderr]    Compiling serde v1.0.126
[INFO] [stderr]    Compiling ssh2 v0.9.1
[INFO] [stderr]    Compiling tokio-util v0.6.7
[INFO] [stderr]    Compiling tokio-native-tls v0.3.0
[INFO] [stderr]    Compiling tokio-tungstenite v0.13.0
[INFO] [stderr]    Compiling tokio-stream v0.1.6
[INFO] [stderr]    Compiling async-ssh2-lite v0.2.1
[INFO] [stderr]    Compiling h2 v0.3.3
[INFO] [stderr]    Compiling serde_urlencoded v0.7.0
[INFO] [stderr]    Compiling serde_json v1.0.64
[INFO] [stderr]    Compiling serde_with v1.9.1
[INFO] [stderr]    Compiling hyper v0.14.7
[INFO] [stderr]    Compiling hyper-tls v0.5.0
[INFO] [stderr]    Compiling reqwest v0.11.3
[INFO] [stderr]    Compiling cml v0.1.5 (/opt/rustwide/workdir/cml)
[INFO] [stdout] warning: field is never read: `code`
[INFO] [stdout]    --> cml/src/rest.rs:144:2
[INFO] [stdout]     |
[INFO] [stdout] 144 |     pub code: isize,
[INFO] [stdout]     |     ^^^^^^^^^^^^^^^
[INFO] [stdout]     |
[INFO] [stdout]     = note: `#[warn(dead_code)]` on by default
[INFO] [stdout] 
[INFO] [stdout] 
[INFO] [stdout] warning: module `NodeDefData` should have a snake case name
[INFO] [stdout]    --> cml/src/rest_types.rs:286:5
[INFO] [stdout]     |
[INFO] [stdout] 286 | mod NodeDefData {
[INFO] [stdout]     |     ^^^^^^^^^^^ help: convert the identifier to snake case: `node_def_data`
[INFO] [stdout]     |
[INFO] [stdout]     = note: `#[warn(non_snake_case)]` on by default
[INFO] [stdout] 
[INFO] [stdout] 
[INFO] [stderr]    Compiling cmlrest v0.1.0 (/opt/rustwide/workdir/cmlrest)
[INFO] [stderr]    Compiling cmlterm v0.6.3 (/opt/rustwide/workdir/cmlterm)
[INFO] [stdout] warning: 2 warnings emitted
[INFO] [stdout] 
[INFO] [stdout] 
[INFO] [stdout] warning: unused variable: `args`
[INFO] [stdout]    --> cmlrest/src/lib.rs:110:25
[INFO] [stdout]     |
[INFO] [stdout] 110 |     async fn handle(&self, args: &Args, client: &CmlUser) -> Result<(), RestError> {
[INFO] [stdout]     |                            ^^^^ help: if this is intentional, prefix it with an underscore: `_args`
[INFO] [stdout]     |
[INFO] [stdout]     = note: `#[warn(unused_variables)]` on by default
[INFO] [stdout] 
[INFO] [stdout] 
[INFO] [stdout] warning: 1 warning emitted
[INFO] [stdout] 
[INFO] [stdout] 
[INFO] [stdout] warning: struct is never constructed: `ListingEntryVNCNode`
[INFO] [stdout]   --> cmlterm/src/listing.rs:68:8
[INFO] [stdout]    |
[INFO] [stdout] 68 | struct ListingEntryVNCNode {
[INFO] [stdout]    |        ^^^^^^^^^^^^^^^^^^^
[INFO] [stdout]    |
[INFO] [stdout]    = note: `#[warn(dead_code)]` on by default
[INFO] [stdout] 
[INFO] [stdout] 
[INFO] [stdout] warning: 1 warning emitted
[INFO] [stdout] 
[INFO] [stdout] 
[INFO] [stdout] warning: unused variable: `c`
[INFO] [stdout]    --> cmlterm/src/bin/__cmlterm_shell_completion/shell_quote.rs:538:52
[INFO] [stdout]     |
[INFO] [stdout] 538 |     pub fn as_double_compound<T: Into<Cow<'a, [u8]>>>(c: T) -> QuotedString<'a> {
[INFO] [stdout]     |                                                       ^ help: if this is intentional, prefix it with an underscore: `_c`
[INFO] [stdout]     |
[INFO] [stdout]     = note: `#[warn(unused_variables)]` on by default
[INFO] [stdout] 
[INFO] [stdout] 
[INFO] [stdout] warning: unused variable: `c`
[INFO] [stdout]    --> cmlterm/src/bin/__cmlterm_shell_completion/shell_quote.rs:549:52
[INFO] [stdout]     |
[INFO] [stdout] 549 |     pub fn as_locale_compound<T: Into<Cow<'a, [u8]>>>(c: T) -> QuotedString<'a> {
[INFO] [stdout]     |                                                       ^ help: if this is intentional, prefix it with an underscore: `_c`
[INFO] [stdout] 
[INFO] [stdout] 
[INFO] [stdout] warning: associated function is never used: `join_all`
[INFO] [stdout]    --> cmlterm/src/bin/__cmlterm_shell_completion/shell_quote.rs:351:5
[INFO] [stdout]     |
[INFO] [stdout] 351 |     fn join_all(&mut self) -> Cow<'_, str> {
[INFO] [stdout]     |        ^^^^^^^^
[INFO] [stdout]     |
[INFO] [stdout]     = note: `#[warn(dead_code)]` on by default
[INFO] [stdout] 
[INFO] [stdout] 
[INFO] [stdout] warning: associated function is never used: `as_words_lossy`
[INFO] [stdout]    --> cmlterm/src/bin/__cmlterm_shell_completion/shell_quote.rs:360:9
[INFO] [stdout]     |
[INFO] [stdout] 360 |     pub fn as_words_lossy(&'a mut self) -> (Vec<String>, bool) {
[INFO] [stdout]     |            ^^^^^^^^^^^^^^
[INFO] [stdout] 
[INFO] [stdout] 
[INFO] [stdout] warning: struct is never constructed: `Fields`
[INFO] [stdout]    --> cmlterm/src/bin/__cmlterm_shell_completion/shell_quote.rs:381:8
[INFO] [stdout]     |
[INFO] [stdout] 381 | struct Fields<'a> {
[INFO] [stdout]     |        ^^^^^^
[INFO] [stdout] 
[INFO] [stdout] 
[INFO] [stdout] warning: variant is never constructed: `Subshell`
[INFO] [stdout]    --> cmlterm/src/bin/__cmlterm_shell_completion/shell_quote.rs:437:2
[INFO] [stdout]     |
[INFO] [stdout] 437 |     Subshell(SubshellStyle, Vec<UnescapeResult<'a>>),
[INFO] [stdout]     |     ^^^^^^^^^^^^^^^^^^^^^^^^^^^^^^^^^^^^^^^^^^^^^^^^
[INFO] [stdout] 
[INFO] [stdout] 
[INFO] [stdout] warning: associated function is never used: `as_double_compound`
[INFO] [stdout]    --> cmlterm/src/bin/__cmlterm_shell_completion/shell_quote.rs:538:9
[INFO] [stdout]     |
[INFO] [stdout] 538 |     pub fn as_double_compound<T: Into<Cow<'a, [u8]>>>(c: T) -> QuotedString<'a> {
[INFO] [stdout]     |            ^^^^^^^^^^^^^^^^^^
[INFO] [stdout] 
[INFO] [stdout] 
[INFO] [stdout] warning: associated function is never used: `as_locale_compound`
[INFO] [stdout]    --> cmlterm/src/bin/__cmlterm_shell_completion/shell_quote.rs:549:9
[INFO] [stdout]     |
[INFO] [stdout] 549 |     pub fn as_locale_compound<T: Into<Cow<'a, [u8]>>>(c: T) -> QuotedString<'a> {
[INFO] [stdout]     |            ^^^^^^^^^^^^^^^^^^
[INFO] [stdout] 
[INFO] [stdout] 
[INFO] [stdout] warning: 8 warnings emitted
[INFO] [stdout] 
[INFO] [stdout] 
[INFO] [stderr]     Finished dev [unoptimized + debuginfo] target(s) in 1m 11s
[INFO] running `Command { std: "docker" "inspect" "b4131f83dbe41bdfa1077cef5525b143a7e49ebfae5a4d995176a12327ba3064", kill_on_drop: false }`
[INFO] running `Command { std: "docker" "rm" "-f" "b4131f83dbe41bdfa1077cef5525b143a7e49ebfae5a4d995176a12327ba3064", kill_on_drop: false }`
[INFO] [stdout] b4131f83dbe41bdfa1077cef5525b143a7e49ebfae5a4d995176a12327ba3064
[INFO] running `Command { std: "docker" "create" "-v" "/var/lib/crater-agent-workspace/builds/worker-14/target:/opt/rustwide/target:rw,Z" "-v" "/var/lib/crater-agent-workspace/builds/worker-14/source:/opt/rustwide/workdir:ro,Z" "-v" "/var/lib/crater-agent-workspace/cargo-home:/opt/rustwide/cargo-home:ro,Z" "-v" "/var/lib/crater-agent-workspace/rustup-home:/opt/rustwide/rustup-home:ro,Z" "-e" "SOURCE_DIR=/opt/rustwide/workdir" "-e" "CARGO_TARGET_DIR=/opt/rustwide/target" "-e" "CARGO_INCREMENTAL=0" "-e" "RUST_BACKTRACE=full" "-e" "RUSTFLAGS=--cap-lints=warn" "-e" "CARGO_HOME=/opt/rustwide/cargo-home" "-e" "RUSTUP_HOME=/opt/rustwide/rustup-home" "-w" "/opt/rustwide/workdir" "-m" "1610612736" "--user" "0:0" "--network" "none" "ghcr.io/rust-lang/crates-build-env/linux@sha256:34b6a614d2c27851fe6cbf88fbd1137609cefab8b10d0615aaeb6fd47975d74e" "/opt/rustwide/cargo-home/bin/cargo" "+beta-2021-08-01" "test" "--frozen" "--no-run" "--message-format=json", kill_on_drop: false }`
[INFO] [stdout] cbdb8ff75f57b3a483e942d2c7f0611501370deae1a24ec030b49a6adc7ed260
[INFO] running `Command { std: "docker" "start" "-a" "cbdb8ff75f57b3a483e942d2c7f0611501370deae1a24ec030b49a6adc7ed260", kill_on_drop: false }`
[INFO] [stdout] warning: field is never read: `code`
[INFO] [stdout]    --> cml/src/rest.rs:144:2
[INFO] [stdout]     |
[INFO] [stdout] 144 |     pub code: isize,
[INFO] [stdout]     |     ^^^^^^^^^^^^^^^
[INFO] [stdout]     |
[INFO] [stdout]     = note: `#[warn(dead_code)]` on by default
[INFO] [stdout] 
[INFO] [stdout] 
[INFO] [stdout] warning: module `NodeDefData` should have a snake case name
[INFO] [stdout]    --> cml/src/rest_types.rs:286:5
[INFO] [stdout]     |
[INFO] [stdout] 286 | mod NodeDefData {
[INFO] [stdout]     |     ^^^^^^^^^^^ help: convert the identifier to snake case: `node_def_data`
[INFO] [stdout]     |
[INFO] [stdout]     = note: `#[warn(non_snake_case)]` on by default
[INFO] [stdout] 
[INFO] [stdout] 
[INFO] [stdout] warning: 2 warnings emitted
[INFO] [stdout] 
[INFO] [stdout] 
[INFO] [stderr]    Compiling cml v0.1.5 (/opt/rustwide/workdir/cml)
[INFO] [stdout] warning: struct is never constructed: `ListingEntryVNCNode`
[INFO] [stdout]   --> cmlterm/src/listing.rs:68:8
[INFO] [stdout]    |
[INFO] [stdout] 68 | struct ListingEntryVNCNode {
[INFO] [stdout]    |        ^^^^^^^^^^^^^^^^^^^
[INFO] [stdout]    |
[INFO] [stdout]    = note: `#[warn(dead_code)]` on by default
[INFO] [stdout] 
[INFO] [stdout] 
[INFO] [stdout] warning: 1 warning emitted
[INFO] [stdout] 
[INFO] [stdout] 
[INFO] [stdout] warning: unused variable: `args`
[INFO] [stdout]    --> cmlrest/src/lib.rs:110:25
[INFO] [stdout]     |
[INFO] [stdout] 110 |     async fn handle(&self, args: &Args, client: &CmlUser) -> Result<(), RestError> {
[INFO] [stdout]     |                            ^^^^ help: if this is intentional, prefix it with an underscore: `_args`
[INFO] [stdout]     |
[INFO] [stdout]     = note: `#[warn(unused_variables)]` on by default
[INFO] [stdout] 
[INFO] [stdout] 
[INFO] [stdout] warning: 1 warning emitted
[INFO] [stdout] 
[INFO] [stdout] 
[INFO] [stderr]    Compiling cmlrest v0.1.0 (/opt/rustwide/workdir/cmlrest)
[INFO] [stderr]    Compiling cmlterm v0.6.3 (/opt/rustwide/workdir/cmlterm)
[INFO] [stdout] warning: unused variable: `args`
[INFO] [stdout]    --> cmlrest/src/lib.rs:110:25
[INFO] [stdout]     |
[INFO] [stdout] 110 |     async fn handle(&self, args: &Args, client: &CmlUser) -> Result<(), RestError> {
[INFO] [stdout]     |                            ^^^^ help: if this is intentional, prefix it with an underscore: `_args`
[INFO] [stdout]     |
[INFO] [stdout]     = note: `#[warn(unused_variables)]` on by default
[INFO] [stdout] 
[INFO] [stdout] 
[INFO] [stdout] warning: unused variable: `c`
[INFO] [stdout]    --> cmlterm/src/bin/__cmlterm_shell_completion/shell_quote.rs:538:52
[INFO] [stdout]     |
[INFO] [stdout] 538 |     pub fn as_double_compound<T: Into<Cow<'a, [u8]>>>(c: T) -> QuotedString<'a> {
[INFO] [stdout]     |                                                       ^ help: if this is intentional, prefix it with an underscore: `_c`
[INFO] [stdout]     |
[INFO] [stdout]     = note: `#[warn(unused_variables)]` on by default
[INFO] [stdout] 
[INFO] [stdout] 
[INFO] [stdout] warning: unused variable: `c`
[INFO] [stdout]    --> cmlterm/src/bin/__cmlterm_shell_completion/shell_quote.rs:549:52
[INFO] [stdout]     |
[INFO] [stdout] 549 |     pub fn as_locale_compound<T: Into<Cow<'a, [u8]>>>(c: T) -> QuotedString<'a> {
[INFO] [stdout]     |                                                       ^ help: if this is intentional, prefix it with an underscore: `_c`
[INFO] [stdout] 
[INFO] [stdout] 
[INFO] [stdout] warning: associated function is never used: `join_all`
[INFO] [stdout]    --> cmlterm/src/bin/__cmlterm_shell_completion/shell_quote.rs:351:5
[INFO] [stdout]     |
[INFO] [stdout] 351 |     fn join_all(&mut self) -> Cow<'_, str> {
[INFO] [stdout]     |        ^^^^^^^^
[INFO] [stdout]     |
[INFO] [stdout]     = note: `#[warn(dead_code)]` on by default
[INFO] [stdout] 
[INFO] [stdout] 
[INFO] [stdout] warning: associated function is never used: `as_words_lossy`
[INFO] [stdout]    --> cmlterm/src/bin/__cmlterm_shell_completion/shell_quote.rs:360:9
[INFO] [stdout]     |
[INFO] [stdout] 360 |     pub fn as_words_lossy(&'a mut self) -> (Vec<String>, bool) {
[INFO] [stdout]     |            ^^^^^^^^^^^^^^
[INFO] [stdout] 
[INFO] [stdout] 
[INFO] [stdout] warning: struct is never constructed: `Fields`
[INFO] [stdout]    --> cmlterm/src/bin/__cmlterm_shell_completion/shell_quote.rs:381:8
[INFO] [stdout]     |
[INFO] [stdout] 381 | struct Fields<'a> {
[INFO] [stdout]     |        ^^^^^^
[INFO] [stdout] 
[INFO] [stdout] 
[INFO] [stdout] warning: variant is never constructed: `Subshell`
[INFO] [stdout]    --> cmlterm/src/bin/__cmlterm_shell_completion/shell_quote.rs:437:2
[INFO] [stdout]     |
[INFO] [stdout] 437 |     Subshell(SubshellStyle, Vec<UnescapeResult<'a>>),
[INFO] [stdout]     |     ^^^^^^^^^^^^^^^^^^^^^^^^^^^^^^^^^^^^^^^^^^^^^^^^
[INFO] [stdout] 
[INFO] [stdout] 
[INFO] [stdout] warning: associated function is never used: `as_double_compound`
[INFO] [stdout]    --> cmlterm/src/bin/__cmlterm_shell_completion/shell_quote.rs:538:9
[INFO] [stdout]     |
[INFO] [stdout] 538 |     pub fn as_double_compound<T: Into<Cow<'a, [u8]>>>(c: T) -> QuotedString<'a> {
[INFO] [stdout]     |            ^^^^^^^^^^^^^^^^^^
[INFO] [stdout] 
[INFO] [stdout] 
[INFO] [stdout] warning: associated function is never used: `as_locale_compound`
[INFO] [stdout]    --> cmlterm/src/bin/__cmlterm_shell_completion/shell_quote.rs:549:9
[INFO] [stdout]     |
[INFO] [stdout] 549 |     pub fn as_locale_compound<T: Into<Cow<'a, [u8]>>>(c: T) -> QuotedString<'a> {
[INFO] [stdout]     |            ^^^^^^^^^^^^^^^^^^
[INFO] [stdout] 
[INFO] [stdout] 
[INFO] [stdout] warning: 1 warning emitted
[INFO] [stdout] 
[INFO] [stdout] 
[INFO] [stdout] warning: struct is never constructed: `ListingEntryVNCNode`
[INFO] [stdout]   --> cmlterm/src/listing.rs:68:8
[INFO] [stdout]    |
[INFO] [stdout] 68 | struct ListingEntryVNCNode {
[INFO] [stdout]    |        ^^^^^^^^^^^^^^^^^^^
[INFO] [stdout]    |
[INFO] [stdout]    = note: `#[warn(dead_code)]` on by default
[INFO] [stdout] 
[INFO] [stdout] 
[INFO] [stdout] warning: field is never read: `code`
[INFO] [stdout]    --> cml/src/rest.rs:144:2
[INFO] [stdout]     |
[INFO] [stdout] 144 |     pub code: isize,
[INFO] [stdout]     |     ^^^^^^^^^^^^^^^
[INFO] [stdout]     |
[INFO] [stdout]     = note: `#[warn(dead_code)]` on by default
[INFO] [stdout] 
[INFO] [stdout] 
[INFO] [stdout] warning: module `NodeDefData` should have a snake case name
[INFO] [stdout]    --> cml/src/rest_types.rs:286:5
[INFO] [stdout]     |
[INFO] [stdout] 286 | mod NodeDefData {
[INFO] [stdout]     |     ^^^^^^^^^^^ help: convert the identifier to snake case: `node_def_data`
[INFO] [stdout]     |
[INFO] [stdout]     = note: `#[warn(non_snake_case)]` on by default
[INFO] [stdout] 
[INFO] [stdout] 
[INFO] [stdout] warning: 1 warning emitted
[INFO] [stdout] 
[INFO] [stdout] 
[INFO] [stdout] warning: 8 warnings emitted
[INFO] [stdout] 
[INFO] [stdout] 
[INFO] [stdout] warning: 2 warnings emitted
[INFO] [stdout] 
[INFO] [stdout] 
[INFO] [stderr]     Finished test [unoptimized + debuginfo] target(s) in 4.48s
[INFO] running `Command { std: "docker" "inspect" "cbdb8ff75f57b3a483e942d2c7f0611501370deae1a24ec030b49a6adc7ed260", kill_on_drop: false }`
[INFO] running `Command { std: "docker" "rm" "-f" "cbdb8ff75f57b3a483e942d2c7f0611501370deae1a24ec030b49a6adc7ed260", kill_on_drop: false }`
[INFO] [stdout] cbdb8ff75f57b3a483e942d2c7f0611501370deae1a24ec030b49a6adc7ed260
[INFO] running `Command { std: "docker" "create" "-v" "/var/lib/crater-agent-workspace/builds/worker-14/target:/opt/rustwide/target:rw,Z" "-v" "/var/lib/crater-agent-workspace/builds/worker-14/source:/opt/rustwide/workdir:ro,Z" "-v" "/var/lib/crater-agent-workspace/cargo-home:/opt/rustwide/cargo-home:ro,Z" "-v" "/var/lib/crater-agent-workspace/rustup-home:/opt/rustwide/rustup-home:ro,Z" "-e" "SOURCE_DIR=/opt/rustwide/workdir" "-e" "CARGO_TARGET_DIR=/opt/rustwide/target" "-e" "CARGO_INCREMENTAL=0" "-e" "RUST_BACKTRACE=full" "-e" "RUSTFLAGS=--cap-lints=warn" "-e" "CARGO_HOME=/opt/rustwide/cargo-home" "-e" "RUSTUP_HOME=/opt/rustwide/rustup-home" "-w" "/opt/rustwide/workdir" "-m" "1610612736" "--user" "0:0" "--network" "none" "ghcr.io/rust-lang/crates-build-env/linux@sha256:34b6a614d2c27851fe6cbf88fbd1137609cefab8b10d0615aaeb6fd47975d74e" "/opt/rustwide/cargo-home/bin/cargo" "+beta-2021-08-01" "test" "--frozen", kill_on_drop: false }`
[INFO] [stdout] 3136ed191633c418573b86ce2026360665b3aa24ae9eb7daec6a5c2afe9da7b5
[INFO] running `Command { std: "docker" "start" "-a" "3136ed191633c418573b86ce2026360665b3aa24ae9eb7daec6a5c2afe9da7b5", kill_on_drop: false }`
[INFO] [stderr] warning: field is never read: `code`
[INFO] [stderr]    --> cml/src/rest.rs:144:2
[INFO] [stderr]     |
[INFO] [stderr] 144 |     pub code: isize,
[INFO] [stderr]     |     ^^^^^^^^^^^^^^^
[INFO] [stderr]     |
[INFO] [stderr]     = note: `#[warn(dead_code)]` on by default
[INFO] [stderr] 
[INFO] [stderr] warning: module `NodeDefData` should have a snake case name
[INFO] [stderr]    --> cml/src/rest_types.rs:286:5
[INFO] [stderr]     |
[INFO] [stderr] 286 | mod NodeDefData {
[INFO] [stderr]     |     ^^^^^^^^^^^ help: convert the identifier to snake case: `node_def_data`
[INFO] [stderr]     |
[INFO] [stderr]     = note: `#[warn(non_snake_case)]` on by default
[INFO] [stderr] 
[INFO] [stderr] warning: `cml` (lib) generated 2 warnings
[INFO] [stderr] warning: `cml` (lib test) generated 2 warnings (2 duplicates)
[INFO] [stderr] warning: unused variable: `args`
[INFO] [stderr]    --> cmlrest/src/lib.rs:110:25
[INFO] [stderr]     |
[INFO] [stderr] 110 |     async fn handle(&self, args: &Args, client: &CmlUser) -> Result<(), RestError> {
[INFO] [stderr]     |                            ^^^^ help: if this is intentional, prefix it with an underscore: `_args`
[INFO] [stderr]     |
[INFO] [stderr]     = note: `#[warn(unused_variables)]` on by default
[INFO] [stderr] 
[INFO] [stderr] warning: struct is never constructed: `ListingEntryVNCNode`
[INFO] [stderr]   --> cmlterm/src/listing.rs:68:8
[INFO] [stderr]    |
[INFO] [stderr] 68 | struct ListingEntryVNCNode {
[INFO] [stderr]    |        ^^^^^^^^^^^^^^^^^^^
[INFO] [stderr]    |
[INFO] [stderr]    = note: `#[warn(dead_code)]` on by default
[INFO] [stderr] 
[INFO] [stderr] warning: `cmlrest` (lib) generated 1 warning
[INFO] [stderr] warning: `cmlterm` (lib) generated 1 warning
[INFO] [stderr] warning: `cmlrest` (lib test) generated 1 warning (1 duplicate)
[INFO] [stderr] warning: `cmlterm` (lib test) generated 1 warning (1 duplicate)
[INFO] [stderr] warning: unused variable: `c`
[INFO] [stderr]    --> cmlterm/src/bin/__cmlterm_shell_completion/shell_quote.rs:538:52
[INFO] [stderr]     |
[INFO] [stderr] 538 |     pub fn as_double_compound<T: Into<Cow<'a, [u8]>>>(c: T) -> QuotedString<'a> {
[INFO] [stderr]     |                                                       ^ help: if this is intentional, prefix it with an underscore: `_c`
[INFO] [stderr]     |
[INFO] [stderr]     = note: `#[warn(unused_variables)]` on by default
[INFO] [stderr] 
[INFO] [stderr] warning: unused variable: `c`
[INFO] [stderr]    --> cmlterm/src/bin/__cmlterm_shell_completion/shell_quote.rs:549:52
[INFO] [stderr]     |
[INFO] [stderr] 549 |     pub fn as_locale_compound<T: Into<Cow<'a, [u8]>>>(c: T) -> QuotedString<'a> {
[INFO] [stderr]     |                                                       ^ help: if this is intentional, prefix it with an underscore: `_c`
[INFO] [stderr] 
[INFO] [stderr] warning: associated function is never used: `join_all`
[INFO] [stderr]    --> cmlterm/src/bin/__cmlterm_shell_completion/shell_quote.rs:351:5
[INFO] [stderr]     |
[INFO] [stderr] 351 |     fn join_all(&mut self) -> Cow<'_, str> {
[INFO] [stderr]     |        ^^^^^^^^
[INFO] [stderr]     |
[INFO] [stderr]     = note: `#[warn(dead_code)]` on by default
[INFO] [stderr] 
[INFO] [stderr] warning: associated function is never used: `as_words_lossy`
[INFO] [stderr]    --> cmlterm/src/bin/__cmlterm_shell_completion/shell_quote.rs:360:9
[INFO] [stderr]     |
[INFO] [stderr] 360 |     pub fn as_words_lossy(&'a mut self) -> (Vec<String>, bool) {
[INFO] [stderr]     |            ^^^^^^^^^^^^^^
[INFO] [stderr] 
[INFO] [stderr] warning: struct is never constructed: `Fields`
[INFO] [stderr]    --> cmlterm/src/bin/__cmlterm_shell_completion/shell_quote.rs:381:8
[INFO] [stderr]     |
[INFO] [stderr] 381 | struct Fields<'a> {
[INFO] [stderr]     |        ^^^^^^
[INFO] [stderr] 
[INFO] [stderr] warning: variant is never constructed: `Subshell`
[INFO] [stderr]    --> cmlterm/src/bin/__cmlterm_shell_completion/shell_quote.rs:437:2
[INFO] [stderr]     |
[INFO] [stderr] 437 |     Subshell(SubshellStyle, Vec<UnescapeResult<'a>>),
[INFO] [stderr]     |     ^^^^^^^^^^^^^^^^^^^^^^^^^^^^^^^^^^^^^^^^^^^^^^^^
[INFO] [stderr] 
[INFO] [stderr] warning: associated function is never used: `as_double_compound`
[INFO] [stderr]    --> cmlterm/src/bin/__cmlterm_shell_completion/shell_quote.rs:538:9
[INFO] [stderr]     |
[INFO] [stderr] 538 |     pub fn as_double_compound<T: Into<Cow<'a, [u8]>>>(c: T) -> QuotedString<'a> {
[INFO] [stderr]     |            ^^^^^^^^^^^^^^^^^^
[INFO] [stderr] 
[INFO] [stderr] warning: associated function is never used: `as_locale_compound`
[INFO] [stderr]    --> cmlterm/src/bin/__cmlterm_shell_completion/shell_quote.rs:549:9
[INFO] [stderr]     |
[INFO] [stderr] 549 |     pub fn as_locale_compound<T: Into<Cow<'a, [u8]>>>(c: T) -> QuotedString<'a> {
[INFO] [stderr]     |            ^^^^^^^^^^^^^^^^^^
[INFO] [stderr] 
[INFO] [stderr] warning: `cmlterm` (bin "__cmlterm_shell_completion" test) generated 8 warnings
[INFO] [stderr]     Finished test [unoptimized + debuginfo] target(s) in 0.15s
[INFO] [stdout] 
[INFO] [stderr]      Running unittests (/opt/rustwide/target/debug/deps/cml-70f2c81c922e2779)
[INFO] [stdout] running 0 tests
[INFO] [stdout] 
[INFO] [stdout] test result: ok. 0 passed; 0 failed; 0 ignored; 0 measured; 0 filtered out; finished in 0.00s
[INFO] [stdout] 
[INFO] [stderr]      Running unittests (/opt/rustwide/target/debug/deps/cmlrest-176ec7bb0ea60636)
[INFO] [stdout] 
[INFO] [stdout] running 0 tests
[INFO] [stdout] 
[INFO] [stdout] test result: ok. 0 passed; 0 failed; 0 ignored; 0 measured; 0 filtered out; finished in 0.00s
[INFO] [stdout] 
[INFO] [stderr]      Running unittests (/opt/rustwide/target/debug/deps/__cmlrest_shell_completion-fe00fb30dee87ab8)
[INFO] [stdout] 
[INFO] [stdout] running 0 tests
[INFO] [stdout] 
[INFO] [stdout] test result: ok. 0 passed; 0 failed; 0 ignored; 0 measured; 0 filtered out; finished in 0.00s
[INFO] [stdout] 
[INFO] [stderr]      Running unittests (/opt/rustwide/target/debug/deps/cmlrest-63509ffce7d9c517)
[INFO] [stdout] 
[INFO] [stdout] running 0 tests
[INFO] [stdout] 
[INFO] [stdout] test result: ok. 0 passed; 0 failed; 0 ignored; 0 measured; 0 filtered out; finished in 0.00s
[INFO] [stdout] 
[INFO] [stderr]      Running unittests (/opt/rustwide/target/debug/deps/cmlterm-f9cd9fc040f3b5a8)
[INFO] [stdout] 
[INFO] [stderr]      Running unittests (/opt/rustwide/target/debug/deps/__cmlterm_shell_completion-80f417fd6e937543)
[INFO] [stdout] running 0 tests
[INFO] [stdout] 
[INFO] [stdout] test result: ok. 0 passed; 0 failed; 0 ignored; 0 measured; 0 filtered out; finished in 0.00s
[INFO] [stdout] 
[INFO] [stdout] 
[INFO] [stdout] running 6 tests
[INFO] [stdout] test shell_quote::tests::bash_doubly_quoted_substrings ... ok
[INFO] [stdout] test shell_quote::tests::bash_quote_double ... ok
[INFO] [stdout] test shell_quote::tests::bash_separate_plain_fields ... ok
[INFO] [stdout] test shell_quote::tests::bash_quote_single ... ok
[INFO] [stdout] test shell_quote::tests::bash_quote_backslash ... ok
[INFO] [stdout] test shell_quote::tests::parse_plain_consecutive_strings_all_types ... FAILED
[INFO] [stdout] 
[INFO] [stdout] failures:
[INFO] [stdout] 
[INFO] [stdout] ---- shell_quote::tests::parse_plain_consecutive_strings_all_types stdout ----
[INFO] [stdout] thread 'shell_quote::tests::parse_plain_consecutive_strings_all_types' panicked at 'not yet implemented: Unescaping strings with AnsiC style quotes are not currently supported.', cmlterm/src/bin/__cmlterm_shell_completion/shell_quote.rs:737:34
[INFO] [stdout] stack backtrace:
[INFO] [stdout]    0:     0x5651b25e4190 - std::backtrace_rs::backtrace::libunwind::trace::hff4d1766e93f64f1
[INFO] [stdout]                                at /rustc/53fd98ca776cb875bc9e5514f56b52eb74f9e7a9/library/std/src/../../backtrace/src/backtrace/libunwind.rs:90:5
[INFO] [stdout]    1:     0x5651b25e4190 - std::backtrace_rs::backtrace::trace_unsynchronized::h56bbc8eb78770bcb
[INFO] [stdout]                                at /rustc/53fd98ca776cb875bc9e5514f56b52eb74f9e7a9/library/std/src/../../backtrace/src/backtrace/mod.rs:66:5
[INFO] [stdout]    2:     0x5651b25e4190 - std::sys_common::backtrace::_print_fmt::h5c8e75464faca780
[INFO] [stdout]                                at /rustc/53fd98ca776cb875bc9e5514f56b52eb74f9e7a9/library/std/src/sys_common/backtrace.rs:67:5
[INFO] [stdout]    3:     0x5651b25e4190 - <std::sys_common::backtrace::_print::DisplayBacktrace as core::fmt::Display>::fmt::h48b88277def8b362
[INFO] [stdout]                                at /rustc/53fd98ca776cb875bc9e5514f56b52eb74f9e7a9/library/std/src/sys_common/backtrace.rs:46:22
[INFO] [stdout]    4:     0x5651b260695c - core::fmt::write::h3381b3176fe2b3d3
[INFO] [stdout]                                at /rustc/53fd98ca776cb875bc9e5514f56b52eb74f9e7a9/library/core/src/fmt/mod.rs:1115:17
[INFO] [stdout]    5:     0x5651b25e10f5 - std::io::Write::write_fmt::h5f34a676f60246b5
[INFO] [stdout]                                at /rustc/53fd98ca776cb875bc9e5514f56b52eb74f9e7a9/library/std/src/io/mod.rs:1665:15
[INFO] [stdout]    6:     0x5651b25e630b - std::sys_common::backtrace::_print::ha537687d6c17dd0d
[INFO] [stdout]                                at /rustc/53fd98ca776cb875bc9e5514f56b52eb74f9e7a9/library/std/src/sys_common/backtrace.rs:49:5
[INFO] [stdout]    7:     0x5651b25e630b - std::sys_common::backtrace::print::h61376ae57d131d72
[INFO] [stdout]                                at /rustc/53fd98ca776cb875bc9e5514f56b52eb74f9e7a9/library/std/src/sys_common/backtrace.rs:36:9
[INFO] [stdout]    8:     0x5651b25e630b - std::panicking::default_hook::{{closure}}::h0f7208c0b9644a54
[INFO] [stdout]                                at /rustc/53fd98ca776cb875bc9e5514f56b52eb74f9e7a9/library/std/src/panicking.rs:208:50
[INFO] [stdout]    9:     0x5651b25e5e1c - std::panicking::default_hook::hdac7fc06578c14ce
[INFO] [stdout]                                at /rustc/53fd98ca776cb875bc9e5514f56b52eb74f9e7a9/library/std/src/panicking.rs:222:9
[INFO] [stdout]   10:     0x5651b25e69d4 - std::panicking::rust_panic_with_hook::h72b21c283da3d1ef
[INFO] [stdout]                                at /rustc/53fd98ca776cb875bc9e5514f56b52eb74f9e7a9/library/std/src/panicking.rs:622:17
[INFO] [stdout]   11:     0x5651b25e64b7 - std::panicking::begin_panic_handler::{{closure}}::he5778f1729cff84a
[INFO] [stdout]                                at /rustc/53fd98ca776cb875bc9e5514f56b52eb74f9e7a9/library/std/src/panicking.rs:519:13
[INFO] [stdout]   12:     0x5651b25e466c - std::sys_common::backtrace::__rust_end_short_backtrace::h2d11ca8b453b4b1d
[INFO] [stdout]                                at /rustc/53fd98ca776cb875bc9e5514f56b52eb74f9e7a9/library/std/src/sys_common/backtrace.rs:141:18
[INFO] [stdout]   13:     0x5651b25e6419 - rust_begin_unwind
[INFO] [stdout]                                at /rustc/53fd98ca776cb875bc9e5514f56b52eb74f9e7a9/library/std/src/panicking.rs:515:5
[INFO] [stdout]   14:     0x5651b2578431 - core::panicking::panic_fmt::hf9de31d4acbce4db
[INFO] [stdout]                                at /rustc/53fd98ca776cb875bc9e5514f56b52eb74f9e7a9/library/core/src/panicking.rs:92:14
[INFO] [stdout]   15:     0x5651b257f29d - __cmlterm_shell_completion::shell_quote::QuoteStyle::bash_unescape_as::h453de5b9517fd286
[INFO] [stdout]                                at /opt/rustwide/workdir/cmlterm/src/bin/__cmlterm_shell_completion/shell_quote.rs:737:25
[INFO] [stdout]   16:     0x5651b257f334 - __cmlterm_shell_completion::shell_quote::QuoteStyle::bash_unescape::ha4526f10f4090839
[INFO] [stdout]                                at /opt/rustwide/workdir/cmlterm/src/bin/__cmlterm_shell_completion/shell_quote.rs:744:3
[INFO] [stdout]   17:     0x5651b257d9d5 - <__cmlterm_shell_completion::shell_quote::Substrings as core::iter::traits::iterator::Iterator>::next::hc89098c9b6fc7f9f
[INFO] [stdout]                                at /opt/rustwide/workdir/cmlterm/src/bin/__cmlterm_shell_completion/shell_quote.rs:374:16
[INFO] [stdout]   18:     0x5651b2584762 - __cmlterm_shell_completion::shell_quote::tests::run_compact_cases::h1c156ccd17bcc53b
[INFO] [stdout]                                at /opt/rustwide/workdir/cmlterm/src/bin/__cmlterm_shell_completion/shell_quote.rs:761:14
[INFO] [stdout]   19:     0x5651b2587357 - __cmlterm_shell_completion::shell_quote::tests::parse_plain_consecutive_strings_all_types::ha258af37aeb99269
[INFO] [stdout]                                at /opt/rustwide/workdir/cmlterm/src/bin/__cmlterm_shell_completion/shell_quote.rs:879:3
[INFO] [stdout]   20:     0x5651b2586a6a - __cmlterm_shell_completion::shell_quote::tests::parse_plain_consecutive_strings_all_types::{{closure}}::hcd4bcc5b61208c3a
[INFO] [stdout]                                at /opt/rustwide/workdir/cmlterm/src/bin/__cmlterm_shell_completion/shell_quote.rs:865:2
[INFO] [stdout]   21:     0x5651b2582bfe - core::ops::function::FnOnce::call_once::h1d622bd81f027d1d
[INFO] [stdout]                                at /rustc/53fd98ca776cb875bc9e5514f56b52eb74f9e7a9/library/core/src/ops/function.rs:227:5
[INFO] [stdout]   22:     0x5651b25bf533 - core::ops::function::FnOnce::call_once::hbb52c4519d3137b0
[INFO] [stdout]                                at /rustc/53fd98ca776cb875bc9e5514f56b52eb74f9e7a9/library/core/src/ops/function.rs:227:5
[INFO] [stdout]   23:     0x5651b25bf533 - test::__rust_begin_short_backtrace::h86fe3a2a5a5121af
[INFO] [stdout]                                at /rustc/53fd98ca776cb875bc9e5514f56b52eb74f9e7a9/library/test/src/lib.rs:578:5
[INFO] [stdout]   24:     0x5651b25bdfe8 - <alloc::boxed::Box<F,A> as core::ops::function::FnOnce<Args>>::call_once::hfd956bc3d57399be
[INFO] [stdout]                                at /rustc/53fd98ca776cb875bc9e5514f56b52eb74f9e7a9/library/alloc/src/boxed.rs:1572:9
[INFO] [stdout]   25:     0x5651b25bdfe8 - <std::panic::AssertUnwindSafe<F> as core::ops::function::FnOnce<()>>::call_once::h40dc93e0ddb5938a
[INFO] [stdout]                                at /rustc/53fd98ca776cb875bc9e5514f56b52eb74f9e7a9/library/std/src/panic.rs:347:9
[INFO] [stdout]   26:     0x5651b25bdfe8 - std::panicking::try::do_call::h90d07750cb47c562
[INFO] [stdout]                                at /rustc/53fd98ca776cb875bc9e5514f56b52eb74f9e7a9/library/std/src/panicking.rs:401:40
[INFO] [stdout]   27:     0x5651b25bdfe8 - std::panicking::try::h063c84733ad2a629
[INFO] [stdout]                                at /rustc/53fd98ca776cb875bc9e5514f56b52eb74f9e7a9/library/std/src/panicking.rs:365:19
[INFO] [stdout]   28:     0x5651b25bdfe8 - std::panic::catch_unwind::h0c464836a84e7c08
[INFO] [stdout]                                at /rustc/53fd98ca776cb875bc9e5514f56b52eb74f9e7a9/library/std/src/panic.rs:434:14
[INFO] [stdout]   29:     0x5651b25bdfe8 - test::run_test_in_process::h5cb06ef620b157fc
[INFO] [stdout]                                at /rustc/53fd98ca776cb875bc9e5514f56b52eb74f9e7a9/library/test/src/lib.rs:601:18
[INFO] [stdout]   30:     0x5651b25bdfe8 - test::run_test::run_test_inner::{{closure}}::h76f677f4b93f9828
[INFO] [stdout]                                at /rustc/53fd98ca776cb875bc9e5514f56b52eb74f9e7a9/library/test/src/lib.rs:493:39
[INFO] [stdout]   31:     0x5651b258c77d - test::run_test::run_test_inner::{{closure}}::h366d01fe04f4d67a
[INFO] [stdout]                                at /rustc/53fd98ca776cb875bc9e5514f56b52eb74f9e7a9/library/test/src/lib.rs:520:37
[INFO] [stdout]   32:     0x5651b258c77d - std::sys_common::backtrace::__rust_begin_short_backtrace::h7dfa0de4eb395af2
[INFO] [stdout]                                at /rustc/53fd98ca776cb875bc9e5514f56b52eb74f9e7a9/library/std/src/sys_common/backtrace.rs:125:18
[INFO] [stdout]   33:     0x5651b2590f48 - std::thread::Builder::spawn_unchecked::{{closure}}::{{closure}}::hf0a74bb58798037f
[INFO] [stdout]                                at /rustc/53fd98ca776cb875bc9e5514f56b52eb74f9e7a9/library/std/src/thread/mod.rs:476:17
[INFO] [stdout]   34:     0x5651b2590f48 - <std::panic::AssertUnwindSafe<F> as core::ops::function::FnOnce<()>>::call_once::hb024e854818586ac
[INFO] [stdout]                                at /rustc/53fd98ca776cb875bc9e5514f56b52eb74f9e7a9/library/std/src/panic.rs:347:9
[INFO] [stdout]   35:     0x5651b2590f48 - std::panicking::try::do_call::hb2dd9f1d0d48e41d
[INFO] [stdout]                                at /rustc/53fd98ca776cb875bc9e5514f56b52eb74f9e7a9/library/std/src/panicking.rs:401:40
[INFO] [stdout]   36:     0x5651b2590f48 - std::panicking::try::h4717ae7bac8b2bf3
[INFO] [stdout]                                at /rustc/53fd98ca776cb875bc9e5514f56b52eb74f9e7a9/library/std/src/panicking.rs:365:19
[INFO] [stdout]   37:     0x5651b2590f48 - std::panic::catch_unwind::h0dc8a061326ce8d8
[INFO] [stdout]                                at /rustc/53fd98ca776cb875bc9e5514f56b52eb74f9e7a9/library/std/src/panic.rs:434:14
[INFO] [stdout]   38:     0x5651b2590f48 - std::thread::Builder::spawn_unchecked::{{closure}}::haa369e2d6fd00aa1
[INFO] [stdout]                                at /rustc/53fd98ca776cb875bc9e5514f56b52eb74f9e7a9/library/std/src/thread/mod.rs:475:30
[INFO] [stdout]   39:     0x5651b2590f48 - core::ops::function::FnOnce::call_once{{vtable.shim}}::h36dcf3de8b056f17
[INFO] [stdout]                                at /rustc/53fd98ca776cb875bc9e5514f56b52eb74f9e7a9/library/core/src/ops/function.rs:227:5
[INFO] [stdout]   40:     0x5651b25eb547 - <alloc::boxed::Box<F,A> as core::ops::function::FnOnce<Args>>::call_once::h65c29e4642be2358
[INFO] [stdout]                                at /rustc/53fd98ca776cb875bc9e5514f56b52eb74f9e7a9/library/alloc/src/boxed.rs:1572:9
[INFO] [stdout]   41:     0x5651b25eb547 - <alloc::boxed::Box<F,A> as core::ops::function::FnOnce<Args>>::call_once::hd0f8f7fbbd9fffbf
[INFO] [stdout]                                at /rustc/53fd98ca776cb875bc9e5514f56b52eb74f9e7a9/library/alloc/src/boxed.rs:1572:9
[INFO] [stdout]   42:     0x5651b25eb547 - std::sys::unix::thread::Thread::new::thread_start::h2fd22fee3ca77b65
[INFO] [stdout]                                at /rustc/53fd98ca776cb875bc9e5514f56b52eb74f9e7a9/library/std/src/sys/unix/thread.rs:74:17
[INFO] [stdout]   43:     0x7f5be0364609 - start_thread
[INFO] [stdout]   44:     0x7f5be0134293 - clone
[INFO] [stdout]   45:                0x0 - <unknown>
[INFO] [stdout] 
[INFO] [stdout] 
[INFO] [stdout] failures:
[INFO] [stdout]     shell_quote::tests::parse_plain_consecutive_strings_all_types
[INFO] [stdout] 
[INFO] [stdout] test result: FAILED. 5 passed; 1 failed; 0 ignored; 0 measured; 0 filtered out; finished in 0.02s
[INFO] [stdout] 
[INFO] [stderr] error: test failed, to rerun pass '-p cmlterm --bin __cmlterm_shell_completion'
[INFO] running `Command { std: "docker" "inspect" "3136ed191633c418573b86ce2026360665b3aa24ae9eb7daec6a5c2afe9da7b5", kill_on_drop: false }`
[INFO] running `Command { std: "docker" "rm" "-f" "3136ed191633c418573b86ce2026360665b3aa24ae9eb7daec6a5c2afe9da7b5", kill_on_drop: false }`
[INFO] [stdout] 3136ed191633c418573b86ce2026360665b3aa24ae9eb7daec6a5c2afe9da7b5
