[INFO] cloning repository https://github.com/crumblingstatue/rgen3
[INFO] running `Command { std: "git" "-c" "credential.helper=" "-c" "credential.helper=/workspace/cargo-home/bin/git-credential-null" "clone" "--bare" "https://github.com/crumblingstatue/rgen3" "/workspace/cache/git-repos/https%3A%2F%2Fgithub.com%2Fcrumblingstatue%2Frgen3", kill_on_drop: false }`
[INFO] [stderr] Cloning into bare repository '/workspace/cache/git-repos/https%3A%2F%2Fgithub.com%2Fcrumblingstatue%2Frgen3'...
[INFO] running `Command { std: "git" "rev-parse" "HEAD", kill_on_drop: false }`
[INFO] [stdout] 6e7d77d8ff0e3a5423900a563c388ddfb897d219
[INFO] testing crumblingstatue/rgen3 against beta-2021-08-01 for beta-1.55-1
[INFO] running `Command { std: "git" "clone" "/workspace/cache/git-repos/https%3A%2F%2Fgithub.com%2Fcrumblingstatue%2Frgen3" "/workspace/builds/worker-11/source", kill_on_drop: false }`
[INFO] [stderr] Cloning into '/workspace/builds/worker-11/source'...
[INFO] [stderr] done.
[INFO] validating manifest of git repo https://github.com/crumblingstatue/rgen3 on toolchain beta-2021-08-01
[INFO] running `Command { std: "/workspace/cargo-home/bin/cargo" "+beta-2021-08-01" "metadata" "--manifest-path" "Cargo.toml" "--no-deps", kill_on_drop: false }`
[INFO] started tweaking git repo https://github.com/crumblingstatue/rgen3
[INFO] finished tweaking git repo https://github.com/crumblingstatue/rgen3
[INFO] tweaked toml for git repo https://github.com/crumblingstatue/rgen3 written to /workspace/builds/worker-11/source/Cargo.toml
[INFO] crate git repo https://github.com/crumblingstatue/rgen3 already has a lockfile, it will not be regenerated
[INFO] running `Command { std: "/workspace/cargo-home/bin/cargo" "+beta-2021-08-01" "fetch" "--manifest-path" "Cargo.toml", kill_on_drop: false }`
[INFO] running `Command { std: "docker" "create" "-v" "/var/lib/crater-agent-workspace/builds/worker-11/target:/opt/rustwide/target:rw,Z" "-v" "/var/lib/crater-agent-workspace/builds/worker-11/source:/opt/rustwide/workdir:ro,Z" "-v" "/var/lib/crater-agent-workspace/cargo-home:/opt/rustwide/cargo-home:ro,Z" "-v" "/var/lib/crater-agent-workspace/rustup-home:/opt/rustwide/rustup-home:ro,Z" "-e" "SOURCE_DIR=/opt/rustwide/workdir" "-e" "CARGO_TARGET_DIR=/opt/rustwide/target" "-e" "CARGO_HOME=/opt/rustwide/cargo-home" "-e" "RUSTUP_HOME=/opt/rustwide/rustup-home" "-w" "/opt/rustwide/workdir" "-m" "1610612736" "--user" "0:0" "--network" "none" "ghcr.io/rust-lang/crates-build-env/linux@sha256:34b6a614d2c27851fe6cbf88fbd1137609cefab8b10d0615aaeb6fd47975d74e" "/opt/rustwide/cargo-home/bin/cargo" "+beta-2021-08-01" "metadata" "--no-deps" "--format-version=1", kill_on_drop: false }`
[INFO] [stdout] 322d24392883f0984c4ee8d0dbb55b6b9e9cb31a3866c24a3417d681c5bcc6a0
[INFO] running `Command { std: "docker" "start" "-a" "322d24392883f0984c4ee8d0dbb55b6b9e9cb31a3866c24a3417d681c5bcc6a0", kill_on_drop: false }`
[INFO] running `Command { std: "docker" "inspect" "322d24392883f0984c4ee8d0dbb55b6b9e9cb31a3866c24a3417d681c5bcc6a0", kill_on_drop: false }`
[INFO] running `Command { std: "docker" "rm" "-f" "322d24392883f0984c4ee8d0dbb55b6b9e9cb31a3866c24a3417d681c5bcc6a0", kill_on_drop: false }`
[INFO] [stdout] 322d24392883f0984c4ee8d0dbb55b6b9e9cb31a3866c24a3417d681c5bcc6a0
[INFO] running `Command { std: "docker" "create" "-v" "/var/lib/crater-agent-workspace/builds/worker-11/target:/opt/rustwide/target:rw,Z" "-v" "/var/lib/crater-agent-workspace/builds/worker-11/source:/opt/rustwide/workdir:ro,Z" "-v" "/var/lib/crater-agent-workspace/cargo-home:/opt/rustwide/cargo-home:ro,Z" "-v" "/var/lib/crater-agent-workspace/rustup-home:/opt/rustwide/rustup-home:ro,Z" "-e" "SOURCE_DIR=/opt/rustwide/workdir" "-e" "CARGO_TARGET_DIR=/opt/rustwide/target" "-e" "CARGO_INCREMENTAL=0" "-e" "RUST_BACKTRACE=full" "-e" "RUSTFLAGS=--cap-lints=warn" "-e" "CARGO_HOME=/opt/rustwide/cargo-home" "-e" "RUSTUP_HOME=/opt/rustwide/rustup-home" "-w" "/opt/rustwide/workdir" "-m" "1610612736" "--user" "0:0" "--network" "none" "ghcr.io/rust-lang/crates-build-env/linux@sha256:34b6a614d2c27851fe6cbf88fbd1137609cefab8b10d0615aaeb6fd47975d74e" "/opt/rustwide/cargo-home/bin/cargo" "+beta-2021-08-01" "build" "--frozen" "--message-format=json", kill_on_drop: false }`
[INFO] [stdout] daad0501223b7e251448766251610e2491eb02b050dc62d4d6a3106cca4bf4d4
[INFO] running `Command { std: "docker" "start" "-a" "daad0501223b7e251448766251610e2491eb02b050dc62d4d6a3106cca4bf4d4", kill_on_drop: false }`
[INFO] [stderr]    Compiling rgen3-string v0.1.0 (/opt/rustwide/workdir/rgen3-string)
[INFO] [stderr]    Compiling rgen3-save v0.1.0 (/opt/rustwide/workdir/rgen3-save)
[INFO] [stdout] warning: trait objects without an explicit `dyn` are deprecated
[INFO] [stdout]   --> rgen3-save/src/rw.rs:44:58
[INFO] [stdout]    |
[INFO] [stdout] 44 |     fn read<R: Read>(reader: &mut R) -> Result<Self, Box<Error>> {
[INFO] [stdout]    |                                                          ^^^^^ help: use `dyn`: `dyn Error`
[INFO] [stdout]    |
[INFO] [stdout]    = note: `#[warn(bare_trait_objects)]` on by default
[INFO] [stdout]    = warning: this is accepted in the current edition (Rust 2018) but is a hard error in Rust 2021!
[INFO] [stdout]    = note: for more information, see issue #80165 <https://github.com/rust-lang/rust/issues/80165>
[INFO] [stdout] 
[INFO] [stdout] 
[INFO] [stdout] warning: trait objects without an explicit `dyn` are deprecated
[INFO] [stdout]    --> rgen3-save/src/rw.rs:140:92
[INFO] [stdout]     |
[INFO] [stdout] 140 |     fn read<R: Read + Seek>(reader: &mut R, session: &mut ReadSession) -> Result<Self, Box<Error>> {
[INFO] [stdout]     |                                                                                            ^^^^^ help: use `dyn`: `dyn Error`
[INFO] [stdout]     |
[INFO] [stdout]     = warning: this is accepted in the current edition (Rust 2018) but is a hard error in Rust 2021!
[INFO] [stdout]     = note: for more information, see issue #80165 <https://github.com/rust-lang/rust/issues/80165>
[INFO] [stdout] 
[INFO] [stdout] 
[INFO] [stdout] warning: `...` range patterns are deprecated
[INFO] [stdout]    --> rgen3-save/src/rw.rs:203:14
[INFO] [stdout]     |
[INFO] [stdout] 203 |             5...13 => {
[INFO] [stdout]     |              ^^^ help: use `..=` for an inclusive range
[INFO] [stdout]     |
[INFO] [stdout]     = note: `#[warn(ellipsis_inclusive_range_patterns)]` on by default
[INFO] [stdout]     = warning: this is accepted in the current edition (Rust 2018) but is a hard error in Rust 2021!
[INFO] [stdout]     = note: for more information, see issue #80165 <https://github.com/rust-lang/rust/issues/80165>
[INFO] [stdout] 
[INFO] [stdout] 
[INFO] [stdout] warning: trait objects without an explicit `dyn` are deprecated
[INFO] [stdout]    --> rgen3-save/src/rw.rs:345:72
[INFO] [stdout]     |
[INFO] [stdout] 345 |     fn read<R: Read + Seek>(reader: &mut R) -> Result<(Self, u32), Box<Error>> {
[INFO] [stdout]     |                                                                        ^^^^^ help: use `dyn`: `dyn Error`
[INFO] [stdout]     |
[INFO] [stdout]     = warning: this is accepted in the current edition (Rust 2018) but is a hard error in Rust 2021!
[INFO] [stdout]     = note: for more information, see issue #80165 <https://github.com/rust-lang/rust/issues/80165>
[INFO] [stdout] 
[INFO] [stdout] 
[INFO] [stdout] warning: trait objects without an explicit `dyn` are deprecated
[INFO] [stdout]    --> rgen3-save/src/rw.rs:399:69
[INFO] [stdout]     |
[INFO] [stdout] 399 |     pub fn read<R: Read + Seek>(reader: &mut R) -> Result<Self, Box<Error>> {
[INFO] [stdout]     |                                                                     ^^^^^ help: use `dyn`: `dyn Error`
[INFO] [stdout]     |
[INFO] [stdout]     = warning: this is accepted in the current edition (Rust 2018) but is a hard error in Rust 2021!
[INFO] [stdout]     = note: for more information, see issue #80165 <https://github.com/rust-lang/rust/issues/80165>
[INFO] [stdout] 
[INFO] [stdout] 
[INFO] [stdout] warning: trait objects without an explicit `dyn` are deprecated
[INFO] [stdout]    --> rgen3-save/src/rw.rs:434:58
[INFO] [stdout]     |
[INFO] [stdout] 434 |     fn read<R: Read>(reader: &mut R) -> Result<Self, Box<Error>> {
[INFO] [stdout]     |                                                          ^^^^^ help: use `dyn`: `dyn Error`
[INFO] [stdout]     |
[INFO] [stdout]     = warning: this is accepted in the current edition (Rust 2018) but is a hard error in Rust 2021!
[INFO] [stdout]     = note: for more information, see issue #80165 <https://github.com/rust-lang/rust/issues/80165>
[INFO] [stdout] 
[INFO] [stdout] 
[INFO] [stdout] warning: trait objects without an explicit `dyn` are deprecated
[INFO] [stdout]    --> rgen3-save/src/rw.rs:491:81
[INFO] [stdout]     |
[INFO] [stdout] 491 |     fn read<R: Read>(reader: &mut R, session: &ReadSession) -> Result<Self, Box<Error>> {
[INFO] [stdout]     |                                                                                 ^^^^^ help: use `dyn`: `dyn Error`
[INFO] [stdout]     |
[INFO] [stdout]     = warning: this is accepted in the current edition (Rust 2018) but is a hard error in Rust 2021!
[INFO] [stdout]     = note: for more information, see issue #80165 <https://github.com/rust-lang/rust/issues/80165>
[INFO] [stdout] 
[INFO] [stdout] 
[INFO] [stdout] warning: trait objects without an explicit `dyn` are deprecated
[INFO] [stdout]    --> rgen3-save/src/rw.rs:540:79
[INFO] [stdout]     |
[INFO] [stdout] 540 |     fn read<R: Read>(reader: &mut R, game_type: GameType) -> Result<Self, Box<Error>> {
[INFO] [stdout]     |                                                                               ^^^^^ help: use `dyn`: `dyn Error`
[INFO] [stdout]     |
[INFO] [stdout]     = warning: this is accepted in the current edition (Rust 2018) but is a hard error in Rust 2021!
[INFO] [stdout]     = note: for more information, see issue #80165 <https://github.com/rust-lang/rust/issues/80165>
[INFO] [stdout] 
[INFO] [stdout] 
[INFO] [stdout] warning: trait objects without an explicit `dyn` are deprecated
[INFO] [stdout]    --> rgen3-save/src/rw.rs:586:69
[INFO] [stdout]     |
[INFO] [stdout] 586 |     fn read_non_active<R: Read>(reader: &mut R) -> Result<Self, Box<Error>> {
[INFO] [stdout]     |                                                                     ^^^^^ help: use `dyn`: `dyn Error`
[INFO] [stdout]     |
[INFO] [stdout]     = warning: this is accepted in the current edition (Rust 2018) but is a hard error in Rust 2021!
[INFO] [stdout]     = note: for more information, see issue #80165 <https://github.com/rust-lang/rust/issues/80165>
[INFO] [stdout] 
[INFO] [stdout] 
[INFO] [stdout] warning: trait objects without an explicit `dyn` are deprecated
[INFO] [stdout]    --> rgen3-save/src/rw.rs:618:58
[INFO] [stdout]     |
[INFO] [stdout] 618 |     fn read<R: Read>(reader: &mut R) -> Result<Self, Box<Error>> {
[INFO] [stdout]     |                                                          ^^^^^ help: use `dyn`: `dyn Error`
[INFO] [stdout]     |
[INFO] [stdout]     = warning: this is accepted in the current edition (Rust 2018) but is a hard error in Rust 2021!
[INFO] [stdout]     = note: for more information, see issue #80165 <https://github.com/rust-lang/rust/issues/80165>
[INFO] [stdout] 
[INFO] [stdout] 
[INFO] [stdout] warning: trait objects without an explicit `dyn` are deprecated
[INFO] [stdout]    --> rgen3-save/src/rw.rs:712:79
[INFO] [stdout]     |
[INFO] [stdout] 712 |     fn read<R: Read>(reader: &mut R, pv: u32, ot_id: u32) -> Result<Self, Box<Error>> {
[INFO] [stdout]     |                                                                               ^^^^^ help: use `dyn`: `dyn Error`
[INFO] [stdout]     |
[INFO] [stdout]     = warning: this is accepted in the current edition (Rust 2018) but is a hard error in Rust 2021!
[INFO] [stdout]     = note: for more information, see issue #80165 <https://github.com/rust-lang/rust/issues/80165>
[INFO] [stdout] 
[INFO] [stdout] 
[INFO] [stdout] warning: trait objects without an explicit `dyn` are deprecated
[INFO] [stdout]    --> rgen3-save/src/rw.rs:783:41
[INFO] [stdout]     |
[INFO] [stdout] 783 | ) -> Result<[u8; SUBSTRUCTURE_LEN], Box<Error>> {
[INFO] [stdout]     |                                         ^^^^^ help: use `dyn`: `dyn Error`
[INFO] [stdout]     |
[INFO] [stdout]     = warning: this is accepted in the current edition (Rust 2018) but is a hard error in Rust 2021!
[INFO] [stdout]     = note: for more information, see issue #80165 <https://github.com/rust-lang/rust/issues/80165>
[INFO] [stdout] 
[INFO] [stdout] 
[INFO] [stdout] warning: trait objects without an explicit `dyn` are deprecated
[INFO] [stdout]    --> rgen3-save/src/rw.rs:808:72
[INFO] [stdout]     |
[INFO] [stdout] 808 |     fn read<R: Read>(reader: &mut R, dec_key: u32) -> Result<Self, Box<Error>> {
[INFO] [stdout]     |                                                                        ^^^^^ help: use `dyn`: `dyn Error`
[INFO] [stdout]     |
[INFO] [stdout]     = warning: this is accepted in the current edition (Rust 2018) but is a hard error in Rust 2021!
[INFO] [stdout]     = note: for more information, see issue #80165 <https://github.com/rust-lang/rust/issues/80165>
[INFO] [stdout] 
[INFO] [stdout] 
[INFO] [stdout] warning: trait objects without an explicit `dyn` are deprecated
[INFO] [stdout]    --> rgen3-save/src/rw.rs:831:72
[INFO] [stdout]     |
[INFO] [stdout] 831 |     fn read<R: Read>(reader: &mut R, dec_key: u32) -> Result<Self, Box<Error>> {
[INFO] [stdout]     |                                                                        ^^^^^ help: use `dyn`: `dyn Error`
[INFO] [stdout]     |
[INFO] [stdout]     = warning: this is accepted in the current edition (Rust 2018) but is a hard error in Rust 2021!
[INFO] [stdout]     = note: for more information, see issue #80165 <https://github.com/rust-lang/rust/issues/80165>
[INFO] [stdout] 
[INFO] [stdout] 
[INFO] [stdout] warning: trait objects without an explicit `dyn` are deprecated
[INFO] [stdout]    --> rgen3-save/src/rw.rs:858:72
[INFO] [stdout]     |
[INFO] [stdout] 858 |     fn read<R: Read>(reader: &mut R, dec_key: u32) -> Result<Self, Box<Error>> {
[INFO] [stdout]     |                                                                        ^^^^^ help: use `dyn`: `dyn Error`
[INFO] [stdout]     |
[INFO] [stdout]     = warning: this is accepted in the current edition (Rust 2018) but is a hard error in Rust 2021!
[INFO] [stdout]     = note: for more information, see issue #80165 <https://github.com/rust-lang/rust/issues/80165>
[INFO] [stdout] 
[INFO] [stdout] 
[INFO] [stdout] warning: trait objects without an explicit `dyn` are deprecated
[INFO] [stdout]    --> rgen3-save/src/rw.rs:893:72
[INFO] [stdout]     |
[INFO] [stdout] 893 |     fn read<R: Read>(reader: &mut R, dec_key: u32) -> Result<Self, Box<Error>> {
[INFO] [stdout]     |                                                                        ^^^^^ help: use `dyn`: `dyn Error`
[INFO] [stdout]     |
[INFO] [stdout]     = warning: this is accepted in the current edition (Rust 2018) but is a hard error in Rust 2021!
[INFO] [stdout]     = note: for more information, see issue #80165 <https://github.com/rust-lang/rust/issues/80165>
[INFO] [stdout] 
[INFO] [stdout] 
[INFO] [stdout] warning: trait objects without an explicit `dyn` are deprecated
[INFO] [stdout]    --> rgen3-save/src/rw.rs:943:72
[INFO] [stdout]     |
[INFO] [stdout] 943 |     fn read<R: Read>(reader: &mut R, index: usize) -> Result<Self, Box<Error>> {
[INFO] [stdout]     |                                                                        ^^^^^ help: use `dyn`: `dyn Error`
[INFO] [stdout]     |
[INFO] [stdout]     = warning: this is accepted in the current edition (Rust 2018) but is a hard error in Rust 2021!
[INFO] [stdout]     = note: for more information, see issue #80165 <https://github.com/rust-lang/rust/issues/80165>
[INFO] [stdout] 
[INFO] [stdout] 
[INFO] [stdout] warning: trait objects without an explicit `dyn` are deprecated
[INFO] [stdout]    --> rgen3-save/src/rw.rs:967:58
[INFO] [stdout]     |
[INFO] [stdout] 967 |     fn read<R: Read>(reader: &mut R) -> Result<Self, Box<Error>> {
[INFO] [stdout]     |                                                          ^^^^^ help: use `dyn`: `dyn Error`
[INFO] [stdout]     |
[INFO] [stdout]     = warning: this is accepted in the current edition (Rust 2018) but is a hard error in Rust 2021!
[INFO] [stdout]     = note: for more information, see issue #80165 <https://github.com/rust-lang/rust/issues/80165>
[INFO] [stdout] 
[INFO] [stdout] 
[INFO] [stdout] warning: trait objects without an explicit `dyn` are deprecated
[INFO] [stdout]     --> rgen3-save/src/rw.rs:1001:58
[INFO] [stdout]      |
[INFO] [stdout] 1001 |     fn read<R: Read>(reader: &mut R) -> Result<Self, Box<Error>> {
[INFO] [stdout]      |                                                          ^^^^^ help: use `dyn`: `dyn Error`
[INFO] [stdout]      |
[INFO] [stdout]      = warning: this is accepted in the current edition (Rust 2018) but is a hard error in Rust 2021!
[INFO] [stdout]      = note: for more information, see issue #80165 <https://github.com/rust-lang/rust/issues/80165>
[INFO] [stdout] 
[INFO] [stdout] 
[INFO] [stdout] warning: trait objects without an explicit `dyn` are deprecated
[INFO] [stdout]   --> rgen3-save/src/lib.rs:37:72
[INFO] [stdout]    |
[INFO] [stdout] 37 |     pub fn load_from_file<P: AsRef<Path>>(path: P) -> Result<Self, Box<Error>> {
[INFO] [stdout]    |                                                                        ^^^^^ help: use `dyn`: `dyn Error`
[INFO] [stdout]    |
[INFO] [stdout]    = warning: this is accepted in the current edition (Rust 2018) but is a hard error in Rust 2021!
[INFO] [stdout]    = note: for more information, see issue #80165 <https://github.com/rust-lang/rust/issues/80165>
[INFO] [stdout] 
[INFO] [stdout] 
[INFO] [stdout] warning: `...` range patterns are deprecated
[INFO] [stdout]    --> rgen3-save/src/lib.rs:352:14
[INFO] [stdout]     |
[INFO] [stdout] 352 |             1...251 | 277...411 => {
[INFO] [stdout]     |              ^^^ help: use `..=` for an inclusive range
[INFO] [stdout]     |
[INFO] [stdout]     = warning: this is accepted in the current edition (Rust 2018) but is a hard error in Rust 2021!
[INFO] [stdout]     = note: for more information, see issue #80165 <https://github.com/rust-lang/rust/issues/80165>
[INFO] [stdout] 
[INFO] [stdout] 
[INFO] [stdout] warning: `...` range patterns are deprecated
[INFO] [stdout]    --> rgen3-save/src/lib.rs:352:26
[INFO] [stdout]     |
[INFO] [stdout] 352 |             1...251 | 277...411 => {
[INFO] [stdout]     |                          ^^^ help: use `..=` for an inclusive range
[INFO] [stdout]     |
[INFO] [stdout]     = warning: this is accepted in the current edition (Rust 2018) but is a hard error in Rust 2021!
[INFO] [stdout]     = note: for more information, see issue #80165 <https://github.com/rust-lang/rust/issues/80165>
[INFO] [stdout] 
[INFO] [stdout] 
[INFO] [stdout] warning: 22 warnings emitted
[INFO] [stdout] 
[INFO] [stdout] 
[INFO] [stderr]     Finished dev [unoptimized + debuginfo] target(s) in 1.14s
[INFO] running `Command { std: "docker" "inspect" "daad0501223b7e251448766251610e2491eb02b050dc62d4d6a3106cca4bf4d4", kill_on_drop: false }`
[INFO] running `Command { std: "docker" "rm" "-f" "daad0501223b7e251448766251610e2491eb02b050dc62d4d6a3106cca4bf4d4", kill_on_drop: false }`
[INFO] [stdout] daad0501223b7e251448766251610e2491eb02b050dc62d4d6a3106cca4bf4d4
[INFO] running `Command { std: "docker" "create" "-v" "/var/lib/crater-agent-workspace/builds/worker-11/target:/opt/rustwide/target:rw,Z" "-v" "/var/lib/crater-agent-workspace/builds/worker-11/source:/opt/rustwide/workdir:ro,Z" "-v" "/var/lib/crater-agent-workspace/cargo-home:/opt/rustwide/cargo-home:ro,Z" "-v" "/var/lib/crater-agent-workspace/rustup-home:/opt/rustwide/rustup-home:ro,Z" "-e" "SOURCE_DIR=/opt/rustwide/workdir" "-e" "CARGO_TARGET_DIR=/opt/rustwide/target" "-e" "CARGO_INCREMENTAL=0" "-e" "RUST_BACKTRACE=full" "-e" "RUSTFLAGS=--cap-lints=warn" "-e" "CARGO_HOME=/opt/rustwide/cargo-home" "-e" "RUSTUP_HOME=/opt/rustwide/rustup-home" "-w" "/opt/rustwide/workdir" "-m" "1610612736" "--user" "0:0" "--network" "none" "ghcr.io/rust-lang/crates-build-env/linux@sha256:34b6a614d2c27851fe6cbf88fbd1137609cefab8b10d0615aaeb6fd47975d74e" "/opt/rustwide/cargo-home/bin/cargo" "+beta-2021-08-01" "test" "--frozen" "--no-run" "--message-format=json", kill_on_drop: false }`
[INFO] [stdout] 3e552a8a8e652f62fbe685f7b92fa56cb27ce45925bc407b4e1ebb4d6a66bbf6
[INFO] running `Command { std: "docker" "start" "-a" "3e552a8a8e652f62fbe685f7b92fa56cb27ce45925bc407b4e1ebb4d6a66bbf6", kill_on_drop: false }`
[INFO] [stderr]    Compiling libc v0.2.15
[INFO] [stderr]    Compiling regex-syntax v0.3.4
[INFO] [stderr]    Compiling rgen3-string v0.1.0 (/opt/rustwide/workdir/rgen3-string)
[INFO] [stdout] warning: trait objects without an explicit `dyn` are deprecated
[INFO] [stdout]   --> rgen3-save/src/rw.rs:44:58
[INFO] [stdout]    |
[INFO] [stdout] 44 |     fn read<R: Read>(reader: &mut R) -> Result<Self, Box<Error>> {
[INFO] [stdout]    |                                                          ^^^^^ help: use `dyn`: `dyn Error`
[INFO] [stdout]    |
[INFO] [stdout]    = note: `#[warn(bare_trait_objects)]` on by default
[INFO] [stdout]    = warning: this is accepted in the current edition (Rust 2018) but is a hard error in Rust 2021!
[INFO] [stdout]    = note: for more information, see issue #80165 <https://github.com/rust-lang/rust/issues/80165>
[INFO] [stdout] 
[INFO] [stdout] 
[INFO] [stdout] warning: trait objects without an explicit `dyn` are deprecated
[INFO] [stdout]    --> rgen3-save/src/rw.rs:140:92
[INFO] [stdout]     |
[INFO] [stdout] 140 |     fn read<R: Read + Seek>(reader: &mut R, session: &mut ReadSession) -> Result<Self, Box<Error>> {
[INFO] [stdout]     |                                                                                            ^^^^^ help: use `dyn`: `dyn Error`
[INFO] [stdout]     |
[INFO] [stdout]     = warning: this is accepted in the current edition (Rust 2018) but is a hard error in Rust 2021!
[INFO] [stdout]     = note: for more information, see issue #80165 <https://github.com/rust-lang/rust/issues/80165>
[INFO] [stdout] 
[INFO] [stdout] 
[INFO] [stdout] warning: `...` range patterns are deprecated
[INFO] [stdout]    --> rgen3-save/src/rw.rs:203:14
[INFO] [stdout]     |
[INFO] [stdout] 203 |             5...13 => {
[INFO] [stdout]     |              ^^^ help: use `..=` for an inclusive range
[INFO] [stdout]     |
[INFO] [stdout]     = note: `#[warn(ellipsis_inclusive_range_patterns)]` on by default
[INFO] [stdout]     = warning: this is accepted in the current edition (Rust 2018) but is a hard error in Rust 2021!
[INFO] [stdout]     = note: for more information, see issue #80165 <https://github.com/rust-lang/rust/issues/80165>
[INFO] [stdout] 
[INFO] [stdout] 
[INFO] [stdout] warning: trait objects without an explicit `dyn` are deprecated
[INFO] [stdout]    --> rgen3-save/src/rw.rs:345:72
[INFO] [stdout]     |
[INFO] [stdout] 345 |     fn read<R: Read + Seek>(reader: &mut R) -> Result<(Self, u32), Box<Error>> {
[INFO] [stdout]     |                                                                        ^^^^^ help: use `dyn`: `dyn Error`
[INFO] [stdout]     |
[INFO] [stdout]     = warning: this is accepted in the current edition (Rust 2018) but is a hard error in Rust 2021!
[INFO] [stdout]     = note: for more information, see issue #80165 <https://github.com/rust-lang/rust/issues/80165>
[INFO] [stdout] 
[INFO] [stdout] 
[INFO] [stdout] warning: trait objects without an explicit `dyn` are deprecated
[INFO] [stdout]    --> rgen3-save/src/rw.rs:399:69
[INFO] [stdout]     |
[INFO] [stdout] 399 |     pub fn read<R: Read + Seek>(reader: &mut R) -> Result<Self, Box<Error>> {
[INFO] [stdout]     |                                                                     ^^^^^ help: use `dyn`: `dyn Error`
[INFO] [stdout]     |
[INFO] [stdout]     = warning: this is accepted in the current edition (Rust 2018) but is a hard error in Rust 2021!
[INFO] [stdout]     = note: for more information, see issue #80165 <https://github.com/rust-lang/rust/issues/80165>
[INFO] [stdout] 
[INFO] [stdout] 
[INFO] [stdout] warning: trait objects without an explicit `dyn` are deprecated
[INFO] [stdout]    --> rgen3-save/src/rw.rs:434:58
[INFO] [stdout]     |
[INFO] [stdout] 434 |     fn read<R: Read>(reader: &mut R) -> Result<Self, Box<Error>> {
[INFO] [stdout]     |                                                          ^^^^^ help: use `dyn`: `dyn Error`
[INFO] [stdout]     |
[INFO] [stdout]     = warning: this is accepted in the current edition (Rust 2018) but is a hard error in Rust 2021!
[INFO] [stdout]     = note: for more information, see issue #80165 <https://github.com/rust-lang/rust/issues/80165>
[INFO] [stdout] 
[INFO] [stdout] 
[INFO] [stdout] warning: trait objects without an explicit `dyn` are deprecated
[INFO] [stdout]    --> rgen3-save/src/rw.rs:491:81
[INFO] [stdout]     |
[INFO] [stdout] 491 |     fn read<R: Read>(reader: &mut R, session: &ReadSession) -> Result<Self, Box<Error>> {
[INFO] [stdout]     |                                                                                 ^^^^^ help: use `dyn`: `dyn Error`
[INFO] [stdout]     |
[INFO] [stdout]     = warning: this is accepted in the current edition (Rust 2018) but is a hard error in Rust 2021!
[INFO] [stdout]     = note: for more information, see issue #80165 <https://github.com/rust-lang/rust/issues/80165>
[INFO] [stdout] 
[INFO] [stdout] 
[INFO] [stdout] warning: trait objects without an explicit `dyn` are deprecated
[INFO] [stdout]    --> rgen3-save/src/rw.rs:540:79
[INFO] [stdout]     |
[INFO] [stdout] 540 |     fn read<R: Read>(reader: &mut R, game_type: GameType) -> Result<Self, Box<Error>> {
[INFO] [stdout]     |                                                                               ^^^^^ help: use `dyn`: `dyn Error`
[INFO] [stdout]     |
[INFO] [stdout]     = warning: this is accepted in the current edition (Rust 2018) but is a hard error in Rust 2021!
[INFO] [stdout]     = note: for more information, see issue #80165 <https://github.com/rust-lang/rust/issues/80165>
[INFO] [stdout] 
[INFO] [stdout] 
[INFO] [stdout] warning: trait objects without an explicit `dyn` are deprecated
[INFO] [stdout]    --> rgen3-save/src/rw.rs:586:69
[INFO] [stdout]     |
[INFO] [stdout] 586 |     fn read_non_active<R: Read>(reader: &mut R) -> Result<Self, Box<Error>> {
[INFO] [stdout]     |                                                                     ^^^^^ help: use `dyn`: `dyn Error`
[INFO] [stdout]     |
[INFO] [stdout]     = warning: this is accepted in the current edition (Rust 2018) but is a hard error in Rust 2021!
[INFO] [stdout]     = note: for more information, see issue #80165 <https://github.com/rust-lang/rust/issues/80165>
[INFO] [stdout] 
[INFO] [stdout] 
[INFO] [stdout] warning: trait objects without an explicit `dyn` are deprecated
[INFO] [stdout]    --> rgen3-save/src/rw.rs:618:58
[INFO] [stdout]     |
[INFO] [stdout] 618 |     fn read<R: Read>(reader: &mut R) -> Result<Self, Box<Error>> {
[INFO] [stdout]     |                                                          ^^^^^ help: use `dyn`: `dyn Error`
[INFO] [stdout]     |
[INFO] [stdout]     = warning: this is accepted in the current edition (Rust 2018) but is a hard error in Rust 2021!
[INFO] [stdout]     = note: for more information, see issue #80165 <https://github.com/rust-lang/rust/issues/80165>
[INFO] [stdout] 
[INFO] [stdout] 
[INFO] [stdout] warning: trait objects without an explicit `dyn` are deprecated
[INFO] [stdout]    --> rgen3-save/src/rw.rs:712:79
[INFO] [stdout]     |
[INFO] [stdout] 712 |     fn read<R: Read>(reader: &mut R, pv: u32, ot_id: u32) -> Result<Self, Box<Error>> {
[INFO] [stdout]     |                                                                               ^^^^^ help: use `dyn`: `dyn Error`
[INFO] [stdout]     |
[INFO] [stdout]     = warning: this is accepted in the current edition (Rust 2018) but is a hard error in Rust 2021!
[INFO] [stdout]     = note: for more information, see issue #80165 <https://github.com/rust-lang/rust/issues/80165>
[INFO] [stdout] 
[INFO] [stdout] 
[INFO] [stdout] warning: trait objects without an explicit `dyn` are deprecated
[INFO] [stdout]    --> rgen3-save/src/rw.rs:783:41
[INFO] [stdout]     |
[INFO] [stdout] 783 | ) -> Result<[u8; SUBSTRUCTURE_LEN], Box<Error>> {
[INFO] [stdout]     |                                         ^^^^^ help: use `dyn`: `dyn Error`
[INFO] [stdout]     |
[INFO] [stdout]     = warning: this is accepted in the current edition (Rust 2018) but is a hard error in Rust 2021!
[INFO] [stdout]     = note: for more information, see issue #80165 <https://github.com/rust-lang/rust/issues/80165>
[INFO] [stdout] 
[INFO] [stdout] 
[INFO] [stdout] warning: trait objects without an explicit `dyn` are deprecated
[INFO] [stdout]    --> rgen3-save/src/rw.rs:808:72
[INFO] [stdout]     |
[INFO] [stdout] 808 |     fn read<R: Read>(reader: &mut R, dec_key: u32) -> Result<Self, Box<Error>> {
[INFO] [stdout]     |                                                                        ^^^^^ help: use `dyn`: `dyn Error`
[INFO] [stdout]     |
[INFO] [stdout]     = warning: this is accepted in the current edition (Rust 2018) but is a hard error in Rust 2021!
[INFO] [stdout]     = note: for more information, see issue #80165 <https://github.com/rust-lang/rust/issues/80165>
[INFO] [stdout] 
[INFO] [stdout] 
[INFO] [stdout] warning: trait objects without an explicit `dyn` are deprecated
[INFO] [stdout]    --> rgen3-save/src/rw.rs:831:72
[INFO] [stdout]     |
[INFO] [stdout] 831 |     fn read<R: Read>(reader: &mut R, dec_key: u32) -> Result<Self, Box<Error>> {
[INFO] [stdout]     |                                                                        ^^^^^ help: use `dyn`: `dyn Error`
[INFO] [stdout]     |
[INFO] [stdout]     = warning: this is accepted in the current edition (Rust 2018) but is a hard error in Rust 2021!
[INFO] [stdout]     = note: for more information, see issue #80165 <https://github.com/rust-lang/rust/issues/80165>
[INFO] [stdout] 
[INFO] [stdout] 
[INFO] [stdout] warning: trait objects without an explicit `dyn` are deprecated
[INFO] [stdout]    --> rgen3-save/src/rw.rs:858:72
[INFO] [stdout]     |
[INFO] [stdout] 858 |     fn read<R: Read>(reader: &mut R, dec_key: u32) -> Result<Self, Box<Error>> {
[INFO] [stdout]     |                                                                        ^^^^^ help: use `dyn`: `dyn Error`
[INFO] [stdout]     |
[INFO] [stdout]     = warning: this is accepted in the current edition (Rust 2018) but is a hard error in Rust 2021!
[INFO] [stdout]     = note: for more information, see issue #80165 <https://github.com/rust-lang/rust/issues/80165>
[INFO] [stdout] 
[INFO] [stdout] 
[INFO] [stdout] warning: trait objects without an explicit `dyn` are deprecated
[INFO] [stdout]    --> rgen3-save/src/rw.rs:893:72
[INFO] [stdout]     |
[INFO] [stdout] 893 |     fn read<R: Read>(reader: &mut R, dec_key: u32) -> Result<Self, Box<Error>> {
[INFO] [stdout]     |                                                                        ^^^^^ help: use `dyn`: `dyn Error`
[INFO] [stdout]     |
[INFO] [stdout]     = warning: this is accepted in the current edition (Rust 2018) but is a hard error in Rust 2021!
[INFO] [stdout]     = note: for more information, see issue #80165 <https://github.com/rust-lang/rust/issues/80165>
[INFO] [stdout] 
[INFO] [stdout] 
[INFO] [stdout] warning: trait objects without an explicit `dyn` are deprecated
[INFO] [stdout]    --> rgen3-save/src/rw.rs:943:72
[INFO] [stdout]     |
[INFO] [stdout] 943 |     fn read<R: Read>(reader: &mut R, index: usize) -> Result<Self, Box<Error>> {
[INFO] [stdout]     |                                                                        ^^^^^ help: use `dyn`: `dyn Error`
[INFO] [stdout]     |
[INFO] [stdout]     = warning: this is accepted in the current edition (Rust 2018) but is a hard error in Rust 2021!
[INFO] [stdout]     = note: for more information, see issue #80165 <https://github.com/rust-lang/rust/issues/80165>
[INFO] [stdout] 
[INFO] [stdout] 
[INFO] [stdout] warning: trait objects without an explicit `dyn` are deprecated
[INFO] [stdout]    --> rgen3-save/src/rw.rs:967:58
[INFO] [stdout]     |
[INFO] [stdout] 967 |     fn read<R: Read>(reader: &mut R) -> Result<Self, Box<Error>> {
[INFO] [stdout]     |                                                          ^^^^^ help: use `dyn`: `dyn Error`
[INFO] [stdout]     |
[INFO] [stdout]     = warning: this is accepted in the current edition (Rust 2018) but is a hard error in Rust 2021!
[INFO] [stdout]     = note: for more information, see issue #80165 <https://github.com/rust-lang/rust/issues/80165>
[INFO] [stdout] 
[INFO] [stdout] 
[INFO] [stdout] warning: trait objects without an explicit `dyn` are deprecated
[INFO] [stdout]     --> rgen3-save/src/rw.rs:1001:58
[INFO] [stdout]      |
[INFO] [stdout] 1001 |     fn read<R: Read>(reader: &mut R) -> Result<Self, Box<Error>> {
[INFO] [stdout]      |                                                          ^^^^^ help: use `dyn`: `dyn Error`
[INFO] [stdout]      |
[INFO] [stdout]      = warning: this is accepted in the current edition (Rust 2018) but is a hard error in Rust 2021!
[INFO] [stdout]      = note: for more information, see issue #80165 <https://github.com/rust-lang/rust/issues/80165>
[INFO] [stdout] 
[INFO] [stdout] 
[INFO] [stdout] warning: trait objects without an explicit `dyn` are deprecated
[INFO] [stdout]   --> rgen3-save/src/lib.rs:37:72
[INFO] [stdout]    |
[INFO] [stdout] 37 |     pub fn load_from_file<P: AsRef<Path>>(path: P) -> Result<Self, Box<Error>> {
[INFO] [stdout]    |                                                                        ^^^^^ help: use `dyn`: `dyn Error`
[INFO] [stdout]    |
[INFO] [stdout]    = warning: this is accepted in the current edition (Rust 2018) but is a hard error in Rust 2021!
[INFO] [stdout]    = note: for more information, see issue #80165 <https://github.com/rust-lang/rust/issues/80165>
[INFO] [stdout] 
[INFO] [stdout] 
[INFO] [stdout] warning: `...` range patterns are deprecated
[INFO] [stdout]    --> rgen3-save/src/lib.rs:352:14
[INFO] [stdout]     |
[INFO] [stdout] 352 |             1...251 | 277...411 => {
[INFO] [stdout]     |              ^^^ help: use `..=` for an inclusive range
[INFO] [stdout]     |
[INFO] [stdout]     = warning: this is accepted in the current edition (Rust 2018) but is a hard error in Rust 2021!
[INFO] [stdout]     = note: for more information, see issue #80165 <https://github.com/rust-lang/rust/issues/80165>
[INFO] [stdout] 
[INFO] [stdout] 
[INFO] [stdout] warning: `...` range patterns are deprecated
[INFO] [stdout]    --> rgen3-save/src/lib.rs:352:26
[INFO] [stdout]     |
[INFO] [stdout] 352 |             1...251 | 277...411 => {
[INFO] [stdout]     |                          ^^^ help: use `..=` for an inclusive range
[INFO] [stdout]     |
[INFO] [stdout]     = warning: this is accepted in the current edition (Rust 2018) but is a hard error in Rust 2021!
[INFO] [stdout]     = note: for more information, see issue #80165 <https://github.com/rust-lang/rust/issues/80165>
[INFO] [stdout] 
[INFO] [stdout] 
[INFO] [stdout] warning: 22 warnings emitted
[INFO] [stdout] 
[INFO] [stdout] 
[INFO] [stderr]    Compiling thread-id v2.0.0
[INFO] [stderr]    Compiling memchr v0.1.11
[INFO] [stderr]    Compiling rand v0.3.14
[INFO] [stderr]    Compiling thread_local v0.2.6
[INFO] [stderr]    Compiling aho-corasick v0.5.2
[INFO] [stderr]    Compiling regex v0.1.73
[INFO] [stderr]    Compiling env_logger v0.3.4
[INFO] [stderr]    Compiling rgen3-save v0.1.0 (/opt/rustwide/workdir/rgen3-save)
[INFO] [stdout] warning: include macro expected single expression in source
[INFO] [stdout]    --> rgen3-save/examples/../../poke.incl:442:2
[INFO] [stdout]     |
[INFO] [stdout] 442 | };
[INFO] [stdout]     |  ^
[INFO] [stdout]     |
[INFO] [stdout]     = note: `#[warn(incomplete_include)]` on by default
[INFO] [stdout] 
[INFO] [stdout] 
[INFO] [stdout] warning: unnecessary trailing semicolon
[INFO] [stdout]   --> rgen3-save/examples/list-pokemon.rs:14:10
[INFO] [stdout]    |
[INFO] [stdout] 14 |         );+
[INFO] [stdout]    |          ^ help: remove this semicolon
[INFO] [stdout]    |
[INFO] [stdout]    = note: `#[warn(redundant_semicolons)]` on by default
[INFO] [stdout] 
[INFO] [stdout] 
[INFO] [stdout] warning: unnecessary trailing semicolon
[INFO] [stdout]   --> rgen3-save/examples/list-pokemon.rs:14:10
[INFO] [stdout]    |
[INFO] [stdout] 14 |         );+
[INFO] [stdout]    |          ^ help: remove this semicolon
[INFO] [stdout] 
[INFO] [stdout] 
[INFO] [stdout] warning: trait objects without an explicit `dyn` are deprecated
[INFO] [stdout]   --> rgen3-save/src/rw.rs:44:58
[INFO] [stdout]    |
[INFO] [stdout] 44 |     fn read<R: Read>(reader: &mut R) -> Result<Self, Box<Error>> {
[INFO] [stdout]    |                                                          ^^^^^ help: use `dyn`: `dyn Error`
[INFO] [stdout]    |
[INFO] [stdout]    = note: `#[warn(bare_trait_objects)]` on by default
[INFO] [stdout]    = warning: this is accepted in the current edition (Rust 2018) but is a hard error in Rust 2021!
[INFO] [stdout]    = note: for more information, see issue #80165 <https://github.com/rust-lang/rust/issues/80165>
[INFO] [stdout] 
[INFO] [stdout] 
[INFO] [stdout] warning: trait objects without an explicit `dyn` are deprecated
[INFO] [stdout]    --> rgen3-save/src/rw.rs:140:92
[INFO] [stdout]     |
[INFO] [stdout] 140 |     fn read<R: Read + Seek>(reader: &mut R, session: &mut ReadSession) -> Result<Self, Box<Error>> {
[INFO] [stdout]     |                                                                                            ^^^^^ help: use `dyn`: `dyn Error`
[INFO] [stdout]     |
[INFO] [stdout]     = warning: this is accepted in the current edition (Rust 2018) but is a hard error in Rust 2021!
[INFO] [stdout]     = note: for more information, see issue #80165 <https://github.com/rust-lang/rust/issues/80165>
[INFO] [stdout] 
[INFO] [stdout] 
[INFO] [stdout] warning: `...` range patterns are deprecated
[INFO] [stdout]    --> rgen3-save/src/rw.rs:203:14
[INFO] [stdout]     |
[INFO] [stdout] 203 |             5...13 => {
[INFO] [stdout]     |              ^^^ help: use `..=` for an inclusive range
[INFO] [stdout]     |
[INFO] [stdout]     = note: `#[warn(ellipsis_inclusive_range_patterns)]` on by default
[INFO] [stdout]     = warning: this is accepted in the current edition (Rust 2018) but is a hard error in Rust 2021!
[INFO] [stdout]     = note: for more information, see issue #80165 <https://github.com/rust-lang/rust/issues/80165>
[INFO] [stdout] 
[INFO] [stdout] 
[INFO] [stdout] warning: trait objects without an explicit `dyn` are deprecated
[INFO] [stdout]    --> rgen3-save/src/rw.rs:345:72
[INFO] [stdout]     |
[INFO] [stdout] 345 |     fn read<R: Read + Seek>(reader: &mut R) -> Result<(Self, u32), Box<Error>> {
[INFO] [stdout]     |                                                                        ^^^^^ help: use `dyn`: `dyn Error`
[INFO] [stdout]     |
[INFO] [stdout]     = warning: this is accepted in the current edition (Rust 2018) but is a hard error in Rust 2021!
[INFO] [stdout]     = note: for more information, see issue #80165 <https://github.com/rust-lang/rust/issues/80165>
[INFO] [stdout] 
[INFO] [stdout] 
[INFO] [stdout] warning: trait objects without an explicit `dyn` are deprecated
[INFO] [stdout]    --> rgen3-save/src/rw.rs:399:69
[INFO] [stdout]     |
[INFO] [stdout] 399 |     pub fn read<R: Read + Seek>(reader: &mut R) -> Result<Self, Box<Error>> {
[INFO] [stdout]     |                                                                     ^^^^^ help: use `dyn`: `dyn Error`
[INFO] [stdout]     |
[INFO] [stdout]     = warning: this is accepted in the current edition (Rust 2018) but is a hard error in Rust 2021!
[INFO] [stdout]     = note: for more information, see issue #80165 <https://github.com/rust-lang/rust/issues/80165>
[INFO] [stdout] 
[INFO] [stdout] 
[INFO] [stdout] warning: trait objects without an explicit `dyn` are deprecated
[INFO] [stdout]    --> rgen3-save/src/rw.rs:434:58
[INFO] [stdout]     |
[INFO] [stdout] 434 |     fn read<R: Read>(reader: &mut R) -> Result<Self, Box<Error>> {
[INFO] [stdout]     |                                                          ^^^^^ help: use `dyn`: `dyn Error`
[INFO] [stdout]     |
[INFO] [stdout]     = warning: this is accepted in the current edition (Rust 2018) but is a hard error in Rust 2021!
[INFO] [stdout]     = note: for more information, see issue #80165 <https://github.com/rust-lang/rust/issues/80165>
[INFO] [stdout] 
[INFO] [stdout] 
[INFO] [stdout] warning: trait objects without an explicit `dyn` are deprecated
[INFO] [stdout]    --> rgen3-save/src/rw.rs:491:81
[INFO] [stdout]     |
[INFO] [stdout] 491 |     fn read<R: Read>(reader: &mut R, session: &ReadSession) -> Result<Self, Box<Error>> {
[INFO] [stdout]     |                                                                                 ^^^^^ help: use `dyn`: `dyn Error`
[INFO] [stdout]     |
[INFO] [stdout]     = warning: this is accepted in the current edition (Rust 2018) but is a hard error in Rust 2021!
[INFO] [stdout]     = note: for more information, see issue #80165 <https://github.com/rust-lang/rust/issues/80165>
[INFO] [stdout] 
[INFO] [stdout] 
[INFO] [stdout] warning: trait objects without an explicit `dyn` are deprecated
[INFO] [stdout]    --> rgen3-save/src/rw.rs:540:79
[INFO] [stdout]     |
[INFO] [stdout] 540 |     fn read<R: Read>(reader: &mut R, game_type: GameType) -> Result<Self, Box<Error>> {
[INFO] [stdout]     |                                                                               ^^^^^ help: use `dyn`: `dyn Error`
[INFO] [stdout]     |
[INFO] [stdout]     = warning: this is accepted in the current edition (Rust 2018) but is a hard error in Rust 2021!
[INFO] [stdout]     = note: for more information, see issue #80165 <https://github.com/rust-lang/rust/issues/80165>
[INFO] [stdout] 
[INFO] [stdout] 
[INFO] [stdout] warning: trait objects without an explicit `dyn` are deprecated
[INFO] [stdout]    --> rgen3-save/src/rw.rs:586:69
[INFO] [stdout]     |
[INFO] [stdout] 586 |     fn read_non_active<R: Read>(reader: &mut R) -> Result<Self, Box<Error>> {
[INFO] [stdout]     |                                                                     ^^^^^ help: use `dyn`: `dyn Error`
[INFO] [stdout]     |
[INFO] [stdout]     = warning: this is accepted in the current edition (Rust 2018) but is a hard error in Rust 2021!
[INFO] [stdout]     = note: for more information, see issue #80165 <https://github.com/rust-lang/rust/issues/80165>
[INFO] [stdout] 
[INFO] [stdout] 
[INFO] [stdout] warning: trait objects without an explicit `dyn` are deprecated
[INFO] [stdout]    --> rgen3-save/src/rw.rs:618:58
[INFO] [stdout]     |
[INFO] [stdout] 618 |     fn read<R: Read>(reader: &mut R) -> Result<Self, Box<Error>> {
[INFO] [stdout]     |                                                          ^^^^^ help: use `dyn`: `dyn Error`
[INFO] [stdout]     |
[INFO] [stdout]     = warning: this is accepted in the current edition (Rust 2018) but is a hard error in Rust 2021!
[INFO] [stdout]     = note: for more information, see issue #80165 <https://github.com/rust-lang/rust/issues/80165>
[INFO] [stdout] 
[INFO] [stdout] 
[INFO] [stdout] warning: trait objects without an explicit `dyn` are deprecated
[INFO] [stdout]    --> rgen3-save/src/rw.rs:712:79
[INFO] [stdout]     |
[INFO] [stdout] 712 |     fn read<R: Read>(reader: &mut R, pv: u32, ot_id: u32) -> Result<Self, Box<Error>> {
[INFO] [stdout]     |                                                                               ^^^^^ help: use `dyn`: `dyn Error`
[INFO] [stdout]     |
[INFO] [stdout]     = warning: this is accepted in the current edition (Rust 2018) but is a hard error in Rust 2021!
[INFO] [stdout]     = note: for more information, see issue #80165 <https://github.com/rust-lang/rust/issues/80165>
[INFO] [stdout] 
[INFO] [stdout] 
[INFO] [stdout] warning: trait objects without an explicit `dyn` are deprecated
[INFO] [stdout]    --> rgen3-save/src/rw.rs:783:41
[INFO] [stdout]     |
[INFO] [stdout] 783 | ) -> Result<[u8; SUBSTRUCTURE_LEN], Box<Error>> {
[INFO] [stdout]     |                                         ^^^^^ help: use `dyn`: `dyn Error`
[INFO] [stdout]     |
[INFO] [stdout]     = warning: this is accepted in the current edition (Rust 2018) but is a hard error in Rust 2021!
[INFO] [stdout]     = note: for more information, see issue #80165 <https://github.com/rust-lang/rust/issues/80165>
[INFO] [stdout] 
[INFO] [stdout] 
[INFO] [stdout] warning: trait objects without an explicit `dyn` are deprecated
[INFO] [stdout]    --> rgen3-save/src/rw.rs:808:72
[INFO] [stdout]     |
[INFO] [stdout] 808 |     fn read<R: Read>(reader: &mut R, dec_key: u32) -> Result<Self, Box<Error>> {
[INFO] [stdout]     |                                                                        ^^^^^ help: use `dyn`: `dyn Error`
[INFO] [stdout]     |
[INFO] [stdout]     = warning: this is accepted in the current edition (Rust 2018) but is a hard error in Rust 2021!
[INFO] [stdout]     = note: for more information, see issue #80165 <https://github.com/rust-lang/rust/issues/80165>
[INFO] [stdout] 
[INFO] [stdout] 
[INFO] [stdout] warning: trait objects without an explicit `dyn` are deprecated
[INFO] [stdout]    --> rgen3-save/src/rw.rs:831:72
[INFO] [stdout]     |
[INFO] [stdout] 831 |     fn read<R: Read>(reader: &mut R, dec_key: u32) -> Result<Self, Box<Error>> {
[INFO] [stdout]     |                                                                        ^^^^^ help: use `dyn`: `dyn Error`
[INFO] [stdout]     |
[INFO] [stdout]     = warning: this is accepted in the current edition (Rust 2018) but is a hard error in Rust 2021!
[INFO] [stdout]     = note: for more information, see issue #80165 <https://github.com/rust-lang/rust/issues/80165>
[INFO] [stdout] 
[INFO] [stdout] 
[INFO] [stdout] warning: trait objects without an explicit `dyn` are deprecated
[INFO] [stdout]    --> rgen3-save/src/rw.rs:858:72
[INFO] [stdout]     |
[INFO] [stdout] 858 |     fn read<R: Read>(reader: &mut R, dec_key: u32) -> Result<Self, Box<Error>> {
[INFO] [stdout]     |                                                                        ^^^^^ help: use `dyn`: `dyn Error`
[INFO] [stdout]     |
[INFO] [stdout]     = warning: this is accepted in the current edition (Rust 2018) but is a hard error in Rust 2021!
[INFO] [stdout]     = note: for more information, see issue #80165 <https://github.com/rust-lang/rust/issues/80165>
[INFO] [stdout] 
[INFO] [stdout] 
[INFO] [stdout] warning: trait objects without an explicit `dyn` are deprecated
[INFO] [stdout]    --> rgen3-save/src/rw.rs:893:72
[INFO] [stdout]     |
[INFO] [stdout] 893 |     fn read<R: Read>(reader: &mut R, dec_key: u32) -> Result<Self, Box<Error>> {
[INFO] [stdout]     |                                                                        ^^^^^ help: use `dyn`: `dyn Error`
[INFO] [stdout]     |
[INFO] [stdout]     = warning: this is accepted in the current edition (Rust 2018) but is a hard error in Rust 2021!
[INFO] [stdout]     = note: for more information, see issue #80165 <https://github.com/rust-lang/rust/issues/80165>
[INFO] [stdout] 
[INFO] [stdout] 
[INFO] [stdout] warning: trait objects without an explicit `dyn` are deprecated
[INFO] [stdout]    --> rgen3-save/src/rw.rs:943:72
[INFO] [stdout]     |
[INFO] [stdout] 943 |     fn read<R: Read>(reader: &mut R, index: usize) -> Result<Self, Box<Error>> {
[INFO] [stdout]     |                                                                        ^^^^^ help: use `dyn`: `dyn Error`
[INFO] [stdout]     |
[INFO] [stdout]     = warning: this is accepted in the current edition (Rust 2018) but is a hard error in Rust 2021!
[INFO] [stdout]     = note: for more information, see issue #80165 <https://github.com/rust-lang/rust/issues/80165>
[INFO] [stdout] 
[INFO] [stdout] 
[INFO] [stdout] warning: trait objects without an explicit `dyn` are deprecated
[INFO] [stdout]    --> rgen3-save/src/rw.rs:967:58
[INFO] [stdout]     |
[INFO] [stdout] 967 |     fn read<R: Read>(reader: &mut R) -> Result<Self, Box<Error>> {
[INFO] [stdout]     |                                                          ^^^^^ help: use `dyn`: `dyn Error`
[INFO] [stdout]     |
[INFO] [stdout]     = warning: this is accepted in the current edition (Rust 2018) but is a hard error in Rust 2021!
[INFO] [stdout]     = note: for more information, see issue #80165 <https://github.com/rust-lang/rust/issues/80165>
[INFO] [stdout] 
[INFO] [stdout] 
[INFO] [stdout] warning: trait objects without an explicit `dyn` are deprecated
[INFO] [stdout]     --> rgen3-save/src/rw.rs:1001:58
[INFO] [stdout]      |
[INFO] [stdout] 1001 |     fn read<R: Read>(reader: &mut R) -> Result<Self, Box<Error>> {
[INFO] [stdout]      |                                                          ^^^^^ help: use `dyn`: `dyn Error`
[INFO] [stdout]      |
[INFO] [stdout]      = warning: this is accepted in the current edition (Rust 2018) but is a hard error in Rust 2021!
[INFO] [stdout]      = note: for more information, see issue #80165 <https://github.com/rust-lang/rust/issues/80165>
[INFO] [stdout] 
[INFO] [stdout] 
[INFO] [stdout] warning: trait objects without an explicit `dyn` are deprecated
[INFO] [stdout]   --> rgen3-save/src/lib.rs:37:72
[INFO] [stdout]    |
[INFO] [stdout] 37 |     pub fn load_from_file<P: AsRef<Path>>(path: P) -> Result<Self, Box<Error>> {
[INFO] [stdout]    |                                                                        ^^^^^ help: use `dyn`: `dyn Error`
[INFO] [stdout]    |
[INFO] [stdout]    = warning: this is accepted in the current edition (Rust 2018) but is a hard error in Rust 2021!
[INFO] [stdout]    = note: for more information, see issue #80165 <https://github.com/rust-lang/rust/issues/80165>
[INFO] [stdout] 
[INFO] [stdout] 
[INFO] [stdout] warning: `...` range patterns are deprecated
[INFO] [stdout]    --> rgen3-save/src/lib.rs:352:14
[INFO] [stdout]     |
[INFO] [stdout] 352 |             1...251 | 277...411 => {
[INFO] [stdout]     |              ^^^ help: use `..=` for an inclusive range
[INFO] [stdout]     |
[INFO] [stdout]     = warning: this is accepted in the current edition (Rust 2018) but is a hard error in Rust 2021!
[INFO] [stdout]     = note: for more information, see issue #80165 <https://github.com/rust-lang/rust/issues/80165>
[INFO] [stdout] 
[INFO] [stdout] 
[INFO] [stdout] warning: `...` range patterns are deprecated
[INFO] [stdout]    --> rgen3-save/src/lib.rs:352:26
[INFO] [stdout]     |
[INFO] [stdout] 352 |             1...251 | 277...411 => {
[INFO] [stdout]     |                          ^^^ help: use `..=` for an inclusive range
[INFO] [stdout]     |
[INFO] [stdout]     = warning: this is accepted in the current edition (Rust 2018) but is a hard error in Rust 2021!
[INFO] [stdout]     = note: for more information, see issue #80165 <https://github.com/rust-lang/rust/issues/80165>
[INFO] [stdout] 
[INFO] [stdout] 
[INFO] [stdout] warning: 22 warnings emitted
[INFO] [stdout] 
[INFO] [stdout] 
[INFO] [stdout] warning: 3 warnings emitted
[INFO] [stdout] 
[INFO] [stdout] 
[INFO] [stderr]     Finished test [unoptimized + debuginfo] target(s) in 7.15s
[INFO] running `Command { std: "docker" "inspect" "3e552a8a8e652f62fbe685f7b92fa56cb27ce45925bc407b4e1ebb4d6a66bbf6", kill_on_drop: false }`
[INFO] running `Command { std: "docker" "rm" "-f" "3e552a8a8e652f62fbe685f7b92fa56cb27ce45925bc407b4e1ebb4d6a66bbf6", kill_on_drop: false }`
[INFO] [stdout] 3e552a8a8e652f62fbe685f7b92fa56cb27ce45925bc407b4e1ebb4d6a66bbf6
[INFO] running `Command { std: "docker" "create" "-v" "/var/lib/crater-agent-workspace/builds/worker-11/target:/opt/rustwide/target:rw,Z" "-v" "/var/lib/crater-agent-workspace/builds/worker-11/source:/opt/rustwide/workdir:ro,Z" "-v" "/var/lib/crater-agent-workspace/cargo-home:/opt/rustwide/cargo-home:ro,Z" "-v" "/var/lib/crater-agent-workspace/rustup-home:/opt/rustwide/rustup-home:ro,Z" "-e" "SOURCE_DIR=/opt/rustwide/workdir" "-e" "CARGO_TARGET_DIR=/opt/rustwide/target" "-e" "CARGO_INCREMENTAL=0" "-e" "RUST_BACKTRACE=full" "-e" "RUSTFLAGS=--cap-lints=warn" "-e" "CARGO_HOME=/opt/rustwide/cargo-home" "-e" "RUSTUP_HOME=/opt/rustwide/rustup-home" "-w" "/opt/rustwide/workdir" "-m" "1610612736" "--user" "0:0" "--network" "none" "ghcr.io/rust-lang/crates-build-env/linux@sha256:34b6a614d2c27851fe6cbf88fbd1137609cefab8b10d0615aaeb6fd47975d74e" "/opt/rustwide/cargo-home/bin/cargo" "+beta-2021-08-01" "test" "--frozen", kill_on_drop: false }`
[INFO] [stdout] 33cf8c04873b7741cac6fce5105e1ef6e31d5d2b6aa7bded2b9195d0fea5d11b
[INFO] running `Command { std: "docker" "start" "-a" "33cf8c04873b7741cac6fce5105e1ef6e31d5d2b6aa7bded2b9195d0fea5d11b", kill_on_drop: false }`
[INFO] [stdout] 
[INFO] [stderr] warning: trait objects without an explicit `dyn` are deprecated
[INFO] [stdout] running 1 test
[INFO] [stderr]   --> rgen3-save/src/rw.rs:44:58
[INFO] [stdout] test util::lower_upper::test_split_merge ... ok
[INFO] [stderr]    |
[INFO] [stdout] 
[INFO] [stderr] 44 |     fn read<R: Read>(reader: &mut R) -> Result<Self, Box<Error>> {
[INFO] [stdout] test result: ok. 1 passed; 0 failed; 0 ignored; 0 measured; 0 filtered out; finished in 0.00s
[INFO] [stderr]    |                                                          ^^^^^ help: use `dyn`: `dyn Error`
[INFO] [stdout] 
[INFO] [stderr]    |
[INFO] [stdout] 
[INFO] [stderr]    = note: `#[warn(bare_trait_objects)]` on by default
[INFO] [stdout] running 2 tests
[INFO] [stderr]    = warning: this is accepted in the current edition (Rust 2018) but is a hard error in Rust 2021!
[INFO] [stderr]    = note: for more information, see issue #80165 <https://github.com/rust-lang/rust/issues/80165>
[INFO] [stderr] 
[INFO] [stderr] warning: trait objects without an explicit `dyn` are deprecated
[INFO] [stderr]    --> rgen3-save/src/rw.rs:140:92
[INFO] [stderr]     |
[INFO] [stderr] 140 |     fn read<R: Read + Seek>(reader: &mut R, session: &mut ReadSession) -> Result<Self, Box<Error>> {
[INFO] [stderr]     |                                                                                            ^^^^^ help: use `dyn`: `dyn Error`
[INFO] [stderr]     |
[INFO] [stderr]     = warning: this is accepted in the current edition (Rust 2018) but is a hard error in Rust 2021!
[INFO] [stderr]     = note: for more information, see issue #80165 <https://github.com/rust-lang/rust/issues/80165>
[INFO] [stderr] 
[INFO] [stderr] warning: `...` range patterns are deprecated
[INFO] [stderr]    --> rgen3-save/src/rw.rs:203:14
[INFO] [stderr]     |
[INFO] [stderr] 203 |             5...13 => {
[INFO] [stderr]     |              ^^^ help: use `..=` for an inclusive range
[INFO] [stderr]     |
[INFO] [stderr]     = note: `#[warn(ellipsis_inclusive_range_patterns)]` on by default
[INFO] [stderr]     = warning: this is accepted in the current edition (Rust 2018) but is a hard error in Rust 2021!
[INFO] [stderr]     = note: for more information, see issue #80165 <https://github.com/rust-lang/rust/issues/80165>
[INFO] [stderr] 
[INFO] [stderr] warning: trait objects without an explicit `dyn` are deprecated
[INFO] [stderr]    --> rgen3-save/src/rw.rs:345:72
[INFO] [stderr]     |
[INFO] [stderr] 345 |     fn read<R: Read + Seek>(reader: &mut R) -> Result<(Self, u32), Box<Error>> {
[INFO] [stderr]     |                                                                        ^^^^^ help: use `dyn`: `dyn Error`
[INFO] [stderr]     |
[INFO] [stderr]     = warning: this is accepted in the current edition (Rust 2018) but is a hard error in Rust 2021!
[INFO] [stderr]     = note: for more information, see issue #80165 <https://github.com/rust-lang/rust/issues/80165>
[INFO] [stderr] 
[INFO] [stderr] warning: trait objects without an explicit `dyn` are deprecated
[INFO] [stderr]    --> rgen3-save/src/rw.rs:399:69
[INFO] [stderr]     |
[INFO] [stderr] 399 |     pub fn read<R: Read + Seek>(reader: &mut R) -> Result<Self, Box<Error>> {
[INFO] [stderr]     |                                                                     ^^^^^ help: use `dyn`: `dyn Error`
[INFO] [stderr]     |
[INFO] [stderr]     = warning: this is accepted in the current edition (Rust 2018) but is a hard error in Rust 2021!
[INFO] [stderr]     = note: for more information, see issue #80165 <https://github.com/rust-lang/rust/issues/80165>
[INFO] [stderr] 
[INFO] [stderr] warning: trait objects without an explicit `dyn` are deprecated
[INFO] [stderr]    --> rgen3-save/src/rw.rs:434:58
[INFO] [stderr]     |
[INFO] [stderr] 434 |     fn read<R: Read>(reader: &mut R) -> Result<Self, Box<Error>> {
[INFO] [stderr]     |                                                          ^^^^^ help: use `dyn`: `dyn Error`
[INFO] [stderr]     |
[INFO] [stderr]     = warning: this is accepted in the current edition (Rust 2018) but is a hard error in Rust 2021!
[INFO] [stderr]     = note: for more information, see issue #80165 <https://github.com/rust-lang/rust/issues/80165>
[INFO] [stderr] 
[INFO] [stderr] warning: trait objects without an explicit `dyn` are deprecated
[INFO] [stderr]    --> rgen3-save/src/rw.rs:491:81
[INFO] [stderr]     |
[INFO] [stderr] 491 |     fn read<R: Read>(reader: &mut R, session: &ReadSession) -> Result<Self, Box<Error>> {
[INFO] [stderr]     |                                                                                 ^^^^^ help: use `dyn`: `dyn Error`
[INFO] [stderr]     |
[INFO] [stderr]     = warning: this is accepted in the current edition (Rust 2018) but is a hard error in Rust 2021!
[INFO] [stderr]     = note: for more information, see issue #80165 <https://github.com/rust-lang/rust/issues/80165>
[INFO] [stderr] 
[INFO] [stderr] warning: trait objects without an explicit `dyn` are deprecated
[INFO] [stderr]    --> rgen3-save/src/rw.rs:540:79
[INFO] [stderr]     |
[INFO] [stderr] 540 |     fn read<R: Read>(reader: &mut R, game_type: GameType) -> Result<Self, Box<Error>> {
[INFO] [stderr]     |                                                                               ^^^^^ help: use `dyn`: `dyn Error`
[INFO] [stderr]     |
[INFO] [stderr]     = warning: this is accepted in the current edition (Rust 2018) but is a hard error in Rust 2021!
[INFO] [stderr]     = note: for more information, see issue #80165 <https://github.com/rust-lang/rust/issues/80165>
[INFO] [stderr] 
[INFO] [stderr] warning: trait objects without an explicit `dyn` are deprecated
[INFO] [stderr]    --> rgen3-save/src/rw.rs:586:69
[INFO] [stderr]     |
[INFO] [stderr] 586 |     fn read_non_active<R: Read>(reader: &mut R) -> Result<Self, Box<Error>> {
[INFO] [stderr]     |                                                                     ^^^^^ help: use `dyn`: `dyn Error`
[INFO] [stderr]     |
[INFO] [stderr]     = warning: this is accepted in the current edition (Rust 2018) but is a hard error in Rust 2021!
[INFO] [stderr]     = note: for more information, see issue #80165 <https://github.com/rust-lang/rust/issues/80165>
[INFO] [stderr] 
[INFO] [stderr] warning: trait objects without an explicit `dyn` are deprecated
[INFO] [stderr]    --> rgen3-save/src/rw.rs:618:58
[INFO] [stderr]     |
[INFO] [stderr] 618 |     fn read<R: Read>(reader: &mut R) -> Result<Self, Box<Error>> {
[INFO] [stderr]     |                                                          ^^^^^ help: use `dyn`: `dyn Error`
[INFO] [stderr]     |
[INFO] [stderr]     = warning: this is accepted in the current edition (Rust 2018) but is a hard error in Rust 2021!
[INFO] [stderr]     = note: for more information, see issue #80165 <https://github.com/rust-lang/rust/issues/80165>
[INFO] [stderr] 
[INFO] [stderr] warning: trait objects without an explicit `dyn` are deprecated
[INFO] [stderr]    --> rgen3-save/src/rw.rs:712:79
[INFO] [stderr]     |
[INFO] [stderr] 712 |     fn read<R: Read>(reader: &mut R, pv: u32, ot_id: u32) -> Result<Self, Box<Error>> {
[INFO] [stderr]     |                                                                               ^^^^^ help: use `dyn`: `dyn Error`
[INFO] [stderr]     |
[INFO] [stderr]     = warning: this is accepted in the current edition (Rust 2018) but is a hard error in Rust 2021!
[INFO] [stderr]     = note: for more information, see issue #80165 <https://github.com/rust-lang/rust/issues/80165>
[INFO] [stderr] 
[INFO] [stderr] warning: trait objects without an explicit `dyn` are deprecated
[INFO] [stderr]    --> rgen3-save/src/rw.rs:783:41
[INFO] [stderr]     |
[INFO] [stderr] 783 | ) -> Result<[u8; SUBSTRUCTURE_LEN], Box<Error>> {
[INFO] [stderr]     |                                         ^^^^^ help: use `dyn`: `dyn Error`
[INFO] [stderr]     |
[INFO] [stderr]     = warning: this is accepted in the current edition (Rust 2018) but is a hard error in Rust 2021!
[INFO] [stderr]     = note: for more information, see issue #80165 <https://github.com/rust-lang/rust/issues/80165>
[INFO] [stderr] 
[INFO] [stderr] warning: trait objects without an explicit `dyn` are deprecated
[INFO] [stderr]    --> rgen3-save/src/rw.rs:808:72
[INFO] [stderr]     |
[INFO] [stderr] 808 |     fn read<R: Read>(reader: &mut R, dec_key: u32) -> Result<Self, Box<Error>> {
[INFO] [stderr]     |                                                                        ^^^^^ help: use `dyn`: `dyn Error`
[INFO] [stderr]     |
[INFO] [stderr]     = warning: this is accepted in the current edition (Rust 2018) but is a hard error in Rust 2021!
[INFO] [stderr]     = note: for more information, see issue #80165 <https://github.com/rust-lang/rust/issues/80165>
[INFO] [stderr] 
[INFO] [stderr] warning: trait objects without an explicit `dyn` are deprecated
[INFO] [stderr]    --> rgen3-save/src/rw.rs:831:72
[INFO] [stderr]     |
[INFO] [stderr] 831 |     fn read<R: Read>(reader: &mut R, dec_key: u32) -> Result<Self, Box<Error>> {
[INFO] [stderr]     |                                                                        ^^^^^ help: use `dyn`: `dyn Error`
[INFO] [stderr]     |
[INFO] [stderr]     = warning: this is accepted in the current edition (Rust 2018) but is a hard error in Rust 2021!
[INFO] [stderr]     = note: for more information, see issue #80165 <https://github.com/rust-lang/rust/issues/80165>
[INFO] [stderr] 
[INFO] [stderr] warning: trait objects without an explicit `dyn` are deprecated
[INFO] [stderr]    --> rgen3-save/src/rw.rs:858:72
[INFO] [stderr]     |
[INFO] [stderr] 858 |     fn read<R: Read>(reader: &mut R, dec_key: u32) -> Result<Self, Box<Error>> {
[INFO] [stderr]     |                                                                        ^^^^^ help: use `dyn`: `dyn Error`
[INFO] [stderr]     |
[INFO] [stderr]     = warning: this is accepted in the current edition (Rust 2018) but is a hard error in Rust 2021!
[INFO] [stderr]     = note: for more information, see issue #80165 <https://github.com/rust-lang/rust/issues/80165>
[INFO] [stderr] 
[INFO] [stderr] warning: trait objects without an explicit `dyn` are deprecated
[INFO] [stderr]    --> rgen3-save/src/rw.rs:893:72
[INFO] [stderr]     |
[INFO] [stderr] 893 |     fn read<R: Read>(reader: &mut R, dec_key: u32) -> Result<Self, Box<Error>> {
[INFO] [stderr]     |                                                                        ^^^^^ help: use `dyn`: `dyn Error`
[INFO] [stderr]     |
[INFO] [stderr]     = warning: this is accepted in the current edition (Rust 2018) but is a hard error in Rust 2021!
[INFO] [stderr]     = note: for more information, see issue #80165 <https://github.com/rust-lang/rust/issues/80165>
[INFO] [stderr] 
[INFO] [stderr] warning: trait objects without an explicit `dyn` are deprecated
[INFO] [stderr]    --> rgen3-save/src/rw.rs:943:72
[INFO] [stderr]     |
[INFO] [stderr] 943 |     fn read<R: Read>(reader: &mut R, index: usize) -> Result<Self, Box<Error>> {
[INFO] [stderr]     |                                                                        ^^^^^ help: use `dyn`: `dyn Error`
[INFO] [stderr]     |
[INFO] [stderr]     = warning: this is accepted in the current edition (Rust 2018) but is a hard error in Rust 2021!
[INFO] [stderr]     = note: for more information, see issue #80165 <https://github.com/rust-lang/rust/issues/80165>
[INFO] [stderr] 
[INFO] [stderr] warning: trait objects without an explicit `dyn` are deprecated
[INFO] [stderr]    --> rgen3-save/src/rw.rs:967:58
[INFO] [stderr]     |
[INFO] [stderr] 967 |     fn read<R: Read>(reader: &mut R) -> Result<Self, Box<Error>> {
[INFO] [stderr]     |                                                          ^^^^^ help: use `dyn`: `dyn Error`
[INFO] [stderr]     |
[INFO] [stderr]     = warning: this is accepted in the current edition (Rust 2018) but is a hard error in Rust 2021!
[INFO] [stderr]     = note: for more information, see issue #80165 <https://github.com/rust-lang/rust/issues/80165>
[INFO] [stderr] 
[INFO] [stderr] warning: trait objects without an explicit `dyn` are deprecated
[INFO] [stderr]     --> rgen3-save/src/rw.rs:1001:58
[INFO] [stderr]      |
[INFO] [stderr] 1001 |     fn read<R: Read>(reader: &mut R) -> Result<Self, Box<Error>> {
[INFO] [stderr]      |                                                          ^^^^^ help: use `dyn`: `dyn Error`
[INFO] [stderr]      |
[INFO] [stderr]      = warning: this is accepted in the current edition (Rust 2018) but is a hard error in Rust 2021!
[INFO] [stderr]      = note: for more information, see issue #80165 <https://github.com/rust-lang/rust/issues/80165>
[INFO] [stderr] 
[INFO] [stderr] warning: trait objects without an explicit `dyn` are deprecated
[INFO] [stderr]   --> rgen3-save/src/lib.rs:37:72
[INFO] [stderr]    |
[INFO] [stderr] 37 |     pub fn load_from_file<P: AsRef<Path>>(path: P) -> Result<Self, Box<Error>> {
[INFO] [stderr]    |                                                                        ^^^^^ help: use `dyn`: `dyn Error`
[INFO] [stderr]    |
[INFO] [stderr]    = warning: this is accepted in the current edition (Rust 2018) but is a hard error in Rust 2021!
[INFO] [stderr]    = note: for more information, see issue #80165 <https://github.com/rust-lang/rust/issues/80165>
[INFO] [stderr] 
[INFO] [stderr] warning: `...` range patterns are deprecated
[INFO] [stderr]    --> rgen3-save/src/lib.rs:352:14
[INFO] [stderr]     |
[INFO] [stderr] 352 |             1...251 | 277...411 => {
[INFO] [stderr]     |              ^^^ help: use `..=` for an inclusive range
[INFO] [stderr]     |
[INFO] [stderr]     = warning: this is accepted in the current edition (Rust 2018) but is a hard error in Rust 2021!
[INFO] [stderr]     = note: for more information, see issue #80165 <https://github.com/rust-lang/rust/issues/80165>
[INFO] [stderr] 
[INFO] [stderr] warning: `...` range patterns are deprecated
[INFO] [stderr]    --> rgen3-save/src/lib.rs:352:26
[INFO] [stderr]     |
[INFO] [stderr] 352 |             1...251 | 277...411 => {
[INFO] [stderr]     |                          ^^^ help: use `..=` for an inclusive range
[INFO] [stderr]     |
[INFO] [stderr]     = warning: this is accepted in the current edition (Rust 2018) but is a hard error in Rust 2021!
[INFO] [stderr]     = note: for more information, see issue #80165 <https://github.com/rust-lang/rust/issues/80165>
[INFO] [stderr] 
[INFO] [stderr] warning: `rgen3-save` (lib) generated 22 warnings
[INFO] [stderr] warning: include macro expected single expression in source
[INFO] [stderr]    --> rgen3-save/examples/../../poke.incl:442:2
[INFO] [stderr]     |
[INFO] [stderr] 442 | };
[INFO] [stderr]     |  ^
[INFO] [stderr]     |
[INFO] [stderr]     = note: `#[warn(incomplete_include)]` on by default
[INFO] [stderr] 
[INFO] [stderr] warning: unnecessary trailing semicolon
[INFO] [stderr]   --> rgen3-save/examples/list-pokemon.rs:14:10
[INFO] [stderr]    |
[INFO] [stderr] 14 |         );+
[INFO] [stderr]    |          ^ help: remove this semicolon
[INFO] [stderr]    |
[INFO] [stderr]    = note: `#[warn(redundant_semicolons)]` on by default
[INFO] [stderr] 
[INFO] [stderr] warning: unnecessary trailing semicolon
[INFO] [stderr]   --> rgen3-save/examples/list-pokemon.rs:14:10
[INFO] [stderr]    |
[INFO] [stderr] 14 |         );+
[INFO] [stderr]    |          ^ help: remove this semicolon
[INFO] [stderr] 
[INFO] [stderr] warning: `rgen3-save` (lib test) generated 22 warnings (22 duplicates)
[INFO] [stderr] warning: `rgen3-save` (example "list-pokemon") generated 3 warnings
[INFO] [stderr]     Finished test [unoptimized + debuginfo] target(s) in 0.03s
[INFO] [stderr]      Running unittests (/opt/rustwide/target/debug/deps/rgen3_save-e20b68c6b6b91861)
[INFO] [stderr]      Running tests/identity.rs (/opt/rustwide/target/debug/deps/identity-d4bbb20ddda033f6)
[INFO] [stdout] test no_change ... FAILED
[INFO] [stderr] error: test failed, to rerun pass '-p rgen3-save --test identity'
[INFO] [stdout] test pc_fill ... FAILED
[INFO] [stdout] 
[INFO] [stdout] failures:
[INFO] [stdout] 
[INFO] [stdout] ---- no_change stdout ----
[INFO] [stdout] thread 'no_change' panicked at 'Need RGEN3_TEST_SAVES env var set to a path: NotPresent', rgen3-save/tests/identity.rs:26:43
[INFO] [stdout] stack backtrace:
[INFO] [stdout]    0:     0x55d5855a2f60 - std::backtrace_rs::backtrace::libunwind::trace::hff4d1766e93f64f1
[INFO] [stdout]                                at /rustc/53fd98ca776cb875bc9e5514f56b52eb74f9e7a9/library/std/src/../../backtrace/src/backtrace/libunwind.rs:90:5
[INFO] [stdout]    1:     0x55d5855a2f60 - std::backtrace_rs::backtrace::trace_unsynchronized::h56bbc8eb78770bcb
[INFO] [stdout]                                at /rustc/53fd98ca776cb875bc9e5514f56b52eb74f9e7a9/library/std/src/../../backtrace/src/backtrace/mod.rs:66:5
[INFO] [stdout]    2:     0x55d5855a2f60 - std::sys_common::backtrace::_print_fmt::h5c8e75464faca780
[INFO] [stdout]                                at /rustc/53fd98ca776cb875bc9e5514f56b52eb74f9e7a9/library/std/src/sys_common/backtrace.rs:67:5
[INFO] [stdout]    3:     0x55d5855a2f60 - <std::sys_common::backtrace::_print::DisplayBacktrace as core::fmt::Display>::fmt::h48b88277def8b362
[INFO] [stdout]                                at /rustc/53fd98ca776cb875bc9e5514f56b52eb74f9e7a9/library/std/src/sys_common/backtrace.rs:46:22
[INFO] [stdout]    4:     0x55d5855c5abc - core::fmt::write::h3381b3176fe2b3d3
[INFO] [stdout]                                at /rustc/53fd98ca776cb875bc9e5514f56b52eb74f9e7a9/library/core/src/fmt/mod.rs:1115:17
[INFO] [stdout]    5:     0x55d58559fec5 - std::io::Write::write_fmt::h5f34a676f60246b5
[INFO] [stdout]                                at /rustc/53fd98ca776cb875bc9e5514f56b52eb74f9e7a9/library/std/src/io/mod.rs:1665:15
[INFO] [stdout]    6:     0x55d5855a50db - std::sys_common::backtrace::_print::ha537687d6c17dd0d
[INFO] [stdout]                                at /rustc/53fd98ca776cb875bc9e5514f56b52eb74f9e7a9/library/std/src/sys_common/backtrace.rs:49:5
[INFO] [stdout]    7:     0x55d5855a50db - std::sys_common::backtrace::print::h61376ae57d131d72
[INFO] [stdout]                                at /rustc/53fd98ca776cb875bc9e5514f56b52eb74f9e7a9/library/std/src/sys_common/backtrace.rs:36:9
[INFO] [stdout]    8:     0x55d5855a50db - std::panicking::default_hook::{{closure}}::h0f7208c0b9644a54
[INFO] [stdout]                                at /rustc/53fd98ca776cb875bc9e5514f56b52eb74f9e7a9/library/std/src/panicking.rs:208:50
[INFO] [stdout]    9:     0x55d5855a4bec - std::panicking::default_hook::hdac7fc06578c14ce
[INFO] [stdout]                                at /rustc/53fd98ca776cb875bc9e5514f56b52eb74f9e7a9/library/std/src/panicking.rs:222:9
[INFO] [stdout]   10:     0x55d5855a57a4 - std::panicking::rust_panic_with_hook::h72b21c283da3d1ef
[INFO] [stdout]                                at /rustc/53fd98ca776cb875bc9e5514f56b52eb74f9e7a9/library/std/src/panicking.rs:622:17
[INFO] [stdout]   11:     0x55d5855a5287 - std::panicking::begin_panic_handler::{{closure}}::he5778f1729cff84a
[INFO] [stdout]                                at /rustc/53fd98ca776cb875bc9e5514f56b52eb74f9e7a9/library/std/src/panicking.rs:519:13
[INFO] [stdout]   12:     0x55d5855a343c - std::sys_common::backtrace::__rust_end_short_backtrace::h2d11ca8b453b4b1d
[INFO] [stdout]                                at /rustc/53fd98ca776cb875bc9e5514f56b52eb74f9e7a9/library/std/src/sys_common/backtrace.rs:141:18
[INFO] [stdout]   13:     0x55d5855a51e9 - rust_begin_unwind
[INFO] [stdout]                                at /rustc/53fd98ca776cb875bc9e5514f56b52eb74f9e7a9/library/std/src/panicking.rs:515:5
[INFO] [stdout]   14:     0x55d585428431 - core::panicking::panic_fmt::hf9de31d4acbce4db
[INFO] [stdout]                                at /rustc/53fd98ca776cb875bc9e5514f56b52eb74f9e7a9/library/core/src/panicking.rs:92:14
[INFO] [stdout]   15:     0x55d585428523 - core::result::unwrap_failed::ha0c84e81219e5878
[INFO] [stdout]                                at /rustc/53fd98ca776cb875bc9e5514f56b52eb74f9e7a9/library/core/src/result.rs:1599:5
[INFO] [stdout]   16:     0x55d58544f55f - core::result::Result<T,E>::expect::ha5f094bf71904714
[INFO] [stdout]                                at /rustc/53fd98ca776cb875bc9e5514f56b52eb74f9e7a9/library/core/src/result.rs:1241:23
[INFO] [stdout]   17:     0x55d5854517c2 - identity::run_test::h124a3bc208c9e458
[INFO] [stdout]                                at /opt/rustwide/workdir/rgen3-save/tests/identity.rs:26:9
[INFO] [stdout]   18:     0x55d5854521a6 - identity::no_change::h942da1aee391fcea
[INFO] [stdout]                                at /opt/rustwide/workdir/rgen3-save/tests/identity.rs:40:5
[INFO] [stdout]   19:     0x55d58545218a - identity::no_change::{{closure}}::h479973fceae49a1c
[INFO] [stdout]                                at /opt/rustwide/workdir/rgen3-save/tests/identity.rs:39:1
[INFO] [stdout]   20:     0x55d58545398e - core::ops::function::FnOnce::call_once::h4dc4708582cd3980
[INFO] [stdout]                                at /rustc/53fd98ca776cb875bc9e5514f56b52eb74f9e7a9/library/core/src/ops/function.rs:227:5
[INFO] [stdout]   21:     0x55d58548e763 - core::ops::function::FnOnce::call_once::hbb52c4519d3137b0
[INFO] [stdout]                                at /rustc/53fd98ca776cb875bc9e5514f56b52eb74f9e7a9/library/core/src/ops/function.rs:227:5
[INFO] [stdout]   22:     0x55d58548e763 - test::__rust_begin_short_backtrace::h86fe3a2a5a5121af
[INFO] [stdout]                                at /rustc/53fd98ca776cb875bc9e5514f56b52eb74f9e7a9/library/test/src/lib.rs:578:5
[INFO] [stdout]   23:     0x55d58548d218 - <alloc::boxed::Box<F,A> as core::ops::function::FnOnce<Args>>::call_once::hfd956bc3d57399be
[INFO] [stdout]                                at /rustc/53fd98ca776cb875bc9e5514f56b52eb74f9e7a9/library/alloc/src/boxed.rs:1572:9
[INFO] [stdout]   24:     0x55d58548d218 - <std::panic::AssertUnwindSafe<F> as core::ops::function::FnOnce<()>>::call_once::h40dc93e0ddb5938a
[INFO] [stdout]                                at /rustc/53fd98ca776cb875bc9e5514f56b52eb74f9e7a9/library/std/src/panic.rs:347:9
[INFO] [stdout]   25:     0x55d58548d218 - std::panicking::try::do_call::h90d07750cb47c562
[INFO] [stdout]                                at /rustc/53fd98ca776cb875bc9e5514f56b52eb74f9e7a9/library/std/src/panicking.rs:401:40
[INFO] [stdout]   26:     0x55d58548d218 - std::panicking::try::h063c84733ad2a629
[INFO] [stdout]                                at /rustc/53fd98ca776cb875bc9e5514f56b52eb74f9e7a9/library/std/src/panicking.rs:365:19
[INFO] [stdout]   27:     0x55d58548d218 - std::panic::catch_unwind::h0c464836a84e7c08
[INFO] [stdout]                                at /rustc/53fd98ca776cb875bc9e5514f56b52eb74f9e7a9/library/std/src/panic.rs:434:14
[INFO] [stdout]   28:     0x55d58548d218 - test::run_test_in_process::h5cb06ef620b157fc
[INFO] [stdout]                                at /rustc/53fd98ca776cb875bc9e5514f56b52eb74f9e7a9/library/test/src/lib.rs:601:18
[INFO] [stdout]   29:     0x55d58548d218 - test::run_test::run_test_inner::{{closure}}::h76f677f4b93f9828
[INFO] [stdout]                                at /rustc/53fd98ca776cb875bc9e5514f56b52eb74f9e7a9/library/test/src/lib.rs:493:39
[INFO] [stdout]   30:     0x55d58545b9ad - test::run_test::run_test_inner::{{closure}}::h366d01fe04f4d67a
[INFO] [stdout]                                at /rustc/53fd98ca776cb875bc9e5514f56b52eb74f9e7a9/library/test/src/lib.rs:520:37
[INFO] [stdout]   31:     0x55d58545b9ad - std::sys_common::backtrace::__rust_begin_short_backtrace::h7dfa0de4eb395af2
[INFO] [stdout]                                at /rustc/53fd98ca776cb875bc9e5514f56b52eb74f9e7a9/library/std/src/sys_common/backtrace.rs:125:18
[INFO] [stdout]   32:     0x55d585460178 - std::thread::Builder::spawn_unchecked::{{closure}}::{{closure}}::hf0a74bb58798037f
[INFO] [stdout]                                at /rustc/53fd98ca776cb875bc9e5514f56b52eb74f9e7a9/library/std/src/thread/mod.rs:476:17
[INFO] [stdout]   33:     0x55d585460178 - <std::panic::AssertUnwindSafe<F> as core::ops::function::FnOnce<()>>::call_once::hb024e854818586ac
[INFO] [stdout]                                at /rustc/53fd98ca776cb875bc9e5514f56b52eb74f9e7a9/library/std/src/panic.rs:347:9
[INFO] [stdout]   34:     0x55d585460178 - std::panicking::try::do_call::hb2dd9f1d0d48e41d
[INFO] [stdout]                                at /rustc/53fd98ca776cb875bc9e5514f56b52eb74f9e7a9/library/std/src/panicking.rs:401:40
[INFO] [stdout]   35:     0x55d585460178 - std::panicking::try::h4717ae7bac8b2bf3
[INFO] [stdout]                                at /rustc/53fd98ca776cb875bc9e5514f56b52eb74f9e7a9/library/std/src/panicking.rs:365:19
[INFO] [stdout]   36:     0x55d585460178 - std::panic::catch_unwind::h0dc8a061326ce8d8
[INFO] [stdout]                                at /rustc/53fd98ca776cb875bc9e5514f56b52eb74f9e7a9/library/std/src/panic.rs:434:14
[INFO] [stdout]   37:     0x55d585460178 - std::thread::Builder::spawn_unchecked::{{closure}}::haa369e2d6fd00aa1
[INFO] [stdout]                                at /rustc/53fd98ca776cb875bc9e5514f56b52eb74f9e7a9/library/std/src/thread/mod.rs:475:30
[INFO] [stdout]   38:     0x55d585460178 - core::ops::function::FnOnce::call_once{{vtable.shim}}::h36dcf3de8b056f17
[INFO] [stdout]                                at /rustc/53fd98ca776cb875bc9e5514f56b52eb74f9e7a9/library/core/src/ops/function.rs:227:5
[INFO] [stdout]   39:     0x55d5855aa397 - <alloc::boxed::Box<F,A> as core::ops::function::FnOnce<Args>>::call_once::h65c29e4642be2358
[INFO] [stdout]                                at /rustc/53fd98ca776cb875bc9e5514f56b52eb74f9e7a9/library/alloc/src/boxed.rs:1572:9
[INFO] [stdout]   40:     0x55d5855aa397 - <alloc::boxed::Box<F,A> as core::ops::function::FnOnce<Args>>::call_once::hd0f8f7fbbd9fffbf
[INFO] [stdout]                                at /rustc/53fd98ca776cb875bc9e5514f56b52eb74f9e7a9/library/alloc/src/boxed.rs:1572:9
[INFO] [stdout]   41:     0x55d5855aa397 - std::sys::unix::thread::Thread::new::thread_start::h2fd22fee3ca77b65
[INFO] [stdout]                                at /rustc/53fd98ca776cb875bc9e5514f56b52eb74f9e7a9/library/std/src/sys/unix/thread.rs:74:17
[INFO] [stdout]   42:     0x7f555b26b609 - start_thread
[INFO] [stdout]   43:     0x7f555b03d293 - clone
[INFO] [stdout]   44:                0x0 - <unknown>
[INFO] [stdout] 
[INFO] [stdout] ---- pc_fill stdout ----
[INFO] [stdout] thread 'pc_fill' panicked at 'Need RGEN3_TEST_SAVES env var set to a path: NotPresent', rgen3-save/tests/identity.rs:26:43
[INFO] [stdout] stack backtrace:
[INFO] [stdout]    0:     0x55d5855a2f60 - std::backtrace_rs::backtrace::libunwind::trace::hff4d1766e93f64f1
[INFO] [stdout]                                at /rustc/53fd98ca776cb875bc9e5514f56b52eb74f9e7a9/library/std/src/../../backtrace/src/backtrace/libunwind.rs:90:5
[INFO] [stdout]    1:     0x55d5855a2f60 - std::backtrace_rs::backtrace::trace_unsynchronized::h56bbc8eb78770bcb
[INFO] [stdout]                                at /rustc/53fd98ca776cb875bc9e5514f56b52eb74f9e7a9/library/std/src/../../backtrace/src/backtrace/mod.rs:66:5
[INFO] [stdout]    2:     0x55d5855a2f60 - std::sys_common::backtrace::_print_fmt::h5c8e75464faca780
[INFO] [stdout]                                at /rustc/53fd98ca776cb875bc9e5514f56b52eb74f9e7a9/library/std/src/sys_common/backtrace.rs:67:5
[INFO] [stdout]    3:     0x55d5855a2f60 - <std::sys_common::backtrace::_print::DisplayBacktrace as core::fmt::Display>::fmt::h48b88277def8b362
[INFO] [stdout]                                at /rustc/53fd98ca776cb875bc9e5514f56b52eb74f9e7a9/library/std/src/sys_common/backtrace.rs:46:22
[INFO] [stdout]    4:     0x55d5855c5abc - core::fmt::write::h3381b3176fe2b3d3
[INFO] [stdout]                                at /rustc/53fd98ca776cb875bc9e5514f56b52eb74f9e7a9/library/core/src/fmt/mod.rs:1115:17
[INFO] [stdout]    5:     0x55d58559fec5 - std::io::Write::write_fmt::h5f34a676f60246b5
[INFO] [stdout]                                at /rustc/53fd98ca776cb875bc9e5514f56b52eb74f9e7a9/library/std/src/io/mod.rs:1665:15
[INFO] [stdout]    6:     0x55d5855a50db - std::sys_common::backtrace::_print::ha537687d6c17dd0d
[INFO] [stdout]                                at /rustc/53fd98ca776cb875bc9e5514f56b52eb74f9e7a9/library/std/src/sys_common/backtrace.rs:49:5
[INFO] [stdout]    7:     0x55d5855a50db - std::sys_common::backtrace::print::h61376ae57d131d72
[INFO] [stdout]                                at /rustc/53fd98ca776cb875bc9e5514f56b52eb74f9e7a9/library/std/src/sys_common/backtrace.rs:36:9
[INFO] [stdout]    8:     0x55d5855a50db - std::panicking::default_hook::{{closure}}::h0f7208c0b9644a54
[INFO] [stdout]                                at /rustc/53fd98ca776cb875bc9e5514f56b52eb74f9e7a9/library/std/src/panicking.rs:208:50
[INFO] [stdout]    9:     0x55d5855a4bec - std::panicking::default_hook::hdac7fc06578c14ce
[INFO] [stdout]                                at /rustc/53fd98ca776cb875bc9e5514f56b52eb74f9e7a9/library/std/src/panicking.rs:222:9
[INFO] [stdout]   10:     0x55d5855a57a4 - std::panicking::rust_panic_with_hook::h72b21c283da3d1ef
[INFO] [stdout]                                at /rustc/53fd98ca776cb875bc9e5514f56b52eb74f9e7a9/library/std/src/panicking.rs:622:17
[INFO] [stdout]   11:     0x55d5855a5287 - std::panicking::begin_panic_handler::{{closure}}::he5778f1729cff84a
[INFO] [stdout]                                at /rustc/53fd98ca776cb875bc9e5514f56b52eb74f9e7a9/library/std/src/panicking.rs:519:13
[INFO] [stdout]   12:     0x55d5855a343c - std::sys_common::backtrace::__rust_end_short_backtrace::h2d11ca8b453b4b1d
[INFO] [stdout]                                at /rustc/53fd98ca776cb875bc9e5514f56b52eb74f9e7a9/library/std/src/sys_common/backtrace.rs:141:18
[INFO] [stdout]   13:     0x55d5855a51e9 - rust_begin_unwind
[INFO] [stdout]                                at /rustc/53fd98ca776cb875bc9e5514f56b52eb74f9e7a9/library/std/src/panicking.rs:515:5
[INFO] [stdout]   14:     0x55d585428431 - core::panicking::panic_fmt::hf9de31d4acbce4db
[INFO] [stdout]                                at /rustc/53fd98ca776cb875bc9e5514f56b52eb74f9e7a9/library/core/src/panicking.rs:92:14
[INFO] [stdout]   15:     0x55d585428523 - core::result::unwrap_failed::ha0c84e81219e5878
[INFO] [stdout]                                at /rustc/53fd98ca776cb875bc9e5514f56b52eb74f9e7a9/library/core/src/result.rs:1599:5
[INFO] [stdout]   16:     0x55d58544f55f - core::result::Result<T,E>::expect::ha5f094bf71904714
[INFO] [stdout]                                at /rustc/53fd98ca776cb875bc9e5514f56b52eb74f9e7a9/library/core/src/result.rs:1241:23
[INFO] [stdout]   17:     0x55d585451ce2 - identity::run_test::h3f62beeda982de76
[INFO] [stdout]                                at /opt/rustwide/workdir/rgen3-save/tests/identity.rs:26:9
[INFO] [stdout]   18:     0x55d585452376 - identity::pc_fill::h4f0092494bf509d0
[INFO] [stdout]                                at /opt/rustwide/workdir/rgen3-save/tests/identity.rs:52:5
[INFO] [stdout]   19:     0x55d58545235a - identity::pc_fill::{{closure}}::h5ad2b8e85fa175b7
[INFO] [stdout]                                at /opt/rustwide/workdir/rgen3-save/tests/identity.rs:51:1
[INFO] [stdout]   20:     0x55d585453a4e - core::ops::function::FnOnce::call_once::h8a002823d325e823
[INFO] [stdout]                                at /rustc/53fd98ca776cb875bc9e5514f56b52eb74f9e7a9/library/core/src/ops/function.rs:227:5
[INFO] [stdout]   21:     0x55d58548e763 - core::ops::function::FnOnce::call_once::hbb52c4519d3137b0
[INFO] [stdout]                                at /rustc/53fd98ca776cb875bc9e5514f56b52eb74f9e7a9/library/core/src/ops/function.rs:227:5
[INFO] [stdout]   22:     0x55d58548e763 - test::__rust_begin_short_backtrace::h86fe3a2a5a5121af
[INFO] [stdout]                                at /rustc/53fd98ca776cb875bc9e5514f56b52eb74f9e7a9/library/test/src/lib.rs:578:5
[INFO] [stdout]   23:     0x55d58548d218 - <alloc::boxed::Box<F,A> as core::ops::function::FnOnce<Args>>::call_once::hfd956bc3d57399be
[INFO] [stdout]                                at /rustc/53fd98ca776cb875bc9e5514f56b52eb74f9e7a9/library/alloc/src/boxed.rs:1572:9
[INFO] [stdout]   24:     0x55d58548d218 - <std::panic::AssertUnwindSafe<F> as core::ops::function::FnOnce<()>>::call_once::h40dc93e0ddb5938a
[INFO] [stdout]                                at /rustc/53fd98ca776cb875bc9e5514f56b52eb74f9e7a9/library/std/src/panic.rs:347:9
[INFO] [stdout]   25:     0x55d58548d218 - std::panicking::try::do_call::h90d07750cb47c562
[INFO] [stdout]                                at /rustc/53fd98ca776cb875bc9e5514f56b52eb74f9e7a9/library/std/src/panicking.rs:401:40
[INFO] [stdout]   26:     0x55d58548d218 - std::panicking::try::h063c84733ad2a629
[INFO] [stdout]                                at /rustc/53fd98ca776cb875bc9e5514f56b52eb74f9e7a9/library/std/src/panicking.rs:365:19
[INFO] [stdout]   27:     0x55d58548d218 - std::panic::catch_unwind::h0c464836a84e7c08
[INFO] [stdout]                                at /rustc/53fd98ca776cb875bc9e5514f56b52eb74f9e7a9/library/std/src/panic.rs:434:14
[INFO] [stdout]   28:     0x55d58548d218 - test::run_test_in_process::h5cb06ef620b157fc
[INFO] [stdout]                                at /rustc/53fd98ca776cb875bc9e5514f56b52eb74f9e7a9/library/test/src/lib.rs:601:18
[INFO] [stdout]   29:     0x55d58548d218 - test::run_test::run_test_inner::{{closure}}::h76f677f4b93f9828
[INFO] [stdout]                                at /rustc/53fd98ca776cb875bc9e5514f56b52eb74f9e7a9/library/test/src/lib.rs:493:39
[INFO] [stdout]   30:     0x55d58545b9ad - test::run_test::run_test_inner::{{closure}}::h366d01fe04f4d67a
[INFO] [stdout]                                at /rustc/53fd98ca776cb875bc9e5514f56b52eb74f9e7a9/library/test/src/lib.rs:520:37
[INFO] [stdout]   31:     0x55d58545b9ad - std::sys_common::backtrace::__rust_begin_short_backtrace::h7dfa0de4eb395af2
[INFO] [stdout]                                at /rustc/53fd98ca776cb875bc9e5514f56b52eb74f9e7a9/library/std/src/sys_common/backtrace.rs:125:18
[INFO] [stdout]   32:     0x55d585460178 - std::thread::Builder::spawn_unchecked::{{closure}}::{{closure}}::hf0a74bb58798037f
[INFO] [stdout]                                at /rustc/53fd98ca776cb875bc9e5514f56b52eb74f9e7a9/library/std/src/thread/mod.rs:476:17
[INFO] [stdout]   33:     0x55d585460178 - <std::panic::AssertUnwindSafe<F> as core::ops::function::FnOnce<()>>::call_once::hb024e854818586ac
[INFO] [stdout]                                at /rustc/53fd98ca776cb875bc9e5514f56b52eb74f9e7a9/library/std/src/panic.rs:347:9
[INFO] [stdout]   34:     0x55d585460178 - std::panicking::try::do_call::hb2dd9f1d0d48e41d
[INFO] [stdout]                                at /rustc/53fd98ca776cb875bc9e5514f56b52eb74f9e7a9/library/std/src/panicking.rs:401:40
[INFO] [stdout]   35:     0x55d585460178 - std::panicking::try::h4717ae7bac8b2bf3
[INFO] [stdout]                                at /rustc/53fd98ca776cb875bc9e5514f56b52eb74f9e7a9/library/std/src/panicking.rs:365:19
[INFO] [stdout]   36:     0x55d585460178 - std::panic::catch_unwind::h0dc8a061326ce8d8
[INFO] [stdout]                                at /rustc/53fd98ca776cb875bc9e5514f56b52eb74f9e7a9/library/std/src/panic.rs:434:14
[INFO] [stdout]   37:     0x55d585460178 - std::thread::Builder::spawn_unchecked::{{closure}}::haa369e2d6fd00aa1
[INFO] [stdout]                                at /rustc/53fd98ca776cb875bc9e5514f56b52eb74f9e7a9/library/std/src/thread/mod.rs:475:30
[INFO] [stdout]   38:     0x55d585460178 - core::ops::function::FnOnce::call_once{{vtable.shim}}::h36dcf3de8b056f17
[INFO] [stdout]                                at /rustc/53fd98ca776cb875bc9e5514f56b52eb74f9e7a9/library/core/src/ops/function.rs:227:5
[INFO] [stdout]   39:     0x55d5855aa397 - <alloc::boxed::Box<F,A> as core::ops::function::FnOnce<Args>>::call_once::h65c29e4642be2358
[INFO] [stdout]                                at /rustc/53fd98ca776cb875bc9e5514f56b52eb74f9e7a9/library/alloc/src/boxed.rs:1572:9
[INFO] [stdout]   40:     0x55d5855aa397 - <alloc::boxed::Box<F,A> as core::ops::function::FnOnce<Args>>::call_once::hd0f8f7fbbd9fffbf
[INFO] [stdout]                                at /rustc/53fd98ca776cb875bc9e5514f56b52eb74f9e7a9/library/alloc/src/boxed.rs:1572:9
[INFO] [stdout]   41:     0x55d5855aa397 - std::sys::unix::thread::Thread::new::thread_start::h2fd22fee3ca77b65
[INFO] [stdout]                                at /rustc/53fd98ca776cb875bc9e5514f56b52eb74f9e7a9/library/std/src/sys/unix/thread.rs:74:17
[INFO] [stdout]   42:     0x7f555b26b609 - start_thread
[INFO] [stdout]   43:     0x7f555b03d293 - clone
[INFO] [stdout]   44:                0x0 - <unknown>
[INFO] [stdout] 
[INFO] [stdout] 
[INFO] [stdout] failures:
[INFO] [stdout]     no_change
[INFO] [stdout]     pc_fill
[INFO] [stdout] 
[INFO] [stdout] test result: FAILED. 0 passed; 2 failed; 0 ignored; 0 measured; 0 filtered out; finished in 0.04s
[INFO] [stdout] 
[INFO] running `Command { std: "docker" "inspect" "33cf8c04873b7741cac6fce5105e1ef6e31d5d2b6aa7bded2b9195d0fea5d11b", kill_on_drop: false }`
[INFO] running `Command { std: "docker" "rm" "-f" "33cf8c04873b7741cac6fce5105e1ef6e31d5d2b6aa7bded2b9195d0fea5d11b", kill_on_drop: false }`
[INFO] [stdout] 33cf8c04873b7741cac6fce5105e1ef6e31d5d2b6aa7bded2b9195d0fea5d11b
