[INFO] cloning repository https://github.com/crowlKats/devcode
[INFO] running `Command { std: "git" "-c" "credential.helper=" "-c" "credential.helper=/workspace/cargo-home/bin/git-credential-null" "clone" "--bare" "https://github.com/crowlKats/devcode" "/workspace/cache/git-repos/https%3A%2F%2Fgithub.com%2FcrowlKats%2Fdevcode", kill_on_drop: false }`
[INFO] [stderr] Cloning into bare repository '/workspace/cache/git-repos/https%3A%2F%2Fgithub.com%2FcrowlKats%2Fdevcode'...
[INFO] running `Command { std: "git" "rev-parse" "HEAD", kill_on_drop: false }`
[INFO] [stdout] 0bf09fea53da629d2e216fd94df59bb946656f95
[INFO] testing crowlKats/devcode against beta-2021-08-01 for beta-1.55-1
[INFO] running `Command { std: "git" "clone" "/workspace/cache/git-repos/https%3A%2F%2Fgithub.com%2FcrowlKats%2Fdevcode" "/workspace/builds/worker-8/source", kill_on_drop: false }`
[INFO] [stderr] Cloning into '/workspace/builds/worker-8/source'...
[INFO] [stderr] done.
[INFO] validating manifest of git repo https://github.com/crowlKats/devcode on toolchain beta-2021-08-01
[INFO] running `Command { std: "/workspace/cargo-home/bin/cargo" "+beta-2021-08-01" "metadata" "--manifest-path" "Cargo.toml" "--no-deps", kill_on_drop: false }`
[INFO] started tweaking git repo https://github.com/crowlKats/devcode
[INFO] finished tweaking git repo https://github.com/crowlKats/devcode
[INFO] tweaked toml for git repo https://github.com/crowlKats/devcode written to /workspace/builds/worker-8/source/Cargo.toml
[INFO] crate git repo https://github.com/crowlKats/devcode already has a lockfile, it will not be regenerated
[INFO] running `Command { std: "/workspace/cargo-home/bin/cargo" "+beta-2021-08-01" "fetch" "--manifest-path" "Cargo.toml", kill_on_drop: false }`
[INFO] [stderr]     Blocking waiting for file lock on package cache
[INFO] [stderr]     Blocking waiting for file lock on package cache
[INFO] running `Command { std: "docker" "create" "-v" "/var/lib/crater-agent-workspace/builds/worker-8/target:/opt/rustwide/target:rw,Z" "-v" "/var/lib/crater-agent-workspace/builds/worker-8/source:/opt/rustwide/workdir:ro,Z" "-v" "/var/lib/crater-agent-workspace/cargo-home:/opt/rustwide/cargo-home:ro,Z" "-v" "/var/lib/crater-agent-workspace/rustup-home:/opt/rustwide/rustup-home:ro,Z" "-e" "SOURCE_DIR=/opt/rustwide/workdir" "-e" "CARGO_TARGET_DIR=/opt/rustwide/target" "-e" "CARGO_HOME=/opt/rustwide/cargo-home" "-e" "RUSTUP_HOME=/opt/rustwide/rustup-home" "-w" "/opt/rustwide/workdir" "-m" "1610612736" "--user" "0:0" "--network" "none" "ghcr.io/rust-lang/crates-build-env/linux@sha256:34b6a614d2c27851fe6cbf88fbd1137609cefab8b10d0615aaeb6fd47975d74e" "/opt/rustwide/cargo-home/bin/cargo" "+beta-2021-08-01" "metadata" "--no-deps" "--format-version=1", kill_on_drop: false }`
[INFO] [stdout] 5b60cfbeedbea230003d57f91ff82111426f9c0b89c50e842ed5cd6724b50181
[INFO] running `Command { std: "docker" "start" "-a" "5b60cfbeedbea230003d57f91ff82111426f9c0b89c50e842ed5cd6724b50181", kill_on_drop: false }`
[INFO] running `Command { std: "docker" "inspect" "5b60cfbeedbea230003d57f91ff82111426f9c0b89c50e842ed5cd6724b50181", kill_on_drop: false }`
[INFO] running `Command { std: "docker" "rm" "-f" "5b60cfbeedbea230003d57f91ff82111426f9c0b89c50e842ed5cd6724b50181", kill_on_drop: false }`
[INFO] [stdout] 5b60cfbeedbea230003d57f91ff82111426f9c0b89c50e842ed5cd6724b50181
[INFO] running `Command { std: "docker" "create" "-v" "/var/lib/crater-agent-workspace/builds/worker-8/target:/opt/rustwide/target:rw,Z" "-v" "/var/lib/crater-agent-workspace/builds/worker-8/source:/opt/rustwide/workdir:ro,Z" "-v" "/var/lib/crater-agent-workspace/cargo-home:/opt/rustwide/cargo-home:ro,Z" "-v" "/var/lib/crater-agent-workspace/rustup-home:/opt/rustwide/rustup-home:ro,Z" "-e" "SOURCE_DIR=/opt/rustwide/workdir" "-e" "CARGO_TARGET_DIR=/opt/rustwide/target" "-e" "CARGO_INCREMENTAL=0" "-e" "RUST_BACKTRACE=full" "-e" "RUSTFLAGS=--cap-lints=warn" "-e" "CARGO_HOME=/opt/rustwide/cargo-home" "-e" "RUSTUP_HOME=/opt/rustwide/rustup-home" "-w" "/opt/rustwide/workdir" "-m" "1610612736" "--user" "0:0" "--network" "none" "ghcr.io/rust-lang/crates-build-env/linux@sha256:34b6a614d2c27851fe6cbf88fbd1137609cefab8b10d0615aaeb6fd47975d74e" "/opt/rustwide/cargo-home/bin/cargo" "+beta-2021-08-01" "build" "--frozen" "--message-format=json", kill_on_drop: false }`
[INFO] [stdout] e566515ecfd969da5fd8ac690018d66ef27114af0a70993d84eba2b336342f46
[INFO] running `Command { std: "docker" "start" "-a" "e566515ecfd969da5fd8ac690018d66ef27114af0a70993d84eba2b336342f46", kill_on_drop: false }`
[INFO] [stderr]     Blocking waiting for file lock on package cache
[INFO] [stderr]    Compiling libc v0.2.86
[INFO] [stderr]    Compiling scopeguard v1.1.0
[INFO] [stderr]    Compiling crossbeam-utils v0.8.5
[INFO] [stderr]    Compiling crossbeam-epoch v0.9.5
[INFO] [stderr]    Compiling drm-fourcc v2.1.1
[INFO] [stderr]    Compiling fixedbitset v0.2.0
[INFO] [stderr]    Compiling bit-vec v0.6.3
[INFO] [stderr]    Compiling rayon-core v1.9.0
[INFO] [stderr]    Compiling khronos-egl v4.1.0
[INFO] [stderr]    Compiling futures-core v0.3.15
[INFO] [stderr]    Compiling once_cell v1.7.0
[INFO] [stderr]    Compiling renderdoc-sys v0.7.1
[INFO] [stderr]    Compiling futures-channel v0.3.15
[INFO] [stderr]    Compiling cfg_aliases v0.1.1
[INFO] [stderr]    Compiling crossbeam-queue v0.3.2
[INFO] [stderr]    Compiling futures-sink v0.3.15
[INFO] [stderr]    Compiling inplace_it v0.3.3
[INFO] [stderr]    Compiling copyless v0.1.5
[INFO] [stderr]    Compiling profiling v1.0.3
[INFO] [stderr]    Compiling winit v0.25.0
[INFO] [stderr]    Compiling anyhow v1.0.42
[INFO] [stderr]    Compiling indexmap v1.6.1
[INFO] [stderr]    Compiling memoffset v0.6.1
[INFO] [stderr]    Compiling fxhash v0.2.1
[INFO] [stderr]    Compiling wayland-sys v0.28.4
[INFO] [stderr]    Compiling codespan-reporting v0.11.1
[INFO] [stderr]    Compiling nom v6.1.2
[INFO] [stderr]    Compiling rayon v1.5.0
[INFO] [stderr]    Compiling futures-macro v0.3.15
[INFO] [stderr]    Compiling futures-util v0.3.15
[INFO] [stderr]    Compiling dlib v0.4.2
[INFO] [stderr]    Compiling proc-macro2 v1.0.27
[INFO] [stderr]    Compiling ash v0.32.1
[INFO] [stderr]    Compiling lock_api v0.4.2
[INFO] [stderr]    Compiling gpu-descriptor-types v0.1.1
[INFO] [stderr]    Compiling gpu-alloc-types v0.2.0
[INFO] [stderr]    Compiling wgpu-types v0.9.0
[INFO] [stderr]    Compiling gfx-renderdoc v0.1.0
[INFO] [stderr]    Compiling andrew v0.3.1
[INFO] [stderr]    Compiling wgpu-core v0.9.0
[INFO] [stderr]    Compiling spirv_headers v1.5.0
[INFO] [stderr]    Compiling approx v0.4.0
[INFO] [stderr]    Compiling ordered-float v2.1.1
[INFO] [stderr]    Compiling bit-set v0.5.2
[INFO] [stderr]    Compiling gpu-alloc v0.4.7
[INFO] [stderr]    Compiling gpu-descriptor v0.1.1
[INFO] [stderr]    Compiling quote v1.0.9
[INFO] [stderr]    Compiling glyph_brush_layout v0.2.1
[INFO] [stderr]    Compiling crossbeam-channel v0.5.0
[INFO] [stderr]    Compiling syn v1.0.73
[INFO] [stderr]    Compiling wayland-scanner v0.28.4
[INFO] [stderr]    Compiling crossbeam-deque v0.8.0
[INFO] [stderr]    Compiling petgraph v0.5.1
[INFO] [stderr]    Compiling crossbeam v0.8.1
[INFO] [stderr]    Compiling wayland-client v0.28.4
[INFO] [stderr]    Compiling wayland-protocols v0.28.4
[INFO] [stderr]    Compiling xcursor v0.3.3
[INFO] [stderr]    Compiling raw-window-handle v0.3.3
[INFO] [stderr]    Compiling parking_lot_core v0.8.3
[INFO] [stderr]    Compiling nix v0.20.0
[INFO] [stderr]    Compiling getrandom v0.1.16
[INFO] [stderr]    Compiling num_cpus v1.13.0
[INFO] [stderr]    Compiling nix v0.18.0
[INFO] [stderr]    Compiling dirs-sys-next v0.1.2
[INFO] [stderr]    Compiling mio v0.7.13
[INFO] [stderr]    Compiling memmap2 v0.1.0
[INFO] [stderr]    Compiling x11-dl v2.18.5
[INFO] [stderr]    Compiling rose_tree v0.2.0
[INFO] [stderr]    Compiling rand_core v0.5.1
[INFO] [stderr]    Compiling parking_lot v0.11.1
[INFO] [stderr]    Compiling dirs-next v2.0.0
[INFO] [stderr]    Compiling shellexpand v2.1.0
[INFO] [stderr]    Compiling rand_chacha v0.2.2
[INFO] [stderr]    Compiling mio-misc v1.2.1
[INFO] [stderr]    Compiling rand v0.7.3
[INFO] [stderr]    Compiling twox-hash v1.6.0
[INFO] [stderr]    Compiling glyph_brush_draw_cache v0.1.4
[INFO] [stderr]    Compiling calloop v0.6.5
[INFO] [stderr]    Compiling glyph_brush v0.7.2
[INFO] [stderr]    Compiling wayland-commons v0.28.4
[INFO] [stderr]    Compiling serde_derive v1.0.126
[INFO] [stderr]    Compiling thiserror-impl v1.0.24
[INFO] [stderr]    Compiling bytemuck_derive v1.0.1
[INFO] [stderr]    Compiling bytemuck v1.7.0
[INFO] [stderr]    Compiling wayland-cursor v0.28.4
[INFO] [stderr]    Compiling thiserror v1.0.24
[INFO] [stderr]    Compiling naga v0.5.0
[INFO] [stderr]    Compiling futures-executor v0.3.15
[INFO] [stderr]    Compiling serde v1.0.126
[INFO] [stderr]    Compiling futures v0.3.15
[INFO] [stderr]    Compiling external-memory v0.0.1
[INFO] [stderr]    Compiling gfx-hal v0.9.0
[INFO] [stderr]    Compiling gfx-backend-gl v0.9.0
[INFO] [stderr]    Compiling gfx-backend-vulkan v0.9.0
[INFO] [stderr]    Compiling gfx-backend-empty v0.9.0
[INFO] [stderr]    Compiling wgpu v0.9.0
[INFO] [stderr]    Compiling smithay-client-toolkit v0.12.3
[INFO] [stderr]    Compiling wgpu_glyph v0.13.0
[INFO] [stderr]    Compiling devcode v0.1.0 (/opt/rustwide/workdir)
[INFO] [stderr]     Finished dev [unoptimized + debuginfo] target(s) in 1m 59s
[INFO] running `Command { std: "docker" "inspect" "e566515ecfd969da5fd8ac690018d66ef27114af0a70993d84eba2b336342f46", kill_on_drop: false }`
[INFO] running `Command { std: "docker" "rm" "-f" "e566515ecfd969da5fd8ac690018d66ef27114af0a70993d84eba2b336342f46", kill_on_drop: false }`
[INFO] [stdout] e566515ecfd969da5fd8ac690018d66ef27114af0a70993d84eba2b336342f46
[INFO] running `Command { std: "docker" "create" "-v" "/var/lib/crater-agent-workspace/builds/worker-8/target:/opt/rustwide/target:rw,Z" "-v" "/var/lib/crater-agent-workspace/builds/worker-8/source:/opt/rustwide/workdir:ro,Z" "-v" "/var/lib/crater-agent-workspace/cargo-home:/opt/rustwide/cargo-home:ro,Z" "-v" "/var/lib/crater-agent-workspace/rustup-home:/opt/rustwide/rustup-home:ro,Z" "-e" "SOURCE_DIR=/opt/rustwide/workdir" "-e" "CARGO_TARGET_DIR=/opt/rustwide/target" "-e" "CARGO_INCREMENTAL=0" "-e" "RUST_BACKTRACE=full" "-e" "RUSTFLAGS=--cap-lints=warn" "-e" "CARGO_HOME=/opt/rustwide/cargo-home" "-e" "RUSTUP_HOME=/opt/rustwide/rustup-home" "-w" "/opt/rustwide/workdir" "-m" "1610612736" "--user" "0:0" "--network" "none" "ghcr.io/rust-lang/crates-build-env/linux@sha256:34b6a614d2c27851fe6cbf88fbd1137609cefab8b10d0615aaeb6fd47975d74e" "/opt/rustwide/cargo-home/bin/cargo" "+beta-2021-08-01" "test" "--frozen" "--no-run" "--message-format=json", kill_on_drop: false }`
[INFO] [stdout] bbbf2e038dddd7b8612a3f5ebaad42952f706c63903160c04a136138a1c4615f
[INFO] running `Command { std: "docker" "start" "-a" "bbbf2e038dddd7b8612a3f5ebaad42952f706c63903160c04a136138a1c4615f", kill_on_drop: false }`
[INFO] [stderr]     Blocking waiting for file lock on package cache
[INFO] [stderr]    Compiling devcode v0.1.0 (/opt/rustwide/workdir)
[INFO] [stderr]     Finished test [unoptimized + debuginfo] target(s) in 6.31s
[INFO] running `Command { std: "docker" "inspect" "bbbf2e038dddd7b8612a3f5ebaad42952f706c63903160c04a136138a1c4615f", kill_on_drop: false }`
[INFO] running `Command { std: "docker" "rm" "-f" "bbbf2e038dddd7b8612a3f5ebaad42952f706c63903160c04a136138a1c4615f", kill_on_drop: false }`
[INFO] [stdout] bbbf2e038dddd7b8612a3f5ebaad42952f706c63903160c04a136138a1c4615f
[INFO] running `Command { std: "docker" "create" "-v" "/var/lib/crater-agent-workspace/builds/worker-8/target:/opt/rustwide/target:rw,Z" "-v" "/var/lib/crater-agent-workspace/builds/worker-8/source:/opt/rustwide/workdir:ro,Z" "-v" "/var/lib/crater-agent-workspace/cargo-home:/opt/rustwide/cargo-home:ro,Z" "-v" "/var/lib/crater-agent-workspace/rustup-home:/opt/rustwide/rustup-home:ro,Z" "-e" "SOURCE_DIR=/opt/rustwide/workdir" "-e" "CARGO_TARGET_DIR=/opt/rustwide/target" "-e" "CARGO_INCREMENTAL=0" "-e" "RUST_BACKTRACE=full" "-e" "RUSTFLAGS=--cap-lints=warn" "-e" "CARGO_HOME=/opt/rustwide/cargo-home" "-e" "RUSTUP_HOME=/opt/rustwide/rustup-home" "-w" "/opt/rustwide/workdir" "-m" "1610612736" "--user" "0:0" "--network" "none" "ghcr.io/rust-lang/crates-build-env/linux@sha256:34b6a614d2c27851fe6cbf88fbd1137609cefab8b10d0615aaeb6fd47975d74e" "/opt/rustwide/cargo-home/bin/cargo" "+beta-2021-08-01" "test" "--frozen", kill_on_drop: false }`
[INFO] [stdout] ad888c07987b0df2a7ca73d5897de7da708ea9e9e4ceecb2bc14b2075eca5f06
[INFO] running `Command { std: "docker" "start" "-a" "ad888c07987b0df2a7ca73d5897de7da708ea9e9e4ceecb2bc14b2075eca5f06", kill_on_drop: false }`
[INFO] [stderr]     Finished test [unoptimized + debuginfo] target(s) in 0.14s
[INFO] [stderr]      Running unittests (/opt/rustwide/target/debug/deps/devcode-c69e6d56226417e0)
[INFO] [stdout] 
[INFO] [stdout] running 3 tests
[INFO] [stdout] test tests::get_default_font ... ok
[INFO] [stdout] test tests::get_specific_font ... ok
[INFO] [stderr] error: test failed, to rerun pass '--bin devcode'
[INFO] [stdout] test tests::font_map_contains ... FAILED
[INFO] [stdout] 
[INFO] [stdout] failures:
[INFO] [stdout] 
[INFO] [stdout] ---- tests::font_map_contains stdout ----
[INFO] [stdout] thread 'tests::font_map_contains' panicked at 'assertion failed: get_font_map().contains_key(&String::from(\"Montserrat-Regular\"))', src/main.rs:166:5
[INFO] [stdout] stack backtrace:
[INFO] [stdout]    0:     0x563bfbadc500 - std::backtrace_rs::backtrace::libunwind::trace::hff4d1766e93f64f1
[INFO] [stdout]                                at /rustc/53fd98ca776cb875bc9e5514f56b52eb74f9e7a9/library/std/src/../../backtrace/src/backtrace/libunwind.rs:90:5
[INFO] [stdout]    1:     0x563bfbadc500 - std::backtrace_rs::backtrace::trace_unsynchronized::h56bbc8eb78770bcb
[INFO] [stdout]                                at /rustc/53fd98ca776cb875bc9e5514f56b52eb74f9e7a9/library/std/src/../../backtrace/src/backtrace/mod.rs:66:5
[INFO] [stdout]    2:     0x563bfbadc500 - std::sys_common::backtrace::_print_fmt::h5c8e75464faca780
[INFO] [stdout]                                at /rustc/53fd98ca776cb875bc9e5514f56b52eb74f9e7a9/library/std/src/sys_common/backtrace.rs:67:5
[INFO] [stdout]    3:     0x563bfbadc500 - <std::sys_common::backtrace::_print::DisplayBacktrace as core::fmt::Display>::fmt::h48b88277def8b362
[INFO] [stdout]                                at /rustc/53fd98ca776cb875bc9e5514f56b52eb74f9e7a9/library/std/src/sys_common/backtrace.rs:46:22
[INFO] [stdout]    4:     0x563bfbaff20c - core::fmt::write::h3381b3176fe2b3d3
[INFO] [stdout]                                at /rustc/53fd98ca776cb875bc9e5514f56b52eb74f9e7a9/library/core/src/fmt/mod.rs:1115:17
[INFO] [stdout]    5:     0x563bfbad90f5 - std::io::Write::write_fmt::h5f34a676f60246b5
[INFO] [stdout]                                at /rustc/53fd98ca776cb875bc9e5514f56b52eb74f9e7a9/library/std/src/io/mod.rs:1665:15
[INFO] [stdout]    6:     0x563bfbade79b - std::sys_common::backtrace::_print::ha537687d6c17dd0d
[INFO] [stdout]                                at /rustc/53fd98ca776cb875bc9e5514f56b52eb74f9e7a9/library/std/src/sys_common/backtrace.rs:49:5
[INFO] [stdout]    7:     0x563bfbade79b - std::sys_common::backtrace::print::h61376ae57d131d72
[INFO] [stdout]                                at /rustc/53fd98ca776cb875bc9e5514f56b52eb74f9e7a9/library/std/src/sys_common/backtrace.rs:36:9
[INFO] [stdout]    8:     0x563bfbade79b - std::panicking::default_hook::{{closure}}::h0f7208c0b9644a54
[INFO] [stdout]                                at /rustc/53fd98ca776cb875bc9e5514f56b52eb74f9e7a9/library/std/src/panicking.rs:208:50
[INFO] [stdout]    9:     0x563bfbade2ac - std::panicking::default_hook::hdac7fc06578c14ce
[INFO] [stdout]                                at /rustc/53fd98ca776cb875bc9e5514f56b52eb74f9e7a9/library/std/src/panicking.rs:222:9
[INFO] [stdout]   10:     0x563bfbadee64 - std::panicking::rust_panic_with_hook::h72b21c283da3d1ef
[INFO] [stdout]                                at /rustc/53fd98ca776cb875bc9e5514f56b52eb74f9e7a9/library/std/src/panicking.rs:622:17
[INFO] [stdout]   11:     0x563bfbade917 - std::panicking::begin_panic_handler::{{closure}}::he5778f1729cff84a
[INFO] [stdout]                                at /rustc/53fd98ca776cb875bc9e5514f56b52eb74f9e7a9/library/std/src/panicking.rs:517:13
[INFO] [stdout]   12:     0x563bfbadc9dc - std::sys_common::backtrace::__rust_end_short_backtrace::h2d11ca8b453b4b1d
[INFO] [stdout]                                at /rustc/53fd98ca776cb875bc9e5514f56b52eb74f9e7a9/library/std/src/sys_common/backtrace.rs:141:18
[INFO] [stdout]   13:     0x563bfbade8a9 - rust_begin_unwind
[INFO] [stdout]                                at /rustc/53fd98ca776cb875bc9e5514f56b52eb74f9e7a9/library/std/src/panicking.rs:515:5
[INFO] [stdout]   14:     0x563bfba0b3b1 - core::panicking::panic_fmt::hf9de31d4acbce4db
[INFO] [stdout]                                at /rustc/53fd98ca776cb875bc9e5514f56b52eb74f9e7a9/library/core/src/panicking.rs:92:14
[INFO] [stdout]   15:     0x563bfba0b2fd - core::panicking::panic::h8a6bc58a21c6c095
[INFO] [stdout]                                at /rustc/53fd98ca776cb875bc9e5514f56b52eb74f9e7a9/library/core/src/panicking.rs:50:5
[INFO] [stdout]   16:     0x563bfba14386 - devcode::tests::font_map_contains::h7f2ce461348be9a3
[INFO] [stdout]                                at /opt/rustwide/workdir/src/main.rs:166:5
[INFO] [stdout]   17:     0x563bfba1429a - devcode::tests::font_map_contains::{{closure}}::hf21691144b8e2344
[INFO] [stdout]                                at /opt/rustwide/workdir/src/main.rs:165:3
[INFO] [stdout]   18:     0x563bfba1461e - core::ops::function::FnOnce::call_once::h64c5e4a257261152
[INFO] [stdout]                                at /rustc/53fd98ca776cb875bc9e5514f56b52eb74f9e7a9/library/core/src/ops/function.rs:227:5
[INFO] [stdout]   19:     0x563bfba56b83 - core::ops::function::FnOnce::call_once::hbb52c4519d3137b0
[INFO] [stdout]                                at /rustc/53fd98ca776cb875bc9e5514f56b52eb74f9e7a9/library/core/src/ops/function.rs:227:5
[INFO] [stdout]   20:     0x563bfba56b83 - test::__rust_begin_short_backtrace::h86fe3a2a5a5121af
[INFO] [stdout]                                at /rustc/53fd98ca776cb875bc9e5514f56b52eb74f9e7a9/library/test/src/lib.rs:578:5
[INFO] [stdout]   21:     0x563bfba55638 - <alloc::boxed::Box<F,A> as core::ops::function::FnOnce<Args>>::call_once::hfd956bc3d57399be
[INFO] [stdout]                                at /rustc/53fd98ca776cb875bc9e5514f56b52eb74f9e7a9/library/alloc/src/boxed.rs:1572:9
[INFO] [stdout]   22:     0x563bfba55638 - <std::panic::AssertUnwindSafe<F> as core::ops::function::FnOnce<()>>::call_once::h40dc93e0ddb5938a
[INFO] [stdout]                                at /rustc/53fd98ca776cb875bc9e5514f56b52eb74f9e7a9/library/std/src/panic.rs:347:9
[INFO] [stdout]   23:     0x563bfba55638 - std::panicking::try::do_call::h90d07750cb47c562
[INFO] [stdout]                                at /rustc/53fd98ca776cb875bc9e5514f56b52eb74f9e7a9/library/std/src/panicking.rs:401:40
[INFO] [stdout]   24:     0x563bfba55638 - std::panicking::try::h063c84733ad2a629
[INFO] [stdout]                                at /rustc/53fd98ca776cb875bc9e5514f56b52eb74f9e7a9/library/std/src/panicking.rs:365:19
[INFO] [stdout]   25:     0x563bfba55638 - std::panic::catch_unwind::h0c464836a84e7c08
[INFO] [stdout]                                at /rustc/53fd98ca776cb875bc9e5514f56b52eb74f9e7a9/library/std/src/panic.rs:434:14
[INFO] [stdout]   26:     0x563bfba55638 - test::run_test_in_process::h5cb06ef620b157fc
[INFO] [stdout]                                at /rustc/53fd98ca776cb875bc9e5514f56b52eb74f9e7a9/library/test/src/lib.rs:601:18
[INFO] [stdout]   27:     0x563bfba55638 - test::run_test::run_test_inner::{{closure}}::h76f677f4b93f9828
[INFO] [stdout]                                at /rustc/53fd98ca776cb875bc9e5514f56b52eb74f9e7a9/library/test/src/lib.rs:493:39
[INFO] [stdout]   28:     0x563bfba23dcd - test::run_test::run_test_inner::{{closure}}::h366d01fe04f4d67a
[INFO] [stdout]                                at /rustc/53fd98ca776cb875bc9e5514f56b52eb74f9e7a9/library/test/src/lib.rs:520:37
[INFO] [stdout]   29:     0x563bfba23dcd - std::sys_common::backtrace::__rust_begin_short_backtrace::h7dfa0de4eb395af2
[INFO] [stdout]                                at /rustc/53fd98ca776cb875bc9e5514f56b52eb74f9e7a9/library/std/src/sys_common/backtrace.rs:125:18
[INFO] [stdout]   30:     0x563bfba28598 - std::thread::Builder::spawn_unchecked::{{closure}}::{{closure}}::hf0a74bb58798037f
[INFO] [stdout]                                at /rustc/53fd98ca776cb875bc9e5514f56b52eb74f9e7a9/library/std/src/thread/mod.rs:476:17
[INFO] [stdout]   31:     0x563bfba28598 - <std::panic::AssertUnwindSafe<F> as core::ops::function::FnOnce<()>>::call_once::hb024e854818586ac
[INFO] [stdout]                                at /rustc/53fd98ca776cb875bc9e5514f56b52eb74f9e7a9/library/std/src/panic.rs:347:9
[INFO] [stdout]   32:     0x563bfba28598 - std::panicking::try::do_call::hb2dd9f1d0d48e41d
[INFO] [stdout]                                at /rustc/53fd98ca776cb875bc9e5514f56b52eb74f9e7a9/library/std/src/panicking.rs:401:40
[INFO] [stdout]   33:     0x563bfba28598 - std::panicking::try::h4717ae7bac8b2bf3
[INFO] [stdout]                                at /rustc/53fd98ca776cb875bc9e5514f56b52eb74f9e7a9/library/std/src/panicking.rs:365:19
[INFO] [stdout]   34:     0x563bfba28598 - std::panic::catch_unwind::h0dc8a061326ce8d8
[INFO] [stdout]                                at /rustc/53fd98ca776cb875bc9e5514f56b52eb74f9e7a9/library/std/src/panic.rs:434:14
[INFO] [stdout]   35:     0x563bfba28598 - std::thread::Builder::spawn_unchecked::{{closure}}::haa369e2d6fd00aa1
[INFO] [stdout]                                at /rustc/53fd98ca776cb875bc9e5514f56b52eb74f9e7a9/library/std/src/thread/mod.rs:475:30
[INFO] [stdout]   36:     0x563bfba28598 - core::ops::function::FnOnce::call_once{{vtable.shim}}::h36dcf3de8b056f17
[INFO] [stdout]                                at /rustc/53fd98ca776cb875bc9e5514f56b52eb74f9e7a9/library/core/src/ops/function.rs:227:5
[INFO] [stdout]   37:     0x563bfbae3df7 - <alloc::boxed::Box<F,A> as core::ops::function::FnOnce<Args>>::call_once::h65c29e4642be2358
[INFO] [stdout]                                at /rustc/53fd98ca776cb875bc9e5514f56b52eb74f9e7a9/library/alloc/src/boxed.rs:1572:9
[INFO] [stdout]   38:     0x563bfbae3df7 - <alloc::boxed::Box<F,A> as core::ops::function::FnOnce<Args>>::call_once::hd0f8f7fbbd9fffbf
[INFO] [stdout]                                at /rustc/53fd98ca776cb875bc9e5514f56b52eb74f9e7a9/library/alloc/src/boxed.rs:1572:9
[INFO] [stdout]   39:     0x563bfbae3df7 - std::sys::unix::thread::Thread::new::thread_start::h2fd22fee3ca77b65
[INFO] [stdout]                                at /rustc/53fd98ca776cb875bc9e5514f56b52eb74f9e7a9/library/std/src/sys/unix/thread.rs:74:17
[INFO] [stdout]   40:     0x7efd1914b609 - start_thread
[INFO] [stdout]   41:     0x7efd18f23293 - clone
[INFO] [stdout]   42:                0x0 - <unknown>
[INFO] [stdout] 
[INFO] [stdout] 
[INFO] [stdout] failures:
[INFO] [stdout]     tests::font_map_contains
[INFO] [stdout] 
[INFO] [stdout] test result: FAILED. 2 passed; 1 failed; 0 ignored; 0 measured; 0 filtered out; finished in 0.03s
[INFO] [stdout] 
[INFO] running `Command { std: "docker" "inspect" "ad888c07987b0df2a7ca73d5897de7da708ea9e9e4ceecb2bc14b2075eca5f06", kill_on_drop: false }`
[INFO] running `Command { std: "docker" "rm" "-f" "ad888c07987b0df2a7ca73d5897de7da708ea9e9e4ceecb2bc14b2075eca5f06", kill_on_drop: false }`
[INFO] [stdout] ad888c07987b0df2a7ca73d5897de7da708ea9e9e4ceecb2bc14b2075eca5f06
