[INFO] cloning repository https://github.com/crazycarl/Traveling-Salesman
[INFO] running `Command { std: "git" "-c" "credential.helper=" "-c" "credential.helper=/workspace/cargo-home/bin/git-credential-null" "clone" "--bare" "https://github.com/crazycarl/Traveling-Salesman" "/workspace/cache/git-repos/https%3A%2F%2Fgithub.com%2Fcrazycarl%2FTraveling-Salesman", kill_on_drop: false }`
[INFO] [stderr] Cloning into bare repository '/workspace/cache/git-repos/https%3A%2F%2Fgithub.com%2Fcrazycarl%2FTraveling-Salesman'...
[INFO] running `Command { std: "git" "rev-parse" "HEAD", kill_on_drop: false }`
[INFO] [stdout] c2d29bddbda3a60fa76ae7c0dc4032165df6bfb0
[INFO] testing crazycarl/Traveling-Salesman against 1.54.0 for beta-1.55-1
[INFO] running `Command { std: "git" "clone" "/workspace/cache/git-repos/https%3A%2F%2Fgithub.com%2Fcrazycarl%2FTraveling-Salesman" "/workspace/builds/worker-14/source", kill_on_drop: false }`
[INFO] [stderr] Cloning into '/workspace/builds/worker-14/source'...
[INFO] [stderr] done.
[INFO] validating manifest of git repo https://github.com/crazycarl/Traveling-Salesman on toolchain 1.54.0
[INFO] running `Command { std: "/workspace/cargo-home/bin/cargo" "+1.54.0" "metadata" "--manifest-path" "Cargo.toml" "--no-deps", kill_on_drop: false }`
[INFO] started tweaking git repo https://github.com/crazycarl/Traveling-Salesman
[INFO] finished tweaking git repo https://github.com/crazycarl/Traveling-Salesman
[INFO] tweaked toml for git repo https://github.com/crazycarl/Traveling-Salesman written to /workspace/builds/worker-14/source/Cargo.toml
[INFO] crate git repo https://github.com/crazycarl/Traveling-Salesman already has a lockfile, it will not be regenerated
[INFO] running `Command { std: "/workspace/cargo-home/bin/cargo" "+1.54.0" "fetch" "--manifest-path" "Cargo.toml", kill_on_drop: false }`
[INFO] [stderr]     Blocking waiting for file lock on package cache
[INFO] running `Command { std: "docker" "create" "-v" "/var/lib/crater-agent-workspace/builds/worker-14/target:/opt/rustwide/target:rw,Z" "-v" "/var/lib/crater-agent-workspace/builds/worker-14/source:/opt/rustwide/workdir:ro,Z" "-v" "/var/lib/crater-agent-workspace/cargo-home:/opt/rustwide/cargo-home:ro,Z" "-v" "/var/lib/crater-agent-workspace/rustup-home:/opt/rustwide/rustup-home:ro,Z" "-e" "SOURCE_DIR=/opt/rustwide/workdir" "-e" "CARGO_TARGET_DIR=/opt/rustwide/target" "-e" "CARGO_HOME=/opt/rustwide/cargo-home" "-e" "RUSTUP_HOME=/opt/rustwide/rustup-home" "-w" "/opt/rustwide/workdir" "-m" "1610612736" "--user" "0:0" "--network" "none" "ghcr.io/rust-lang/crates-build-env/linux@sha256:34b6a614d2c27851fe6cbf88fbd1137609cefab8b10d0615aaeb6fd47975d74e" "/opt/rustwide/cargo-home/bin/cargo" "+1.54.0" "metadata" "--no-deps" "--format-version=1", kill_on_drop: false }`
[INFO] [stdout] ed9e62f893a0ee54b49b41b753ff4f8911b86b3b2494c23cb3d37a21801ae64d
[INFO] running `Command { std: "docker" "start" "-a" "ed9e62f893a0ee54b49b41b753ff4f8911b86b3b2494c23cb3d37a21801ae64d", kill_on_drop: false }`
[INFO] running `Command { std: "docker" "inspect" "ed9e62f893a0ee54b49b41b753ff4f8911b86b3b2494c23cb3d37a21801ae64d", kill_on_drop: false }`
[INFO] running `Command { std: "docker" "rm" "-f" "ed9e62f893a0ee54b49b41b753ff4f8911b86b3b2494c23cb3d37a21801ae64d", kill_on_drop: false }`
[INFO] [stdout] ed9e62f893a0ee54b49b41b753ff4f8911b86b3b2494c23cb3d37a21801ae64d
[INFO] running `Command { std: "docker" "create" "-v" "/var/lib/crater-agent-workspace/builds/worker-14/target:/opt/rustwide/target:rw,Z" "-v" "/var/lib/crater-agent-workspace/builds/worker-14/source:/opt/rustwide/workdir:ro,Z" "-v" "/var/lib/crater-agent-workspace/cargo-home:/opt/rustwide/cargo-home:ro,Z" "-v" "/var/lib/crater-agent-workspace/rustup-home:/opt/rustwide/rustup-home:ro,Z" "-e" "SOURCE_DIR=/opt/rustwide/workdir" "-e" "CARGO_TARGET_DIR=/opt/rustwide/target" "-e" "CARGO_INCREMENTAL=0" "-e" "RUST_BACKTRACE=full" "-e" "RUSTFLAGS=--cap-lints=warn" "-e" "CARGO_HOME=/opt/rustwide/cargo-home" "-e" "RUSTUP_HOME=/opt/rustwide/rustup-home" "-w" "/opt/rustwide/workdir" "-m" "1610612736" "--user" "0:0" "--network" "none" "ghcr.io/rust-lang/crates-build-env/linux@sha256:34b6a614d2c27851fe6cbf88fbd1137609cefab8b10d0615aaeb6fd47975d74e" "/opt/rustwide/cargo-home/bin/cargo" "+1.54.0" "build" "--frozen" "--message-format=json", kill_on_drop: false }`
[INFO] [stdout] 427e9eea5ae71151f889e63c2eef434f115aa1c71308d2f73e36cc04c4875eba
[INFO] running `Command { std: "docker" "start" "-a" "427e9eea5ae71151f889e63c2eef434f115aa1c71308d2f73e36cc04c4875eba", kill_on_drop: false }`
[INFO] [stderr]    Compiling memchr v2.2.1
[INFO] [stderr]    Compiling serde v1.0.97
[INFO] [stderr]    Compiling crossbeam-utils v0.6.5
[INFO] [stderr]    Compiling regex-automata v0.1.7
[INFO] [stderr]    Compiling num_cpus v0.2.13
[INFO] [stderr]    Compiling crossbeam-epoch v0.7.1
[INFO] [stderr]    Compiling crossbeam-queue v0.1.2
[INFO] [stderr]    Compiling crossbeam-channel v0.3.8
[INFO] [stderr]    Compiling crossbeam-deque v0.7.1
[INFO] [stderr]    Compiling csv-core v0.1.6
[INFO] [stderr]    Compiling crossbeam v0.7.1
[INFO] [stderr]    Compiling bstr v0.2.2
[INFO] [stderr]    Compiling csv v1.1.1
[INFO] [stderr]    Compiling traveling_sales_man v0.1.0 (/opt/rustwide/workdir)
[INFO] [stderr]     Finished dev [unoptimized + debuginfo] target(s) in 6.13s
[INFO] running `Command { std: "docker" "inspect" "427e9eea5ae71151f889e63c2eef434f115aa1c71308d2f73e36cc04c4875eba", kill_on_drop: false }`
[INFO] running `Command { std: "docker" "rm" "-f" "427e9eea5ae71151f889e63c2eef434f115aa1c71308d2f73e36cc04c4875eba", kill_on_drop: false }`
[INFO] [stdout] 427e9eea5ae71151f889e63c2eef434f115aa1c71308d2f73e36cc04c4875eba
[INFO] running `Command { std: "docker" "create" "-v" "/var/lib/crater-agent-workspace/builds/worker-14/target:/opt/rustwide/target:rw,Z" "-v" "/var/lib/crater-agent-workspace/builds/worker-14/source:/opt/rustwide/workdir:ro,Z" "-v" "/var/lib/crater-agent-workspace/cargo-home:/opt/rustwide/cargo-home:ro,Z" "-v" "/var/lib/crater-agent-workspace/rustup-home:/opt/rustwide/rustup-home:ro,Z" "-e" "SOURCE_DIR=/opt/rustwide/workdir" "-e" "CARGO_TARGET_DIR=/opt/rustwide/target" "-e" "CARGO_INCREMENTAL=0" "-e" "RUST_BACKTRACE=full" "-e" "RUSTFLAGS=--cap-lints=warn" "-e" "CARGO_HOME=/opt/rustwide/cargo-home" "-e" "RUSTUP_HOME=/opt/rustwide/rustup-home" "-w" "/opt/rustwide/workdir" "-m" "1610612736" "--user" "0:0" "--network" "none" "ghcr.io/rust-lang/crates-build-env/linux@sha256:34b6a614d2c27851fe6cbf88fbd1137609cefab8b10d0615aaeb6fd47975d74e" "/opt/rustwide/cargo-home/bin/cargo" "+1.54.0" "test" "--frozen" "--no-run" "--message-format=json", kill_on_drop: false }`
[INFO] [stdout] 78035a5118857054ac4bb0428784c79838f33a02a4d287906458acb610a74c0e
[INFO] running `Command { std: "docker" "start" "-a" "78035a5118857054ac4bb0428784c79838f33a02a4d287906458acb610a74c0e", kill_on_drop: false }`
[INFO] [stderr]    Compiling traveling_sales_man v0.1.0 (/opt/rustwide/workdir)
[INFO] [stderr]     Finished test [unoptimized + debuginfo] target(s) in 1.15s
[INFO] running `Command { std: "docker" "inspect" "78035a5118857054ac4bb0428784c79838f33a02a4d287906458acb610a74c0e", kill_on_drop: false }`
[INFO] running `Command { std: "docker" "rm" "-f" "78035a5118857054ac4bb0428784c79838f33a02a4d287906458acb610a74c0e", kill_on_drop: false }`
[INFO] [stdout] 78035a5118857054ac4bb0428784c79838f33a02a4d287906458acb610a74c0e
[INFO] running `Command { std: "docker" "create" "-v" "/var/lib/crater-agent-workspace/builds/worker-14/target:/opt/rustwide/target:rw,Z" "-v" "/var/lib/crater-agent-workspace/builds/worker-14/source:/opt/rustwide/workdir:ro,Z" "-v" "/var/lib/crater-agent-workspace/cargo-home:/opt/rustwide/cargo-home:ro,Z" "-v" "/var/lib/crater-agent-workspace/rustup-home:/opt/rustwide/rustup-home:ro,Z" "-e" "SOURCE_DIR=/opt/rustwide/workdir" "-e" "CARGO_TARGET_DIR=/opt/rustwide/target" "-e" "CARGO_INCREMENTAL=0" "-e" "RUST_BACKTRACE=full" "-e" "RUSTFLAGS=--cap-lints=warn" "-e" "CARGO_HOME=/opt/rustwide/cargo-home" "-e" "RUSTUP_HOME=/opt/rustwide/rustup-home" "-w" "/opt/rustwide/workdir" "-m" "1610612736" "--user" "0:0" "--network" "none" "ghcr.io/rust-lang/crates-build-env/linux@sha256:34b6a614d2c27851fe6cbf88fbd1137609cefab8b10d0615aaeb6fd47975d74e" "/opt/rustwide/cargo-home/bin/cargo" "+1.54.0" "test" "--frozen", kill_on_drop: false }`
[INFO] [stdout] 8e75c15d43e96740c769e72f2c66f42654250c30e641d5a148b83cc7e72d1ae5
[INFO] running `Command { std: "docker" "start" "-a" "8e75c15d43e96740c769e72f2c66f42654250c30e641d5a148b83cc7e72d1ae5", kill_on_drop: false }`
[INFO] [stderr]     Finished test [unoptimized + debuginfo] target(s) in 0.03s
[INFO] [stderr]      Running unittests (/opt/rustwide/target/debug/deps/traveling_sales_man-14adc13ca93a1dbd)
[INFO] [stdout] 
[INFO] [stdout] running 1 test
[INFO] [stdout] test testing::load_csv ... FAILED
[INFO] [stdout] 
[INFO] [stdout] failures:
[INFO] [stdout] 
[INFO] [stdout] ---- testing::load_csv stdout ----
[INFO] [stdout] From CA to OR by 535.
[INFO] [stdout] From CA to AZ by 755.
[INFO] [stdout] From WA to OR by 160.
[INFO] [stdout] From WA to ID by 619.
[INFO] [stdout] From OR to ID by 441.
[INFO] [stdout] From OR to NV by 663.
[INFO] [stdout] From NV to ID by 541.
[INFO] [stdout] From NV to UT by 534.
[INFO] [stdout] From NV to AZ by 713.
[INFO] [stdout] From ID to MT by 438.
[INFO] [stdout] From ID to WY by 727.
[INFO] [stdout] From ID to UT by 338.
[INFO] [stdout] From UT to WY by 73.
[INFO] [stdout] From UT to CO by 488.
[INFO] [stdout] From UT to AZ by 652.
[INFO] [stdout] From AZ to NM by 476.
[INFO] [stdout] From MT to ND by 624.
[INFO] [stdout] From MT to SD by 742.
[INFO] [stdout] From MT to WY by 675.
[INFO] [stdout] From WY to SD by 455.
[INFO] [stdout] From WY to NE by 444.
[INFO] [stdout] From WY to CO by 100.
[INFO] [stdout] From CO to NE by 486.
[INFO] [stdout] From CO to KS by 536.
[INFO] [stdout] From CO to OK by 626.
[INFO] [stdout] From CO to NM by 355.
[INFO] [stdout] From NM to OK by 585.
[INFO] [stdout] From NM to TX by 697.
[INFO] [stdout] From ND to MN by 435.
[INFO] [stdout] From ND to SD by 215.
[INFO] [stdout] From SD to MN by 404.
[INFO] [stdout] From SD to IA by 490.
[INFO] [stdout] From SD to NE by 392.
[INFO] [stdout] From NE to IA by 187.
[INFO] [stdout] From NE to MO by 343.
[INFO] [stdout] From NE to KS by 165.
[INFO] [stdout] From KS to MO by 204.
[INFO] [stdout] From KS to OK by 293.
[INFO] [stdout] From OK to MO by 416.
[INFO] [stdout] From OK to AR by 337.
[INFO] [stdout] From OK to TX by 388.
[INFO] [stdout] From TX to AR by 504.
[INFO] [stdout] From TX to LA by 430.
[INFO] [stdout] From MN to WI by 258.
[INFO] [stdout] From MN to IA by 244.
[INFO] [stdout] From IA to WI by 279.
[INFO] [stdout] From IA to IL by 291.
[INFO] [stdout] From IA to MO by 255.
[INFO] [stdout] From MO to IL by 192.
[INFO] [stdout] From MO to KY by 562.
[INFO] [stdout] From MO to TN by 453.
[INFO] [stdout] From MO to AR by 340.
[INFO] [stdout] From AR to TN by 344.
[INFO] [stdout] From AR to MS by 253.
[INFO] [stdout] From AR to LA by 416.
[INFO] [stdout] From LA to MS by 150.
[INFO] [stdout] From WI to MI by 614.
[INFO] [stdout] From WI to IL by 249.
[INFO] [stdout] From IL to IN by 190.
[INFO] [stdout] From IL to KY by 415.
[INFO] [stdout] From MS to TN by 392.
[INFO] [stdout] From MS to AL by 242.
[INFO] [stdout] From MI to OH by 237.
[INFO] [stdout] From MI to IN by 244.
[INFO] [stdout] From IN to OH by 175.
[INFO] [stdout] From IN to KY by 145.
[INFO] [stdout] From KY to OH by 186.
[INFO] [stdout] From KY to WV by 197.
[INFO] [stdout] From KY to VA by 532.
[INFO] [stdout] From KY to TN by 203.
[INFO] [stdout] From TN to VA by 597.
[INFO] [stdout] From TN to NC by 530.
[INFO] [stdout] From TN to GA by 255.
[INFO] [stdout] From TN to AL by 282.
[INFO] [stdout] From AL to GA by 160.
[INFO] [stdout] From AL to FL by 205.
[INFO] [stdout] From OH to PA by 425.
[INFO] [stdout] From OH to WV by 160.
[INFO] [stdout] From WV to PA by 354.
[INFO] [stdout] From WV to MD by 397.
[INFO] [stdout] From WV to VA by 302.
[INFO] [stdout] From VA to MD by 129.
[INFO] [stdout] From VA to NC by 156.
[INFO] [stdout] From GA to NC by 434.
[INFO] [stdout] From SC to NC by 200.
[INFO] [stdout] From GA to SC by 212.
[INFO] [stdout] From GA to FL by 252.
[INFO] [stdout] From PA to NY by 268.
[INFO] [stdout] From PA to NJ by 127.
[INFO] [stdout] From PA to DE by 124.
[INFO] [stdout] From PA to MD by 103.
[INFO] [stdout] From MD to DE by 62.
[INFO] [stdout] From VT to NH by 106.
[INFO] [stdout] From VT to MA by 236.
[INFO] [stdout] From VT to NY by 153.
[INFO] [stdout] From NY to MA by 165.
[INFO] [stdout] From NY to CT by 111.
[INFO] [stdout] From NY to NJ by 193.
[INFO] [stdout] From NJ to DE by 108.
[INFO] [stdout] From NH to ME by 139.
[INFO] [stdout] From NH to MA by 68.
[INFO] [stdout] From MA to RI by 45.
[INFO] [stdout] From MA to CT by 101.
[INFO] [stdout] From CT to RI by 72.
[INFO] [stdout] Found state: NE
[INFO] [stdout] Found state: MS
[INFO] [stdout] Found state: CO
[INFO] [stdout] Found state: MD
[INFO] [stdout] Found state: OR
[INFO] [stdout] Found state: AL
[INFO] [stdout] Found state: MA
[INFO] [stdout] Found state: WY
[INFO] [stdout] Found state: DE
[INFO] [stdout] Found state: NC
[INFO] [stdout] Found state: NH
[INFO] [stdout] Found state: SC
[INFO] [stdout] Found state: VT
[INFO] [stdout] Found state: TN
[INFO] [stdout] Found state: NV
[INFO] [stdout] Found state: CA
[INFO] [stdout] Found state: VA
[INFO] [stdout] Found state: ID
[INFO] [stdout] Found state: UT
[INFO] [stdout] Found state: MI
[INFO] [stdout] Found state: MT
[INFO] [stdout] Found state: AZ
[INFO] [stdout] Found state: WA
[INFO] [stdout] Found state: WI
[INFO] [stdout] Found state: IN
[INFO] [stdout] Found state: OH
[INFO] [stdout] Found state: FL
[INFO] [stdout] Found state: MO
[INFO] [stdout] Found state: NY
[INFO] [stdout] Found state: ME
[INFO] [stdout] Found state: AR
[INFO] [stdout] Found state: NJ
[INFO] [stdout] Found state: KY
[INFO] [stdout] Found state: PA
[INFO] [stdout] Found state: IA
[INFO] [stdout] Found state: GA
[INFO] [stdout] Found state: OK
[INFO] [stdout] Found state: WV
[INFO] [stdout] Found state: MN
[INFO] [stdout] Found state: RI
[INFO] [stdout] Found state: LA
[INFO] [stdout] Found state: NM
[INFO] [stdout] Found state: KS
[INFO] [stdout] Found state: CT
[INFO] [stdout] Found state: TX
[INFO] [stdout] Found state: SD
[INFO] [stdout] Found state: ND
[INFO] [stdout] Found state: IL
[INFO] [stdout] thread 'testing::load_csv' panicked at 'assertion failed: `(left == right)`
[INFO] [stdout]   left: `48`,
[INFO] [stdout]  right: `42`: Wrong number of states were loaded.', src/main.rs:567:9
[INFO] [stdout] stack backtrace:
[INFO] [stdout]    0:     0x556d7a7a6ef0 - std::backtrace_rs::backtrace::libunwind::trace::h34055254b57d8e79
[INFO] [stdout]                                at /rustc/a178d0322ce20e33eac124758e837cbd80a6f633/library/std/src/../../backtrace/src/backtrace/libunwind.rs:90:5
[INFO] [stdout]    1:     0x556d7a7a6ef0 - std::backtrace_rs::backtrace::trace_unsynchronized::h8f1e3fbd9afff6ec
[INFO] [stdout]                                at /rustc/a178d0322ce20e33eac124758e837cbd80a6f633/library/std/src/../../backtrace/src/backtrace/mod.rs:66:5
[INFO] [stdout]    2:     0x556d7a7a6ef0 - std::sys_common::backtrace::_print_fmt::h3a99a796b770c360
[INFO] [stdout]                                at /rustc/a178d0322ce20e33eac124758e837cbd80a6f633/library/std/src/sys_common/backtrace.rs:67:5
[INFO] [stdout]    3:     0x556d7a7a6ef0 - <std::sys_common::backtrace::_print::DisplayBacktrace as core::fmt::Display>::fmt::h32d1f94a80615d18
[INFO] [stdout]                                at /rustc/a178d0322ce20e33eac124758e837cbd80a6f633/library/std/src/sys_common/backtrace.rs:46:22
[INFO] [stdout]    4:     0x556d7a7c979c - core::fmt::write::h306731c068f7162c
[INFO] [stdout]                                at /rustc/a178d0322ce20e33eac124758e837cbd80a6f633/library/core/src/fmt/mod.rs:1110:17
[INFO] [stdout]    5:     0x556d7a7a3e15 - std::io::Write::write_fmt::h87f19b0a2cd190bc
[INFO] [stdout]                                at /rustc/a178d0322ce20e33eac124758e837cbd80a6f633/library/std/src/io/mod.rs:1588:15
[INFO] [stdout]    6:     0x556d7a7a905b - std::sys_common::backtrace::_print::h5abaa2601a852287
[INFO] [stdout]                                at /rustc/a178d0322ce20e33eac124758e837cbd80a6f633/library/std/src/sys_common/backtrace.rs:49:5
[INFO] [stdout]    7:     0x556d7a7a905b - std::sys_common::backtrace::print::h8d81445442bb638f
[INFO] [stdout]                                at /rustc/a178d0322ce20e33eac124758e837cbd80a6f633/library/std/src/sys_common/backtrace.rs:36:9
[INFO] [stdout]    8:     0x556d7a7a905b - std::panicking::default_hook::{{closure}}::hcfe804496a9fa747
[INFO] [stdout]                                at /rustc/a178d0322ce20e33eac124758e837cbd80a6f633/library/std/src/panicking.rs:208:50
[INFO] [stdout]    9:     0x556d7a7a8b6c - std::panicking::default_hook::hbea8e3ccf2ba8901
[INFO] [stdout]                                at /rustc/a178d0322ce20e33eac124758e837cbd80a6f633/library/std/src/panicking.rs:222:9
[INFO] [stdout]   10:     0x556d7a7a9724 - std::panicking::rust_panic_with_hook::h7ee9e1a2d0f8975a
[INFO] [stdout]                                at /rustc/a178d0322ce20e33eac124758e837cbd80a6f633/library/std/src/panicking.rs:622:17
[INFO] [stdout]   11:     0x556d7a7a9207 - std::panicking::begin_panic_handler::{{closure}}::h8ab3b4491718b2c7
[INFO] [stdout]                                at /rustc/a178d0322ce20e33eac124758e837cbd80a6f633/library/std/src/panicking.rs:519:13
[INFO] [stdout]   12:     0x556d7a7a73ec - std::sys_common::backtrace::__rust_end_short_backtrace::hd489062ffa586a9f
[INFO] [stdout]                                at /rustc/a178d0322ce20e33eac124758e837cbd80a6f633/library/std/src/sys_common/backtrace.rs:141:18
[INFO] [stdout]   13:     0x556d7a7a9169 - rust_begin_unwind
[INFO] [stdout]                                at /rustc/a178d0322ce20e33eac124758e837cbd80a6f633/library/std/src/panicking.rs:515:5
[INFO] [stdout]   14:     0x556d7a720651 - core::panicking::panic_fmt::hca6330e3e14086b4
[INFO] [stdout]                                at /rustc/a178d0322ce20e33eac124758e837cbd80a6f633/library/core/src/panicking.rs:92:14
[INFO] [stdout]   15:     0x556d7a7c819e - core::panicking::assert_failed_inner::h33b45280069a80ed
[INFO] [stdout]   16:     0x556d7a7741ca - core::panicking::assert_failed::h13f9abcc7d896efc
[INFO] [stdout]                                at /rustc/a178d0322ce20e33eac124758e837cbd80a6f633/library/core/src/panicking.rs:117:5
[INFO] [stdout]   17:     0x556d7a72c88b - traveling_sales_man::testing::load_csv::he8b886019fac2f12
[INFO] [stdout]                                at /opt/rustwide/workdir/src/main.rs:567:9
[INFO] [stdout]   18:     0x556d7a72c5aa - traveling_sales_man::testing::load_csv::{{closure}}::h83788ca26e4722a2
[INFO] [stdout]                                at /opt/rustwide/workdir/src/main.rs:558:5
[INFO] [stdout]   19:     0x556d7a7266ce - core::ops::function::FnOnce::call_once::hdd0964e726094a47
[INFO] [stdout]                                at /rustc/a178d0322ce20e33eac124758e837cbd80a6f633/library/core/src/ops/function.rs:227:5
[INFO] [stdout]   20:     0x556d7a759e13 - core::ops::function::FnOnce::call_once::h152e7e439ff59e19
[INFO] [stdout]                                at /rustc/a178d0322ce20e33eac124758e837cbd80a6f633/library/core/src/ops/function.rs:227:5
[INFO] [stdout]   21:     0x556d7a759e13 - test::__rust_begin_short_backtrace::h0908f3b1fdbb72ab
[INFO] [stdout]                                at /rustc/a178d0322ce20e33eac124758e837cbd80a6f633/library/test/src/lib.rs:577:5
[INFO] [stdout]   22:     0x556d7a7588d0 - <alloc::boxed::Box<F,A> as core::ops::function::FnOnce<Args>>::call_once::hf6d2a51e5587546c
[INFO] [stdout]                                at /rustc/a178d0322ce20e33eac124758e837cbd80a6f633/library/alloc/src/boxed.rs:1575:9
[INFO] [stdout]   23:     0x556d7a7588d0 - <std::panic::AssertUnwindSafe<F> as core::ops::function::FnOnce<()>>::call_once::h8af660f3a89ef593
[INFO] [stdout]                                at /rustc/a178d0322ce20e33eac124758e837cbd80a6f633/library/std/src/panic.rs:347:9
[INFO] [stdout]   24:     0x556d7a7588d0 - std::panicking::try::do_call::hd36aef60f84b6d36
[INFO] [stdout]                                at /rustc/a178d0322ce20e33eac124758e837cbd80a6f633/library/std/src/panicking.rs:401:40
[INFO] [stdout]   25:     0x556d7a7588d0 - std::panicking::try::h9932b4480e69817c
[INFO] [stdout]                                at /rustc/a178d0322ce20e33eac124758e837cbd80a6f633/library/std/src/panicking.rs:365:19
[INFO] [stdout]   26:     0x556d7a7588d0 - std::panic::catch_unwind::h6aa177099cfff5f8
[INFO] [stdout]                                at /rustc/a178d0322ce20e33eac124758e837cbd80a6f633/library/std/src/panic.rs:434:14
[INFO] [stdout]   27:     0x556d7a7588d0 - test::run_test_in_process::h5884d6f2d99e20c3
[INFO] [stdout]                                at /rustc/a178d0322ce20e33eac124758e837cbd80a6f633/library/test/src/lib.rs:600:18
[INFO] [stdout]   28:     0x556d7a7588d0 - test::run_test::run_test_inner::{{closure}}::h6fdc58c6d5f5b6e3
[INFO] [stdout]                                at /rustc/a178d0322ce20e33eac124758e837cbd80a6f633/library/test/src/lib.rs:492:39
[INFO] [stdout]   29:     0x556d7a731f82 - test::run_test::run_test_inner::{{closure}}::h408365d67a78ade8
[INFO] [stdout]                                at /rustc/a178d0322ce20e33eac124758e837cbd80a6f633/library/test/src/lib.rs:519:37
[INFO] [stdout]   30:     0x556d7a731f82 - std::sys_common::backtrace::__rust_begin_short_backtrace::hb560b77c4f701523
[INFO] [stdout]                                at /rustc/a178d0322ce20e33eac124758e837cbd80a6f633/library/std/src/sys_common/backtrace.rs:125:18
[INFO] [stdout]   31:     0x556d7a735b38 - std::thread::Builder::spawn_unchecked::{{closure}}::{{closure}}::hf2e7831dad93c597
[INFO] [stdout]                                at /rustc/a178d0322ce20e33eac124758e837cbd80a6f633/library/std/src/thread/mod.rs:481:17
[INFO] [stdout]   32:     0x556d7a735b38 - <std::panic::AssertUnwindSafe<F> as core::ops::function::FnOnce<()>>::call_once::hd2e08783d8be4d02
[INFO] [stdout]                                at /rustc/a178d0322ce20e33eac124758e837cbd80a6f633/library/std/src/panic.rs:347:9
[INFO] [stdout]   33:     0x556d7a735b38 - std::panicking::try::do_call::h062597b7acfd6b82
[INFO] [stdout]                                at /rustc/a178d0322ce20e33eac124758e837cbd80a6f633/library/std/src/panicking.rs:401:40
[INFO] [stdout]   34:     0x556d7a735b38 - std::panicking::try::h0d7b79db04c14552
[INFO] [stdout]                                at /rustc/a178d0322ce20e33eac124758e837cbd80a6f633/library/std/src/panicking.rs:365:19
[INFO] [stdout]   35:     0x556d7a735b38 - std::panic::catch_unwind::hb01a0b5e7c8cd43b
[INFO] [stdout]                                at /rustc/a178d0322ce20e33eac124758e837cbd80a6f633/library/std/src/panic.rs:434:14
[INFO] [stdout]   36:     0x556d7a735b38 - std::thread::Builder::spawn_unchecked::{{closure}}::h5bde48cc887e0d1e
[INFO] [stdout]                                at /rustc/a178d0322ce20e33eac124758e837cbd80a6f633/library/std/src/thread/mod.rs:480:30
[INFO] [stdout]   37:     0x556d7a735b38 - core::ops::function::FnOnce::call_once{{vtable.shim}}::h745ea30807a29e55
[INFO] [stdout]                                at /rustc/a178d0322ce20e33eac124758e837cbd80a6f633/library/core/src/ops/function.rs:227:5
[INFO] [stdout]   38:     0x556d7a7ae1e7 - <alloc::boxed::Box<F,A> as core::ops::function::FnOnce<Args>>::call_once::h7ece6cfefaff1005
[INFO] [stdout]                                at /rustc/a178d0322ce20e33eac124758e837cbd80a6f633/library/alloc/src/boxed.rs:1575:9
[INFO] [stdout]   39:     0x556d7a7ae1e7 - <alloc::boxed::Box<F,A> as core::ops::function::FnOnce<Args>>::call_once::hb8b48e55c21f193e
[INFO] [stdout]                                at /rustc/a178d0322ce20e33eac124758e837cbd80a6f633/library/alloc/src/boxed.rs:1575:9
[INFO] [stdout]   40:     0x556d7a7ae1e7 - std::sys::unix::thread::Thread::new::thread_start::h8c7c4450dba62914
[INFO] [stdout]                                at /rustc/a178d0322ce20e33eac124758e837cbd80a6f633/library/std/src/sys/unix/thread.rs:71:17
[INFO] [stdout]   41:     0x7f8db25fc609 - start_thread
[INFO] [stdout]   42:     0x7f8db23ce293 - clone
[INFO] [stdout]   43:                0x0 - <unknown>
[INFO] [stdout] 
[INFO] [stdout] 
[INFO] [stdout] failures:
[INFO] [stdout]     testing::load_csv
[INFO] [stdout] 
[INFO] [stdout] test result: FAILED. 0 passed; 1 failed; 0 ignored; 0 measured; 0 filtered out; finished in 0.03s
[INFO] [stdout] 
[INFO] [stderr] error: test failed, to rerun pass '--bin traveling_sales_man'
[INFO] running `Command { std: "docker" "inspect" "8e75c15d43e96740c769e72f2c66f42654250c30e641d5a148b83cc7e72d1ae5", kill_on_drop: false }`
[INFO] running `Command { std: "docker" "rm" "-f" "8e75c15d43e96740c769e72f2c66f42654250c30e641d5a148b83cc7e72d1ae5", kill_on_drop: false }`
[INFO] [stdout] 8e75c15d43e96740c769e72f2c66f42654250c30e641d5a148b83cc7e72d1ae5
