[INFO] cloning repository https://github.com/cptrodgers/simple-aws-s3
[INFO] running `Command { std: "git" "-c" "credential.helper=" "-c" "credential.helper=/workspace/cargo-home/bin/git-credential-null" "clone" "--bare" "https://github.com/cptrodgers/simple-aws-s3" "/workspace/cache/git-repos/https%3A%2F%2Fgithub.com%2Fcptrodgers%2Fsimple-aws-s3", kill_on_drop: false }`
[INFO] [stderr] Cloning into bare repository '/workspace/cache/git-repos/https%3A%2F%2Fgithub.com%2Fcptrodgers%2Fsimple-aws-s3'...
[INFO] running `Command { std: "git" "rev-parse" "HEAD", kill_on_drop: false }`
[INFO] [stdout] 6e0a336d15f51dc957a0f023aaadd56b50844cfc
[INFO] testing cptrodgers/simple-aws-s3 against 1.54.0 for beta-1.55-1
[INFO] running `Command { std: "git" "clone" "/workspace/cache/git-repos/https%3A%2F%2Fgithub.com%2Fcptrodgers%2Fsimple-aws-s3" "/workspace/builds/worker-3/source", kill_on_drop: false }`
[INFO] [stderr] Cloning into '/workspace/builds/worker-3/source'...
[INFO] [stderr] done.
[INFO] validating manifest of git repo https://github.com/cptrodgers/simple-aws-s3 on toolchain 1.54.0
[INFO] running `Command { std: "/workspace/cargo-home/bin/cargo" "+1.54.0" "metadata" "--manifest-path" "Cargo.toml" "--no-deps", kill_on_drop: false }`
[INFO] started tweaking git repo https://github.com/cptrodgers/simple-aws-s3
[INFO] removed 0 missing examples
[INFO] finished tweaking git repo https://github.com/cptrodgers/simple-aws-s3
[INFO] tweaked toml for git repo https://github.com/cptrodgers/simple-aws-s3 written to /workspace/builds/worker-3/source/Cargo.toml
[INFO] crate git repo https://github.com/cptrodgers/simple-aws-s3 already has a lockfile, it will not be regenerated
[INFO] running `Command { std: "/workspace/cargo-home/bin/cargo" "+1.54.0" "fetch" "--manifest-path" "Cargo.toml", kill_on_drop: false }`
[INFO] [stderr]     Blocking waiting for file lock on package cache
[INFO] running `Command { std: "docker" "create" "-v" "/var/lib/crater-agent-workspace/builds/worker-3/target:/opt/rustwide/target:rw,Z" "-v" "/var/lib/crater-agent-workspace/builds/worker-3/source:/opt/rustwide/workdir:ro,Z" "-v" "/var/lib/crater-agent-workspace/cargo-home:/opt/rustwide/cargo-home:ro,Z" "-v" "/var/lib/crater-agent-workspace/rustup-home:/opt/rustwide/rustup-home:ro,Z" "-e" "SOURCE_DIR=/opt/rustwide/workdir" "-e" "CARGO_TARGET_DIR=/opt/rustwide/target" "-e" "CARGO_HOME=/opt/rustwide/cargo-home" "-e" "RUSTUP_HOME=/opt/rustwide/rustup-home" "-w" "/opt/rustwide/workdir" "-m" "1610612736" "--user" "0:0" "--network" "none" "ghcr.io/rust-lang/crates-build-env/linux@sha256:34b6a614d2c27851fe6cbf88fbd1137609cefab8b10d0615aaeb6fd47975d74e" "/opt/rustwide/cargo-home/bin/cargo" "+1.54.0" "metadata" "--no-deps" "--format-version=1", kill_on_drop: false }`
[INFO] [stdout] 5d72e945581088419d783efdc5b20467845130cbd102c820996532e42edfb109
[INFO] running `Command { std: "docker" "start" "-a" "5d72e945581088419d783efdc5b20467845130cbd102c820996532e42edfb109", kill_on_drop: false }`
[INFO] running `Command { std: "docker" "inspect" "5d72e945581088419d783efdc5b20467845130cbd102c820996532e42edfb109", kill_on_drop: false }`
[INFO] running `Command { std: "docker" "rm" "-f" "5d72e945581088419d783efdc5b20467845130cbd102c820996532e42edfb109", kill_on_drop: false }`
[INFO] [stdout] 5d72e945581088419d783efdc5b20467845130cbd102c820996532e42edfb109
[INFO] running `Command { std: "docker" "create" "-v" "/var/lib/crater-agent-workspace/builds/worker-3/target:/opt/rustwide/target:rw,Z" "-v" "/var/lib/crater-agent-workspace/builds/worker-3/source:/opt/rustwide/workdir:ro,Z" "-v" "/var/lib/crater-agent-workspace/cargo-home:/opt/rustwide/cargo-home:ro,Z" "-v" "/var/lib/crater-agent-workspace/rustup-home:/opt/rustwide/rustup-home:ro,Z" "-e" "SOURCE_DIR=/opt/rustwide/workdir" "-e" "CARGO_TARGET_DIR=/opt/rustwide/target" "-e" "CARGO_INCREMENTAL=0" "-e" "RUST_BACKTRACE=full" "-e" "RUSTFLAGS=--cap-lints=warn" "-e" "CARGO_HOME=/opt/rustwide/cargo-home" "-e" "RUSTUP_HOME=/opt/rustwide/rustup-home" "-w" "/opt/rustwide/workdir" "-m" "1610612736" "--user" "0:0" "--network" "none" "ghcr.io/rust-lang/crates-build-env/linux@sha256:34b6a614d2c27851fe6cbf88fbd1137609cefab8b10d0615aaeb6fd47975d74e" "/opt/rustwide/cargo-home/bin/cargo" "+1.54.0" "build" "--frozen" "--message-format=json", kill_on_drop: false }`
[INFO] [stdout] 82172f085e1c52d7df48fa55d8c147a9d6ea28ae32a49445c75013547e802475
[INFO] running `Command { std: "docker" "start" "-a" "82172f085e1c52d7df48fa55d8c147a9d6ea28ae32a49445c75013547e802475", kill_on_drop: false }`
[INFO] [stderr]     Blocking waiting for file lock on package cache
[INFO] [stderr]    Compiling libc v0.2.95
[INFO] [stderr]    Compiling syn v1.0.72
[INFO] [stderr]    Compiling cc v1.0.68
[INFO] [stderr]    Compiling pin-project-lite v0.1.12
[INFO] [stderr]    Compiling futures-task v0.3.15
[INFO] [stderr]    Compiling futures-channel v0.3.15
[INFO] [stderr]    Compiling futures-util v0.3.15
[INFO] [stderr]    Compiling tracing-core v0.1.18
[INFO] [stderr]    Compiling unicase v2.6.0
[INFO] [stderr]    Compiling indexmap v1.6.2
[INFO] [stderr]    Compiling unicode-normalization v0.1.18
[INFO] [stderr]    Compiling want v0.3.0
[INFO] [stderr]    Compiling http-body v0.3.1
[INFO] [stderr]    Compiling crypto-mac v0.11.0
[INFO] [stderr]    Compiling hmac v0.11.0
[INFO] [stderr]    Compiling tracing v0.1.26
[INFO] [stderr]    Compiling idna v0.2.3
[INFO] [stderr]    Compiling openssl-sys v0.9.63
[INFO] [stderr]    Compiling mime_guess v2.0.3
[INFO] [stderr]    Compiling iovec v0.1.4
[INFO] [stderr]    Compiling net2 v0.2.37
[INFO] [stderr]    Compiling signal-hook-registry v1.4.0
[INFO] [stderr]    Compiling num_cpus v1.13.0
[INFO] [stderr]    Compiling socket2 v0.3.19
[INFO] [stderr]    Compiling time v0.1.44
[INFO] [stderr]    Compiling url v2.2.2
[INFO] [stderr]    Compiling chrono v0.4.19
[INFO] [stderr]    Compiling mio v0.6.23
[INFO] [stderr]    Compiling openssl v0.10.34
[INFO] [stderr]    Compiling native-tls v0.2.7
[INFO] [stderr]    Compiling mio-uds v0.6.8
[INFO] [stderr]    Compiling tokio-macros v0.2.6
[INFO] [stderr]    Compiling pin-project-internal v1.0.7
[INFO] [stderr]    Compiling serde_derive v1.0.126
[INFO] [stderr]    Compiling thiserror-impl v1.0.25
[INFO] [stderr]    Compiling tokio v0.2.25
[INFO] [stderr]    Compiling thiserror v1.0.25
[INFO] [stderr]    Compiling pin-project v1.0.7
[INFO] [stderr]    Compiling tracing-futures v0.2.5
[INFO] [stderr]    Compiling serde v1.0.126
[INFO] [stderr]    Compiling tokio-util v0.3.1
[INFO] [stderr]    Compiling tokio-tls v0.3.1
[INFO] [stderr]    Compiling h2 v0.2.7
[INFO] [stderr]    Compiling serde_urlencoded v0.7.0
[INFO] [stderr]    Compiling serde_json v1.0.64
[INFO] [stderr]    Compiling serde-xml-rs v0.4.1
[INFO] [stderr]    Compiling hyper v0.13.10
[INFO] [stderr]    Compiling hyper-tls v0.4.3
[INFO] [stderr]    Compiling reqwest v0.10.10
[INFO] [stderr]    Compiling simple-aws-s3 v0.2.2-alpha.0 (/opt/rustwide/workdir)
[INFO] [stderr]     Finished dev [unoptimized + debuginfo] target(s) in 46.07s
[INFO] running `Command { std: "docker" "inspect" "82172f085e1c52d7df48fa55d8c147a9d6ea28ae32a49445c75013547e802475", kill_on_drop: false }`
[INFO] running `Command { std: "docker" "rm" "-f" "82172f085e1c52d7df48fa55d8c147a9d6ea28ae32a49445c75013547e802475", kill_on_drop: false }`
[INFO] [stdout] 82172f085e1c52d7df48fa55d8c147a9d6ea28ae32a49445c75013547e802475
[INFO] running `Command { std: "docker" "create" "-v" "/var/lib/crater-agent-workspace/builds/worker-3/target:/opt/rustwide/target:rw,Z" "-v" "/var/lib/crater-agent-workspace/builds/worker-3/source:/opt/rustwide/workdir:ro,Z" "-v" "/var/lib/crater-agent-workspace/cargo-home:/opt/rustwide/cargo-home:ro,Z" "-v" "/var/lib/crater-agent-workspace/rustup-home:/opt/rustwide/rustup-home:ro,Z" "-e" "SOURCE_DIR=/opt/rustwide/workdir" "-e" "CARGO_TARGET_DIR=/opt/rustwide/target" "-e" "CARGO_INCREMENTAL=0" "-e" "RUST_BACKTRACE=full" "-e" "RUSTFLAGS=--cap-lints=warn" "-e" "CARGO_HOME=/opt/rustwide/cargo-home" "-e" "RUSTUP_HOME=/opt/rustwide/rustup-home" "-w" "/opt/rustwide/workdir" "-m" "1610612736" "--user" "0:0" "--network" "none" "ghcr.io/rust-lang/crates-build-env/linux@sha256:34b6a614d2c27851fe6cbf88fbd1137609cefab8b10d0615aaeb6fd47975d74e" "/opt/rustwide/cargo-home/bin/cargo" "+1.54.0" "test" "--frozen" "--no-run" "--message-format=json", kill_on_drop: false }`
[INFO] [stdout] ddd6a7fbe0ef7488698da611c72dc23ccbd5e32c9b5b404b9c1c14c1ab30a729
[INFO] running `Command { std: "docker" "start" "-a" "ddd6a7fbe0ef7488698da611c72dc23ccbd5e32c9b5b404b9c1c14c1ab30a729", kill_on_drop: false }`
[INFO] [stderr]     Blocking waiting for file lock on package cache
[INFO] [stderr]    Compiling simple-aws-s3 v0.2.2-alpha.0 (/opt/rustwide/workdir)
[INFO] [stderr]     Finished test [unoptimized + debuginfo] target(s) in 5.42s
[INFO] running `Command { std: "docker" "inspect" "ddd6a7fbe0ef7488698da611c72dc23ccbd5e32c9b5b404b9c1c14c1ab30a729", kill_on_drop: false }`
[INFO] running `Command { std: "docker" "rm" "-f" "ddd6a7fbe0ef7488698da611c72dc23ccbd5e32c9b5b404b9c1c14c1ab30a729", kill_on_drop: false }`
[INFO] [stdout] ddd6a7fbe0ef7488698da611c72dc23ccbd5e32c9b5b404b9c1c14c1ab30a729
[INFO] running `Command { std: "docker" "create" "-v" "/var/lib/crater-agent-workspace/builds/worker-3/target:/opt/rustwide/target:rw,Z" "-v" "/var/lib/crater-agent-workspace/builds/worker-3/source:/opt/rustwide/workdir:ro,Z" "-v" "/var/lib/crater-agent-workspace/cargo-home:/opt/rustwide/cargo-home:ro,Z" "-v" "/var/lib/crater-agent-workspace/rustup-home:/opt/rustwide/rustup-home:ro,Z" "-e" "SOURCE_DIR=/opt/rustwide/workdir" "-e" "CARGO_TARGET_DIR=/opt/rustwide/target" "-e" "CARGO_INCREMENTAL=0" "-e" "RUST_BACKTRACE=full" "-e" "RUSTFLAGS=--cap-lints=warn" "-e" "CARGO_HOME=/opt/rustwide/cargo-home" "-e" "RUSTUP_HOME=/opt/rustwide/rustup-home" "-w" "/opt/rustwide/workdir" "-m" "1610612736" "--user" "0:0" "--network" "none" "ghcr.io/rust-lang/crates-build-env/linux@sha256:34b6a614d2c27851fe6cbf88fbd1137609cefab8b10d0615aaeb6fd47975d74e" "/opt/rustwide/cargo-home/bin/cargo" "+1.54.0" "test" "--frozen", kill_on_drop: false }`
[INFO] [stdout] 84d3cf5e3404919a77f7186ddd23fc95827c107e4692f00dc7567941f45911f8
[INFO] running `Command { std: "docker" "start" "-a" "84d3cf5e3404919a77f7186ddd23fc95827c107e4692f00dc7567941f45911f8", kill_on_drop: false }`
[INFO] [stderr]     Finished test [unoptimized + debuginfo] target(s) in 0.09s
[INFO] [stderr]      Running unittests (/opt/rustwide/target/debug/deps/simple_aws_s3-a2191e580061c542)
[INFO] [stdout] 
[INFO] [stderr]    Doc-tests simple_aws_s3
[INFO] [stdout] running 0 tests
[INFO] [stdout] 
[INFO] [stdout] test result: ok. 0 passed; 0 failed; 0 ignored; 0 measured; 0 filtered out; finished in 0.00s
[INFO] [stdout] 
[INFO] [stdout] 
[INFO] [stdout] running 4 tests
[INFO] [stdout] test src/lib.rs - (line 32) ... FAILED
[INFO] [stdout] test src/lib.rs - (line 70) ... ok
[INFO] [stdout] test src/s3.rs - s3::S3 (line 20) ... FAILED
[INFO] [stdout] test src/s3_signer.rs - s3_signer::Signer (line 13) ... ok
[INFO] [stdout] 
[INFO] [stdout] failures:
[INFO] [stdout] 
[INFO] [stdout] ---- src/lib.rs - (line 32) stdout ----
[INFO] [stdout] error[E0433]: failed to resolve: use of undeclared type `StatusCode`
[INFO] [stdout]   --> src/lib.rs:58:26
[INFO] [stdout]    |
[INFO] [stdout] 28 | assert_eq!(res.status(), StatusCode::NO_CONTENT);
[INFO] [stdout]    |                          ^^^^^^^^^^ use of undeclared type `StatusCode`
[INFO] [stdout] 
[INFO] [stdout] error[E0433]: failed to resolve: use of undeclared type `StatusCode`
[INFO] [stdout]   --> src/lib.rs:67:26
[INFO] [stdout]    |
[INFO] [stdout] 37 | assert_eq!(res.status(), StatusCode::OK);
[INFO] [stdout]    |                          ^^^^^^^^^^ use of undeclared type `StatusCode`
[INFO] [stdout] 
[INFO] [stdout] error[E0425]: cannot find value `s3` in this scope
[INFO] [stdout]  --> src/lib.rs:37:48
[INFO] [stdout]   |
[INFO] [stdout] 7 | let PostPresignedInfo { upload_url, params } = s3
[INFO] [stdout]   |                                                ^^ not found in this scope
[INFO] [stdout] 
[INFO] [stdout] error[E0433]: failed to resolve: use of undeclared type `Duration`
[INFO] [stdout]   --> src/lib.rs:42:9
[INFO] [stdout]    |
[INFO] [stdout] 12 |         Duration::seconds(3600),
[INFO] [stdout]    |         ^^^^^^^^ not found in this scope
[INFO] [stdout]    |
[INFO] [stdout] help: consider importing one of these items
[INFO] [stdout]    |
[INFO] [stdout] 2  | use chrono::Duration;
[INFO] [stdout]    |
[INFO] [stdout] 2  | use core::time::Duration;
[INFO] [stdout]    |
[INFO] [stdout] 2  | use std::time::Duration;
[INFO] [stdout]    |
[INFO] [stdout] 2  | use tokio::time::Duration;
[INFO] [stdout]    |
[INFO] [stdout] 
[INFO] [stdout] error[E0422]: cannot find struct, variant or union type `PostPresignedInfo` in this scope
[INFO] [stdout]  --> src/lib.rs:37:5
[INFO] [stdout]   |
[INFO] [stdout] 7 | let PostPresignedInfo { upload_url, params } = s3
[INFO] [stdout]   |     ^^^^^^^^^^^^^^^^^ not found in this scope
[INFO] [stdout]   |
[INFO] [stdout] help: consider importing this struct
[INFO] [stdout]   |
[INFO] [stdout] 2 | use simple_aws_s3::PostPresignedInfo;
[INFO] [stdout]   |
[INFO] [stdout] 
[INFO] [stdout] error[E0433]: failed to resolve: use of undeclared type `Form`
[INFO] [stdout]   --> src/lib.rs:46:16
[INFO] [stdout]    |
[INFO] [stdout] 16 | let mut form = Form::new();
[INFO] [stdout]    |                ^^^^ not found in this scope
[INFO] [stdout]    |
[INFO] [stdout] help: consider importing this struct
[INFO] [stdout]    |
[INFO] [stdout] 2  | use reqwest::multipart::Form;
[INFO] [stdout]    |
[INFO] [stdout] 
[INFO] [stdout] error[E0433]: failed to resolve: use of undeclared type `Part`
[INFO] [stdout]   --> src/lib.rs:50:12
[INFO] [stdout]    |
[INFO] [stdout] 20 | let part = Part::text(content).mime_str("plain/text").unwrap();
[INFO] [stdout]    |            ^^^^ not found in this scope
[INFO] [stdout]    |
[INFO] [stdout] help: consider importing one of these items
[INFO] [stdout]    |
[INFO] [stdout] 2  | use core::num::flt2dec::Part;
[INFO] [stdout]    |
[INFO] [stdout] 2  | use reqwest::multipart::Part;
[INFO] [stdout]    |
[INFO] [stdout] 
[INFO] [stdout] error[E0425]: cannot find value `s3` in this scope
[INFO] [stdout]   --> src/lib.rs:61:20
[INFO] [stdout]    |
[INFO] [stdout] 31 | let download_url = s3.generate_presigned_get(&key, 3600).unwrap();
[INFO] [stdout]    |                    ^^ not found in this scope
[INFO] [stdout] 
[INFO] [stdout] error[E0728]: `await` is only allowed inside `async` functions and blocks
[INFO] [stdout]   --> src/lib.rs:52:11
[INFO] [stdout]    |
[INFO] [stdout] 2  |   fn main() { #[allow(non_snake_case)] fn _doctest_main_src_lib_rs_32_0() {
[INFO] [stdout]    |                                           ----------------------------- this is not `async`
[INFO] [stdout] ...
[INFO] [stdout] 22 |   let res = reqwest::Client::new()
[INFO] [stdout]    |  ___________^
[INFO] [stdout] 23 | |     .post(&upload_url)
[INFO] [stdout] 24 | |     .multipart(form)
[INFO] [stdout] 25 | |     .send()
[INFO] [stdout] 26 | |     .await
[INFO] [stdout]    | |__________^ only allowed inside `async` functions and blocks
[INFO] [stdout] 
[INFO] [stdout] error[E0728]: `await` is only allowed inside `async` functions and blocks
[INFO] [stdout]   --> src/lib.rs:62:11
[INFO] [stdout]    |
[INFO] [stdout] 2  |   fn main() { #[allow(non_snake_case)] fn _doctest_main_src_lib_rs_32_0() {
[INFO] [stdout]    |                                           ----------------------------- this is not `async`
[INFO] [stdout] ...
[INFO] [stdout] 32 |   let res = reqwest::Client::new()
[INFO] [stdout]    |  ___________^
[INFO] [stdout] 33 | |     .get(&download_url)
[INFO] [stdout] 34 | |     .send()
[INFO] [stdout] 35 | |     .await
[INFO] [stdout]    | |__________^ only allowed inside `async` functions and blocks
[INFO] [stdout] 
[INFO] [stdout] error[E0728]: `await` is only allowed inside `async` functions and blocks
[INFO] [stdout]   --> src/lib.rs:68:12
[INFO] [stdout]    |
[INFO] [stdout] 2  | fn main() { #[allow(non_snake_case)] fn _doctest_main_src_lib_rs_32_0() {
[INFO] [stdout]    |                                         ----------------------------- this is not `async`
[INFO] [stdout] ...
[INFO] [stdout] 38 | assert_eq!(res.text().await.unwrap(), content);
[INFO] [stdout]    |            ^^^^^^^^^^^^^^^^ only allowed inside `async` functions and blocks
[INFO] [stdout] 
[INFO] [stdout] error: aborting due to 11 previous errors
[INFO] [stdout] 
[INFO] [stdout] Some errors have detailed explanations: E0422, E0425, E0433, E0728.
[INFO] [stdout] For more information about an error, try `rustc --explain E0422`.
[INFO] [stdout] Couldn't compile the test.
[INFO] [stdout] ---- src/s3.rs - s3::S3 (line 20) stdout ----
[INFO] [stdout] error[E0728]: `await` is only allowed inside `async` functions and blocks
[INFO] [stdout]   --> src/s3.rs:51:16
[INFO] [stdout]    |
[INFO] [stdout] 3  | fn main() { #[allow(non_snake_case)] fn _doctest_main_src_s3_rs_20_0() {
[INFO] [stdout]    |                                         ---------------------------- this is not `async`
[INFO] [stdout] ...
[INFO] [stdout] 34 | let head_req = s3.head_object("example.png").await?;
[INFO] [stdout]    |                ^^^^^^^^^^^^^^^^^^^^^^^^^^^^^^^^^^^ only allowed inside `async` functions and blocks
[INFO] [stdout] 
[INFO] [stdout] error[E0728]: `await` is only allowed inside `async` functions and blocks
[INFO] [stdout]   --> src/s3.rs:54:18
[INFO] [stdout]    |
[INFO] [stdout] 3  | fn main() { #[allow(non_snake_case)] fn _doctest_main_src_s3_rs_20_0() {
[INFO] [stdout]    |                                         ---------------------------- this is not `async`
[INFO] [stdout] ...
[INFO] [stdout] 37 | let delete_req = s3.delete_object("example.png").await?;
[INFO] [stdout]    |                  ^^^^^^^^^^^^^^^^^^^^^^^^^^^^^^^^^^^^^ only allowed inside `async` functions and blocks
[INFO] [stdout] 
[INFO] [stdout] error[E0277]: the `?` operator can only be used in a function that returns `Result` or `Option` (or another type that implements `FromResidual`)
[INFO] [stdout]   --> src/s3.rs:51:51
[INFO] [stdout]    |
[INFO] [stdout] 3  |   fn main() { #[allow(non_snake_case)] fn _doctest_main_src_s3_rs_20_0() {
[INFO] [stdout]    |  ______________________________________-
[INFO] [stdout] 4  | | use simple_aws_s3::*;
[INFO] [stdout] 5  | | use chrono::Duration;
[INFO] [stdout] 6  | |
[INFO] [stdout] ...  |
[INFO] [stdout] 34 | | let head_req = s3.head_object("example.png").await?;
[INFO] [stdout]    | |                                                   ^ cannot use the `?` operator in a function that returns `()`
[INFO] [stdout] ...  |
[INFO] [stdout] 37 | | let delete_req = s3.delete_object("example.png").await?;
[INFO] [stdout] 38 | | } _doctest_main_src_s3_rs_20_0() }
[INFO] [stdout]    | |_- this function should return `Result` or `Option` to accept `?`
[INFO] [stdout]    |
[INFO] [stdout]    = help: the trait `FromResidual<Result<Infallible, simple_aws_s3::error::Error>>` is not implemented for `()`
[INFO] [stdout]    = note: required by `from_residual`
[INFO] [stdout] 
[INFO] [stdout] error[E0277]: the `?` operator can only be used in a function that returns `Result` or `Option` (or another type that implements `FromResidual`)
[INFO] [stdout]   --> src/s3.rs:54:55
[INFO] [stdout]    |
[INFO] [stdout] 3  |   fn main() { #[allow(non_snake_case)] fn _doctest_main_src_s3_rs_20_0() {
[INFO] [stdout]    |  ______________________________________-
[INFO] [stdout] 4  | | use simple_aws_s3::*;
[INFO] [stdout] 5  | | use chrono::Duration;
[INFO] [stdout] 6  | |
[INFO] [stdout] ...  |
[INFO] [stdout] 37 | | let delete_req = s3.delete_object("example.png").await?;
[INFO] [stdout]    | |                                                       ^ cannot use the `?` operator in a function that returns `()`
[INFO] [stdout] 38 | | } _doctest_main_src_s3_rs_20_0() }
[INFO] [stdout]    | |_- this function should return `Result` or `Option` to accept `?`
[INFO] [stdout]    |
[INFO] [stdout]    = help: the trait `FromResidual<Result<Infallible, simple_aws_s3::error::Error>>` is not implemented for `()`
[INFO] [stdout]    = note: required by `from_residual`
[INFO] [stdout] 
[INFO] [stdout] error: aborting due to 4 previous errors
[INFO] [stdout] 
[INFO] [stdout] Some errors have detailed explanations: E0277, E0728.
[INFO] [stdout] For more information about an error, try `rustc --explain E0277`.
[INFO] [stdout] Couldn't compile the test.
[INFO] [stdout] 
[INFO] [stdout] failures:
[INFO] [stdout]     src/lib.rs - (line 32)
[INFO] [stdout]     src/s3.rs - s3::S3 (line 20)
[INFO] [stdout] 
[INFO] [stdout] test result: FAILED. 2 passed; 2 failed; 0 ignored; 0 measured; 0 filtered out; finished in 2.90s
[INFO] [stdout] 
[INFO] [stderr] error: test failed, to rerun pass '--doc'
[INFO] running `Command { std: "docker" "inspect" "84d3cf5e3404919a77f7186ddd23fc95827c107e4692f00dc7567941f45911f8", kill_on_drop: false }`
[INFO] running `Command { std: "docker" "rm" "-f" "84d3cf5e3404919a77f7186ddd23fc95827c107e4692f00dc7567941f45911f8", kill_on_drop: false }`
[INFO] [stdout] 84d3cf5e3404919a77f7186ddd23fc95827c107e4692f00dc7567941f45911f8
