[INFO] cloning repository https://github.com/coreos/update-ssh-keys
[INFO] running `Command { std: "git" "-c" "credential.helper=" "-c" "credential.helper=/workspace/cargo-home/bin/git-credential-null" "clone" "--bare" "https://github.com/coreos/update-ssh-keys" "/workspace/cache/git-repos/https%3A%2F%2Fgithub.com%2Fcoreos%2Fupdate-ssh-keys", kill_on_drop: false }`
[INFO] [stderr] Cloning into bare repository '/workspace/cache/git-repos/https%3A%2F%2Fgithub.com%2Fcoreos%2Fupdate-ssh-keys'...
[INFO] running `Command { std: "git" "rev-parse" "HEAD", kill_on_drop: false }`
[INFO] [stdout] 98167fb656ffd31e5a5de6eb766fffb93264a682
[INFO] testing coreos/update-ssh-keys against 1.54.0 for beta-1.55-1
[INFO] running `Command { std: "git" "clone" "/workspace/cache/git-repos/https%3A%2F%2Fgithub.com%2Fcoreos%2Fupdate-ssh-keys" "/workspace/builds/worker-4/source", kill_on_drop: false }`
[INFO] [stderr] Cloning into '/workspace/builds/worker-4/source'...
[INFO] [stderr] done.
[INFO] validating manifest of git repo https://github.com/coreos/update-ssh-keys on toolchain 1.54.0
[INFO] running `Command { std: "/workspace/cargo-home/bin/cargo" "+1.54.0" "metadata" "--manifest-path" "Cargo.toml" "--no-deps", kill_on_drop: false }`
[INFO] started tweaking git repo https://github.com/coreos/update-ssh-keys
[INFO] finished tweaking git repo https://github.com/coreos/update-ssh-keys
[INFO] tweaked toml for git repo https://github.com/coreos/update-ssh-keys written to /workspace/builds/worker-4/source/Cargo.toml
[INFO] crate git repo https://github.com/coreos/update-ssh-keys already has a lockfile, it will not be regenerated
[INFO] running `Command { std: "/workspace/cargo-home/bin/cargo" "+1.54.0" "fetch" "--manifest-path" "Cargo.toml", kill_on_drop: false }`
[INFO] [stderr]     Blocking waiting for file lock on package cache
[INFO] [stderr]     Blocking waiting for file lock on package cache
[INFO] [stderr]  Downloading crates ...
[INFO] [stderr]   Downloaded openssh-keys v0.4.2
[INFO] [stderr]   Downloaded libc v0.2.88
[INFO] running `Command { std: "docker" "create" "-v" "/var/lib/crater-agent-workspace/builds/worker-4/target:/opt/rustwide/target:rw,Z" "-v" "/var/lib/crater-agent-workspace/builds/worker-4/source:/opt/rustwide/workdir:ro,Z" "-v" "/var/lib/crater-agent-workspace/cargo-home:/opt/rustwide/cargo-home:ro,Z" "-v" "/var/lib/crater-agent-workspace/rustup-home:/opt/rustwide/rustup-home:ro,Z" "-e" "SOURCE_DIR=/opt/rustwide/workdir" "-e" "CARGO_TARGET_DIR=/opt/rustwide/target" "-e" "CARGO_HOME=/opt/rustwide/cargo-home" "-e" "RUSTUP_HOME=/opt/rustwide/rustup-home" "-w" "/opt/rustwide/workdir" "-m" "1610612736" "--user" "0:0" "--network" "none" "ghcr.io/rust-lang/crates-build-env/linux@sha256:34b6a614d2c27851fe6cbf88fbd1137609cefab8b10d0615aaeb6fd47975d74e" "/opt/rustwide/cargo-home/bin/cargo" "+1.54.0" "metadata" "--no-deps" "--format-version=1", kill_on_drop: false }`
[INFO] [stdout] e2e2220fe15b53fcd3bf21c934b4f42cd6e139f4fc8bb09f3e8e5e02416be14b
[INFO] running `Command { std: "docker" "start" "-a" "e2e2220fe15b53fcd3bf21c934b4f42cd6e139f4fc8bb09f3e8e5e02416be14b", kill_on_drop: false }`
[INFO] running `Command { std: "docker" "inspect" "e2e2220fe15b53fcd3bf21c934b4f42cd6e139f4fc8bb09f3e8e5e02416be14b", kill_on_drop: false }`
[INFO] running `Command { std: "docker" "rm" "-f" "e2e2220fe15b53fcd3bf21c934b4f42cd6e139f4fc8bb09f3e8e5e02416be14b", kill_on_drop: false }`
[INFO] [stdout] e2e2220fe15b53fcd3bf21c934b4f42cd6e139f4fc8bb09f3e8e5e02416be14b
[INFO] running `Command { std: "docker" "create" "-v" "/var/lib/crater-agent-workspace/builds/worker-4/target:/opt/rustwide/target:rw,Z" "-v" "/var/lib/crater-agent-workspace/builds/worker-4/source:/opt/rustwide/workdir:ro,Z" "-v" "/var/lib/crater-agent-workspace/cargo-home:/opt/rustwide/cargo-home:ro,Z" "-v" "/var/lib/crater-agent-workspace/rustup-home:/opt/rustwide/rustup-home:ro,Z" "-e" "SOURCE_DIR=/opt/rustwide/workdir" "-e" "CARGO_TARGET_DIR=/opt/rustwide/target" "-e" "CARGO_INCREMENTAL=0" "-e" "RUST_BACKTRACE=full" "-e" "RUSTFLAGS=--cap-lints=warn" "-e" "CARGO_HOME=/opt/rustwide/cargo-home" "-e" "RUSTUP_HOME=/opt/rustwide/rustup-home" "-w" "/opt/rustwide/workdir" "-m" "1610612736" "--user" "0:0" "--network" "none" "ghcr.io/rust-lang/crates-build-env/linux@sha256:34b6a614d2c27851fe6cbf88fbd1137609cefab8b10d0615aaeb6fd47975d74e" "/opt/rustwide/cargo-home/bin/cargo" "+1.54.0" "build" "--frozen" "--message-format=json", kill_on_drop: false }`
[INFO] [stdout] 5a3a9988a17f198e64f8d0bcd5e21ccf8029e8a8f997ac1ca9911fc8bcac0627
[INFO] running `Command { std: "docker" "start" "-a" "5a3a9988a17f198e64f8d0bcd5e21ccf8029e8a8f997ac1ca9911fc8bcac0627", kill_on_drop: false }`
[INFO] [stderr]     Blocking waiting for file lock on package cache
[INFO] [stderr]    Compiling libc v0.2.88
[INFO] [stderr]    Compiling log v0.4.14
[INFO] [stderr]    Compiling generic-array v0.14.4
[INFO] [stderr]    Compiling error-chain v0.12.4
[INFO] [stderr]    Compiling block-buffer v0.9.0
[INFO] [stderr]    Compiling digest v0.9.0
[INFO] [stderr]    Compiling atty v0.2.14
[INFO] [stderr]    Compiling users v0.11.0
[INFO] [stderr]    Compiling fs2 v0.4.3
[INFO] [stderr]    Compiling clap v2.33.3
[INFO] [stderr]    Compiling md-5 v0.9.1
[INFO] [stderr]    Compiling sha2 v0.9.3
[INFO] [stderr]    Compiling openssh-keys v0.4.2
[INFO] [stderr]    Compiling update-ssh-keys v0.7.1-alpha.0 (/opt/rustwide/workdir)
[INFO] [stderr]     Finished dev [unoptimized + debuginfo] target(s) in 39.64s
[INFO] running `Command { std: "docker" "inspect" "5a3a9988a17f198e64f8d0bcd5e21ccf8029e8a8f997ac1ca9911fc8bcac0627", kill_on_drop: false }`
[INFO] running `Command { std: "docker" "rm" "-f" "5a3a9988a17f198e64f8d0bcd5e21ccf8029e8a8f997ac1ca9911fc8bcac0627", kill_on_drop: false }`
[INFO] [stdout] 5a3a9988a17f198e64f8d0bcd5e21ccf8029e8a8f997ac1ca9911fc8bcac0627
[INFO] running `Command { std: "docker" "create" "-v" "/var/lib/crater-agent-workspace/builds/worker-4/target:/opt/rustwide/target:rw,Z" "-v" "/var/lib/crater-agent-workspace/builds/worker-4/source:/opt/rustwide/workdir:ro,Z" "-v" "/var/lib/crater-agent-workspace/cargo-home:/opt/rustwide/cargo-home:ro,Z" "-v" "/var/lib/crater-agent-workspace/rustup-home:/opt/rustwide/rustup-home:ro,Z" "-e" "SOURCE_DIR=/opt/rustwide/workdir" "-e" "CARGO_TARGET_DIR=/opt/rustwide/target" "-e" "CARGO_INCREMENTAL=0" "-e" "RUST_BACKTRACE=full" "-e" "RUSTFLAGS=--cap-lints=warn" "-e" "CARGO_HOME=/opt/rustwide/cargo-home" "-e" "RUSTUP_HOME=/opt/rustwide/rustup-home" "-w" "/opt/rustwide/workdir" "-m" "1610612736" "--user" "0:0" "--network" "none" "ghcr.io/rust-lang/crates-build-env/linux@sha256:34b6a614d2c27851fe6cbf88fbd1137609cefab8b10d0615aaeb6fd47975d74e" "/opt/rustwide/cargo-home/bin/cargo" "+1.54.0" "test" "--frozen" "--no-run" "--message-format=json", kill_on_drop: false }`
[INFO] [stdout] 35a30231be01ff9d9b611665dd91e92e5d827f057d34dae97a74b1fa7cb5e2a8
[INFO] running `Command { std: "docker" "start" "-a" "35a30231be01ff9d9b611665dd91e92e5d827f057d34dae97a74b1fa7cb5e2a8", kill_on_drop: false }`
[INFO] [stderr]     Blocking waiting for file lock on package cache
[INFO] [stderr]     Blocking waiting for file lock on package cache
[INFO] [stderr]    Compiling update-ssh-keys v0.7.1-alpha.0 (/opt/rustwide/workdir)
[INFO] [stdout] warning: panic message is not a string literal
[INFO] [stdout]   --> tests/compat_python.rs:14:16
[INFO] [stdout]    |
[INFO] [stdout] 14 |           panic!(format!(
[INFO] [stdout]    |  ________________^
[INFO] [stdout] 15 | |             "\nstdout: {}\nstderr: {}",
[INFO] [stdout] 16 | |             String::from_utf8_lossy(&result.stdout),
[INFO] [stdout] 17 | |             String::from_utf8_lossy(&result.stderr)
[INFO] [stdout] 18 | |         ));
[INFO] [stdout]    | |_________^
[INFO] [stdout]    |
[INFO] [stdout]    = note: `#[warn(non_fmt_panic)]` on by default
[INFO] [stdout]    = note: this is no longer accepted in Rust 2021
[INFO] [stdout]    = note: the panic!() macro supports formatting, so there's no need for the format!() macro here
[INFO] [stdout] help: remove the `format!(..)` macro call
[INFO] [stdout]    |
[INFO] [stdout] 14 |         panic!(
[INFO] [stdout] 15 |             "\nstdout: {}\nstderr: {}",
[INFO] [stdout] 16 |             String::from_utf8_lossy(&result.stdout),
[INFO] [stdout] 17 |             String::from_utf8_lossy(&result.stderr)
[INFO] [stdout] 18 |         );
[INFO] [stdout]    |
[INFO] [stdout] 
[INFO] [stdout] 
[INFO] [stdout] warning: 1 warning emitted
[INFO] [stdout] 
[INFO] [stdout] 
[INFO] [stderr]     Finished test [unoptimized + debuginfo] target(s) in 1.43s
[INFO] running `Command { std: "docker" "inspect" "35a30231be01ff9d9b611665dd91e92e5d827f057d34dae97a74b1fa7cb5e2a8", kill_on_drop: false }`
[INFO] running `Command { std: "docker" "rm" "-f" "35a30231be01ff9d9b611665dd91e92e5d827f057d34dae97a74b1fa7cb5e2a8", kill_on_drop: false }`
[INFO] [stdout] 35a30231be01ff9d9b611665dd91e92e5d827f057d34dae97a74b1fa7cb5e2a8
[INFO] running `Command { std: "docker" "create" "-v" "/var/lib/crater-agent-workspace/builds/worker-4/target:/opt/rustwide/target:rw,Z" "-v" "/var/lib/crater-agent-workspace/builds/worker-4/source:/opt/rustwide/workdir:ro,Z" "-v" "/var/lib/crater-agent-workspace/cargo-home:/opt/rustwide/cargo-home:ro,Z" "-v" "/var/lib/crater-agent-workspace/rustup-home:/opt/rustwide/rustup-home:ro,Z" "-e" "SOURCE_DIR=/opt/rustwide/workdir" "-e" "CARGO_TARGET_DIR=/opt/rustwide/target" "-e" "CARGO_INCREMENTAL=0" "-e" "RUST_BACKTRACE=full" "-e" "RUSTFLAGS=--cap-lints=warn" "-e" "CARGO_HOME=/opt/rustwide/cargo-home" "-e" "RUSTUP_HOME=/opt/rustwide/rustup-home" "-w" "/opt/rustwide/workdir" "-m" "1610612736" "--user" "0:0" "--network" "none" "ghcr.io/rust-lang/crates-build-env/linux@sha256:34b6a614d2c27851fe6cbf88fbd1137609cefab8b10d0615aaeb6fd47975d74e" "/opt/rustwide/cargo-home/bin/cargo" "+1.54.0" "test" "--frozen", kill_on_drop: false }`
[INFO] [stdout] b5784c3418649d46068dec89e1c974024444d2af6af7f309972f86c08ee2e46d
[INFO] running `Command { std: "docker" "start" "-a" "b5784c3418649d46068dec89e1c974024444d2af6af7f309972f86c08ee2e46d", kill_on_drop: false }`
[INFO] [stderr] warning: panic message is not a string literal
[INFO] [stderr]   --> tests/compat_python.rs:14:16
[INFO] [stderr]    |
[INFO] [stderr] 14 |           panic!(format!(
[INFO] [stderr]    |  ________________^
[INFO] [stderr] 15 | |             "\nstdout: {}\nstderr: {}",
[INFO] [stderr] 16 | |             String::from_utf8_lossy(&result.stdout),
[INFO] [stderr] 17 | |             String::from_utf8_lossy(&result.stderr)
[INFO] [stderr] 18 | |         ));
[INFO] [stderr]    | |_________^
[INFO] [stderr]    |
[INFO] [stderr]    = note: `#[warn(non_fmt_panic)]` on by default
[INFO] [stderr]    = note: this is no longer accepted in Rust 2021
[INFO] [stderr]    = note: the panic!() macro supports formatting, so there's no need for the format!() macro here
[INFO] [stderr] help: remove the `format!(..)` macro call
[INFO] [stderr]    |
[INFO] [stderr] 14 |         panic!(
[INFO] [stderr] 15 |             "\nstdout: {}\nstderr: {}",
[INFO] [stderr] 16 |             String::from_utf8_lossy(&result.stdout),
[INFO] [stderr] 17 |             String::from_utf8_lossy(&result.stderr)
[INFO] [stderr] 18 |         );
[INFO] [stderr]    |
[INFO] [stderr] 
[INFO] [stderr] warning: 1 warning emitted
[INFO] [stderr] 
[INFO] [stderr]     Finished test [unoptimized + debuginfo] target(s) in 0.02s
[INFO] [stderr]      Running unittests (/opt/rustwide/target/debug/deps/update_ssh_keys-96e379a8529c628d)
[INFO] [stdout] 
[INFO] [stdout] running 0 tests
[INFO] [stdout] 
[INFO] [stdout] test result: ok. 0 passed; 0 failed; 0 ignored; 0 measured; 0 filtered out; finished in 0.00s
[INFO] [stdout] 
[INFO] [stderr]      Running unittests (/opt/rustwide/target/debug/deps/update_ssh_keys-1b20d884e5fd286c)
[INFO] [stdout] 
[INFO] [stdout] running 0 tests
[INFO] [stdout] 
[INFO] [stdout] test result: ok. 0 passed; 0 failed; 0 ignored; 0 measured; 0 filtered out; finished in 0.00s
[INFO] [stdout] 
[INFO] [stderr]      Running tests/compat_python.rs (/opt/rustwide/target/debug/deps/compat_python-bb091531313315f4)
[INFO] [stdout] 
[INFO] [stdout] running 1 test
[INFO] [stderr] error: test failed, to rerun pass '--test compat_python'
[INFO] [stdout] test test_compat_python_suite ... FAILED
[INFO] [stdout] 
[INFO] [stdout] failures:
[INFO] [stdout] 
[INFO] [stdout] ---- test_compat_python_suite stdout ----
[INFO] [stdout] thread 'test_compat_python_suite' panicked at '
[INFO] [stdout] stdout: 
[INFO] [stdout] stderr: EEEEEEEEEEEEE
[INFO] [stdout] ======================================================================
[INFO] [stdout] ERROR: test_add_bad (__main__.UpdateSshKeysTestCase)
[INFO] [stdout] ----------------------------------------------------------------------
[INFO] [stdout] Traceback (most recent call last):
[INFO] [stdout]   File "/opt/rustwide/workdir/tests/test_update_ssh_keys.py", line 225, in test_add_bad
[INFO] [stdout]     self.test_add_one_file()
[INFO] [stdout]   File "/opt/rustwide/workdir/tests/test_update_ssh_keys.py", line 120, in test_add_one_file
[INFO] [stdout]     proc = self.run_script('-a', 'one', self.pub_files['valid1'])
[INFO] [stdout]   File "/opt/rustwide/workdir/tests/test_update_ssh_keys.py", line 88, in run_script
[INFO] [stdout]     **kwargs)
[INFO] [stdout]   File "/usr/lib/python2.7/subprocess.py", line 394, in __init__
[INFO] [stdout]     errread, errwrite)
[INFO] [stdout]   File "/usr/lib/python2.7/subprocess.py", line 1047, in _execute_child
[INFO] [stdout]     raise child_exception
[INFO] [stdout] OSError: [Errno 2] No such file or directory
[INFO] [stdout] 
[INFO] [stdout] ======================================================================
[INFO] [stdout] ERROR: test_add_one_file (__main__.UpdateSshKeysTestCase)
[INFO] [stdout] ----------------------------------------------------------------------
[INFO] [stdout] Traceback (most recent call last):
[INFO] [stdout]   File "/opt/rustwide/workdir/tests/test_update_ssh_keys.py", line 120, in test_add_one_file
[INFO] [stdout]     proc = self.run_script('-a', 'one', self.pub_files['valid1'])
[INFO] [stdout]   File "/opt/rustwide/workdir/tests/test_update_ssh_keys.py", line 88, in run_script
[INFO] [stdout]     **kwargs)
[INFO] [stdout]   File "/usr/lib/python2.7/subprocess.py", line 394, in __init__
[INFO] [stdout]     errread, errwrite)
[INFO] [stdout]   File "/usr/lib/python2.7/subprocess.py", line 1047, in _execute_child
[INFO] [stdout]     raise child_exception
[INFO] [stdout] OSError: [Errno 2] No such file or directory
[INFO] [stdout] 
[INFO] [stdout] ======================================================================
[INFO] [stdout] ERROR: test_add_one_stdin (__main__.UpdateSshKeysTestCase)
[INFO] [stdout] ----------------------------------------------------------------------
[INFO] [stdout] Traceback (most recent call last):
[INFO] [stdout]   File "/opt/rustwide/workdir/tests/test_update_ssh_keys.py", line 132, in test_add_one_stdin
[INFO] [stdout]     proc = self.run_script('-a', 'one', stdin=subprocess.PIPE)
[INFO] [stdout]   File "/opt/rustwide/workdir/tests/test_update_ssh_keys.py", line 88, in run_script
[INFO] [stdout]     **kwargs)
[INFO] [stdout]   File "/usr/lib/python2.7/subprocess.py", line 394, in __init__
[INFO] [stdout]     errread, errwrite)
[INFO] [stdout]   File "/usr/lib/python2.7/subprocess.py", line 1047, in _execute_child
[INFO] [stdout]     raise child_exception
[INFO] [stdout] OSError: [Errno 2] No such file or directory
[INFO] [stdout] 
[INFO] [stdout] ======================================================================
[INFO] [stdout] ERROR: test_add_two (__main__.UpdateSshKeysTestCase)
[INFO] [stdout] ----------------------------------------------------------------------
[INFO] [stdout] Traceback (most recent call last):
[INFO] [stdout]   File "/opt/rustwide/workdir/tests/test_update_ssh_keys.py", line 169, in test_add_two
[INFO] [stdout]     self.test_add_one_file()
[INFO] [stdout]   File "/opt/rustwide/workdir/tests/test_update_ssh_keys.py", line 120, in test_add_one_file
[INFO] [stdout]     proc = self.run_script('-a', 'one', self.pub_files['valid1'])
[INFO] [stdout]   File "/opt/rustwide/workdir/tests/test_update_ssh_keys.py", line 88, in run_script
[INFO] [stdout]     **kwargs)
[INFO] [stdout]   File "/usr/lib/python2.7/subprocess.py", line 394, in __init__
[INFO] [stdout]     errread, errwrite)
[INFO] [stdout]   File "/usr/lib/python2.7/subprocess.py", line 1047, in _execute_child
[INFO] [stdout]     raise child_exception
[INFO] [stdout] OSError: [Errno 2] No such file or directory
[INFO] [stdout] 
[INFO] [stdout] ======================================================================
[INFO] [stdout] ERROR: test_del_one (__main__.UpdateSshKeysTestCase)
[INFO] [stdout] ----------------------------------------------------------------------
[INFO] [stdout] Traceback (most recent call last):
[INFO] [stdout]   File "/opt/rustwide/workdir/tests/test_update_ssh_keys.py", line 178, in test_del_one
[INFO] [stdout]     self.test_add_one_file()
[INFO] [stdout]   File "/opt/rustwide/workdir/tests/test_update_ssh_keys.py", line 120, in test_add_one_file
[INFO] [stdout]     proc = self.run_script('-a', 'one', self.pub_files['valid1'])
[INFO] [stdout]   File "/opt/rustwide/workdir/tests/test_update_ssh_keys.py", line 88, in run_script
[INFO] [stdout]     **kwargs)
[INFO] [stdout]   File "/usr/lib/python2.7/subprocess.py", line 394, in __init__
[INFO] [stdout]     errread, errwrite)
[INFO] [stdout]   File "/usr/lib/python2.7/subprocess.py", line 1047, in _execute_child
[INFO] [stdout]     raise child_exception
[INFO] [stdout] OSError: [Errno 2] No such file or directory
[INFO] [stdout] 
[INFO] [stdout] ======================================================================
[INFO] [stdout] ERROR: test_del_two (__main__.UpdateSshKeysTestCase)
[INFO] [stdout] ----------------------------------------------------------------------
[INFO] [stdout] Traceback (most recent call last):
[INFO] [stdout]   File "/opt/rustwide/workdir/tests/test_update_ssh_keys.py", line 190, in test_del_two
[INFO] [stdout]     self.test_add_two()
[INFO] [stdout]   File "/opt/rustwide/workdir/tests/test_update_ssh_keys.py", line 169, in test_add_two
[INFO] [stdout]     self.test_add_one_file()
[INFO] [stdout]   File "/opt/rustwide/workdir/tests/test_update_ssh_keys.py", line 120, in test_add_one_file
[INFO] [stdout]     proc = self.run_script('-a', 'one', self.pub_files['valid1'])
[INFO] [stdout]   File "/opt/rustwide/workdir/tests/test_update_ssh_keys.py", line 88, in run_script
[INFO] [stdout]     **kwargs)
[INFO] [stdout]   File "/usr/lib/python2.7/subprocess.py", line 394, in __init__
[INFO] [stdout]     errread, errwrite)
[INFO] [stdout]   File "/usr/lib/python2.7/subprocess.py", line 1047, in _execute_child
[INFO] [stdout]     raise child_exception
[INFO] [stdout] OSError: [Errno 2] No such file or directory
[INFO] [stdout] 
[INFO] [stdout] ======================================================================
[INFO] [stdout] ERROR: test_disable (__main__.UpdateSshKeysTestCase)
[INFO] [stdout] ----------------------------------------------------------------------
[INFO] [stdout] Traceback (most recent call last):
[INFO] [stdout]   File "/opt/rustwide/workdir/tests/test_update_ssh_keys.py", line 199, in test_disable
[INFO] [stdout]     self.test_add_two()
[INFO] [stdout]   File "/opt/rustwide/workdir/tests/test_update_ssh_keys.py", line 169, in test_add_two
[INFO] [stdout]     self.test_add_one_file()
[INFO] [stdout]   File "/opt/rustwide/workdir/tests/test_update_ssh_keys.py", line 120, in test_add_one_file
[INFO] [stdout]     proc = self.run_script('-a', 'one', self.pub_files['valid1'])
[INFO] [stdout]   File "/opt/rustwide/workdir/tests/test_update_ssh_keys.py", line 88, in run_script
[INFO] [stdout]     **kwargs)
[INFO] [stdout]   File "/usr/lib/python2.7/subprocess.py", line 394, in __init__
[INFO] [stdout]     errread, errwrite)
[INFO] [stdout]   File "/usr/lib/python2.7/subprocess.py", line 1047, in _execute_child
[INFO] [stdout]     raise child_exception
[INFO] [stdout] OSError: [Errno 2] No such file or directory
[INFO] [stdout] 
[INFO] [stdout] ======================================================================
[INFO] [stdout] ERROR: test_enable (__main__.UpdateSshKeysTestCase)
[INFO] [stdout] ----------------------------------------------------------------------
[INFO] [stdout] Traceback (most recent call last):
[INFO] [stdout]   File "/opt/rustwide/workdir/tests/test_update_ssh_keys.py", line 216, in test_enable
[INFO] [stdout]     self.test_disable()
[INFO] [stdout]   File "/opt/rustwide/workdir/tests/test_update_ssh_keys.py", line 199, in test_disable
[INFO] [stdout]     self.test_add_two()
[INFO] [stdout]   File "/opt/rustwide/workdir/tests/test_update_ssh_keys.py", line 169, in test_add_two
[INFO] [stdout]     self.test_add_one_file()
[INFO] [stdout]   File "/opt/rustwide/workdir/tests/test_update_ssh_keys.py", line 120, in test_add_one_file
[INFO] [stdout]     proc = self.run_script('-a', 'one', self.pub_files['valid1'])
[INFO] [stdout]   File "/opt/rustwide/workdir/tests/test_update_ssh_keys.py", line 88, in run_script
[INFO] [stdout]     **kwargs)
[INFO] [stdout]   File "/usr/lib/python2.7/subprocess.py", line 394, in __init__
[INFO] [stdout]     errread, errwrite)
[INFO] [stdout]   File "/usr/lib/python2.7/subprocess.py", line 1047, in _execute_child
[INFO] [stdout]     raise child_exception
[INFO] [stdout] OSError: [Errno 2] No such file or directory
[INFO] [stdout] 
[INFO] [stdout] ======================================================================
[INFO] [stdout] ERROR: test_first_run (__main__.UpdateSshKeysTestCase)
[INFO] [stdout] ----------------------------------------------------------------------
[INFO] [stdout] Traceback (most recent call last):
[INFO] [stdout]   File "/opt/rustwide/workdir/tests/test_update_ssh_keys.py", line 110, in test_first_run
[INFO] [stdout]     proc = self.run_script()
[INFO] [stdout]   File "/opt/rustwide/workdir/tests/test_update_ssh_keys.py", line 88, in run_script
[INFO] [stdout]     **kwargs)
[INFO] [stdout]   File "/usr/lib/python2.7/subprocess.py", line 394, in __init__
[INFO] [stdout]     errread, errwrite)
[INFO] [stdout]   File "/usr/lib/python2.7/subprocess.py", line 1047, in _execute_child
[INFO] [stdout]     raise child_exception
[INFO] [stdout] OSError: [Errno 2] No such file or directory
[INFO] [stdout] 
[INFO] [stdout] ======================================================================
[INFO] [stdout] ERROR: test_no_keys (__main__.UpdateSshKeysTestCase)
[INFO] [stdout] ----------------------------------------------------------------------
[INFO] [stdout] Traceback (most recent call last):
[INFO] [stdout]   File "/opt/rustwide/workdir/tests/test_update_ssh_keys.py", line 98, in test_no_keys
[INFO] [stdout]     proc = self.run_script()
[INFO] [stdout]   File "/opt/rustwide/workdir/tests/test_update_ssh_keys.py", line 88, in run_script
[INFO] [stdout]     **kwargs)
[INFO] [stdout]   File "/usr/lib/python2.7/subprocess.py", line 394, in __init__
[INFO] [stdout]     errread, errwrite)
[INFO] [stdout]   File "/usr/lib/python2.7/subprocess.py", line 1047, in _execute_child
[INFO] [stdout]     raise child_exception
[INFO] [stdout] OSError: [Errno 2] No such file or directory
[INFO] [stdout] 
[INFO] [stdout] ======================================================================
[INFO] [stdout] ERROR: test_no_replace (__main__.UpdateSshKeysTestCase)
[INFO] [stdout] ----------------------------------------------------------------------
[INFO] [stdout] Traceback (most recent call last):
[INFO] [stdout]   File "/opt/rustwide/workdir/tests/test_update_ssh_keys.py", line 153, in test_no_replace
[INFO] [stdout]     self.test_add_one_file()
[INFO] [stdout]   File "/opt/rustwide/workdir/tests/test_update_ssh_keys.py", line 120, in test_add_one_file
[INFO] [stdout]     proc = self.run_script('-a', 'one', self.pub_files['valid1'])
[INFO] [stdout]   File "/opt/rustwide/workdir/tests/test_update_ssh_keys.py", line 88, in run_script
[INFO] [stdout]     **kwargs)
[INFO] [stdout]   File "/usr/lib/python2.7/subprocess.py", line 394, in __init__
[INFO] [stdout]     errread, errwrite)
[INFO] [stdout]   File "/usr/lib/python2.7/subprocess.py", line 1047, in _execute_child
[INFO] [stdout]     raise child_exception
[INFO] [stdout] OSError: [Errno 2] No such file or directory
[INFO] [stdout] 
[INFO] [stdout] ======================================================================
[INFO] [stdout] ERROR: test_replace_one (__main__.UpdateSshKeysTestCase)
[INFO] [stdout] ----------------------------------------------------------------------
[INFO] [stdout] Traceback (most recent call last):
[INFO] [stdout]   File "/opt/rustwide/workdir/tests/test_update_ssh_keys.py", line 144, in test_replace_one
[INFO] [stdout]     self.test_add_one_file()
[INFO] [stdout]   File "/opt/rustwide/workdir/tests/test_update_ssh_keys.py", line 120, in test_add_one_file
[INFO] [stdout]     proc = self.run_script('-a', 'one', self.pub_files['valid1'])
[INFO] [stdout]   File "/opt/rustwide/workdir/tests/test_update_ssh_keys.py", line 88, in run_script
[INFO] [stdout]     **kwargs)
[INFO] [stdout]   File "/usr/lib/python2.7/subprocess.py", line 394, in __init__
[INFO] [stdout]     errread, errwrite)
[INFO] [stdout]   File "/usr/lib/python2.7/subprocess.py", line 1047, in _execute_child
[INFO] [stdout]     raise child_exception
[INFO] [stdout] OSError: [Errno 2] No such file or directory
[INFO] [stdout] 
[INFO] [stdout] ======================================================================
[INFO] [stdout] ERROR: test_usage (__main__.UpdateSshKeysTestCase)
[INFO] [stdout] ----------------------------------------------------------------------
[INFO] [stdout] Traceback (most recent call last):
[INFO] [stdout]   File "/opt/rustwide/workdir/tests/test_update_ssh_keys.py", line 91, in test_usage
[INFO] [stdout]     proc = self.run_script('-h')
[INFO] [stdout]   File "/opt/rustwide/workdir/tests/test_update_ssh_keys.py", line 88, in run_script
[INFO] [stdout]     **kwargs)
[INFO] [stdout]   File "/usr/lib/python2.7/subprocess.py", line 394, in __init__
[INFO] [stdout]     errread, errwrite)
[INFO] [stdout]   File "/usr/lib/python2.7/subprocess.py", line 1047, in _execute_child
[INFO] [stdout]     raise child_exception
[INFO] [stdout] OSError: [Errno 2] No such file or directory
[INFO] [stdout] 
[INFO] [stdout] ----------------------------------------------------------------------
[INFO] [stdout] Ran 13 tests in 0.140s
[INFO] [stdout] 
[INFO] [stdout] FAILED (errors=13)
[INFO] [stdout] ', tests/compat_python.rs:14:9
[INFO] [stdout] stack backtrace:
[INFO] [stdout]    0:     0x56198c75a620 - std::backtrace_rs::backtrace::libunwind::trace::h34055254b57d8e79
[INFO] [stdout]                                at /rustc/a178d0322ce20e33eac124758e837cbd80a6f633/library/std/src/../../backtrace/src/backtrace/libunwind.rs:90:5
[INFO] [stdout]    1:     0x56198c75a620 - std::backtrace_rs::backtrace::trace_unsynchronized::h8f1e3fbd9afff6ec
[INFO] [stdout]                                at /rustc/a178d0322ce20e33eac124758e837cbd80a6f633/library/std/src/../../backtrace/src/backtrace/mod.rs:66:5
[INFO] [stdout]    2:     0x56198c75a620 - std::sys_common::backtrace::_print_fmt::h3a99a796b770c360
[INFO] [stdout]                                at /rustc/a178d0322ce20e33eac124758e837cbd80a6f633/library/std/src/sys_common/backtrace.rs:67:5
[INFO] [stdout]    3:     0x56198c75a620 - <std::sys_common::backtrace::_print::DisplayBacktrace as core::fmt::Display>::fmt::h32d1f94a80615d18
[INFO] [stdout]                                at /rustc/a178d0322ce20e33eac124758e837cbd80a6f633/library/std/src/sys_common/backtrace.rs:46:22
[INFO] [stdout]    4:     0x56198c77ce2c - core::fmt::write::h306731c068f7162c
[INFO] [stdout]                                at /rustc/a178d0322ce20e33eac124758e837cbd80a6f633/library/core/src/fmt/mod.rs:1110:17
[INFO] [stdout]    5:     0x56198c7573e5 - std::io::Write::write_fmt::h87f19b0a2cd190bc
[INFO] [stdout]                                at /rustc/a178d0322ce20e33eac124758e837cbd80a6f633/library/std/src/io/mod.rs:1588:15
[INFO] [stdout]    6:     0x56198c75c78b - std::sys_common::backtrace::_print::h5abaa2601a852287
[INFO] [stdout]                                at /rustc/a178d0322ce20e33eac124758e837cbd80a6f633/library/std/src/sys_common/backtrace.rs:49:5
[INFO] [stdout]    7:     0x56198c75c78b - std::sys_common::backtrace::print::h8d81445442bb638f
[INFO] [stdout]                                at /rustc/a178d0322ce20e33eac124758e837cbd80a6f633/library/std/src/sys_common/backtrace.rs:36:9
[INFO] [stdout]    8:     0x56198c75c78b - std::panicking::default_hook::{{closure}}::hcfe804496a9fa747
[INFO] [stdout]                                at /rustc/a178d0322ce20e33eac124758e837cbd80a6f633/library/std/src/panicking.rs:208:50
[INFO] [stdout]    9:     0x56198c75c29c - std::panicking::default_hook::hbea8e3ccf2ba8901
[INFO] [stdout]                                at /rustc/a178d0322ce20e33eac124758e837cbd80a6f633/library/std/src/panicking.rs:222:9
[INFO] [stdout]   10:     0x56198c75ce54 - std::panicking::rust_panic_with_hook::h7ee9e1a2d0f8975a
[INFO] [stdout]                                at /rustc/a178d0322ce20e33eac124758e837cbd80a6f633/library/std/src/panicking.rs:622:17
[INFO] [stdout]   11:     0x56198c707d9f - std::panicking::begin_panic::{{closure}}::h79e1954534935182
[INFO] [stdout]                                at /rustc/a178d0322ce20e33eac124758e837cbd80a6f633/library/std/src/panicking.rs:542:9
[INFO] [stdout]   12:     0x56198c70948e - std::sys_common::backtrace::__rust_end_short_backtrace::hc107efa06a30f90c
[INFO] [stdout]                                at /rustc/a178d0322ce20e33eac124758e837cbd80a6f633/library/std/src/sys_common/backtrace.rs:141:18
[INFO] [stdout]   13:     0x56198c707ca7 - std::panicking::begin_panic::h647c4f070ac98258
[INFO] [stdout]                                at /rustc/a178d0322ce20e33eac124758e837cbd80a6f633/library/std/src/panicking.rs:541:12
[INFO] [stdout]   14:     0x56198c70937d - compat_python::test_compat_python_suite::h2698fe52ab1d9553
[INFO] [stdout]                                at /opt/rustwide/workdir/tests/compat_python.rs:14:9
[INFO] [stdout]   15:     0x56198c708e5a - compat_python::test_compat_python_suite::{{closure}}::hc8f860fa69371dfc
[INFO] [stdout]                                at /opt/rustwide/workdir/tests/compat_python.rs:7:1
[INFO] [stdout]   16:     0x56198c704e7e - core::ops::function::FnOnce::call_once::h35986cdae844073f
[INFO] [stdout]                                at /rustc/a178d0322ce20e33eac124758e837cbd80a6f633/library/core/src/ops/function.rs:227:5
[INFO] [stdout]   17:     0x56198c7319c3 - core::ops::function::FnOnce::call_once::h152e7e439ff59e19
[INFO] [stdout]                                at /rustc/a178d0322ce20e33eac124758e837cbd80a6f633/library/core/src/ops/function.rs:227:5
[INFO] [stdout]   18:     0x56198c7319c3 - test::__rust_begin_short_backtrace::h0908f3b1fdbb72ab
[INFO] [stdout]                                at /rustc/a178d0322ce20e33eac124758e837cbd80a6f633/library/test/src/lib.rs:577:5
[INFO] [stdout]   19:     0x56198c730480 - <alloc::boxed::Box<F,A> as core::ops::function::FnOnce<Args>>::call_once::hf6d2a51e5587546c
[INFO] [stdout]                                at /rustc/a178d0322ce20e33eac124758e837cbd80a6f633/library/alloc/src/boxed.rs:1575:9
[INFO] [stdout]   20:     0x56198c730480 - <std::panic::AssertUnwindSafe<F> as core::ops::function::FnOnce<()>>::call_once::h8af660f3a89ef593
[INFO] [stdout]                                at /rustc/a178d0322ce20e33eac124758e837cbd80a6f633/library/std/src/panic.rs:347:9
[INFO] [stdout]   21:     0x56198c730480 - std::panicking::try::do_call::hd36aef60f84b6d36
[INFO] [stdout]                                at /rustc/a178d0322ce20e33eac124758e837cbd80a6f633/library/std/src/panicking.rs:401:40
[INFO] [stdout]   22:     0x56198c730480 - std::panicking::try::h9932b4480e69817c
[INFO] [stdout]                                at /rustc/a178d0322ce20e33eac124758e837cbd80a6f633/library/std/src/panicking.rs:365:19
[INFO] [stdout]   23:     0x56198c730480 - std::panic::catch_unwind::h6aa177099cfff5f8
[INFO] [stdout]                                at /rustc/a178d0322ce20e33eac124758e837cbd80a6f633/library/std/src/panic.rs:434:14
[INFO] [stdout]   24:     0x56198c730480 - test::run_test_in_process::h5884d6f2d99e20c3
[INFO] [stdout]                                at /rustc/a178d0322ce20e33eac124758e837cbd80a6f633/library/test/src/lib.rs:600:18
[INFO] [stdout]   25:     0x56198c730480 - test::run_test::run_test_inner::{{closure}}::h6fdc58c6d5f5b6e3
[INFO] [stdout]                                at /rustc/a178d0322ce20e33eac124758e837cbd80a6f633/library/test/src/lib.rs:492:39
[INFO] [stdout]   26:     0x56198c709b32 - test::run_test::run_test_inner::{{closure}}::h408365d67a78ade8
[INFO] [stdout]                                at /rustc/a178d0322ce20e33eac124758e837cbd80a6f633/library/test/src/lib.rs:519:37
[INFO] [stdout]   27:     0x56198c709b32 - std::sys_common::backtrace::__rust_begin_short_backtrace::hb560b77c4f701523
[INFO] [stdout]                                at /rustc/a178d0322ce20e33eac124758e837cbd80a6f633/library/std/src/sys_common/backtrace.rs:125:18
[INFO] [stdout]   28:     0x56198c70d6e8 - std::thread::Builder::spawn_unchecked::{{closure}}::{{closure}}::hf2e7831dad93c597
[INFO] [stdout]                                at /rustc/a178d0322ce20e33eac124758e837cbd80a6f633/library/std/src/thread/mod.rs:481:17
[INFO] [stdout]   29:     0x56198c70d6e8 - <std::panic::AssertUnwindSafe<F> as core::ops::function::FnOnce<()>>::call_once::hd2e08783d8be4d02
[INFO] [stdout]                                at /rustc/a178d0322ce20e33eac124758e837cbd80a6f633/library/std/src/panic.rs:347:9
[INFO] [stdout]   30:     0x56198c70d6e8 - std::panicking::try::do_call::h062597b7acfd6b82
[INFO] [stdout]                                at /rustc/a178d0322ce20e33eac124758e837cbd80a6f633/library/std/src/panicking.rs:401:40
[INFO] [stdout]   31:     0x56198c70d6e8 - std::panicking::try::h0d7b79db04c14552
[INFO] [stdout]                                at /rustc/a178d0322ce20e33eac124758e837cbd80a6f633/library/std/src/panicking.rs:365:19
[INFO] [stdout]   32:     0x56198c70d6e8 - std::panic::catch_unwind::hb01a0b5e7c8cd43b
[INFO] [stdout]                                at /rustc/a178d0322ce20e33eac124758e837cbd80a6f633/library/std/src/panic.rs:434:14
[INFO] [stdout]   33:     0x56198c70d6e8 - std::thread::Builder::spawn_unchecked::{{closure}}::h5bde48cc887e0d1e
[INFO] [stdout]                                at /rustc/a178d0322ce20e33eac124758e837cbd80a6f633/library/std/src/thread/mod.rs:480:30
[INFO] [stdout]   34:     0x56198c70d6e8 - core::ops::function::FnOnce::call_once{{vtable.shim}}::h745ea30807a29e55
[INFO] [stdout]                                at /rustc/a178d0322ce20e33eac124758e837cbd80a6f633/library/core/src/ops/function.rs:227:5
[INFO] [stdout]   35:     0x56198c761917 - <alloc::boxed::Box<F,A> as core::ops::function::FnOnce<Args>>::call_once::h7ece6cfefaff1005
[INFO] [stdout]                                at /rustc/a178d0322ce20e33eac124758e837cbd80a6f633/library/alloc/src/boxed.rs:1575:9
[INFO] [stdout]   36:     0x56198c761917 - <alloc::boxed::Box<F,A> as core::ops::function::FnOnce<Args>>::call_once::hb8b48e55c21f193e
[INFO] [stdout]                                at /rustc/a178d0322ce20e33eac124758e837cbd80a6f633/library/alloc/src/boxed.rs:1575:9
[INFO] [stdout]   37:     0x56198c761917 - std::sys::unix::thread::Thread::new::thread_start::h8c7c4450dba62914
[INFO] [stdout]                                at /rustc/a178d0322ce20e33eac124758e837cbd80a6f633/library/std/src/sys/unix/thread.rs:71:17
[INFO] [stdout]   38:     0x7f84ffedb609 - start_thread
[INFO] [stdout]   39:     0x7f84ffcad293 - clone
[INFO] [stdout]   40:                0x0 - <unknown>
[INFO] [stdout] 
[INFO] [stdout] 
[INFO] [stdout] failures:
[INFO] [stdout]     test_compat_python_suite
[INFO] [stdout] 
[INFO] [stdout] test result: FAILED. 0 passed; 1 failed; 0 ignored; 0 measured; 0 filtered out; finished in 0.19s
[INFO] [stdout] 
[INFO] running `Command { std: "docker" "inspect" "b5784c3418649d46068dec89e1c974024444d2af6af7f309972f86c08ee2e46d", kill_on_drop: false }`
[INFO] running `Command { std: "docker" "rm" "-f" "b5784c3418649d46068dec89e1c974024444d2af6af7f309972f86c08ee2e46d", kill_on_drop: false }`
[INFO] [stdout] b5784c3418649d46068dec89e1c974024444d2af6af7f309972f86c08ee2e46d
