[INFO] cloning repository https://github.com/connorjayr/advent-of-code
[INFO] running `Command { std: "git" "-c" "credential.helper=" "-c" "credential.helper=/workspace/cargo-home/bin/git-credential-null" "clone" "--bare" "https://github.com/connorjayr/advent-of-code" "/workspace/cache/git-repos/https%3A%2F%2Fgithub.com%2Fconnorjayr%2Fadvent-of-code", kill_on_drop: false }`
[INFO] [stderr] Cloning into bare repository '/workspace/cache/git-repos/https%3A%2F%2Fgithub.com%2Fconnorjayr%2Fadvent-of-code'...
[INFO] running `Command { std: "git" "rev-parse" "HEAD", kill_on_drop: false }`
[INFO] [stdout] 554b8eda6d20c5025fd11de7483a36a7bb2c2931
[INFO] testing connorjayr/advent-of-code against beta-2021-08-01 for beta-1.55-1
[INFO] running `Command { std: "git" "clone" "/workspace/cache/git-repos/https%3A%2F%2Fgithub.com%2Fconnorjayr%2Fadvent-of-code" "/workspace/builds/worker-89/source", kill_on_drop: false }`
[INFO] [stderr] Cloning into '/workspace/builds/worker-89/source'...
[INFO] [stderr] done.
[INFO] validating manifest of git repo https://github.com/connorjayr/advent-of-code on toolchain beta-2021-08-01
[INFO] running `Command { std: "/workspace/cargo-home/bin/cargo" "+beta-2021-08-01" "metadata" "--manifest-path" "Cargo.toml" "--no-deps", kill_on_drop: false }`
[INFO] started tweaking git repo https://github.com/connorjayr/advent-of-code
[INFO] finished tweaking git repo https://github.com/connorjayr/advent-of-code
[INFO] tweaked toml for git repo https://github.com/connorjayr/advent-of-code written to /workspace/builds/worker-89/source/Cargo.toml
[INFO] crate git repo https://github.com/connorjayr/advent-of-code already has a lockfile, it will not be regenerated
[INFO] running `Command { std: "/workspace/cargo-home/bin/cargo" "+beta-2021-08-01" "fetch" "--manifest-path" "Cargo.toml", kill_on_drop: false }`
[INFO] [stderr]     Blocking waiting for file lock on package cache
[INFO] [stderr]  Downloading crates ...
[INFO] [stderr]   Downloaded phf v0.9.0
[INFO] [stderr]   Downloaded phf_generator v0.9.0
[INFO] [stderr]   Downloaded phf_macros v0.9.0
[INFO] [stderr]   Downloaded phf_shared v0.9.0
[INFO] running `Command { std: "docker" "create" "-v" "/var/lib/crater-agent-workspace/builds/worker-89/target:/opt/rustwide/target:rw,Z" "-v" "/var/lib/crater-agent-workspace/builds/worker-89/source:/opt/rustwide/workdir:ro,Z" "-v" "/var/lib/crater-agent-workspace/cargo-home:/opt/rustwide/cargo-home:ro,Z" "-v" "/var/lib/crater-agent-workspace/rustup-home:/opt/rustwide/rustup-home:ro,Z" "-e" "SOURCE_DIR=/opt/rustwide/workdir" "-e" "CARGO_TARGET_DIR=/opt/rustwide/target" "-e" "CARGO_HOME=/opt/rustwide/cargo-home" "-e" "RUSTUP_HOME=/opt/rustwide/rustup-home" "-w" "/opt/rustwide/workdir" "-m" "1610612736" "--user" "0:0" "--network" "none" "ghcr.io/rust-lang/crates-build-env/linux@sha256:34b6a614d2c27851fe6cbf88fbd1137609cefab8b10d0615aaeb6fd47975d74e" "/opt/rustwide/cargo-home/bin/cargo" "+beta-2021-08-01" "metadata" "--no-deps" "--format-version=1", kill_on_drop: false }`
[INFO] [stdout] f8f14a23f1f06960e17e334153d3577d7fdd045bb458812e1015c9d6a91bb253
[INFO] running `Command { std: "docker" "start" "-a" "f8f14a23f1f06960e17e334153d3577d7fdd045bb458812e1015c9d6a91bb253", kill_on_drop: false }`
[INFO] running `Command { std: "docker" "inspect" "f8f14a23f1f06960e17e334153d3577d7fdd045bb458812e1015c9d6a91bb253", kill_on_drop: false }`
[INFO] running `Command { std: "docker" "rm" "-f" "f8f14a23f1f06960e17e334153d3577d7fdd045bb458812e1015c9d6a91bb253", kill_on_drop: false }`
[INFO] [stdout] f8f14a23f1f06960e17e334153d3577d7fdd045bb458812e1015c9d6a91bb253
[INFO] running `Command { std: "docker" "create" "-v" "/var/lib/crater-agent-workspace/builds/worker-89/target:/opt/rustwide/target:rw,Z" "-v" "/var/lib/crater-agent-workspace/builds/worker-89/source:/opt/rustwide/workdir:ro,Z" "-v" "/var/lib/crater-agent-workspace/cargo-home:/opt/rustwide/cargo-home:ro,Z" "-v" "/var/lib/crater-agent-workspace/rustup-home:/opt/rustwide/rustup-home:ro,Z" "-e" "SOURCE_DIR=/opt/rustwide/workdir" "-e" "CARGO_TARGET_DIR=/opt/rustwide/target" "-e" "CARGO_INCREMENTAL=0" "-e" "RUST_BACKTRACE=full" "-e" "RUSTFLAGS=--cap-lints=warn" "-e" "CARGO_HOME=/opt/rustwide/cargo-home" "-e" "RUSTUP_HOME=/opt/rustwide/rustup-home" "-w" "/opt/rustwide/workdir" "-m" "1610612736" "--user" "0:0" "--network" "none" "ghcr.io/rust-lang/crates-build-env/linux@sha256:34b6a614d2c27851fe6cbf88fbd1137609cefab8b10d0615aaeb6fd47975d74e" "/opt/rustwide/cargo-home/bin/cargo" "+beta-2021-08-01" "build" "--frozen" "--message-format=json", kill_on_drop: false }`
[INFO] [stdout] a31e50af9df8ff1369c8fc4331209e845d6f9b77a038ad2e05a2a98622756cb5
[INFO] running `Command { std: "docker" "start" "-a" "a31e50af9df8ff1369c8fc4331209e845d6f9b77a038ad2e05a2a98622756cb5", kill_on_drop: false }`
[INFO] [stderr]     Blocking waiting for file lock on package cache
[INFO] [stderr]     Blocking waiting for file lock on package cache
[INFO] [stderr]    Compiling libc v0.2.97
[INFO] [stderr]    Compiling serde v1.0.126
[INFO] [stderr]    Compiling proc-macro-hack v0.5.19
[INFO] [stderr]    Compiling siphasher v0.3.5
[INFO] [stderr]    Compiling anyhow v1.0.41
[INFO] [stderr]    Compiling humantime v2.1.0
[INFO] [stderr]    Compiling dotenv v0.15.0
[INFO] [stderr]    Compiling proc-macro-error-attr v1.0.4
[INFO] [stderr]    Compiling proc-macro-error v1.0.4
[INFO] [stderr]    Compiling want v0.3.0
[INFO] [stderr]    Compiling phf_shared v0.9.0
[INFO] [stderr]    Compiling num_cpus v1.13.0
[INFO] [stderr]    Compiling mio v0.7.13
[INFO] [stderr]    Compiling getrandom v0.2.3
[INFO] [stderr]    Compiling openssl-sys v0.9.65
[INFO] [stderr]    Compiling atty v0.2.14
[INFO] [stderr]    Compiling socket2 v0.4.0
[INFO] [stderr]    Compiling time v0.1.43
[INFO] [stderr]    Compiling structopt-derive v0.4.15
[INFO] [stderr]    Compiling clap v2.33.3
[INFO] [stderr]    Compiling env_logger v0.8.4
[INFO] [stderr]    Compiling rand_core v0.6.3
[INFO] [stderr]    Compiling chrono v0.4.19
[INFO] [stderr]    Compiling tokio v1.8.0
[INFO] [stderr]    Compiling rand_chacha v0.3.1
[INFO] [stderr]    Compiling openssl v0.10.35
[INFO] [stderr]    Compiling rand v0.8.4
[INFO] [stderr]    Compiling phf_generator v0.9.0
[INFO] [stderr]    Compiling phf_macros v0.9.0
[INFO] [stderr]    Compiling serde_urlencoded v0.7.0
[INFO] [stderr]    Compiling structopt v0.3.22
[INFO] [stderr]    Compiling native-tls v0.2.7
[INFO] [stderr]    Compiling phf v0.9.0
[INFO] [stderr]    Compiling tokio-util v0.6.7
[INFO] [stderr]    Compiling tokio-native-tls v0.3.0
[INFO] [stderr]    Compiling h2 v0.3.3
[INFO] [stderr]    Compiling hyper v0.14.9
[INFO] [stderr]    Compiling hyper-tls v0.5.0
[INFO] [stderr]    Compiling reqwest v0.11.4
[INFO] [stderr]    Compiling advent-of-code v0.1.0 (/opt/rustwide/workdir)
[INFO] [stderr]     Finished dev [unoptimized + debuginfo] target(s) in 36.61s
[INFO] running `Command { std: "docker" "inspect" "a31e50af9df8ff1369c8fc4331209e845d6f9b77a038ad2e05a2a98622756cb5", kill_on_drop: false }`
[INFO] running `Command { std: "docker" "rm" "-f" "a31e50af9df8ff1369c8fc4331209e845d6f9b77a038ad2e05a2a98622756cb5", kill_on_drop: false }`
[INFO] [stdout] a31e50af9df8ff1369c8fc4331209e845d6f9b77a038ad2e05a2a98622756cb5
[INFO] running `Command { std: "docker" "create" "-v" "/var/lib/crater-agent-workspace/builds/worker-89/target:/opt/rustwide/target:rw,Z" "-v" "/var/lib/crater-agent-workspace/builds/worker-89/source:/opt/rustwide/workdir:ro,Z" "-v" "/var/lib/crater-agent-workspace/cargo-home:/opt/rustwide/cargo-home:ro,Z" "-v" "/var/lib/crater-agent-workspace/rustup-home:/opt/rustwide/rustup-home:ro,Z" "-e" "SOURCE_DIR=/opt/rustwide/workdir" "-e" "CARGO_TARGET_DIR=/opt/rustwide/target" "-e" "CARGO_INCREMENTAL=0" "-e" "RUST_BACKTRACE=full" "-e" "RUSTFLAGS=--cap-lints=warn" "-e" "CARGO_HOME=/opt/rustwide/cargo-home" "-e" "RUSTUP_HOME=/opt/rustwide/rustup-home" "-w" "/opt/rustwide/workdir" "-m" "1610612736" "--user" "0:0" "--network" "none" "ghcr.io/rust-lang/crates-build-env/linux@sha256:34b6a614d2c27851fe6cbf88fbd1137609cefab8b10d0615aaeb6fd47975d74e" "/opt/rustwide/cargo-home/bin/cargo" "+beta-2021-08-01" "test" "--frozen" "--no-run" "--message-format=json", kill_on_drop: false }`
[INFO] [stdout] 9e4f63c8136a080bfcc62d75ec1bb990559bdabe5e5a754e93a2ca4d52e84590
[INFO] running `Command { std: "docker" "start" "-a" "9e4f63c8136a080bfcc62d75ec1bb990559bdabe5e5a754e93a2ca4d52e84590", kill_on_drop: false }`
[INFO] [stderr]     Blocking waiting for file lock on package cache
[INFO] [stderr]    Compiling advent-of-code v0.1.0 (/opt/rustwide/workdir)
[INFO] [stderr]     Finished test [unoptimized + debuginfo] target(s) in 4.97s
[INFO] running `Command { std: "docker" "inspect" "9e4f63c8136a080bfcc62d75ec1bb990559bdabe5e5a754e93a2ca4d52e84590", kill_on_drop: false }`
[INFO] running `Command { std: "docker" "rm" "-f" "9e4f63c8136a080bfcc62d75ec1bb990559bdabe5e5a754e93a2ca4d52e84590", kill_on_drop: false }`
[INFO] [stdout] 9e4f63c8136a080bfcc62d75ec1bb990559bdabe5e5a754e93a2ca4d52e84590
[INFO] running `Command { std: "docker" "create" "-v" "/var/lib/crater-agent-workspace/builds/worker-89/target:/opt/rustwide/target:rw,Z" "-v" "/var/lib/crater-agent-workspace/builds/worker-89/source:/opt/rustwide/workdir:ro,Z" "-v" "/var/lib/crater-agent-workspace/cargo-home:/opt/rustwide/cargo-home:ro,Z" "-v" "/var/lib/crater-agent-workspace/rustup-home:/opt/rustwide/rustup-home:ro,Z" "-e" "SOURCE_DIR=/opt/rustwide/workdir" "-e" "CARGO_TARGET_DIR=/opt/rustwide/target" "-e" "CARGO_INCREMENTAL=0" "-e" "RUST_BACKTRACE=full" "-e" "RUSTFLAGS=--cap-lints=warn" "-e" "CARGO_HOME=/opt/rustwide/cargo-home" "-e" "RUSTUP_HOME=/opt/rustwide/rustup-home" "-w" "/opt/rustwide/workdir" "-m" "1610612736" "--user" "0:0" "--network" "none" "ghcr.io/rust-lang/crates-build-env/linux@sha256:34b6a614d2c27851fe6cbf88fbd1137609cefab8b10d0615aaeb6fd47975d74e" "/opt/rustwide/cargo-home/bin/cargo" "+beta-2021-08-01" "test" "--frozen", kill_on_drop: false }`
[INFO] [stdout] 90733949d955612925a0354c04b310542662ab6a6b963f65ca9dcd8dd128492d
[INFO] running `Command { std: "docker" "start" "-a" "90733949d955612925a0354c04b310542662ab6a6b963f65ca9dcd8dd128492d", kill_on_drop: false }`
[INFO] [stderr]     Blocking waiting for file lock on package cache
[INFO] [stderr]     Finished test [unoptimized + debuginfo] target(s) in 0.32s
[INFO] [stderr]      Running unittests (/opt/rustwide/target/debug/deps/advent_of_code-70d3e3bdeb6db6a4)
[INFO] [stdout] 
[INFO] [stdout] running 0 tests
[INFO] [stdout] 
[INFO] [stdout] test result: ok. 0 passed; 0 failed; 0 ignored; 0 measured; 0 filtered out; finished in 0.00s
[INFO] [stdout] 
[INFO] [stderr]      Running unittests (/opt/rustwide/target/debug/deps/advent_of_code-01cbff4ee4fd995c)
[INFO] [stdout] 
[INFO] [stderr]    Doc-tests advent-of-code
[INFO] [stdout] running 0 tests
[INFO] [stdout] 
[INFO] [stdout] test result: ok. 0 passed; 0 failed; 0 ignored; 0 measured; 0 filtered out; finished in 0.00s
[INFO] [stdout] 
[INFO] [stdout] 
[INFO] [stdout] running 3 tests
[INFO] [stdout] test src/year2020/day03.rs - year2020::day03::Map::new (line 28) ... FAILED
[INFO] [stdout] test src/year2020/day03.rs - year2020::day03::Map::count_trees (line 50) ... FAILED
[INFO] [stdout] test src/year2020/day03.rs - year2020::day03::Map::new (line 22) ... FAILED
[INFO] [stdout] 
[INFO] [stdout] failures:
[INFO] [stdout] 
[INFO] [stdout] ---- src/year2020/day03.rs - year2020::day03::Map::new (line 28) stdout ----
[INFO] [stdout] error[E0433]: failed to resolve: use of undeclared type `Map`
[INFO] [stdout]  --> src/year2020/day03.rs:29:14
[INFO] [stdout]   |
[INFO] [stdout] 3 | let result = Map::new(vec![vec!['.'; 3], vec!['.'; 2]]);
[INFO] [stdout]   |              ^^^ not found in this scope
[INFO] [stdout]   |
[INFO] [stdout] help: consider importing one of these items
[INFO] [stdout]   |
[INFO] [stdout] 2 | use core::iter::Map;
[INFO] [stdout]   |
[INFO] [stdout] 2 | use phf::Map;
[INFO] [stdout]   |
[INFO] [stdout] 2 | use std::iter::Map;
[INFO] [stdout]   |
[INFO] [stdout] 
[INFO] [stdout] error: aborting due to previous error
[INFO] [stdout] 
[INFO] [stdout] For more information about this error, try `rustc --explain E0433`.
[INFO] [stdout] Couldn't compile the test.
[INFO] [stdout] ---- src/year2020/day03.rs - year2020::day03::Map::count_trees (line 50) stdout ----
[INFO] [stdout] error[E0433]: failed to resolve: use of undeclared type `Map`
[INFO] [stdout]  --> src/year2020/day03.rs:51:11
[INFO] [stdout]   |
[INFO] [stdout] 3 | let map = Map::new(vec![
[INFO] [stdout]   |           ^^^ not found in this scope
[INFO] [stdout]   |
[INFO] [stdout] help: consider importing one of these items
[INFO] [stdout]   |
[INFO] [stdout] 2 | use core::iter::Map;
[INFO] [stdout]   |
[INFO] [stdout] 2 | use phf::Map;
[INFO] [stdout]   |
[INFO] [stdout] 2 | use std::iter::Map;
[INFO] [stdout]   |
[INFO] [stdout] 
[INFO] [stdout] error: aborting due to previous error
[INFO] [stdout] 
[INFO] [stdout] For more information about this error, try `rustc --explain E0433`.
[INFO] [stdout] Couldn't compile the test.
[INFO] [stdout] ---- src/year2020/day03.rs - year2020::day03::Map::new (line 22) stdout ----
[INFO] [stdout] error[E0433]: failed to resolve: use of undeclared type `Map`
[INFO] [stdout]  --> src/year2020/day03.rs:23:14
[INFO] [stdout]   |
[INFO] [stdout] 3 | let result = Map::new(vec![vec!['.'; 3]; 3]);
[INFO] [stdout]   |              ^^^ not found in this scope
[INFO] [stdout]   |
[INFO] [stdout] help: consider importing one of these items
[INFO] [stdout]   |
[INFO] [stdout] 2 | use core::iter::Map;
[INFO] [stdout]   |
[INFO] [stdout] 2 | use phf::Map;
[INFO] [stdout]   |
[INFO] [stdout] 2 | use std::iter::Map;
[INFO] [stdout]   |
[INFO] [stdout] 
[INFO] [stdout] error: aborting due to previous error
[INFO] [stdout] 
[INFO] [stdout] For more information about this error, try `rustc --explain E0433`.
[INFO] [stdout] Couldn't compile the test.
[INFO] [stdout] 
[INFO] [stdout] failures:
[INFO] [stdout]     src/year2020/day03.rs - year2020::day03::Map::count_trees (line 50)
[INFO] [stdout]     src/year2020/day03.rs - year2020::day03::Map::new (line 22)
[INFO] [stdout]     src/year2020/day03.rs - year2020::day03::Map::new (line 28)
[INFO] [stdout] 
[INFO] [stdout] test result: FAILED. 0 passed; 3 failed; 0 ignored; 0 measured; 0 filtered out; finished in 0.24s
[INFO] [stdout] 
[INFO] [stderr] error: test failed, to rerun pass '--doc'
[INFO] running `Command { std: "docker" "inspect" "90733949d955612925a0354c04b310542662ab6a6b963f65ca9dcd8dd128492d", kill_on_drop: false }`
[INFO] running `Command { std: "docker" "rm" "-f" "90733949d955612925a0354c04b310542662ab6a6b963f65ca9dcd8dd128492d", kill_on_drop: false }`
[INFO] [stdout] 90733949d955612925a0354c04b310542662ab6a6b963f65ca9dcd8dd128492d
