[INFO] cloning repository https://github.com/colin-riddell/adventofcode2020
[INFO] running `Command { std: "git" "-c" "credential.helper=" "-c" "credential.helper=/workspace/cargo-home/bin/git-credential-null" "clone" "--bare" "https://github.com/colin-riddell/adventofcode2020" "/workspace/cache/git-repos/https%3A%2F%2Fgithub.com%2Fcolin-riddell%2Fadventofcode2020", kill_on_drop: false }`
[INFO] [stderr] Cloning into bare repository '/workspace/cache/git-repos/https%3A%2F%2Fgithub.com%2Fcolin-riddell%2Fadventofcode2020'...
[INFO] running `Command { std: "git" "rev-parse" "HEAD", kill_on_drop: false }`
[INFO] [stdout] 451a327e3a7430fb2b425b9567507bf54a21b3d8
[INFO] testing colin-riddell/adventofcode2020 against 1.54.0 for beta-1.55-1
[INFO] running `Command { std: "git" "clone" "/workspace/cache/git-repos/https%3A%2F%2Fgithub.com%2Fcolin-riddell%2Fadventofcode2020" "/workspace/builds/worker-69/source", kill_on_drop: false }`
[INFO] [stderr] Cloning into '/workspace/builds/worker-69/source'...
[INFO] [stderr] done.
[INFO] validating manifest of git repo https://github.com/colin-riddell/adventofcode2020 on toolchain 1.54.0
[INFO] running `Command { std: "/workspace/cargo-home/bin/cargo" "+1.54.0" "metadata" "--manifest-path" "Cargo.toml" "--no-deps", kill_on_drop: false }`
[INFO] started tweaking git repo https://github.com/colin-riddell/adventofcode2020
[INFO] finished tweaking git repo https://github.com/colin-riddell/adventofcode2020
[INFO] tweaked toml for git repo https://github.com/colin-riddell/adventofcode2020 written to /workspace/builds/worker-69/source/Cargo.toml
[INFO] crate git repo https://github.com/colin-riddell/adventofcode2020 already has a lockfile, it will not be regenerated
[INFO] running `Command { std: "/workspace/cargo-home/bin/cargo" "+1.54.0" "fetch" "--manifest-path" "Cargo.toml", kill_on_drop: false }`
[INFO] [stderr]     Blocking waiting for file lock on package cache
[INFO] running `Command { std: "docker" "create" "-v" "/var/lib/crater-agent-workspace/builds/worker-69/target:/opt/rustwide/target:rw,Z" "-v" "/var/lib/crater-agent-workspace/builds/worker-69/source:/opt/rustwide/workdir:ro,Z" "-v" "/var/lib/crater-agent-workspace/cargo-home:/opt/rustwide/cargo-home:ro,Z" "-v" "/var/lib/crater-agent-workspace/rustup-home:/opt/rustwide/rustup-home:ro,Z" "-e" "SOURCE_DIR=/opt/rustwide/workdir" "-e" "CARGO_TARGET_DIR=/opt/rustwide/target" "-e" "CARGO_HOME=/opt/rustwide/cargo-home" "-e" "RUSTUP_HOME=/opt/rustwide/rustup-home" "-w" "/opt/rustwide/workdir" "-m" "1610612736" "--user" "0:0" "--network" "none" "ghcr.io/rust-lang/crates-build-env/linux@sha256:34b6a614d2c27851fe6cbf88fbd1137609cefab8b10d0615aaeb6fd47975d74e" "/opt/rustwide/cargo-home/bin/cargo" "+1.54.0" "metadata" "--no-deps" "--format-version=1", kill_on_drop: false }`
[INFO] [stdout] 273089e90aba67781a742668445237bdec96cc1ad3b63b01aa5997aa5b938bc0
[INFO] running `Command { std: "docker" "start" "-a" "273089e90aba67781a742668445237bdec96cc1ad3b63b01aa5997aa5b938bc0", kill_on_drop: false }`
[INFO] running `Command { std: "docker" "inspect" "273089e90aba67781a742668445237bdec96cc1ad3b63b01aa5997aa5b938bc0", kill_on_drop: false }`
[INFO] running `Command { std: "docker" "rm" "-f" "273089e90aba67781a742668445237bdec96cc1ad3b63b01aa5997aa5b938bc0", kill_on_drop: false }`
[INFO] [stdout] 273089e90aba67781a742668445237bdec96cc1ad3b63b01aa5997aa5b938bc0
[INFO] running `Command { std: "docker" "create" "-v" "/var/lib/crater-agent-workspace/builds/worker-69/target:/opt/rustwide/target:rw,Z" "-v" "/var/lib/crater-agent-workspace/builds/worker-69/source:/opt/rustwide/workdir:ro,Z" "-v" "/var/lib/crater-agent-workspace/cargo-home:/opt/rustwide/cargo-home:ro,Z" "-v" "/var/lib/crater-agent-workspace/rustup-home:/opt/rustwide/rustup-home:ro,Z" "-e" "SOURCE_DIR=/opt/rustwide/workdir" "-e" "CARGO_TARGET_DIR=/opt/rustwide/target" "-e" "CARGO_INCREMENTAL=0" "-e" "RUST_BACKTRACE=full" "-e" "RUSTFLAGS=--cap-lints=warn" "-e" "CARGO_HOME=/opt/rustwide/cargo-home" "-e" "RUSTUP_HOME=/opt/rustwide/rustup-home" "-w" "/opt/rustwide/workdir" "-m" "1610612736" "--user" "0:0" "--network" "none" "ghcr.io/rust-lang/crates-build-env/linux@sha256:34b6a614d2c27851fe6cbf88fbd1137609cefab8b10d0615aaeb6fd47975d74e" "/opt/rustwide/cargo-home/bin/cargo" "+1.54.0" "build" "--frozen" "--message-format=json", kill_on_drop: false }`
[INFO] [stdout] 6099285a54e68e27f4caf3c22203c4c70dda8efcc500a146838c743ae77d275e
[INFO] running `Command { std: "docker" "start" "-a" "6099285a54e68e27f4caf3c22203c4c70dda8efcc500a146838c743ae77d275e", kill_on_drop: false }`
[INFO] [stderr]     Blocking waiting for file lock on package cache
[INFO] [stderr]    Compiling aoc2020 v0.1.0 (/opt/rustwide/workdir)
[INFO] [stdout] warning: unused variable: `i`
[INFO] [stdout]    --> src/day1.rs:213:10
[INFO] [stdout]     |
[INFO] [stdout] 213 |     for (i, outer) in numbers.iter().enumerate() {
[INFO] [stdout]     |          ^ help: if this is intentional, prefix it with an underscore: `_i`
[INFO] [stdout]     |
[INFO] [stdout]     = note: `#[warn(unused_variables)]` on by default
[INFO] [stdout] 
[INFO] [stdout] 
[INFO] [stdout] warning: unused variable: `j`
[INFO] [stdout]    --> src/day1.rs:214:14
[INFO] [stdout]     |
[INFO] [stdout] 214 |         for (j, inner) in numbers.iter().enumerate() {
[INFO] [stdout]     |              ^ help: if this is intentional, prefix it with an underscore: `_j`
[INFO] [stdout] 
[INFO] [stdout] 
[INFO] [stdout] warning: unused variable: `k`
[INFO] [stdout]    --> src/day1.rs:215:18
[INFO] [stdout]     |
[INFO] [stdout] 215 |             for (k, centre) in numbers.iter().enumerate(){
[INFO] [stdout]     |                  ^ help: if this is intentional, prefix it with an underscore: `_k`
[INFO] [stdout] 
[INFO] [stdout] 
[INFO] [stdout] warning: value assigned to `in_left` is never read
[INFO] [stdout]   --> src/day2.rs:34:17
[INFO] [stdout]    |
[INFO] [stdout] 34 |         let mut in_left : bool = true;
[INFO] [stdout]    |                 ^^^^^^^
[INFO] [stdout]    |
[INFO] [stdout]    = note: `#[warn(unused_assignments)]` on by default
[INFO] [stdout]    = help: maybe it is overwritten before being read?
[INFO] [stdout] 
[INFO] [stdout] 
[INFO] [stdout] warning: value assigned to `in_right` is never read
[INFO] [stdout]   --> src/day2.rs:39:17
[INFO] [stdout]    |
[INFO] [stdout] 39 |         let mut in_right: bool = true;
[INFO] [stdout]    |                 ^^^^^^^^
[INFO] [stdout]    |
[INFO] [stdout]    = help: maybe it is overwritten before being read?
[INFO] [stdout] 
[INFO] [stdout] 
[INFO] [stdout] warning: function is never used: `run`
[INFO] [stdout]  --> src/day1.rs:1:8
[INFO] [stdout]   |
[INFO] [stdout] 1 | pub fn run(){
[INFO] [stdout]   |        ^^^
[INFO] [stdout]   |
[INFO] [stdout]   = note: `#[warn(dead_code)]` on by default
[INFO] [stdout] 
[INFO] [stdout] 
[INFO] [stdout] warning: struct is never constructed: `Line`
[INFO] [stdout]  --> src/day2.rs:3:8
[INFO] [stdout]   |
[INFO] [stdout] 3 | struct Line {
[INFO] [stdout]   |        ^^^^
[INFO] [stdout] 
[INFO] [stdout] 
[INFO] [stdout] warning: associated function is never used: `new`
[INFO] [stdout]   --> src/day2.rs:12:8
[INFO] [stdout]    |
[INFO] [stdout] 12 |     fn new(line: &str) -> Line {
[INFO] [stdout]    |        ^^^
[INFO] [stdout] 
[INFO] [stdout] 
[INFO] [stdout] warning: associated function is never used: `is_valid_part_two`
[INFO] [stdout]   --> src/day2.rs:27:12
[INFO] [stdout]    |
[INFO] [stdout] 27 |     pub fn is_valid_part_two(&self) -> bool {
[INFO] [stdout]    |            ^^^^^^^^^^^^^^^^^
[INFO] [stdout] 
[INFO] [stdout] 
[INFO] [stdout] warning: associated function is never used: `is_valid`
[INFO] [stdout]   --> src/day2.rs:48:12
[INFO] [stdout]    |
[INFO] [stdout] 48 |     pub fn is_valid(&self) -> bool {
[INFO] [stdout]    |            ^^^^^^^^
[INFO] [stdout] 
[INFO] [stdout] 
[INFO] [stdout] warning: function is never used: `run`
[INFO] [stdout]   --> src/day2.rs:62:8
[INFO] [stdout]    |
[INFO] [stdout] 62 | pub fn run() {
[INFO] [stdout]    |        ^^^
[INFO] [stdout] 
[INFO] [stdout] 
[INFO] [stdout] warning: 11 warnings emitted
[INFO] [stdout] 
[INFO] [stdout] 
[INFO] [stderr]     Finished dev [unoptimized + debuginfo] target(s) in 18.10s
[INFO] running `Command { std: "docker" "inspect" "6099285a54e68e27f4caf3c22203c4c70dda8efcc500a146838c743ae77d275e", kill_on_drop: false }`
[INFO] running `Command { std: "docker" "rm" "-f" "6099285a54e68e27f4caf3c22203c4c70dda8efcc500a146838c743ae77d275e", kill_on_drop: false }`
[INFO] [stdout] 6099285a54e68e27f4caf3c22203c4c70dda8efcc500a146838c743ae77d275e
[INFO] running `Command { std: "docker" "create" "-v" "/var/lib/crater-agent-workspace/builds/worker-69/target:/opt/rustwide/target:rw,Z" "-v" "/var/lib/crater-agent-workspace/builds/worker-69/source:/opt/rustwide/workdir:ro,Z" "-v" "/var/lib/crater-agent-workspace/cargo-home:/opt/rustwide/cargo-home:ro,Z" "-v" "/var/lib/crater-agent-workspace/rustup-home:/opt/rustwide/rustup-home:ro,Z" "-e" "SOURCE_DIR=/opt/rustwide/workdir" "-e" "CARGO_TARGET_DIR=/opt/rustwide/target" "-e" "CARGO_INCREMENTAL=0" "-e" "RUST_BACKTRACE=full" "-e" "RUSTFLAGS=--cap-lints=warn" "-e" "CARGO_HOME=/opt/rustwide/cargo-home" "-e" "RUSTUP_HOME=/opt/rustwide/rustup-home" "-w" "/opt/rustwide/workdir" "-m" "1610612736" "--user" "0:0" "--network" "none" "ghcr.io/rust-lang/crates-build-env/linux@sha256:34b6a614d2c27851fe6cbf88fbd1137609cefab8b10d0615aaeb6fd47975d74e" "/opt/rustwide/cargo-home/bin/cargo" "+1.54.0" "test" "--frozen" "--no-run" "--message-format=json", kill_on_drop: false }`
[INFO] [stdout] 5728786067e6d5204c48752946575a375fae03fa66f5f4cc0b00cd1ad5ae2112
[INFO] running `Command { std: "docker" "start" "-a" "5728786067e6d5204c48752946575a375fae03fa66f5f4cc0b00cd1ad5ae2112", kill_on_drop: false }`
[INFO] [stderr]     Blocking waiting for file lock on package cache
[INFO] [stderr]    Compiling aoc2020 v0.1.0 (/opt/rustwide/workdir)
[INFO] [stdout] warning: unused variable: `i`
[INFO] [stdout]    --> src/day1.rs:213:10
[INFO] [stdout]     |
[INFO] [stdout] 213 |     for (i, outer) in numbers.iter().enumerate() {
[INFO] [stdout]     |          ^ help: if this is intentional, prefix it with an underscore: `_i`
[INFO] [stdout]     |
[INFO] [stdout]     = note: `#[warn(unused_variables)]` on by default
[INFO] [stdout] 
[INFO] [stdout] 
[INFO] [stdout] warning: unused variable: `j`
[INFO] [stdout]    --> src/day1.rs:214:14
[INFO] [stdout]     |
[INFO] [stdout] 214 |         for (j, inner) in numbers.iter().enumerate() {
[INFO] [stdout]     |              ^ help: if this is intentional, prefix it with an underscore: `_j`
[INFO] [stdout] 
[INFO] [stdout] 
[INFO] [stdout] warning: unused variable: `k`
[INFO] [stdout]    --> src/day1.rs:215:18
[INFO] [stdout]     |
[INFO] [stdout] 215 |             for (k, centre) in numbers.iter().enumerate(){
[INFO] [stdout]     |                  ^ help: if this is intentional, prefix it with an underscore: `_k`
[INFO] [stdout] 
[INFO] [stdout] 
[INFO] [stdout] warning: value assigned to `in_left` is never read
[INFO] [stdout]   --> src/day2.rs:34:17
[INFO] [stdout]    |
[INFO] [stdout] 34 |         let mut in_left : bool = true;
[INFO] [stdout]    |                 ^^^^^^^
[INFO] [stdout]    |
[INFO] [stdout]    = note: `#[warn(unused_assignments)]` on by default
[INFO] [stdout]    = help: maybe it is overwritten before being read?
[INFO] [stdout] 
[INFO] [stdout] 
[INFO] [stdout] warning: value assigned to `in_right` is never read
[INFO] [stdout]   --> src/day2.rs:39:17
[INFO] [stdout]    |
[INFO] [stdout] 39 |         let mut in_right: bool = true;
[INFO] [stdout]    |                 ^^^^^^^^
[INFO] [stdout]    |
[INFO] [stdout]    = help: maybe it is overwritten before being read?
[INFO] [stdout] 
[INFO] [stdout] 
[INFO] [stdout] warning: function is never used: `run`
[INFO] [stdout]  --> src/day1.rs:1:8
[INFO] [stdout]   |
[INFO] [stdout] 1 | pub fn run(){
[INFO] [stdout]   |        ^^^
[INFO] [stdout]   |
[INFO] [stdout]   = note: `#[warn(dead_code)]` on by default
[INFO] [stdout] 
[INFO] [stdout] 
[INFO] [stdout] warning: associated function is never used: `is_valid`
[INFO] [stdout]   --> src/day2.rs:48:12
[INFO] [stdout]    |
[INFO] [stdout] 48 |     pub fn is_valid(&self) -> bool {
[INFO] [stdout]    |            ^^^^^^^^
[INFO] [stdout] 
[INFO] [stdout] 
[INFO] [stdout] warning: function is never used: `run`
[INFO] [stdout]   --> src/day2.rs:62:8
[INFO] [stdout]    |
[INFO] [stdout] 62 | pub fn run() {
[INFO] [stdout]    |        ^^^
[INFO] [stdout] 
[INFO] [stdout] 
[INFO] [stdout] warning: 8 warnings emitted
[INFO] [stdout] 
[INFO] [stdout] 
[INFO] [stderr]     Finished test [unoptimized + debuginfo] target(s) in 3.31s
[INFO] running `Command { std: "docker" "inspect" "5728786067e6d5204c48752946575a375fae03fa66f5f4cc0b00cd1ad5ae2112", kill_on_drop: false }`
[INFO] running `Command { std: "docker" "rm" "-f" "5728786067e6d5204c48752946575a375fae03fa66f5f4cc0b00cd1ad5ae2112", kill_on_drop: false }`
[INFO] [stdout] 5728786067e6d5204c48752946575a375fae03fa66f5f4cc0b00cd1ad5ae2112
[INFO] running `Command { std: "docker" "create" "-v" "/var/lib/crater-agent-workspace/builds/worker-69/target:/opt/rustwide/target:rw,Z" "-v" "/var/lib/crater-agent-workspace/builds/worker-69/source:/opt/rustwide/workdir:ro,Z" "-v" "/var/lib/crater-agent-workspace/cargo-home:/opt/rustwide/cargo-home:ro,Z" "-v" "/var/lib/crater-agent-workspace/rustup-home:/opt/rustwide/rustup-home:ro,Z" "-e" "SOURCE_DIR=/opt/rustwide/workdir" "-e" "CARGO_TARGET_DIR=/opt/rustwide/target" "-e" "CARGO_INCREMENTAL=0" "-e" "RUST_BACKTRACE=full" "-e" "RUSTFLAGS=--cap-lints=warn" "-e" "CARGO_HOME=/opt/rustwide/cargo-home" "-e" "RUSTUP_HOME=/opt/rustwide/rustup-home" "-w" "/opt/rustwide/workdir" "-m" "1610612736" "--user" "0:0" "--network" "none" "ghcr.io/rust-lang/crates-build-env/linux@sha256:34b6a614d2c27851fe6cbf88fbd1137609cefab8b10d0615aaeb6fd47975d74e" "/opt/rustwide/cargo-home/bin/cargo" "+1.54.0" "test" "--frozen", kill_on_drop: false }`
[INFO] [stdout] 11798eb2fd655f5ad8eb9969374086e95f16302829801fd8ccfd5600a67473e1
[INFO] running `Command { std: "docker" "start" "-a" "11798eb2fd655f5ad8eb9969374086e95f16302829801fd8ccfd5600a67473e1", kill_on_drop: false }`
[INFO] [stderr] warning: unused variable: `i`
[INFO] [stderr]    --> src/day1.rs:213:10
[INFO] [stderr]     |
[INFO] [stderr] 213 |     for (i, outer) in numbers.iter().enumerate() {
[INFO] [stderr]     |          ^ help: if this is intentional, prefix it with an underscore: `_i`
[INFO] [stderr]     |
[INFO] [stderr]     = note: `#[warn(unused_variables)]` on by default
[INFO] [stderr] 
[INFO] [stderr] warning: unused variable: `j`
[INFO] [stderr]    --> src/day1.rs:214:14
[INFO] [stderr]     |
[INFO] [stderr] 214 |         for (j, inner) in numbers.iter().enumerate() {
[INFO] [stderr]     |              ^ help: if this is intentional, prefix it with an underscore: `_j`
[INFO] [stderr] 
[INFO] [stderr] warning: unused variable: `k`
[INFO] [stderr]    --> src/day1.rs:215:18
[INFO] [stderr]     |
[INFO] [stderr] 215 |             for (k, centre) in numbers.iter().enumerate(){
[INFO] [stderr]     |                  ^ help: if this is intentional, prefix it with an underscore: `_k`
[INFO] [stderr] 
[INFO] [stderr] warning: value assigned to `in_left` is never read
[INFO] [stderr]   --> src/day2.rs:34:17
[INFO] [stderr]    |
[INFO] [stderr] 34 |         let mut in_left : bool = true;
[INFO] [stderr]    |                 ^^^^^^^
[INFO] [stderr]    |
[INFO] [stderr]    = note: `#[warn(unused_assignments)]` on by default
[INFO] [stderr]    = help: maybe it is overwritten before being read?
[INFO] [stderr] 
[INFO] [stderr] warning: value assigned to `in_right` is never read
[INFO] [stderr]   --> src/day2.rs:39:17
[INFO] [stderr]    |
[INFO] [stderr] 39 |         let mut in_right: bool = true;
[INFO] [stderr]    |                 ^^^^^^^^
[INFO] [stderr]    |
[INFO] [stderr]    = help: maybe it is overwritten before being read?
[INFO] [stderr] 
[INFO] [stderr] warning: function is never used: `run`
[INFO] [stderr]  --> src/day1.rs:1:8
[INFO] [stderr]   |
[INFO] [stderr] 1 | pub fn run(){
[INFO] [stderr]   |        ^^^
[INFO] [stderr]   |
[INFO] [stderr]   = note: `#[warn(dead_code)]` on by default
[INFO] [stderr] 
[INFO] [stderr] warning: associated function is never used: `is_valid`
[INFO] [stderr]   --> src/day2.rs:48:12
[INFO] [stderr]    |
[INFO] [stderr] 48 |     pub fn is_valid(&self) -> bool {
[INFO] [stderr]    |            ^^^^^^^^
[INFO] [stderr] 
[INFO] [stderr] warning: function is never used: `run`
[INFO] [stderr]   --> src/day2.rs:62:8
[INFO] [stderr]    |
[INFO] [stderr] 62 | pub fn run() {
[INFO] [stderr]    |        ^^^
[INFO] [stderr] 
[INFO] [stderr] warning: 8 warnings emitted
[INFO] [stderr] 
[INFO] [stderr]     Finished test [unoptimized + debuginfo] target(s) in 0.01s
[INFO] [stderr]      Running unittests (/opt/rustwide/target/debug/deps/aoc2020-bfc923bc2e730ec4)
[INFO] [stdout] 
[INFO] [stdout] running 8 tests
[INFO] [stdout] test day2::can_split_line ... ok
[INFO] [stdout] test day2::is_valid_invalid1 ... ok
[INFO] [stdout] test day2::is_valid_invalid2 ... ok
[INFO] [stdout] test day2::is_valid_invalid3 ... ok
[INFO] [stdout] test day2::is_valid_valid ... ok
[INFO] [stdout] test day3::get_point_from_grid_med ... ok
[INFO] [stdout] test day3::get_point_from_grid_small ... ok
[INFO] [stdout] test day3::get_point_from_grid_large ... FAILED
[INFO] [stdout] 
[INFO] [stdout] failures:
[INFO] [stdout] 
[INFO] [stdout] ---- day3::get_point_from_grid_large stdout ----
[INFO] [stdout] 1234*vkmx3paseufnsGPFIU
[INFO] [stdout] 5678qazx~pQ9873RY9Q73RD
[INFO] [stdout] 123456&*(@£$%^&*@£$%^&)
[INFO] [stdout] POIN08N0909j124bcxbzxbA
[INFO] [stdout] 18 and 0
[INFO] [stdout] thread 'day3::get_point_from_grid_large' panicked at 'assertion failed: `(left == right)`
[INFO] [stdout]   left: `'G'`,
[INFO] [stdout]  right: `'$'`', src/day3.rs:87:5
[INFO] [stdout] stack backtrace:
[INFO] [stdout]    0:     0x55abb6c1d0b0 - std::backtrace_rs::backtrace::libunwind::trace::h34055254b57d8e79
[INFO] [stdout]                                at /rustc/a178d0322ce20e33eac124758e837cbd80a6f633/library/std/src/../../backtrace/src/backtrace/libunwind.rs:90:5
[INFO] [stdout]    1:     0x55abb6c1d0b0 - std::backtrace_rs::backtrace::trace_unsynchronized::h8f1e3fbd9afff6ec
[INFO] [stdout]                                at /rustc/a178d0322ce20e33eac124758e837cbd80a6f633/library/std/src/../../backtrace/src/backtrace/mod.rs:66:5
[INFO] [stdout]    2:     0x55abb6c1d0b0 - std::sys_common::backtrace::_print_fmt::h3a99a796b770c360
[INFO] [stdout]                                at /rustc/a178d0322ce20e33eac124758e837cbd80a6f633/library/std/src/sys_common/backtrace.rs:67:5
[INFO] [stdout]    3:     0x55abb6c1d0b0 - <std::sys_common::backtrace::_print::DisplayBacktrace as core::fmt::Display>::fmt::h32d1f94a80615d18
[INFO] [stdout]                                at /rustc/a178d0322ce20e33eac124758e837cbd80a6f633/library/std/src/sys_common/backtrace.rs:46:22
[INFO] [stdout]    4:     0x55abb6c3f8ac - core::fmt::write::h306731c068f7162c
[INFO] [stdout]                                at /rustc/a178d0322ce20e33eac124758e837cbd80a6f633/library/core/src/fmt/mod.rs:1110:17
[INFO] [stdout]    5:     0x55abb6c19fd5 - std::io::Write::write_fmt::h87f19b0a2cd190bc
[INFO] [stdout]                                at /rustc/a178d0322ce20e33eac124758e837cbd80a6f633/library/std/src/io/mod.rs:1588:15
[INFO] [stdout]    6:     0x55abb6c1f21b - std::sys_common::backtrace::_print::h5abaa2601a852287
[INFO] [stdout]                                at /rustc/a178d0322ce20e33eac124758e837cbd80a6f633/library/std/src/sys_common/backtrace.rs:49:5
[INFO] [stdout]    7:     0x55abb6c1f21b - std::sys_common::backtrace::print::h8d81445442bb638f
[INFO] [stdout]                                at /rustc/a178d0322ce20e33eac124758e837cbd80a6f633/library/std/src/sys_common/backtrace.rs:36:9
[INFO] [stdout]    8:     0x55abb6c1f21b - std::panicking::default_hook::{{closure}}::hcfe804496a9fa747
[INFO] [stdout]                                at /rustc/a178d0322ce20e33eac124758e837cbd80a6f633/library/std/src/panicking.rs:208:50
[INFO] [stdout]    9:     0x55abb6c1ed2c - std::panicking::default_hook::hbea8e3ccf2ba8901
[INFO] [stdout]                                at /rustc/a178d0322ce20e33eac124758e837cbd80a6f633/library/std/src/panicking.rs:222:9
[INFO] [stdout]   10:     0x55abb6c1f8e4 - std::panicking::rust_panic_with_hook::h7ee9e1a2d0f8975a
[INFO] [stdout]                                at /rustc/a178d0322ce20e33eac124758e837cbd80a6f633/library/std/src/panicking.rs:622:17
[INFO] [stdout]   11:     0x55abb6c1f3c7 - std::panicking::begin_panic_handler::{{closure}}::h8ab3b4491718b2c7
[INFO] [stdout]                                at /rustc/a178d0322ce20e33eac124758e837cbd80a6f633/library/std/src/panicking.rs:519:13
[INFO] [stdout]   12:     0x55abb6c1d5ac - std::sys_common::backtrace::__rust_end_short_backtrace::hd489062ffa586a9f
[INFO] [stdout]                                at /rustc/a178d0322ce20e33eac124758e837cbd80a6f633/library/std/src/sys_common/backtrace.rs:141:18
[INFO] [stdout]   13:     0x55abb6c1f329 - rust_begin_unwind
[INFO] [stdout]                                at /rustc/a178d0322ce20e33eac124758e837cbd80a6f633/library/std/src/panicking.rs:515:5
[INFO] [stdout]   14:     0x55abb6bbc651 - core::panicking::panic_fmt::hca6330e3e14086b4
[INFO] [stdout]                                at /rustc/a178d0322ce20e33eac124758e837cbd80a6f633/library/core/src/panicking.rs:92:14
[INFO] [stdout]   15:     0x55abb6c3e1c8 - core::panicking::assert_failed_inner::h33b45280069a80ed
[INFO] [stdout]   16:     0x55abb6bcaf9a - core::panicking::assert_failed::hb202950e1b2b125b
[INFO] [stdout]                                at /rustc/a178d0322ce20e33eac124758e837cbd80a6f633/library/core/src/panicking.rs:117:5
[INFO] [stdout]   17:     0x55abb6bca7c0 - aoc2020::day3::get_point_from_grid_large::h00bf6586cb7ca7ca
[INFO] [stdout]                                at /opt/rustwide/workdir/src/day3.rs:87:5
[INFO] [stdout]   18:     0x55abb6bca62a - aoc2020::day3::get_point_from_grid_large::{{closure}}::haf863489496c1948
[INFO] [stdout]                                at /opt/rustwide/workdir/src/day3.rs:75:1
[INFO] [stdout]   19:     0x55abb6bc254e - core::ops::function::FnOnce::call_once::h06f6c8c0c8f7e794
[INFO] [stdout]                                at /rustc/a178d0322ce20e33eac124758e837cbd80a6f633/library/core/src/ops/function.rs:227:5
[INFO] [stdout]   20:     0x55abb6bf45b3 - core::ops::function::FnOnce::call_once::h152e7e439ff59e19
[INFO] [stdout]                                at /rustc/a178d0322ce20e33eac124758e837cbd80a6f633/library/core/src/ops/function.rs:227:5
[INFO] [stdout]   21:     0x55abb6bf45b3 - test::__rust_begin_short_backtrace::h0908f3b1fdbb72ab
[INFO] [stdout]                                at /rustc/a178d0322ce20e33eac124758e837cbd80a6f633/library/test/src/lib.rs:577:5
[INFO] [stdout]   22:     0x55abb6bf3070 - <alloc::boxed::Box<F,A> as core::ops::function::FnOnce<Args>>::call_once::hf6d2a51e5587546c
[INFO] [stdout]                                at /rustc/a178d0322ce20e33eac124758e837cbd80a6f633/library/alloc/src/boxed.rs:1575:9
[INFO] [stdout]   23:     0x55abb6bf3070 - <std::panic::AssertUnwindSafe<F> as core::ops::function::FnOnce<()>>::call_once::h8af660f3a89ef593
[INFO] [stdout]                                at /rustc/a178d0322ce20e33eac124758e837cbd80a6f633/library/std/src/panic.rs:347:9
[INFO] [stdout]   24:     0x55abb6bf3070 - std::panicking::try::do_call::hd36aef60f84b6d36
[INFO] [stdout]                                at /rustc/a178d0322ce20e33eac124758e837cbd80a6f633/library/std/src/panicking.rs:401:40
[INFO] [stdout]   25:     0x55abb6bf3070 - std::panicking::try::h9932b4480e69817c
[INFO] [stdout]                                at /rustc/a178d0322ce20e33eac124758e837cbd80a6f633/library/std/src/panicking.rs:365:19
[INFO] [stdout]   26:     0x55abb6bf3070 - std::panic::catch_unwind::h6aa177099cfff5f8
[INFO] [stdout]                                at /rustc/a178d0322ce20e33eac124758e837cbd80a6f633/library/std/src/panic.rs:434:14
[INFO] [stdout]   27:     0x55abb6bf3070 - test::run_test_in_process::h5884d6f2d99e20c3
[INFO] [stdout]                                at /rustc/a178d0322ce20e33eac124758e837cbd80a6f633/library/test/src/lib.rs:600:18
[INFO] [stdout]   28:     0x55abb6bf3070 - test::run_test::run_test_inner::{{closure}}::h6fdc58c6d5f5b6e3
[INFO] [stdout]                                at /rustc/a178d0322ce20e33eac124758e837cbd80a6f633/library/test/src/lib.rs:492:39
[INFO] [stdout]   29:     0x55abb6bcc722 - test::run_test::run_test_inner::{{closure}}::h408365d67a78ade8
[INFO] [stdout]                                at /rustc/a178d0322ce20e33eac124758e837cbd80a6f633/library/test/src/lib.rs:519:37
[INFO] [stdout]   30:     0x55abb6bcc722 - std::sys_common::backtrace::__rust_begin_short_backtrace::hb560b77c4f701523
[INFO] [stdout]                                at /rustc/a178d0322ce20e33eac124758e837cbd80a6f633/library/std/src/sys_common/backtrace.rs:125:18
[INFO] [stdout]   31:     0x55abb6bd02d8 - std::thread::Builder::spawn_unchecked::{{closure}}::{{closure}}::hf2e7831dad93c597
[INFO] [stdout]                                at /rustc/a178d0322ce20e33eac124758e837cbd80a6f633/library/std/src/thread/mod.rs:481:17
[INFO] [stdout]   32:     0x55abb6bd02d8 - <std::panic::AssertUnwindSafe<F> as core::ops::function::FnOnce<()>>::call_once::hd2e08783d8be4d02
[INFO] [stdout]                                at /rustc/a178d0322ce20e33eac124758e837cbd80a6f633/library/std/src/panic.rs:347:9
[INFO] [stdout]   33:     0x55abb6bd02d8 - std::panicking::try::do_call::h062597b7acfd6b82
[INFO] [stdout]                                at /rustc/a178d0322ce20e33eac124758e837cbd80a6f633/library/std/src/panicking.rs:401:40
[INFO] [stdout]   34:     0x55abb6bd02d8 - std::panicking::try::h0d7b79db04c14552
[INFO] [stdout]                                at /rustc/a178d0322ce20e33eac124758e837cbd80a6f633/library/std/src/panicking.rs:365:19
[INFO] [stdout]   35:     0x55abb6bd02d8 - std::panic::catch_unwind::hb01a0b5e7c8cd43b
[INFO] [stdout]                                at /rustc/a178d0322ce20e33eac124758e837cbd80a6f633/library/std/src/panic.rs:434:14
[INFO] [stdout]   36:     0x55abb6bd02d8 - std::thread::Builder::spawn_unchecked::{{closure}}::h5bde48cc887e0d1e
[INFO] [stdout]                                at /rustc/a178d0322ce20e33eac124758e837cbd80a6f633/library/std/src/thread/mod.rs:480:30
[INFO] [stdout]   37:     0x55abb6bd02d8 - core::ops::function::FnOnce::call_once{{vtable.shim}}::h745ea30807a29e55
[INFO] [stdout]                                at /rustc/a178d0322ce20e33eac124758e837cbd80a6f633/library/core/src/ops/function.rs:227:5
[INFO] [stdout]   38:     0x55abb6c243a7 - <alloc::boxed::Box<F,A> as core::ops::function::FnOnce<Args>>::call_once::h7ece6cfefaff1005
[INFO] [stdout]                                at /rustc/a178d0322ce20e33eac124758e837cbd80a6f633/library/alloc/src/boxed.rs:1575:9
[INFO] [stdout]   39:     0x55abb6c243a7 - <alloc::boxed::Box<F,A> as core::ops::function::FnOnce<Args>>::call_once::hb8b48e55c21f193e
[INFO] [stdout]                                at /rustc/a178d0322ce20e33eac124758e837cbd80a6f633/library/alloc/src/boxed.rs:1575:9
[INFO] [stdout]   40:     0x55abb6c243a7 - std::sys::unix::thread::Thread::new::thread_start::h8c7c4450dba62914
[INFO] [stdout]                                at /rustc/a178d0322ce20e33eac124758e837cbd80a6f633/library/std/src/sys/unix/thread.rs:71:17
[INFO] [stdout]   41:     0x7f75b129a609 - start_thread
[INFO] [stdout]   42:     0x7f75b106c293 - clone
[INFO] [stdout]   43:                0x0 - <unknown>
[INFO] [stdout] 
[INFO] [stdout] 
[INFO] [stdout] failures:
[INFO] [stdout]     day3::get_point_from_grid_large
[INFO] [stdout] 
[INFO] [stdout] test result: FAILED. 7 passed; 1 failed; 0 ignored; 0 measured; 0 filtered out; finished in 0.07s
[INFO] [stdout] 
[INFO] [stderr] error: test failed, to rerun pass '--bin aoc2020'
[INFO] running `Command { std: "docker" "inspect" "11798eb2fd655f5ad8eb9969374086e95f16302829801fd8ccfd5600a67473e1", kill_on_drop: false }`
[INFO] running `Command { std: "docker" "rm" "-f" "11798eb2fd655f5ad8eb9969374086e95f16302829801fd8ccfd5600a67473e1", kill_on_drop: false }`
[INFO] [stdout] 11798eb2fd655f5ad8eb9969374086e95f16302829801fd8ccfd5600a67473e1
