[INFO] cloning repository https://github.com/colepoirier/bevy_declarative_ui_experiment
[INFO] running `Command { std: "git" "-c" "credential.helper=" "-c" "credential.helper=/workspace/cargo-home/bin/git-credential-null" "clone" "--bare" "https://github.com/colepoirier/bevy_declarative_ui_experiment" "/workspace/cache/git-repos/https%3A%2F%2Fgithub.com%2Fcolepoirier%2Fbevy_declarative_ui_experiment", kill_on_drop: false }`
[INFO] [stderr] Cloning into bare repository '/workspace/cache/git-repos/https%3A%2F%2Fgithub.com%2Fcolepoirier%2Fbevy_declarative_ui_experiment'...
[INFO] running `Command { std: "git" "rev-parse" "HEAD", kill_on_drop: false }`
[INFO] [stdout] 37f2478f58bece637c58f281fbe5db461e6132b0
[INFO] testing colepoirier/bevy_declarative_ui_experiment against 1.54.0 for beta-1.55-1
[INFO] running `Command { std: "git" "clone" "/workspace/cache/git-repos/https%3A%2F%2Fgithub.com%2Fcolepoirier%2Fbevy_declarative_ui_experiment" "/workspace/builds/worker-7/source", kill_on_drop: false }`
[INFO] [stderr] Cloning into '/workspace/builds/worker-7/source'...
[INFO] [stderr] done.
[INFO] validating manifest of git repo https://github.com/colepoirier/bevy_declarative_ui_experiment on toolchain 1.54.0
[INFO] running `Command { std: "/workspace/cargo-home/bin/cargo" "+1.54.0" "metadata" "--manifest-path" "Cargo.toml" "--no-deps", kill_on_drop: false }`
[INFO] started tweaking git repo https://github.com/colepoirier/bevy_declarative_ui_experiment
[INFO] finished tweaking git repo https://github.com/colepoirier/bevy_declarative_ui_experiment
[INFO] tweaked toml for git repo https://github.com/colepoirier/bevy_declarative_ui_experiment written to /workspace/builds/worker-7/source/Cargo.toml
[INFO] crate git repo https://github.com/colepoirier/bevy_declarative_ui_experiment already has a lockfile, it will not be regenerated
[INFO] running `Command { std: "/workspace/cargo-home/bin/cargo" "+1.54.0" "fetch" "--manifest-path" "Cargo.toml", kill_on_drop: false }`
[INFO] [stderr]     Blocking waiting for file lock on package cache
[INFO] [stderr]     Blocking waiting for file lock on package cache
[INFO] running `Command { std: "docker" "create" "-v" "/var/lib/crater-agent-workspace/builds/worker-7/target:/opt/rustwide/target:rw,Z" "-v" "/var/lib/crater-agent-workspace/builds/worker-7/source:/opt/rustwide/workdir:ro,Z" "-v" "/var/lib/crater-agent-workspace/cargo-home:/opt/rustwide/cargo-home:ro,Z" "-v" "/var/lib/crater-agent-workspace/rustup-home:/opt/rustwide/rustup-home:ro,Z" "-e" "SOURCE_DIR=/opt/rustwide/workdir" "-e" "CARGO_TARGET_DIR=/opt/rustwide/target" "-e" "CARGO_HOME=/opt/rustwide/cargo-home" "-e" "RUSTUP_HOME=/opt/rustwide/rustup-home" "-w" "/opt/rustwide/workdir" "-m" "1610612736" "--user" "0:0" "--network" "none" "ghcr.io/rust-lang/crates-build-env/linux@sha256:34b6a614d2c27851fe6cbf88fbd1137609cefab8b10d0615aaeb6fd47975d74e" "/opt/rustwide/cargo-home/bin/cargo" "+1.54.0" "metadata" "--no-deps" "--format-version=1", kill_on_drop: false }`
[INFO] [stdout] 67718a78c97f58d9a41235f994f16c5de6f708cc38fac95efd77e12db5626a64
[INFO] running `Command { std: "docker" "start" "-a" "67718a78c97f58d9a41235f994f16c5de6f708cc38fac95efd77e12db5626a64", kill_on_drop: false }`
[INFO] running `Command { std: "docker" "inspect" "67718a78c97f58d9a41235f994f16c5de6f708cc38fac95efd77e12db5626a64", kill_on_drop: false }`
[INFO] running `Command { std: "docker" "rm" "-f" "67718a78c97f58d9a41235f994f16c5de6f708cc38fac95efd77e12db5626a64", kill_on_drop: false }`
[INFO] [stdout] 67718a78c97f58d9a41235f994f16c5de6f708cc38fac95efd77e12db5626a64
[INFO] running `Command { std: "docker" "create" "-v" "/var/lib/crater-agent-workspace/builds/worker-7/target:/opt/rustwide/target:rw,Z" "-v" "/var/lib/crater-agent-workspace/builds/worker-7/source:/opt/rustwide/workdir:ro,Z" "-v" "/var/lib/crater-agent-workspace/cargo-home:/opt/rustwide/cargo-home:ro,Z" "-v" "/var/lib/crater-agent-workspace/rustup-home:/opt/rustwide/rustup-home:ro,Z" "-e" "SOURCE_DIR=/opt/rustwide/workdir" "-e" "CARGO_TARGET_DIR=/opt/rustwide/target" "-e" "CARGO_INCREMENTAL=0" "-e" "RUST_BACKTRACE=full" "-e" "RUSTFLAGS=--cap-lints=warn" "-e" "CARGO_HOME=/opt/rustwide/cargo-home" "-e" "RUSTUP_HOME=/opt/rustwide/rustup-home" "-w" "/opt/rustwide/workdir" "-m" "1610612736" "--user" "0:0" "--network" "none" "ghcr.io/rust-lang/crates-build-env/linux@sha256:34b6a614d2c27851fe6cbf88fbd1137609cefab8b10d0615aaeb6fd47975d74e" "/opt/rustwide/cargo-home/bin/cargo" "+1.54.0" "build" "--frozen" "--message-format=json", kill_on_drop: false }`
[INFO] [stdout] ae50b398e3fa28c45f30e828107b2e8bae5d1fce5ca4eb2fb9b3f2b01c31434a
[INFO] running `Command { std: "docker" "start" "-a" "ae50b398e3fa28c45f30e828107b2e8bae5d1fce5ca4eb2fb9b3f2b01c31434a", kill_on_drop: false }`
[INFO] [stderr]     Blocking waiting for file lock on package cache
[INFO] [stderr]    Compiling bevy_declarative_ui_experiment v0.1.0 (/opt/rustwide/workdir)
[INFO] [stderr]     Finished dev [unoptimized + debuginfo] target(s) in 21.77s
[INFO] running `Command { std: "docker" "inspect" "ae50b398e3fa28c45f30e828107b2e8bae5d1fce5ca4eb2fb9b3f2b01c31434a", kill_on_drop: false }`
[INFO] running `Command { std: "docker" "rm" "-f" "ae50b398e3fa28c45f30e828107b2e8bae5d1fce5ca4eb2fb9b3f2b01c31434a", kill_on_drop: false }`
[INFO] [stdout] ae50b398e3fa28c45f30e828107b2e8bae5d1fce5ca4eb2fb9b3f2b01c31434a
[INFO] running `Command { std: "docker" "create" "-v" "/var/lib/crater-agent-workspace/builds/worker-7/target:/opt/rustwide/target:rw,Z" "-v" "/var/lib/crater-agent-workspace/builds/worker-7/source:/opt/rustwide/workdir:ro,Z" "-v" "/var/lib/crater-agent-workspace/cargo-home:/opt/rustwide/cargo-home:ro,Z" "-v" "/var/lib/crater-agent-workspace/rustup-home:/opt/rustwide/rustup-home:ro,Z" "-e" "SOURCE_DIR=/opt/rustwide/workdir" "-e" "CARGO_TARGET_DIR=/opt/rustwide/target" "-e" "CARGO_INCREMENTAL=0" "-e" "RUST_BACKTRACE=full" "-e" "RUSTFLAGS=--cap-lints=warn" "-e" "CARGO_HOME=/opt/rustwide/cargo-home" "-e" "RUSTUP_HOME=/opt/rustwide/rustup-home" "-w" "/opt/rustwide/workdir" "-m" "1610612736" "--user" "0:0" "--network" "none" "ghcr.io/rust-lang/crates-build-env/linux@sha256:34b6a614d2c27851fe6cbf88fbd1137609cefab8b10d0615aaeb6fd47975d74e" "/opt/rustwide/cargo-home/bin/cargo" "+1.54.0" "test" "--frozen" "--no-run" "--message-format=json", kill_on_drop: false }`
[INFO] [stdout] 03d0e50fc8ead6940b9b49717c5dec8e254131c8c8a3a6dc4eb0f5e9c271258a
[INFO] running `Command { std: "docker" "start" "-a" "03d0e50fc8ead6940b9b49717c5dec8e254131c8c8a3a6dc4eb0f5e9c271258a", kill_on_drop: false }`
[INFO] [stderr]    Compiling bevy_declarative_ui_experiment v0.1.0 (/opt/rustwide/workdir)
[INFO] [stderr]     Finished test [unoptimized + debuginfo] target(s) in 2.89s
[INFO] running `Command { std: "docker" "inspect" "03d0e50fc8ead6940b9b49717c5dec8e254131c8c8a3a6dc4eb0f5e9c271258a", kill_on_drop: false }`
[INFO] running `Command { std: "docker" "rm" "-f" "03d0e50fc8ead6940b9b49717c5dec8e254131c8c8a3a6dc4eb0f5e9c271258a", kill_on_drop: false }`
[INFO] [stdout] 03d0e50fc8ead6940b9b49717c5dec8e254131c8c8a3a6dc4eb0f5e9c271258a
[INFO] running `Command { std: "docker" "create" "-v" "/var/lib/crater-agent-workspace/builds/worker-7/target:/opt/rustwide/target:rw,Z" "-v" "/var/lib/crater-agent-workspace/builds/worker-7/source:/opt/rustwide/workdir:ro,Z" "-v" "/var/lib/crater-agent-workspace/cargo-home:/opt/rustwide/cargo-home:ro,Z" "-v" "/var/lib/crater-agent-workspace/rustup-home:/opt/rustwide/rustup-home:ro,Z" "-e" "SOURCE_DIR=/opt/rustwide/workdir" "-e" "CARGO_TARGET_DIR=/opt/rustwide/target" "-e" "CARGO_INCREMENTAL=0" "-e" "RUST_BACKTRACE=full" "-e" "RUSTFLAGS=--cap-lints=warn" "-e" "CARGO_HOME=/opt/rustwide/cargo-home" "-e" "RUSTUP_HOME=/opt/rustwide/rustup-home" "-w" "/opt/rustwide/workdir" "-m" "1610612736" "--user" "0:0" "--network" "none" "ghcr.io/rust-lang/crates-build-env/linux@sha256:34b6a614d2c27851fe6cbf88fbd1137609cefab8b10d0615aaeb6fd47975d74e" "/opt/rustwide/cargo-home/bin/cargo" "+1.54.0" "test" "--frozen", kill_on_drop: false }`
[INFO] [stdout] 9c0dfd008a012169964021a561a9ac8f34c3ea52ea5d63d110b6b428b4259cb5
[INFO] running `Command { std: "docker" "start" "-a" "9c0dfd008a012169964021a561a9ac8f34c3ea52ea5d63d110b6b428b4259cb5", kill_on_drop: false }`
[INFO] [stderr]     Finished test [unoptimized + debuginfo] target(s) in 0.00s
[INFO] [stderr]      Running unittests (/opt/rustwide/target/debug/deps/bevy_declarative_ui_experiment-4e0ed39b57e8e4a5)
[INFO] [stdout] 
[INFO] [stdout] running 2 tests
[INFO] [stdout] test style::test ... ok
[INFO] [stdout] test element::test_layout ... ok
[INFO] [stdout] 
[INFO] [stdout] test result: ok. 2 passed; 0 failed; 0 ignored; 0 measured; 0 filtered out; finished in 0.00s
[INFO] [stdout] 
[INFO] [stderr]    Doc-tests bevy_declarative_ui_experiment
[INFO] [stdout] 
[INFO] [stdout] running 14 tests
[INFO] [stdout] test src/element.rs - element::rgb (line 103) ... FAILED
[INFO] [stdout] test src/element.rs - element::modular (line 1147) ... FAILED
[INFO] [stdout] test src/element.rs - element::paragraph (line 561) ... FAILED
[INFO] [stdout] test src/element.rs - element::rgb (line 160) ... FAILED
[INFO] [stdout] test src/element.rs - element::paragraph (line 584) ... FAILED
[INFO] [stdout] test src/element.rs - element::rgb (line 66) ... FAILED
[INFO] [stdout] test src/element.rs - element::modular (line 1156) ... FAILED
[INFO] [stdout] test src/element.rs - element::rgb (line 170) ... FAILED
[INFO] [stdout] test src/input.rs - input::Placeholder (line 110) ... FAILED
[INFO] [stdout] test src/input.rs - input::Placeholder (line 179) ... FAILED
[INFO] [stdout] test src/element.rs - element::rgb (line 93) ... FAILED
[INFO] [stdout] test src/input.rs - input::Placeholder (line 48) ... FAILED
[INFO] [stdout] test src/element.rs - element::rgb (line 88) ... FAILED
[INFO] [stdout] test src/element.rs - element::el (line 369) ... FAILED
[INFO] [stdout] 
[INFO] [stdout] failures:
[INFO] [stdout] 
[INFO] [stdout] ---- src/element.rs - element::rgb (line 103) stdout ----
[INFO] [stdout] error: expected parameter name, found `|`
[INFO] [stdout]  --> src/element.rs:104:3
[INFO] [stdout]   |
[INFO] [stdout] 3 | |-|-|    |-|    |-|
[INFO] [stdout]   |   ^ expected parameter name
[INFO] [stdout] 
[INFO] [stdout] error: aborting due to previous error
[INFO] [stdout] 
[INFO] [stdout] Couldn't compile the test.
[INFO] [stdout] ---- src/element.rs - element::modular (line 1147) stdout ----
[INFO] [stdout] error: expected one of `!`, `)`, `,`, `.`, `::`, `?`, `{`, or an operator, found `1`
[INFO] [stdout]  --> src/element.rs:1148:19
[INFO] [stdout]   |
[INFO] [stdout] 3 | Font.size (scaled 1) -- results in 16
[INFO] [stdout]   |                  -^ expected one of 8 possible tokens
[INFO] [stdout]   |                  |
[INFO] [stdout]   |                  help: missing `,`
[INFO] [stdout] 
[INFO] [stdout] error: expected one of `!`, `.`, `::`, `;`, `?`, `{`, `}`, or an operator, found keyword `in`
[INFO] [stdout]  --> src/element.rs:1148:33
[INFO] [stdout]   |
[INFO] [stdout] 3 | Font.size (scaled 1) -- results in 16
[INFO] [stdout]   |                                 ^^ expected one of 8 possible tokens
[INFO] [stdout] 
[INFO] [stdout] error: aborting due to 2 previous errors
[INFO] [stdout] 
[INFO] [stdout] Couldn't compile the test.
[INFO] [stdout] ---- src/element.rs - element::paragraph (line 561) stdout ----
[INFO] [stdout] error: expected one of `!`, `.`, `::`, `;`, `?`, `{`, `}`, or an operator, found `Element`
[INFO] [stdout]  --> src/element.rs:562:8
[INFO] [stdout]   |
[INFO] [stdout] 3 | import Element exposing (el, paragraph, text)
[INFO] [stdout]   |        ^^^^^^^ expected one of 8 possible tokens
[INFO] [stdout] 
[INFO] [stdout] error: aborting due to previous error
[INFO] [stdout] 
[INFO] [stdout] Couldn't compile the test.
[INFO] [stdout] ---- src/element.rs - element::rgb (line 160) stdout ----
[INFO] [stdout] error: expected expression, found `]`
[INFO] [stdout]  --> src/element.rs:161:14
[INFO] [stdout]   |
[INFO] [stdout] 3 | Element.row []
[INFO] [stdout]   |              ^ expected expression
[INFO] [stdout] 
[INFO] [stdout] error: aborting due to previous error
[INFO] [stdout] 
[INFO] [stdout] Couldn't compile the test.
[INFO] [stdout] ---- src/element.rs - element::paragraph (line 584) stdout ----
[INFO] [stdout] error: expected one of `!`, `.`, `::`, `;`, `?`, `{`, `}`, or an operator, found `Element`
[INFO] [stdout]  --> src/element.rs:585:8
[INFO] [stdout]   |
[INFO] [stdout] 3 | import Element exposing (alignLeft, el, padding, paragraph, text)
[INFO] [stdout]   |        ^^^^^^^ expected one of 8 possible tokens
[INFO] [stdout] 
[INFO] [stdout] error: aborting due to previous error
[INFO] [stdout] 
[INFO] [stdout] Couldn't compile the test.
[INFO] [stdout] ---- src/element.rs - element::rgb (line 66) stdout ----
[INFO] [stdout] error: expected one of `!`, `.`, `::`, `?`, `]`, `{`, or an operator, found `10`
[INFO] [stdout]  --> src/element.rs:67:23
[INFO] [stdout]   |
[INFO] [stdout] 3 | Element.row [ padding 10, spacing 7 ]
[INFO] [stdout]   |                       ^^ expected one of 7 possible tokens
[INFO] [stdout] 
[INFO] [stdout] error: aborting due to previous error
[INFO] [stdout] 
[INFO] [stdout] Couldn't compile the test.
[INFO] [stdout] ---- src/element.rs - element::modular (line 1156) stdout ----
[INFO] [stdout] error: expected one of `.`, `;`, `?`, `}`, or an operator, found `results`
[INFO] [stdout]  --> src/element.rs:1157:43
[INFO] [stdout]   |
[INFO] [stdout] 3 | Font.size (scaled -1) -- 16 * 1.25 ^ (-1) results in 12.8
[INFO] [stdout]   |                                           ^^^^^^^ expected one of `.`, `;`, `?`, `}`, or an operator
[INFO] [stdout] 
[INFO] [stdout] error: aborting due to previous error
[INFO] [stdout] 
[INFO] [stdout] Couldn't compile the test.
[INFO] [stdout] ---- src/element.rs - element::rgb (line 170) stdout ----
[INFO] [stdout] error: expected parameter name, found `I`
[INFO] [stdout]  --> src/element.rs:171:4
[INFO] [stdout]   |
[INFO] [stdout] 3 | |- I'm normal! -|
[INFO] [stdout]   |    ^ expected parameter name
[INFO] [stdout] 
[INFO] [stdout] error: aborting due to previous error
[INFO] [stdout] 
[INFO] [stdout] Couldn't compile the test.
[INFO] [stdout] ---- src/input.rs - input::Placeholder (line 110) stdout ----
[INFO] [stdout] error: expected one of `!`, `.`, `::`, `?`, `]`, `{`, or an operator, found `10`
[INFO] [stdout]  --> src/input.rs:112:15
[INFO] [stdout]   |
[INFO] [stdout] 4 |     [ padding 10
[INFO] [stdout]   |               ^^ expected one of 7 possible tokens
[INFO] [stdout] 
[INFO] [stdout] error: aborting due to previous error
[INFO] [stdout] 
[INFO] [stdout] Couldn't compile the test.
[INFO] [stdout] ---- src/input.rs - input::Placeholder (line 179) stdout ----
[INFO] [stdout] error: expected one of `!`, `.`, `::`, `;`, `?`, `{`, `}`, or an operator, found `Element`
[INFO] [stdout]  --> src/input.rs:180:8
[INFO] [stdout]   |
[INFO] [stdout] 3 | import Element.Input as Input
[INFO] [stdout]   |        ^^^^^^^ expected one of 8 possible tokens
[INFO] [stdout] 
[INFO] [stdout] error: aborting due to previous error
[INFO] [stdout] 
[INFO] [stdout] Couldn't compile the test.
[INFO] [stdout] ---- src/element.rs - element::rgb (line 93) stdout ----
[INFO] [stdout] error: expected expression, found `]`
[INFO] [stdout]  --> src/element.rs:94:14
[INFO] [stdout]   |
[INFO] [stdout] 3 | Element.row []
[INFO] [stdout]   |              ^ expected expression
[INFO] [stdout] 
[INFO] [stdout] error: aborting due to previous error
[INFO] [stdout] 
[INFO] [stdout] Couldn't compile the test.
[INFO] [stdout] ---- src/input.rs - input::Placeholder (line 48) stdout ----
[INFO] [stdout] error: expected one of `!`, `.`, `::`, `;`, `?`, `{`, `}`, or an operator, found `Element`
[INFO] [stdout]  --> src/input.rs:49:8
[INFO] [stdout]   |
[INFO] [stdout] 3 | import Element exposing (text)
[INFO] [stdout]   |        ^^^^^^^ expected one of 8 possible tokens
[INFO] [stdout] 
[INFO] [stdout] error: aborting due to previous error
[INFO] [stdout] 
[INFO] [stdout] Couldn't compile the test.
[INFO] [stdout] ---- src/element.rs - element::rgb (line 88) stdout ----
[INFO] [stdout] error: expected one of `!`, `.`, `::`, `?`, `]`, `{`, or an operator, found `,`
[INFO] [stdout]  --> src/element.rs:89:21
[INFO] [stdout]   |
[INFO] [stdout] 3 | Element.el [ centerX, alignTop ] (text "I'm centered and aligned top!")
[INFO] [stdout]   |                     ^ expected one of 7 possible tokens
[INFO] [stdout] 
[INFO] [stdout] error: aborting due to previous error
[INFO] [stdout] 
[INFO] [stdout] Couldn't compile the test.
[INFO] [stdout] ---- src/element.rs - element::el (line 369) stdout ----
[INFO] [stdout] error[E0432]: unresolved import `element`
[INFO] [stdout]  --> src/element.rs:370:5
[INFO] [stdout]   |
[INFO] [stdout] 3 | use element::{Element, rgb, el};
[INFO] [stdout]   |     ^^^^^^^ help: a similar path exists: `bevy_declarative_ui_experiment::element`
[INFO] [stdout] 
[INFO] [stdout] error[E0425]: cannot find function `text` in this scope
[INFO] [stdout]  --> src/element.rs:373:9
[INFO] [stdout]   |
[INFO] [stdout] 6 |     el([text(
[INFO] [stdout]   |         ^^^^ not found in this scope
[INFO] [stdout]   |
[INFO] [stdout] help: consider importing one of these items
[INFO] [stdout]   |
[INFO] [stdout] 2 | use bevy_declarative_ui_experiment::vdom::html::text;
[INFO] [stdout]   |
[INFO] [stdout] 2 | use bevy_declarative_ui_experiment::vdom::text;
[INFO] [stdout]   |
[INFO] [stdout] 
[INFO] [stdout] error: aborting due to 2 previous errors
[INFO] [stdout] 
[INFO] [stdout] Some errors have detailed explanations: E0425, E0432.
[INFO] [stdout] For more information about an error, try `rustc --explain E0425`.
[INFO] [stdout] Couldn't compile the test.
[INFO] [stdout] 
[INFO] [stdout] failures:
[INFO] [stdout]     src/element.rs - element::el (line 369)
[INFO] [stdout]     src/element.rs - element::modular (line 1147)
[INFO] [stdout]     src/element.rs - element::modular (line 1156)
[INFO] [stdout]     src/element.rs - element::paragraph (line 561)
[INFO] [stdout]     src/element.rs - element::paragraph (line 584)
[INFO] [stdout]     src/element.rs - element::rgb (line 103)
[INFO] [stdout]     src/element.rs - element::rgb (line 160)
[INFO] [stdout]     src/element.rs - element::rgb (line 170)
[INFO] [stdout]     src/element.rs - element::rgb (line 66)
[INFO] [stdout]     src/element.rs - element::rgb (line 88)
[INFO] [stdout]     src/element.rs - element::rgb (line 93)
[INFO] [stdout]     src/input.rs - input::Placeholder (line 110)
[INFO] [stdout]     src/input.rs - input::Placeholder (line 179)
[INFO] [stdout]     src/input.rs - input::Placeholder (line 48)
[INFO] [stdout] 
[INFO] [stdout] test result: FAILED. 0 passed; 14 failed; 0 ignored; 0 measured; 0 filtered out; finished in 0.09s
[INFO] [stdout] 
[INFO] [stderr] error: test failed, to rerun pass '--doc'
[INFO] running `Command { std: "docker" "inspect" "9c0dfd008a012169964021a561a9ac8f34c3ea52ea5d63d110b6b428b4259cb5", kill_on_drop: false }`
[INFO] running `Command { std: "docker" "rm" "-f" "9c0dfd008a012169964021a561a9ac8f34c3ea52ea5d63d110b6b428b4259cb5", kill_on_drop: false }`
[INFO] [stdout] 9c0dfd008a012169964021a561a9ac8f34c3ea52ea5d63d110b6b428b4259cb5
