[INFO] cloning repository https://github.com/christopherjmedlin/hackman
[INFO] running `Command { std: "git" "-c" "credential.helper=" "-c" "credential.helper=/workspace/cargo-home/bin/git-credential-null" "clone" "--bare" "https://github.com/christopherjmedlin/hackman" "/workspace/cache/git-repos/https%3A%2F%2Fgithub.com%2Fchristopherjmedlin%2Fhackman", kill_on_drop: false }`
[INFO] [stderr] Cloning into bare repository '/workspace/cache/git-repos/https%3A%2F%2Fgithub.com%2Fchristopherjmedlin%2Fhackman'...
[INFO] running `Command { std: "git" "rev-parse" "HEAD", kill_on_drop: false }`
[INFO] [stdout] 116a625552d35f2f8a7bd06f69005ef7283238b0
[INFO] testing christopherjmedlin/hackman against beta-2021-08-01 for beta-1.55-1
[INFO] running `Command { std: "git" "clone" "/workspace/cache/git-repos/https%3A%2F%2Fgithub.com%2Fchristopherjmedlin%2Fhackman" "/workspace/builds/worker-11/source", kill_on_drop: false }`
[INFO] [stderr] Cloning into '/workspace/builds/worker-11/source'...
[INFO] [stderr] done.
[INFO] validating manifest of git repo https://github.com/christopherjmedlin/hackman on toolchain beta-2021-08-01
[INFO] running `Command { std: "/workspace/cargo-home/bin/cargo" "+beta-2021-08-01" "metadata" "--manifest-path" "Cargo.toml" "--no-deps", kill_on_drop: false }`
[INFO] started tweaking git repo https://github.com/christopherjmedlin/hackman
[INFO] finished tweaking git repo https://github.com/christopherjmedlin/hackman
[INFO] tweaked toml for git repo https://github.com/christopherjmedlin/hackman written to /workspace/builds/worker-11/source/Cargo.toml
[INFO] crate git repo https://github.com/christopherjmedlin/hackman already has a lockfile, it will not be regenerated
[INFO] running `Command { std: "/workspace/cargo-home/bin/cargo" "+beta-2021-08-01" "fetch" "--manifest-path" "Cargo.toml", kill_on_drop: false }`
[INFO] running `Command { std: "docker" "create" "-v" "/var/lib/crater-agent-workspace/builds/worker-11/target:/opt/rustwide/target:rw,Z" "-v" "/var/lib/crater-agent-workspace/builds/worker-11/source:/opt/rustwide/workdir:ro,Z" "-v" "/var/lib/crater-agent-workspace/cargo-home:/opt/rustwide/cargo-home:ro,Z" "-v" "/var/lib/crater-agent-workspace/rustup-home:/opt/rustwide/rustup-home:ro,Z" "-e" "SOURCE_DIR=/opt/rustwide/workdir" "-e" "CARGO_TARGET_DIR=/opt/rustwide/target" "-e" "CARGO_HOME=/opt/rustwide/cargo-home" "-e" "RUSTUP_HOME=/opt/rustwide/rustup-home" "-w" "/opt/rustwide/workdir" "-m" "1610612736" "--user" "0:0" "--network" "none" "ghcr.io/rust-lang/crates-build-env/linux@sha256:34b6a614d2c27851fe6cbf88fbd1137609cefab8b10d0615aaeb6fd47975d74e" "/opt/rustwide/cargo-home/bin/cargo" "+beta-2021-08-01" "metadata" "--no-deps" "--format-version=1", kill_on_drop: false }`
[INFO] [stdout] 98410cba4ea23734908e208a1cf5de068047dc65da4239fb43ddca65f2770916
[INFO] [stderr] WARNING: Your kernel does not support swap limit capabilities or the cgroup is not mounted. Memory limited without swap.
[INFO] running `Command { std: "docker" "start" "-a" "98410cba4ea23734908e208a1cf5de068047dc65da4239fb43ddca65f2770916", kill_on_drop: false }`
[INFO] running `Command { std: "docker" "inspect" "98410cba4ea23734908e208a1cf5de068047dc65da4239fb43ddca65f2770916", kill_on_drop: false }`
[INFO] running `Command { std: "docker" "rm" "-f" "98410cba4ea23734908e208a1cf5de068047dc65da4239fb43ddca65f2770916", kill_on_drop: false }`
[INFO] [stdout] 98410cba4ea23734908e208a1cf5de068047dc65da4239fb43ddca65f2770916
[INFO] running `Command { std: "docker" "create" "-v" "/var/lib/crater-agent-workspace/builds/worker-11/target:/opt/rustwide/target:rw,Z" "-v" "/var/lib/crater-agent-workspace/builds/worker-11/source:/opt/rustwide/workdir:ro,Z" "-v" "/var/lib/crater-agent-workspace/cargo-home:/opt/rustwide/cargo-home:ro,Z" "-v" "/var/lib/crater-agent-workspace/rustup-home:/opt/rustwide/rustup-home:ro,Z" "-e" "SOURCE_DIR=/opt/rustwide/workdir" "-e" "CARGO_TARGET_DIR=/opt/rustwide/target" "-e" "CARGO_INCREMENTAL=0" "-e" "RUST_BACKTRACE=full" "-e" "RUSTFLAGS=--cap-lints=warn" "-e" "CARGO_HOME=/opt/rustwide/cargo-home" "-e" "RUSTUP_HOME=/opt/rustwide/rustup-home" "-w" "/opt/rustwide/workdir" "-m" "1610612736" "--user" "0:0" "--network" "none" "ghcr.io/rust-lang/crates-build-env/linux@sha256:34b6a614d2c27851fe6cbf88fbd1137609cefab8b10d0615aaeb6fd47975d74e" "/opt/rustwide/cargo-home/bin/cargo" "+beta-2021-08-01" "build" "--frozen" "--message-format=json", kill_on_drop: false }`
[INFO] [stdout] 7120b9309d5924f4afcd6bd8a00fb60f2bb7109e353cf833b4f5509d1273f13a
[INFO] [stderr] WARNING: Your kernel does not support swap limit capabilities or the cgroup is not mounted. Memory limited without swap.
[INFO] running `Command { std: "docker" "start" "-a" "7120b9309d5924f4afcd6bd8a00fb60f2bb7109e353cf833b4f5509d1273f13a", kill_on_drop: false }`
[INFO] [stderr]    Compiling sdl2-sys v0.31.0
[INFO] [stderr]    Compiling num-integer v0.1.39
[INFO] [stderr]    Compiling rand v0.4.6
[INFO] [stderr]    Compiling num-iter v0.1.37
[INFO] [stderr]    Compiling num v0.1.42
[INFO] [stderr]    Compiling rand v0.3.23
[INFO] [stderr]    Compiling sdl2 v0.31.0
[INFO] [stderr]    Compiling pacman v0.1.0 (/opt/rustwide/workdir)
[INFO] [stdout] warning: trait objects without an explicit `dyn` are deprecated
[INFO] [stdout]   --> src/cpu/mod.rs:49:22
[INFO] [stdout]    |
[INFO] [stdout] 49 |         memory: &mut Memory,
[INFO] [stdout]    |                      ^^^^^^ help: use `dyn`: `dyn Memory`
[INFO] [stdout]    |
[INFO] [stdout]    = note: `#[warn(bare_trait_objects)]` on by default
[INFO] [stdout]    = warning: this is accepted in the current edition (Rust 2015) but is a hard error in Rust 2021!
[INFO] [stdout]    = note: for more information, see issue #80165 <https://github.com/rust-lang/rust/issues/80165>
[INFO] [stdout] 
[INFO] [stdout] 
[INFO] [stdout] warning: trait objects without an explicit `dyn` are deprecated
[INFO] [stdout]   --> src/cpu/mod.rs:50:18
[INFO] [stdout]    |
[INFO] [stdout] 50 |         io: &mut InputOutput,
[INFO] [stdout]    |                  ^^^^^^^^^^^ help: use `dyn`: `dyn InputOutput`
[INFO] [stdout]    |
[INFO] [stdout]    = warning: this is accepted in the current edition (Rust 2015) but is a hard error in Rust 2021!
[INFO] [stdout]    = note: for more information, see issue #80165 <https://github.com/rust-lang/rust/issues/80165>
[INFO] [stdout] 
[INFO] [stdout] 
[INFO] [stdout] warning: trait objects without an explicit `dyn` are deprecated
[INFO] [stdout]   --> src/cpu/mod.rs:73:22
[INFO] [stdout]    |
[INFO] [stdout] 73 |         memory: &mut Memory,
[INFO] [stdout]    |                      ^^^^^^ help: use `dyn`: `dyn Memory`
[INFO] [stdout]    |
[INFO] [stdout]    = warning: this is accepted in the current edition (Rust 2015) but is a hard error in Rust 2021!
[INFO] [stdout]    = note: for more information, see issue #80165 <https://github.com/rust-lang/rust/issues/80165>
[INFO] [stdout] 
[INFO] [stdout] 
[INFO] [stdout] warning: trait objects without an explicit `dyn` are deprecated
[INFO] [stdout]   --> src/cpu/mod.rs:74:18
[INFO] [stdout]    |
[INFO] [stdout] 74 |         io: &mut InputOutput,
[INFO] [stdout]    |                  ^^^^^^^^^^^ help: use `dyn`: `dyn InputOutput`
[INFO] [stdout]    |
[INFO] [stdout]    = warning: this is accepted in the current edition (Rust 2015) but is a hard error in Rust 2021!
[INFO] [stdout]    = note: for more information, see issue #80165 <https://github.com/rust-lang/rust/issues/80165>
[INFO] [stdout] 
[INFO] [stdout] 
[INFO] [stdout] warning: `...` range patterns are deprecated
[INFO] [stdout]    --> src/cpu/mod.rs:134:18
[INFO] [stdout]     |
[INFO] [stdout] 134 |             (0, 4...7, 0) => {
[INFO] [stdout]     |                  ^^^ help: use `..=` for an inclusive range
[INFO] [stdout]     |
[INFO] [stdout]     = note: `#[warn(ellipsis_inclusive_range_patterns)]` on by default
[INFO] [stdout]     = warning: this is accepted in the current edition (Rust 2015) but is a hard error in Rust 2021!
[INFO] [stdout]     = note: for more information, see issue #80165 <https://github.com/rust-lang/rust/issues/80165>
[INFO] [stdout] 
[INFO] [stdout] 
[INFO] [stdout] warning: trait objects without an explicit `dyn` are deprecated
[INFO] [stdout]    --> src/cpu/mod.rs:539:46
[INFO] [stdout]     |
[INFO] [stdout] 539 |     fn run_cb_opcode(&mut self, memory: &mut Memory, io: &mut InputOutput, ext: bool) -> usize {
[INFO] [stdout]     |                                              ^^^^^^ help: use `dyn`: `dyn Memory`
[INFO] [stdout]     |
[INFO] [stdout]     = warning: this is accepted in the current edition (Rust 2015) but is a hard error in Rust 2021!
[INFO] [stdout]     = note: for more information, see issue #80165 <https://github.com/rust-lang/rust/issues/80165>
[INFO] [stdout] 
[INFO] [stdout] 
[INFO] [stdout] warning: trait objects without an explicit `dyn` are deprecated
[INFO] [stdout]    --> src/cpu/mod.rs:539:63
[INFO] [stdout]     |
[INFO] [stdout] 539 |     fn run_cb_opcode(&mut self, memory: &mut Memory, io: &mut InputOutput, ext: bool) -> usize {
[INFO] [stdout]     |                                                               ^^^^^^^^^^^ help: use `dyn`: `dyn InputOutput`
[INFO] [stdout]     |
[INFO] [stdout]     = warning: this is accepted in the current edition (Rust 2015) but is a hard error in Rust 2021!
[INFO] [stdout]     = note: for more information, see issue #80165 <https://github.com/rust-lang/rust/issues/80165>
[INFO] [stdout] 
[INFO] [stdout] 
[INFO] [stdout] warning: trait objects without an explicit `dyn` are deprecated
[INFO] [stdout]    --> src/cpu/mod.rs:626:58
[INFO] [stdout]     |
[INFO] [stdout] 626 |     fn run_ed_opcode(&mut self, opcode: u8, memory: &mut Memory, io: &mut InputOutput) -> usize {
[INFO] [stdout]     |                                                          ^^^^^^ help: use `dyn`: `dyn Memory`
[INFO] [stdout]     |
[INFO] [stdout]     = warning: this is accepted in the current edition (Rust 2015) but is a hard error in Rust 2021!
[INFO] [stdout]     = note: for more information, see issue #80165 <https://github.com/rust-lang/rust/issues/80165>
[INFO] [stdout] 
[INFO] [stdout] 
[INFO] [stdout] warning: trait objects without an explicit `dyn` are deprecated
[INFO] [stdout]    --> src/cpu/mod.rs:626:75
[INFO] [stdout]     |
[INFO] [stdout] 626 |     fn run_ed_opcode(&mut self, opcode: u8, memory: &mut Memory, io: &mut InputOutput) -> usize {
[INFO] [stdout]     |                                                                           ^^^^^^^^^^^ help: use `dyn`: `dyn InputOutput`
[INFO] [stdout]     |
[INFO] [stdout]     = warning: this is accepted in the current edition (Rust 2015) but is a hard error in Rust 2021!
[INFO] [stdout]     = note: for more information, see issue #80165 <https://github.com/rust-lang/rust/issues/80165>
[INFO] [stdout] 
[INFO] [stdout] 
[INFO] [stdout] warning: `...` range patterns are deprecated
[INFO] [stdout]    --> src/cpu/mod.rs:782:21
[INFO] [stdout]     |
[INFO] [stdout] 782 |             (2, _, 0...3) => {
[INFO] [stdout]     |                     ^^^ help: use `..=` for an inclusive range
[INFO] [stdout]     |
[INFO] [stdout]     = warning: this is accepted in the current edition (Rust 2015) but is a hard error in Rust 2021!
[INFO] [stdout]     = note: for more information, see issue #80165 <https://github.com/rust-lang/rust/issues/80165>
[INFO] [stdout] 
[INFO] [stdout] 
[INFO] [stdout] warning: trait objects without an explicit `dyn` are deprecated
[INFO] [stdout]    --> src/cpu/mod.rs:792:42
[INFO] [stdout]     |
[INFO] [stdout] 792 |     fn r(&mut self, index: u8, mem: &mut Memory) -> u8 {
[INFO] [stdout]     |                                          ^^^^^^ help: use `dyn`: `dyn Memory`
[INFO] [stdout]     |
[INFO] [stdout]     = warning: this is accepted in the current edition (Rust 2015) but is a hard error in Rust 2021!
[INFO] [stdout]     = note: for more information, see issue #80165 <https://github.com/rust-lang/rust/issues/80165>
[INFO] [stdout] 
[INFO] [stdout] 
[INFO] [stdout] warning: trait objects without an explicit `dyn` are deprecated
[INFO] [stdout]    --> src/cpu/mod.rs:800:58
[INFO] [stdout]     |
[INFO] [stdout] 800 |     fn write_r(&mut self, index: u8, byte: u8, mem: &mut Memory) {
[INFO] [stdout]     |                                                          ^^^^^^ help: use `dyn`: `dyn Memory`
[INFO] [stdout]     |
[INFO] [stdout]     = warning: this is accepted in the current edition (Rust 2015) but is a hard error in Rust 2021!
[INFO] [stdout]     = note: for more information, see issue #80165 <https://github.com/rust-lang/rust/issues/80165>
[INFO] [stdout] 
[INFO] [stdout] 
[INFO] [stdout] warning: trait objects without an explicit `dyn` are deprecated
[INFO] [stdout]    --> src/cpu/mod.rs:808:47
[INFO] [stdout]     |
[INFO] [stdout] 808 |     fn bli(&mut self, a: u8, b: u8, mem: &mut Memory, io: &mut InputOutput) {
[INFO] [stdout]     |                                               ^^^^^^ help: use `dyn`: `dyn Memory`
[INFO] [stdout]     |
[INFO] [stdout]     = warning: this is accepted in the current edition (Rust 2015) but is a hard error in Rust 2021!
[INFO] [stdout]     = note: for more information, see issue #80165 <https://github.com/rust-lang/rust/issues/80165>
[INFO] [stdout] 
[INFO] [stdout] 
[INFO] [stdout] warning: trait objects without an explicit `dyn` are deprecated
[INFO] [stdout]    --> src/cpu/mod.rs:808:64
[INFO] [stdout]     |
[INFO] [stdout] 808 |     fn bli(&mut self, a: u8, b: u8, mem: &mut Memory, io: &mut InputOutput) {
[INFO] [stdout]     |                                                                ^^^^^^^^^^^ help: use `dyn`: `dyn InputOutput`
[INFO] [stdout]     |
[INFO] [stdout]     = warning: this is accepted in the current edition (Rust 2015) but is a hard error in Rust 2021!
[INFO] [stdout]     = note: for more information, see issue #80165 <https://github.com/rust-lang/rust/issues/80165>
[INFO] [stdout] 
[INFO] [stdout] 
[INFO] [stdout] warning: trait objects without an explicit `dyn` are deprecated
[INFO] [stdout]    --> src/cpu/mod.rs:952:42
[INFO] [stdout]     |
[INFO] [stdout] 952 |     fn load_inc_dec(&mut self, mem: &mut Memory, inc: bool) {
[INFO] [stdout]     |                                          ^^^^^^ help: use `dyn`: `dyn Memory`
[INFO] [stdout]     |
[INFO] [stdout]     = warning: this is accepted in the current edition (Rust 2015) but is a hard error in Rust 2021!
[INFO] [stdout]     = note: for more information, see issue #80165 <https://github.com/rust-lang/rust/issues/80165>
[INFO] [stdout] 
[INFO] [stdout] 
[INFO] [stdout] warning: trait objects without an explicit `dyn` are deprecated
[INFO] [stdout]    --> src/cpu/mod.rs:974:42
[INFO] [stdout]     |
[INFO] [stdout] 974 |     fn comp_inc_dec(&mut self, mem: &mut Memory, inc: bool) {
[INFO] [stdout]     |                                          ^^^^^^ help: use `dyn`: `dyn Memory`
[INFO] [stdout]     |
[INFO] [stdout]     = warning: this is accepted in the current edition (Rust 2015) but is a hard error in Rust 2021!
[INFO] [stdout]     = note: for more information, see issue #80165 <https://github.com/rust-lang/rust/issues/80165>
[INFO] [stdout] 
[INFO] [stdout] 
[INFO] [stdout] warning: trait objects without an explicit `dyn` are deprecated
[INFO] [stdout]     --> src/cpu/mod.rs:1274:42
[INFO] [stdout]      |
[INFO] [stdout] 1274 |     fn dec_8(&mut self, y: u8, mem: &mut Memory) {
[INFO] [stdout]      |                                          ^^^^^^ help: use `dyn`: `dyn Memory`
[INFO] [stdout]      |
[INFO] [stdout]      = warning: this is accepted in the current edition (Rust 2015) but is a hard error in Rust 2021!
[INFO] [stdout]      = note: for more information, see issue #80165 <https://github.com/rust-lang/rust/issues/80165>
[INFO] [stdout] 
[INFO] [stdout] 
[INFO] [stdout] warning: trait objects without an explicit `dyn` are deprecated
[INFO] [stdout]     --> src/cpu/mod.rs:1288:42
[INFO] [stdout]      |
[INFO] [stdout] 1288 |     fn inc_8(&mut self, y: u8, mem: &mut Memory) {
[INFO] [stdout]      |                                          ^^^^^^ help: use `dyn`: `dyn Memory`
[INFO] [stdout]      |
[INFO] [stdout]      = warning: this is accepted in the current edition (Rust 2015) but is a hard error in Rust 2021!
[INFO] [stdout]      = note: for more information, see issue #80165 <https://github.com/rust-lang/rust/issues/80165>
[INFO] [stdout] 
[INFO] [stdout] 
[INFO] [stdout] warning: trait objects without an explicit `dyn` are deprecated
[INFO] [stdout]     --> src/cpu/mod.rs:1303:34
[INFO] [stdout]      |
[INFO] [stdout] 1303 |     fn call(&mut self, mem: &mut Memory, addr: u16) {
[INFO] [stdout]      |                                  ^^^^^^ help: use `dyn`: `dyn Memory`
[INFO] [stdout]      |
[INFO] [stdout]      = warning: this is accepted in the current edition (Rust 2015) but is a hard error in Rust 2021!
[INFO] [stdout]      = note: for more information, see issue #80165 <https://github.com/rust-lang/rust/issues/80165>
[INFO] [stdout] 
[INFO] [stdout] 
[INFO] [stdout] warning: trait objects without an explicit `dyn` are deprecated
[INFO] [stdout]     --> src/cpu/mod.rs:1310:33
[INFO] [stdout]      |
[INFO] [stdout] 1310 |     fn ret(&mut self, mem: &mut Memory) {
[INFO] [stdout]      |                                 ^^^^^^ help: use `dyn`: `dyn Memory`
[INFO] [stdout]      |
[INFO] [stdout]      = warning: this is accepted in the current edition (Rust 2015) but is a hard error in Rust 2021!
[INFO] [stdout]      = note: for more information, see issue #80165 <https://github.com/rust-lang/rust/issues/80165>
[INFO] [stdout] 
[INFO] [stdout] 
[INFO] [stdout] warning: trait objects without an explicit `dyn` are deprecated
[INFO] [stdout]     --> src/cpu/mod.rs:1316:39
[INFO] [stdout]      |
[INFO] [stdout] 1316 |     fn pop_stack(&mut self, mem: &mut Memory) -> u8 {
[INFO] [stdout]      |                                       ^^^^^^ help: use `dyn`: `dyn Memory`
[INFO] [stdout]      |
[INFO] [stdout]      = warning: this is accepted in the current edition (Rust 2015) but is a hard error in Rust 2021!
[INFO] [stdout]      = note: for more information, see issue #80165 <https://github.com/rust-lang/rust/issues/80165>
[INFO] [stdout] 
[INFO] [stdout] 
[INFO] [stdout] warning: trait objects without an explicit `dyn` are deprecated
[INFO] [stdout]     --> src/cpu/mod.rs:1324:40
[INFO] [stdout]      |
[INFO] [stdout] 1324 |     fn push_stack(&mut self, mem: &mut Memory, byte: u8) {
[INFO] [stdout]      |                                        ^^^^^^ help: use `dyn`: `dyn Memory`
[INFO] [stdout]      |
[INFO] [stdout]      = warning: this is accepted in the current edition (Rust 2015) but is a hard error in Rust 2021!
[INFO] [stdout]      = note: for more information, see issue #80165 <https://github.com/rust-lang/rust/issues/80165>
[INFO] [stdout] 
[INFO] [stdout] 
[INFO] [stdout] warning: trait objects without an explicit `dyn` are deprecated
[INFO] [stdout]     --> src/cpu/mod.rs:1333:43
[INFO] [stdout]      |
[INFO] [stdout] 1333 |     fn push_stack_16(&mut self, mem: &mut Memory, word: u16) {
[INFO] [stdout]      |                                           ^^^^^^ help: use `dyn`: `dyn Memory`
[INFO] [stdout]      |
[INFO] [stdout]      = warning: this is accepted in the current edition (Rust 2015) but is a hard error in Rust 2021!
[INFO] [stdout]      = note: for more information, see issue #80165 <https://github.com/rust-lang/rust/issues/80165>
[INFO] [stdout] 
[INFO] [stdout] 
[INFO] [stdout] warning: trait objects without an explicit `dyn` are deprecated
[INFO] [stdout]     --> src/cpu/mod.rs:1338:42
[INFO] [stdout]      |
[INFO] [stdout] 1338 |     fn pop_stack_16(&mut self, mem: &mut Memory) -> u16 {
[INFO] [stdout]      |                                          ^^^^^^ help: use `dyn`: `dyn Memory`
[INFO] [stdout]      |
[INFO] [stdout]      = warning: this is accepted in the current edition (Rust 2015) but is a hard error in Rust 2021!
[INFO] [stdout]      = note: for more information, see issue #80165 <https://github.com/rust-lang/rust/issues/80165>
[INFO] [stdout] 
[INFO] [stdout] 
[INFO] [stdout] warning: `...` range patterns are deprecated
[INFO] [stdout]   --> src/memory_map.rs:74:24
[INFO] [stdout]    |
[INFO] [stdout] 74 |         (GAME_ROM_START...GAME_ROM_END, false) => {
[INFO] [stdout]    |                        ^^^ help: use `..=` for an inclusive range
[INFO] [stdout]    |
[INFO] [stdout]    = warning: this is accepted in the current edition (Rust 2015) but is a hard error in Rust 2021!
[INFO] [stdout]    = note: for more information, see issue #80165 <https://github.com/rust-lang/rust/issues/80165>
[INFO] [stdout] 
[INFO] [stdout] 
[INFO] [stdout] warning: `...` range patterns are deprecated
[INFO] [stdout]   --> src/memory_map.rs:78:24
[INFO] [stdout]    |
[INFO] [stdout] 78 |         (GAME_ROM_START...GAME_ROM_END, true) => Err("Cannot write to ROM."),
[INFO] [stdout]    |                        ^^^ help: use `..=` for an inclusive range
[INFO] [stdout]    |
[INFO] [stdout]    = warning: this is accepted in the current edition (Rust 2015) but is a hard error in Rust 2021!
[INFO] [stdout]    = note: for more information, see issue #80165 <https://github.com/rust-lang/rust/issues/80165>
[INFO] [stdout] 
[INFO] [stdout] 
[INFO] [stdout] warning: `...` range patterns are deprecated
[INFO] [stdout]   --> src/memory_map.rs:80:26
[INFO] [stdout]    |
[INFO] [stdout] 80 |         (VRAM_TILES_START...VRAM_TILES_END, _) => {
[INFO] [stdout]    |                          ^^^ help: use `..=` for an inclusive range
[INFO] [stdout]    |
[INFO] [stdout]    = warning: this is accepted in the current edition (Rust 2015) but is a hard error in Rust 2021!
[INFO] [stdout]    = note: for more information, see issue #80165 <https://github.com/rust-lang/rust/issues/80165>
[INFO] [stdout] 
[INFO] [stdout] 
[INFO] [stdout] warning: `...` range patterns are deprecated
[INFO] [stdout]   --> src/memory_map.rs:84:29
[INFO] [stdout]    |
[INFO] [stdout] 84 |         (VRAM_PALETTES_START...VRAM_PALETTES_END, _) => {
[INFO] [stdout]    |                             ^^^ help: use `..=` for an inclusive range
[INFO] [stdout]    |
[INFO] [stdout]    = warning: this is accepted in the current edition (Rust 2015) but is a hard error in Rust 2021!
[INFO] [stdout]    = note: for more information, see issue #80165 <https://github.com/rust-lang/rust/issues/80165>
[INFO] [stdout] 
[INFO] [stdout] 
[INFO] [stdout] warning: `...` range patterns are deprecated
[INFO] [stdout]   --> src/memory_map.rs:88:19
[INFO] [stdout]    |
[INFO] [stdout] 88 |         (RAM_START...RAM_END, _) => Ok(Address::Ram((addr - RAM_START) as usize)),
[INFO] [stdout]    |                   ^^^ help: use `..=` for an inclusive range
[INFO] [stdout]    |
[INFO] [stdout]    = warning: this is accepted in the current edition (Rust 2015) but is a hard error in Rust 2021!
[INFO] [stdout]    = note: for more information, see issue #80165 <https://github.com/rust-lang/rust/issues/80165>
[INFO] [stdout] 
[INFO] [stdout] 
[INFO] [stdout] warning: `...` range patterns are deprecated
[INFO] [stdout]   --> src/memory_map.rs:90:28
[INFO] [stdout]    |
[INFO] [stdout] 90 |         (VRAM_SPRITES_START...VRAM_SPRITES_END, _) => {
[INFO] [stdout]    |                            ^^^ help: use `..=` for an inclusive range
[INFO] [stdout]    |
[INFO] [stdout]    = warning: this is accepted in the current edition (Rust 2015) but is a hard error in Rust 2021!
[INFO] [stdout]    = note: for more information, see issue #80165 <https://github.com/rust-lang/rust/issues/80165>
[INFO] [stdout] 
[INFO] [stdout] 
[INFO] [stdout] warning: `...` range patterns are deprecated
[INFO] [stdout]   --> src/memory_map.rs:94:28
[INFO] [stdout]    |
[INFO] [stdout] 94 |         (IN0_REGISTER_START...IN0_REGISTER_END, false) => Ok(Address::IN0Register),
[INFO] [stdout]    |                            ^^^ help: use `..=` for an inclusive range
[INFO] [stdout]    |
[INFO] [stdout]    = warning: this is accepted in the current edition (Rust 2015) but is a hard error in Rust 2021!
[INFO] [stdout]    = note: for more information, see issue #80165 <https://github.com/rust-lang/rust/issues/80165>
[INFO] [stdout] 
[INFO] [stdout] 
[INFO] [stdout] warning: `...` range patterns are deprecated
[INFO] [stdout]    --> src/memory_map.rs:105:28
[INFO] [stdout]     |
[INFO] [stdout] 105 |         (IN1_REGISTER_START...IN1_REGISTER_END, false) => Ok(Address::IN1Register),
[INFO] [stdout]     |                            ^^^ help: use `..=` for an inclusive range
[INFO] [stdout]     |
[INFO] [stdout]     = warning: this is accepted in the current edition (Rust 2015) but is a hard error in Rust 2021!
[INFO] [stdout]     = note: for more information, see issue #80165 <https://github.com/rust-lang/rust/issues/80165>
[INFO] [stdout] 
[INFO] [stdout] 
[INFO] [stdout] warning: `...` range patterns are deprecated
[INFO] [stdout]    --> src/memory_map.rs:107:21
[INFO] [stdout]     |
[INFO] [stdout] 107 |         (SOUND_START...SOUND_END, true) => Ok(Address::Sound((addr - SOUND_START) as usize)),
[INFO] [stdout]     |                     ^^^ help: use `..=` for an inclusive range
[INFO] [stdout]     |
[INFO] [stdout]     = warning: this is accepted in the current edition (Rust 2015) but is a hard error in Rust 2021!
[INFO] [stdout]     = note: for more information, see issue #80165 <https://github.com/rust-lang/rust/issues/80165>
[INFO] [stdout] 
[INFO] [stdout] 
[INFO] [stdout] warning: `...` range patterns are deprecated
[INFO] [stdout]    --> src/memory_map.rs:109:25
[INFO] [stdout]     |
[INFO] [stdout] 109 |         (SPRITE_XY_START...SPRITE_XY_END, true) => {
[INFO] [stdout]     |                         ^^^ help: use `..=` for an inclusive range
[INFO] [stdout]     |
[INFO] [stdout]     = warning: this is accepted in the current edition (Rust 2015) but is a hard error in Rust 2021!
[INFO] [stdout]     = note: for more information, see issue #80165 <https://github.com/rust-lang/rust/issues/80165>
[INFO] [stdout] 
[INFO] [stdout] 
[INFO] [stdout] warning: `...` range patterns are deprecated
[INFO] [stdout]    --> src/memory_map.rs:113:26
[INFO] [stdout]     |
[INFO] [stdout] 113 |         (DIP_SWITCH_START...DIP_SWITCH_END, _) => Ok(Address::DipSwitchRegister),
[INFO] [stdout]     |                          ^^^ help: use `..=` for an inclusive range
[INFO] [stdout]     |
[INFO] [stdout]     = warning: this is accepted in the current edition (Rust 2015) but is a hard error in Rust 2021!
[INFO] [stdout]     = note: for more information, see issue #80165 <https://github.com/rust-lang/rust/issues/80165>
[INFO] [stdout] 
[INFO] [stdout] 
[INFO] [stdout] warning: `...` range patterns are deprecated
[INFO] [stdout]    --> src/memory_map.rs:115:24
[INFO] [stdout]     |
[INFO] [stdout] 115 |         (WATCHDOG_START...WATCHDOG_END, _) => Ok(Address::WatchdogTimerReset),
[INFO] [stdout]     |                        ^^^ help: use `..=` for an inclusive range
[INFO] [stdout]     |
[INFO] [stdout]     = warning: this is accepted in the current edition (Rust 2015) but is a hard error in Rust 2021!
[INFO] [stdout]     = note: for more information, see issue #80165 <https://github.com/rust-lang/rust/issues/80165>
[INFO] [stdout] 
[INFO] [stdout] 
[INFO] [stdout] warning: unused import: `super::*`
[INFO] [stdout]   --> src/memory_mapper.rs:68:9
[INFO] [stdout]    |
[INFO] [stdout] 68 |     use super::*;
[INFO] [stdout]    |         ^^^^^^^^
[INFO] [stdout]    |
[INFO] [stdout]    = note: `#[warn(unused_imports)]` on by default
[INFO] [stdout] 
[INFO] [stdout] 
[INFO] [stdout] warning: unused import: `std::boxed::Box`
[INFO] [stdout]   --> src/memory_mapper.rs:69:9
[INFO] [stdout]    |
[INFO] [stdout] 69 |     use std::boxed::Box;
[INFO] [stdout]    |         ^^^^^^^^^^^^^^^
[INFO] [stdout] 
[INFO] [stdout] 
[INFO] [stdout] warning: denote infinite loops with `loop { ... }`
[INFO] [stdout]   --> src/pacman.rs:79:9
[INFO] [stdout]    |
[INFO] [stdout] 79 |         while true {
[INFO] [stdout]    |         ^^^^^^^^^^ help: use `loop`
[INFO] [stdout]    |
[INFO] [stdout]    = note: `#[warn(while_true)]` on by default
[INFO] [stdout] 
[INFO] [stdout] 
[INFO] [stdout] warning: unused `#[macro_use]` import
[INFO] [stdout]  --> src/main.rs:9:13
[INFO] [stdout]   |
[INFO] [stdout] 9 | #[macro_use(matches)]
[INFO] [stdout]   |             ^^^^^^^
[INFO] [stdout] 
[INFO] [stdout] 
[INFO] [stdout] warning: unreachable pattern
[INFO] [stdout]    --> src/cpu/mod.rs:912:13
[INFO] [stdout]     |
[INFO] [stdout] 912 |             (5, 2) => {
[INFO] [stdout]     |             ^^^^^^
[INFO] [stdout]     |
[INFO] [stdout]     = note: `#[warn(unreachable_patterns)]` on by default
[INFO] [stdout] 
[INFO] [stdout] 
[INFO] [stdout] warning: unreachable pattern
[INFO] [stdout]    --> src/cpu/mod.rs:919:13
[INFO] [stdout]     |
[INFO] [stdout] 919 |             (6, 2) => {
[INFO] [stdout]     |             ^^^^^^
[INFO] [stdout] 
[INFO] [stdout] 
[INFO] [stdout] warning: unreachable pattern
[INFO] [stdout]    --> src/cpu/mod.rs:933:13
[INFO] [stdout]     |
[INFO] [stdout] 933 |             (7, 2) => {
[INFO] [stdout]     |             ^^^^^^
[INFO] [stdout] 
[INFO] [stdout] 
[INFO] [stdout] warning: unused variable: `i`
[INFO] [stdout]   --> src/cpu/mod.rs:57:13
[INFO] [stdout]    |
[INFO] [stdout] 57 |         for i in 0..iters {
[INFO] [stdout]    |             ^ help: if this is intentional, prefix it with an underscore: `_i`
[INFO] [stdout]    |
[INFO] [stdout]    = note: `#[warn(unused_variables)]` on by default
[INFO] [stdout] 
[INFO] [stdout] 
[INFO] [stdout] warning: unused variable: `io`
[INFO] [stdout]    --> src/cpu/mod.rs:539:54
[INFO] [stdout]     |
[INFO] [stdout] 539 |     fn run_cb_opcode(&mut self, memory: &mut Memory, io: &mut InputOutput, ext: bool) -> usize {
[INFO] [stdout]     |                                                      ^^ help: if this is intentional, prefix it with an underscore: `_io`
[INFO] [stdout] 
[INFO] [stdout] 
[INFO] [stdout] warning: variable `number_of_ones` is assigned to, but never used
[INFO] [stdout]     --> src/cpu/mod.rs:1381:17
[INFO] [stdout]      |
[INFO] [stdout] 1381 |         let mut number_of_ones = 0;
[INFO] [stdout]      |                 ^^^^^^^^^^^^^^
[INFO] [stdout]      |
[INFO] [stdout]      = note: consider using `_number_of_ones` instead
[INFO] [stdout] 
[INFO] [stdout] 
[INFO] [stdout] warning: unused variable: `port`
[INFO] [stdout]   --> src/cpu/io.rs:21:21
[INFO] [stdout]    |
[INFO] [stdout] 21 |     fn input(&self, port: u8) -> u8 {
[INFO] [stdout]    |                     ^^^^ help: if this is intentional, prefix it with an underscore: `_port`
[INFO] [stdout] 
[INFO] [stdout] 
[INFO] [stdout] warning: unused variable: `port`
[INFO] [stdout]   --> src/cpu/io.rs:25:26
[INFO] [stdout]    |
[INFO] [stdout] 25 |     fn output(&mut self, port: u8, byte: u8) {
[INFO] [stdout]    |                          ^^^^ help: if this is intentional, prefix it with an underscore: `_port`
[INFO] [stdout] 
[INFO] [stdout] 
[INFO] [stdout] warning: unused variable: `result`
[INFO] [stdout]   --> src/display.rs:49:21
[INFO] [stdout]    |
[INFO] [stdout] 49 |                 let result = canvas.fill_rect(Rect::new(x_coord, y_coord, 2, 2));
[INFO] [stdout]    |                     ^^^^^^ help: if this is intentional, prefix it with an underscore: `_result`
[INFO] [stdout] 
[INFO] [stdout] 
[INFO] [stdout] warning: unused variable: `x_flip`
[INFO] [stdout]   --> src/display.rs:62:9
[INFO] [stdout]    |
[INFO] [stdout] 62 |         x_flip: bool,
[INFO] [stdout]    |         ^^^^^^ help: if this is intentional, prefix it with an underscore: `_x_flip`
[INFO] [stdout] 
[INFO] [stdout] 
[INFO] [stdout] warning: unused variable: `y_flip`
[INFO] [stdout]   --> src/display.rs:63:9
[INFO] [stdout]    |
[INFO] [stdout] 63 |         y_flip: bool,
[INFO] [stdout]    |         ^^^^^^ help: if this is intentional, prefix it with an underscore: `_y_flip`
[INFO] [stdout] 
[INFO] [stdout] 
[INFO] [stdout] warning: unused variable: `port`
[INFO] [stdout]   --> src/interrupt_vector.rs:14:21
[INFO] [stdout]    |
[INFO] [stdout] 14 |     fn input(&self, port: u8) -> u8 {
[INFO] [stdout]    |                     ^^^^ help: if this is intentional, prefix it with an underscore: `_port`
[INFO] [stdout] 
[INFO] [stdout] 
[INFO] [stdout] warning: unused variable: `port`
[INFO] [stdout]   --> src/interrupt_vector.rs:18:26
[INFO] [stdout]    |
[INFO] [stdout] 18 |     fn output(&mut self, port: u8, byte: u8) {
[INFO] [stdout]    |                          ^^^^ help: if this is intentional, prefix it with an underscore: `_port`
[INFO] [stdout] 
[INFO] [stdout] 
[INFO] [stdout] warning: unused variable: `color`
[INFO] [stdout]    --> src/rom.rs:104:17
[INFO] [stdout]     |
[INFO] [stdout] 104 |             let color = self.color_rom[*byte as usize];
[INFO] [stdout]     |                 ^^^^^ help: if this is intentional, prefix it with an underscore: `_color`
[INFO] [stdout] 
[INFO] [stdout] 
[INFO] [stdout] warning: unused variable: `why`
[INFO] [stdout]    --> src/rom.rs:137:17
[INFO] [stdout]     |
[INFO] [stdout] 137 |             Err(why) => panic!("Missing ROMs"),
[INFO] [stdout]     |                 ^^^ help: if this is intentional, prefix it with an underscore: `_why`
[INFO] [stdout] 
[INFO] [stdout] 
[INFO] [stdout] warning: unused variable: `why`
[INFO] [stdout]    --> src/rom.rs:142:17
[INFO] [stdout]     |
[INFO] [stdout] 142 |             Err(why) => panic!("Error reading ROM"),
[INFO] [stdout]     |                 ^^^ help: if this is intentional, prefix it with an underscore: `_why`
[INFO] [stdout] 
[INFO] [stdout] 
[INFO] [stdout] warning: variable does not need to be mutable
[INFO] [stdout]     --> src/cpu/mod.rs:1145:13
[INFO] [stdout]      |
[INFO] [stdout] 1145 |         let mut result = left.wrapping_sub(right);
[INFO] [stdout]      |             ----^^^^^^
[INFO] [stdout]      |             |
[INFO] [stdout]      |             help: remove this `mut`
[INFO] [stdout]      |
[INFO] [stdout]      = note: `#[warn(unused_mut)]` on by default
[INFO] [stdout] 
[INFO] [stdout] 
[INFO] [stdout] warning: variable does not need to be mutable
[INFO] [stdout]     --> src/cpu/mod.rs:1347:13
[INFO] [stdout]      |
[INFO] [stdout] 1347 |         let mut left = left + (carry as u8);
[INFO] [stdout]      |             ----^^^^
[INFO] [stdout]      |             |
[INFO] [stdout]      |             help: remove this `mut`
[INFO] [stdout] 
[INFO] [stdout] 
[INFO] [stdout] warning: variable does not need to be mutable
[INFO] [stdout]     --> src/cpu/mod.rs:1354:13
[INFO] [stdout]      |
[INFO] [stdout] 1354 |         let mut left = left - (carry as u8);
[INFO] [stdout]      |             ----^^^^
[INFO] [stdout]      |             |
[INFO] [stdout]      |             help: remove this `mut`
[INFO] [stdout] 
[INFO] [stdout] 
[INFO] [stdout] warning: associated function is never used: `new`
[INFO] [stdout]   --> src/cpu/io.rs:15:12
[INFO] [stdout]    |
[INFO] [stdout] 15 |     pub fn new() -> Self {
[INFO] [stdout]    |            ^^^
[INFO] [stdout]    |
[INFO] [stdout]    = note: `#[warn(dead_code)]` on by default
[INFO] [stdout] 
[INFO] [stdout] 
[INFO] [stdout] warning: associated function is never used: `new`
[INFO] [stdout]   --> src/cpu/mem.rs:26:12
[INFO] [stdout]    |
[INFO] [stdout] 26 |     pub fn new() -> Self {
[INFO] [stdout]    |            ^^^
[INFO] [stdout] 
[INFO] [stdout] 
[INFO] [stdout] warning: associated function is never used: `draw_sprite`
[INFO] [stdout]   --> src/display.rs:30:12
[INFO] [stdout]    |
[INFO] [stdout] 30 |     pub fn draw_sprite(&mut self, x: usize, y: usize, sprite: usize, palette: usize) {
[INFO] [stdout]    |            ^^^^^^^^^^^
[INFO] [stdout] 
[INFO] [stdout] 
[INFO] [stdout] warning: variant is never constructed: `VramPalettes`
[INFO] [stdout]   --> src/memory_map.rs:46:5
[INFO] [stdout]    |
[INFO] [stdout] 46 |     VramPalettes(usize),
[INFO] [stdout]    |     ^^^^^^^^^^^^^^^^^^^
[INFO] [stdout] 
[INFO] [stdout] 
[INFO] [stdout] warning: field is never read: `roms`
[INFO] [stdout]   --> src/pacman.rs:13:5
[INFO] [stdout]    |
[INFO] [stdout] 13 |     roms: &'a Box<Roms>,
[INFO] [stdout]    |     ^^^^^^^^^^^^^^^^^^^
[INFO] [stdout] 
[INFO] [stdout] 
[INFO] [stdout] warning: 64 warnings emitted
[INFO] [stdout] 
[INFO] [stdout] 
[INFO] [stderr]     Finished dev [unoptimized + debuginfo] target(s) in 10.54s
[INFO] running `Command { std: "docker" "inspect" "7120b9309d5924f4afcd6bd8a00fb60f2bb7109e353cf833b4f5509d1273f13a", kill_on_drop: false }`
[INFO] running `Command { std: "docker" "rm" "-f" "7120b9309d5924f4afcd6bd8a00fb60f2bb7109e353cf833b4f5509d1273f13a", kill_on_drop: false }`
[INFO] [stdout] 7120b9309d5924f4afcd6bd8a00fb60f2bb7109e353cf833b4f5509d1273f13a
[INFO] running `Command { std: "docker" "create" "-v" "/var/lib/crater-agent-workspace/builds/worker-11/target:/opt/rustwide/target:rw,Z" "-v" "/var/lib/crater-agent-workspace/builds/worker-11/source:/opt/rustwide/workdir:ro,Z" "-v" "/var/lib/crater-agent-workspace/cargo-home:/opt/rustwide/cargo-home:ro,Z" "-v" "/var/lib/crater-agent-workspace/rustup-home:/opt/rustwide/rustup-home:ro,Z" "-e" "SOURCE_DIR=/opt/rustwide/workdir" "-e" "CARGO_TARGET_DIR=/opt/rustwide/target" "-e" "CARGO_INCREMENTAL=0" "-e" "RUST_BACKTRACE=full" "-e" "RUSTFLAGS=--cap-lints=warn" "-e" "CARGO_HOME=/opt/rustwide/cargo-home" "-e" "RUSTUP_HOME=/opt/rustwide/rustup-home" "-w" "/opt/rustwide/workdir" "-m" "1610612736" "--user" "0:0" "--network" "none" "ghcr.io/rust-lang/crates-build-env/linux@sha256:34b6a614d2c27851fe6cbf88fbd1137609cefab8b10d0615aaeb6fd47975d74e" "/opt/rustwide/cargo-home/bin/cargo" "+beta-2021-08-01" "test" "--frozen" "--no-run" "--message-format=json", kill_on_drop: false }`
[INFO] [stdout] a853893af217245ed71b1e00d1318d5746dbe5ca89eb299e4be394c2dd460fd9
[INFO] [stderr] WARNING: Your kernel does not support swap limit capabilities or the cgroup is not mounted. Memory limited without swap.
[INFO] running `Command { std: "docker" "start" "-a" "a853893af217245ed71b1e00d1318d5746dbe5ca89eb299e4be394c2dd460fd9", kill_on_drop: false }`
[INFO] [stderr]    Compiling pacman v0.1.0 (/opt/rustwide/workdir)
[INFO] [stdout] warning: trait objects without an explicit `dyn` are deprecated
[INFO] [stdout]   --> src/cpu/mod.rs:49:22
[INFO] [stdout]    |
[INFO] [stdout] 49 |         memory: &mut Memory,
[INFO] [stdout]    |                      ^^^^^^ help: use `dyn`: `dyn Memory`
[INFO] [stdout]    |
[INFO] [stdout]    = note: `#[warn(bare_trait_objects)]` on by default
[INFO] [stdout]    = warning: this is accepted in the current edition (Rust 2015) but is a hard error in Rust 2021!
[INFO] [stdout]    = note: for more information, see issue #80165 <https://github.com/rust-lang/rust/issues/80165>
[INFO] [stdout] 
[INFO] [stdout] 
[INFO] [stdout] warning: trait objects without an explicit `dyn` are deprecated
[INFO] [stdout]   --> src/cpu/mod.rs:50:18
[INFO] [stdout]    |
[INFO] [stdout] 50 |         io: &mut InputOutput,
[INFO] [stdout]    |                  ^^^^^^^^^^^ help: use `dyn`: `dyn InputOutput`
[INFO] [stdout]    |
[INFO] [stdout]    = warning: this is accepted in the current edition (Rust 2015) but is a hard error in Rust 2021!
[INFO] [stdout]    = note: for more information, see issue #80165 <https://github.com/rust-lang/rust/issues/80165>
[INFO] [stdout] 
[INFO] [stdout] 
[INFO] [stdout] warning: trait objects without an explicit `dyn` are deprecated
[INFO] [stdout]   --> src/cpu/mod.rs:73:22
[INFO] [stdout]    |
[INFO] [stdout] 73 |         memory: &mut Memory,
[INFO] [stdout]    |                      ^^^^^^ help: use `dyn`: `dyn Memory`
[INFO] [stdout]    |
[INFO] [stdout]    = warning: this is accepted in the current edition (Rust 2015) but is a hard error in Rust 2021!
[INFO] [stdout]    = note: for more information, see issue #80165 <https://github.com/rust-lang/rust/issues/80165>
[INFO] [stdout] 
[INFO] [stdout] 
[INFO] [stdout] warning: trait objects without an explicit `dyn` are deprecated
[INFO] [stdout]   --> src/cpu/mod.rs:74:18
[INFO] [stdout]    |
[INFO] [stdout] 74 |         io: &mut InputOutput,
[INFO] [stdout]    |                  ^^^^^^^^^^^ help: use `dyn`: `dyn InputOutput`
[INFO] [stdout]    |
[INFO] [stdout]    = warning: this is accepted in the current edition (Rust 2015) but is a hard error in Rust 2021!
[INFO] [stdout]    = note: for more information, see issue #80165 <https://github.com/rust-lang/rust/issues/80165>
[INFO] [stdout] 
[INFO] [stdout] 
[INFO] [stdout] warning: `...` range patterns are deprecated
[INFO] [stdout]    --> src/cpu/mod.rs:134:18
[INFO] [stdout]     |
[INFO] [stdout] 134 |             (0, 4...7, 0) => {
[INFO] [stdout]     |                  ^^^ help: use `..=` for an inclusive range
[INFO] [stdout]     |
[INFO] [stdout]     = note: `#[warn(ellipsis_inclusive_range_patterns)]` on by default
[INFO] [stdout]     = warning: this is accepted in the current edition (Rust 2015) but is a hard error in Rust 2021!
[INFO] [stdout]     = note: for more information, see issue #80165 <https://github.com/rust-lang/rust/issues/80165>
[INFO] [stdout] 
[INFO] [stdout] 
[INFO] [stdout] warning: trait objects without an explicit `dyn` are deprecated
[INFO] [stdout]    --> src/cpu/mod.rs:539:46
[INFO] [stdout]     |
[INFO] [stdout] 539 |     fn run_cb_opcode(&mut self, memory: &mut Memory, io: &mut InputOutput, ext: bool) -> usize {
[INFO] [stdout]     |                                              ^^^^^^ help: use `dyn`: `dyn Memory`
[INFO] [stdout]     |
[INFO] [stdout]     = warning: this is accepted in the current edition (Rust 2015) but is a hard error in Rust 2021!
[INFO] [stdout]     = note: for more information, see issue #80165 <https://github.com/rust-lang/rust/issues/80165>
[INFO] [stdout] 
[INFO] [stdout] 
[INFO] [stdout] warning: trait objects without an explicit `dyn` are deprecated
[INFO] [stdout]    --> src/cpu/mod.rs:539:63
[INFO] [stdout]     |
[INFO] [stdout] 539 |     fn run_cb_opcode(&mut self, memory: &mut Memory, io: &mut InputOutput, ext: bool) -> usize {
[INFO] [stdout]     |                                                               ^^^^^^^^^^^ help: use `dyn`: `dyn InputOutput`
[INFO] [stdout]     |
[INFO] [stdout]     = warning: this is accepted in the current edition (Rust 2015) but is a hard error in Rust 2021!
[INFO] [stdout]     = note: for more information, see issue #80165 <https://github.com/rust-lang/rust/issues/80165>
[INFO] [stdout] 
[INFO] [stdout] 
[INFO] [stdout] warning: trait objects without an explicit `dyn` are deprecated
[INFO] [stdout]    --> src/cpu/mod.rs:626:58
[INFO] [stdout]     |
[INFO] [stdout] 626 |     fn run_ed_opcode(&mut self, opcode: u8, memory: &mut Memory, io: &mut InputOutput) -> usize {
[INFO] [stdout]     |                                                          ^^^^^^ help: use `dyn`: `dyn Memory`
[INFO] [stdout]     |
[INFO] [stdout]     = warning: this is accepted in the current edition (Rust 2015) but is a hard error in Rust 2021!
[INFO] [stdout]     = note: for more information, see issue #80165 <https://github.com/rust-lang/rust/issues/80165>
[INFO] [stdout] 
[INFO] [stdout] 
[INFO] [stdout] warning: trait objects without an explicit `dyn` are deprecated
[INFO] [stdout]    --> src/cpu/mod.rs:626:75
[INFO] [stdout]     |
[INFO] [stdout] 626 |     fn run_ed_opcode(&mut self, opcode: u8, memory: &mut Memory, io: &mut InputOutput) -> usize {
[INFO] [stdout]     |                                                                           ^^^^^^^^^^^ help: use `dyn`: `dyn InputOutput`
[INFO] [stdout]     |
[INFO] [stdout]     = warning: this is accepted in the current edition (Rust 2015) but is a hard error in Rust 2021!
[INFO] [stdout]     = note: for more information, see issue #80165 <https://github.com/rust-lang/rust/issues/80165>
[INFO] [stdout] 
[INFO] [stdout] 
[INFO] [stdout] warning: `...` range patterns are deprecated
[INFO] [stdout]    --> src/cpu/mod.rs:782:21
[INFO] [stdout]     |
[INFO] [stdout] 782 |             (2, _, 0...3) => {
[INFO] [stdout]     |                     ^^^ help: use `..=` for an inclusive range
[INFO] [stdout]     |
[INFO] [stdout]     = warning: this is accepted in the current edition (Rust 2015) but is a hard error in Rust 2021!
[INFO] [stdout]     = note: for more information, see issue #80165 <https://github.com/rust-lang/rust/issues/80165>
[INFO] [stdout] 
[INFO] [stdout] 
[INFO] [stdout] warning: trait objects without an explicit `dyn` are deprecated
[INFO] [stdout]    --> src/cpu/mod.rs:792:42
[INFO] [stdout]     |
[INFO] [stdout] 792 |     fn r(&mut self, index: u8, mem: &mut Memory) -> u8 {
[INFO] [stdout]     |                                          ^^^^^^ help: use `dyn`: `dyn Memory`
[INFO] [stdout]     |
[INFO] [stdout]     = warning: this is accepted in the current edition (Rust 2015) but is a hard error in Rust 2021!
[INFO] [stdout]     = note: for more information, see issue #80165 <https://github.com/rust-lang/rust/issues/80165>
[INFO] [stdout] 
[INFO] [stdout] 
[INFO] [stdout] warning: trait objects without an explicit `dyn` are deprecated
[INFO] [stdout]    --> src/cpu/mod.rs:800:58
[INFO] [stdout]     |
[INFO] [stdout] 800 |     fn write_r(&mut self, index: u8, byte: u8, mem: &mut Memory) {
[INFO] [stdout]     |                                                          ^^^^^^ help: use `dyn`: `dyn Memory`
[INFO] [stdout]     |
[INFO] [stdout]     = warning: this is accepted in the current edition (Rust 2015) but is a hard error in Rust 2021!
[INFO] [stdout]     = note: for more information, see issue #80165 <https://github.com/rust-lang/rust/issues/80165>
[INFO] [stdout] 
[INFO] [stdout] 
[INFO] [stdout] warning: trait objects without an explicit `dyn` are deprecated
[INFO] [stdout]    --> src/cpu/mod.rs:808:47
[INFO] [stdout]     |
[INFO] [stdout] 808 |     fn bli(&mut self, a: u8, b: u8, mem: &mut Memory, io: &mut InputOutput) {
[INFO] [stdout]     |                                               ^^^^^^ help: use `dyn`: `dyn Memory`
[INFO] [stdout]     |
[INFO] [stdout]     = warning: this is accepted in the current edition (Rust 2015) but is a hard error in Rust 2021!
[INFO] [stdout]     = note: for more information, see issue #80165 <https://github.com/rust-lang/rust/issues/80165>
[INFO] [stdout] 
[INFO] [stdout] 
[INFO] [stdout] warning: trait objects without an explicit `dyn` are deprecated
[INFO] [stdout]    --> src/cpu/mod.rs:808:64
[INFO] [stdout]     |
[INFO] [stdout] 808 |     fn bli(&mut self, a: u8, b: u8, mem: &mut Memory, io: &mut InputOutput) {
[INFO] [stdout]     |                                                                ^^^^^^^^^^^ help: use `dyn`: `dyn InputOutput`
[INFO] [stdout]     |
[INFO] [stdout]     = warning: this is accepted in the current edition (Rust 2015) but is a hard error in Rust 2021!
[INFO] [stdout]     = note: for more information, see issue #80165 <https://github.com/rust-lang/rust/issues/80165>
[INFO] [stdout] 
[INFO] [stdout] 
[INFO] [stdout] warning: trait objects without an explicit `dyn` are deprecated
[INFO] [stdout]    --> src/cpu/mod.rs:952:42
[INFO] [stdout]     |
[INFO] [stdout] 952 |     fn load_inc_dec(&mut self, mem: &mut Memory, inc: bool) {
[INFO] [stdout]     |                                          ^^^^^^ help: use `dyn`: `dyn Memory`
[INFO] [stdout]     |
[INFO] [stdout]     = warning: this is accepted in the current edition (Rust 2015) but is a hard error in Rust 2021!
[INFO] [stdout]     = note: for more information, see issue #80165 <https://github.com/rust-lang/rust/issues/80165>
[INFO] [stdout] 
[INFO] [stdout] 
[INFO] [stdout] warning: trait objects without an explicit `dyn` are deprecated
[INFO] [stdout]    --> src/cpu/mod.rs:974:42
[INFO] [stdout]     |
[INFO] [stdout] 974 |     fn comp_inc_dec(&mut self, mem: &mut Memory, inc: bool) {
[INFO] [stdout]     |                                          ^^^^^^ help: use `dyn`: `dyn Memory`
[INFO] [stdout]     |
[INFO] [stdout]     = warning: this is accepted in the current edition (Rust 2015) but is a hard error in Rust 2021!
[INFO] [stdout]     = note: for more information, see issue #80165 <https://github.com/rust-lang/rust/issues/80165>
[INFO] [stdout] 
[INFO] [stdout] 
[INFO] [stdout] warning: trait objects without an explicit `dyn` are deprecated
[INFO] [stdout]     --> src/cpu/mod.rs:1274:42
[INFO] [stdout]      |
[INFO] [stdout] 1274 |     fn dec_8(&mut self, y: u8, mem: &mut Memory) {
[INFO] [stdout]      |                                          ^^^^^^ help: use `dyn`: `dyn Memory`
[INFO] [stdout]      |
[INFO] [stdout]      = warning: this is accepted in the current edition (Rust 2015) but is a hard error in Rust 2021!
[INFO] [stdout]      = note: for more information, see issue #80165 <https://github.com/rust-lang/rust/issues/80165>
[INFO] [stdout] 
[INFO] [stdout] 
[INFO] [stdout] warning: trait objects without an explicit `dyn` are deprecated
[INFO] [stdout]     --> src/cpu/mod.rs:1288:42
[INFO] [stdout]      |
[INFO] [stdout] 1288 |     fn inc_8(&mut self, y: u8, mem: &mut Memory) {
[INFO] [stdout]      |                                          ^^^^^^ help: use `dyn`: `dyn Memory`
[INFO] [stdout]      |
[INFO] [stdout]      = warning: this is accepted in the current edition (Rust 2015) but is a hard error in Rust 2021!
[INFO] [stdout]      = note: for more information, see issue #80165 <https://github.com/rust-lang/rust/issues/80165>
[INFO] [stdout] 
[INFO] [stdout] 
[INFO] [stdout] warning: trait objects without an explicit `dyn` are deprecated
[INFO] [stdout]     --> src/cpu/mod.rs:1303:34
[INFO] [stdout]      |
[INFO] [stdout] 1303 |     fn call(&mut self, mem: &mut Memory, addr: u16) {
[INFO] [stdout]      |                                  ^^^^^^ help: use `dyn`: `dyn Memory`
[INFO] [stdout]      |
[INFO] [stdout]      = warning: this is accepted in the current edition (Rust 2015) but is a hard error in Rust 2021!
[INFO] [stdout]      = note: for more information, see issue #80165 <https://github.com/rust-lang/rust/issues/80165>
[INFO] [stdout] 
[INFO] [stdout] 
[INFO] [stdout] warning: trait objects without an explicit `dyn` are deprecated
[INFO] [stdout]     --> src/cpu/mod.rs:1310:33
[INFO] [stdout]      |
[INFO] [stdout] 1310 |     fn ret(&mut self, mem: &mut Memory) {
[INFO] [stdout]      |                                 ^^^^^^ help: use `dyn`: `dyn Memory`
[INFO] [stdout]      |
[INFO] [stdout]      = warning: this is accepted in the current edition (Rust 2015) but is a hard error in Rust 2021!
[INFO] [stdout]      = note: for more information, see issue #80165 <https://github.com/rust-lang/rust/issues/80165>
[INFO] [stdout] 
[INFO] [stdout] 
[INFO] [stdout] warning: trait objects without an explicit `dyn` are deprecated
[INFO] [stdout]     --> src/cpu/mod.rs:1316:39
[INFO] [stdout]      |
[INFO] [stdout] 1316 |     fn pop_stack(&mut self, mem: &mut Memory) -> u8 {
[INFO] [stdout]      |                                       ^^^^^^ help: use `dyn`: `dyn Memory`
[INFO] [stdout]      |
[INFO] [stdout]      = warning: this is accepted in the current edition (Rust 2015) but is a hard error in Rust 2021!
[INFO] [stdout]      = note: for more information, see issue #80165 <https://github.com/rust-lang/rust/issues/80165>
[INFO] [stdout] 
[INFO] [stdout] 
[INFO] [stdout] warning: trait objects without an explicit `dyn` are deprecated
[INFO] [stdout]     --> src/cpu/mod.rs:1324:40
[INFO] [stdout]      |
[INFO] [stdout] 1324 |     fn push_stack(&mut self, mem: &mut Memory, byte: u8) {
[INFO] [stdout]      |                                        ^^^^^^ help: use `dyn`: `dyn Memory`
[INFO] [stdout]      |
[INFO] [stdout]      = warning: this is accepted in the current edition (Rust 2015) but is a hard error in Rust 2021!
[INFO] [stdout]      = note: for more information, see issue #80165 <https://github.com/rust-lang/rust/issues/80165>
[INFO] [stdout] 
[INFO] [stdout] 
[INFO] [stdout] warning: trait objects without an explicit `dyn` are deprecated
[INFO] [stdout]     --> src/cpu/mod.rs:1333:43
[INFO] [stdout]      |
[INFO] [stdout] 1333 |     fn push_stack_16(&mut self, mem: &mut Memory, word: u16) {
[INFO] [stdout]      |                                           ^^^^^^ help: use `dyn`: `dyn Memory`
[INFO] [stdout]      |
[INFO] [stdout]      = warning: this is accepted in the current edition (Rust 2015) but is a hard error in Rust 2021!
[INFO] [stdout]      = note: for more information, see issue #80165 <https://github.com/rust-lang/rust/issues/80165>
[INFO] [stdout] 
[INFO] [stdout] 
[INFO] [stdout] warning: trait objects without an explicit `dyn` are deprecated
[INFO] [stdout]     --> src/cpu/mod.rs:1338:42
[INFO] [stdout]      |
[INFO] [stdout] 1338 |     fn pop_stack_16(&mut self, mem: &mut Memory) -> u16 {
[INFO] [stdout]      |                                          ^^^^^^ help: use `dyn`: `dyn Memory`
[INFO] [stdout]      |
[INFO] [stdout]      = warning: this is accepted in the current edition (Rust 2015) but is a hard error in Rust 2021!
[INFO] [stdout]      = note: for more information, see issue #80165 <https://github.com/rust-lang/rust/issues/80165>
[INFO] [stdout] 
[INFO] [stdout] 
[INFO] [stdout] warning: unnecessary trailing semicolon
[INFO] [stdout]    --> src/cpu/tests.rs:258:22
[INFO] [stdout]     |
[INFO] [stdout] 258 |     cpu.reg.sp = 100;;
[INFO] [stdout]     |                      ^ help: remove this semicolon
[INFO] [stdout]     |
[INFO] [stdout]     = note: `#[warn(redundant_semicolons)]` on by default
[INFO] [stdout] 
[INFO] [stdout] 
[INFO] [stdout] warning: `...` range patterns are deprecated
[INFO] [stdout]   --> src/memory_map.rs:74:24
[INFO] [stdout]    |
[INFO] [stdout] 74 |         (GAME_ROM_START...GAME_ROM_END, false) => {
[INFO] [stdout]    |                        ^^^ help: use `..=` for an inclusive range
[INFO] [stdout]    |
[INFO] [stdout]    = warning: this is accepted in the current edition (Rust 2015) but is a hard error in Rust 2021!
[INFO] [stdout]    = note: for more information, see issue #80165 <https://github.com/rust-lang/rust/issues/80165>
[INFO] [stdout] 
[INFO] [stdout] 
[INFO] [stdout] warning: `...` range patterns are deprecated
[INFO] [stdout]   --> src/memory_map.rs:78:24
[INFO] [stdout]    |
[INFO] [stdout] 78 |         (GAME_ROM_START...GAME_ROM_END, true) => Err("Cannot write to ROM."),
[INFO] [stdout]    |                        ^^^ help: use `..=` for an inclusive range
[INFO] [stdout]    |
[INFO] [stdout]    = warning: this is accepted in the current edition (Rust 2015) but is a hard error in Rust 2021!
[INFO] [stdout]    = note: for more information, see issue #80165 <https://github.com/rust-lang/rust/issues/80165>
[INFO] [stdout] 
[INFO] [stdout] 
[INFO] [stdout] warning: `...` range patterns are deprecated
[INFO] [stdout]   --> src/memory_map.rs:80:26
[INFO] [stdout]    |
[INFO] [stdout] 80 |         (VRAM_TILES_START...VRAM_TILES_END, _) => {
[INFO] [stdout]    |                          ^^^ help: use `..=` for an inclusive range
[INFO] [stdout]    |
[INFO] [stdout]    = warning: this is accepted in the current edition (Rust 2015) but is a hard error in Rust 2021!
[INFO] [stdout]    = note: for more information, see issue #80165 <https://github.com/rust-lang/rust/issues/80165>
[INFO] [stdout] 
[INFO] [stdout] 
[INFO] [stdout] warning: `...` range patterns are deprecated
[INFO] [stdout]   --> src/memory_map.rs:84:29
[INFO] [stdout]    |
[INFO] [stdout] 84 |         (VRAM_PALETTES_START...VRAM_PALETTES_END, _) => {
[INFO] [stdout]    |                             ^^^ help: use `..=` for an inclusive range
[INFO] [stdout]    |
[INFO] [stdout]    = warning: this is accepted in the current edition (Rust 2015) but is a hard error in Rust 2021!
[INFO] [stdout]    = note: for more information, see issue #80165 <https://github.com/rust-lang/rust/issues/80165>
[INFO] [stdout] 
[INFO] [stdout] 
[INFO] [stdout] warning: `...` range patterns are deprecated
[INFO] [stdout]   --> src/memory_map.rs:88:19
[INFO] [stdout]    |
[INFO] [stdout] 88 |         (RAM_START...RAM_END, _) => Ok(Address::Ram((addr - RAM_START) as usize)),
[INFO] [stdout]    |                   ^^^ help: use `..=` for an inclusive range
[INFO] [stdout]    |
[INFO] [stdout]    = warning: this is accepted in the current edition (Rust 2015) but is a hard error in Rust 2021!
[INFO] [stdout]    = note: for more information, see issue #80165 <https://github.com/rust-lang/rust/issues/80165>
[INFO] [stdout] 
[INFO] [stdout] 
[INFO] [stdout] warning: `...` range patterns are deprecated
[INFO] [stdout]   --> src/memory_map.rs:90:28
[INFO] [stdout]    |
[INFO] [stdout] 90 |         (VRAM_SPRITES_START...VRAM_SPRITES_END, _) => {
[INFO] [stdout]    |                            ^^^ help: use `..=` for an inclusive range
[INFO] [stdout]    |
[INFO] [stdout]    = warning: this is accepted in the current edition (Rust 2015) but is a hard error in Rust 2021!
[INFO] [stdout]    = note: for more information, see issue #80165 <https://github.com/rust-lang/rust/issues/80165>
[INFO] [stdout] 
[INFO] [stdout] 
[INFO] [stdout] warning: `...` range patterns are deprecated
[INFO] [stdout]   --> src/memory_map.rs:94:28
[INFO] [stdout]    |
[INFO] [stdout] 94 |         (IN0_REGISTER_START...IN0_REGISTER_END, false) => Ok(Address::IN0Register),
[INFO] [stdout]    |                            ^^^ help: use `..=` for an inclusive range
[INFO] [stdout]    |
[INFO] [stdout]    = warning: this is accepted in the current edition (Rust 2015) but is a hard error in Rust 2021!
[INFO] [stdout]    = note: for more information, see issue #80165 <https://github.com/rust-lang/rust/issues/80165>
[INFO] [stdout] 
[INFO] [stdout] 
[INFO] [stdout] warning: `...` range patterns are deprecated
[INFO] [stdout]    --> src/memory_map.rs:105:28
[INFO] [stdout]     |
[INFO] [stdout] 105 |         (IN1_REGISTER_START...IN1_REGISTER_END, false) => Ok(Address::IN1Register),
[INFO] [stdout]     |                            ^^^ help: use `..=` for an inclusive range
[INFO] [stdout]     |
[INFO] [stdout]     = warning: this is accepted in the current edition (Rust 2015) but is a hard error in Rust 2021!
[INFO] [stdout]     = note: for more information, see issue #80165 <https://github.com/rust-lang/rust/issues/80165>
[INFO] [stdout] 
[INFO] [stdout] 
[INFO] [stdout] warning: `...` range patterns are deprecated
[INFO] [stdout]    --> src/memory_map.rs:107:21
[INFO] [stdout]     |
[INFO] [stdout] 107 |         (SOUND_START...SOUND_END, true) => Ok(Address::Sound((addr - SOUND_START) as usize)),
[INFO] [stdout]     |                     ^^^ help: use `..=` for an inclusive range
[INFO] [stdout]     |
[INFO] [stdout]     = warning: this is accepted in the current edition (Rust 2015) but is a hard error in Rust 2021!
[INFO] [stdout]     = note: for more information, see issue #80165 <https://github.com/rust-lang/rust/issues/80165>
[INFO] [stdout] 
[INFO] [stdout] 
[INFO] [stdout] warning: `...` range patterns are deprecated
[INFO] [stdout]    --> src/memory_map.rs:109:25
[INFO] [stdout]     |
[INFO] [stdout] 109 |         (SPRITE_XY_START...SPRITE_XY_END, true) => {
[INFO] [stdout]     |                         ^^^ help: use `..=` for an inclusive range
[INFO] [stdout]     |
[INFO] [stdout]     = warning: this is accepted in the current edition (Rust 2015) but is a hard error in Rust 2021!
[INFO] [stdout]     = note: for more information, see issue #80165 <https://github.com/rust-lang/rust/issues/80165>
[INFO] [stdout] 
[INFO] [stdout] 
[INFO] [stdout] warning: `...` range patterns are deprecated
[INFO] [stdout]    --> src/memory_map.rs:113:26
[INFO] [stdout]     |
[INFO] [stdout] 113 |         (DIP_SWITCH_START...DIP_SWITCH_END, _) => Ok(Address::DipSwitchRegister),
[INFO] [stdout]     |                          ^^^ help: use `..=` for an inclusive range
[INFO] [stdout]     |
[INFO] [stdout]     = warning: this is accepted in the current edition (Rust 2015) but is a hard error in Rust 2021!
[INFO] [stdout]     = note: for more information, see issue #80165 <https://github.com/rust-lang/rust/issues/80165>
[INFO] [stdout] 
[INFO] [stdout] 
[INFO] [stdout] warning: `...` range patterns are deprecated
[INFO] [stdout]    --> src/memory_map.rs:115:24
[INFO] [stdout]     |
[INFO] [stdout] 115 |         (WATCHDOG_START...WATCHDOG_END, _) => Ok(Address::WatchdogTimerReset),
[INFO] [stdout]     |                        ^^^ help: use `..=` for an inclusive range
[INFO] [stdout]     |
[INFO] [stdout]     = warning: this is accepted in the current edition (Rust 2015) but is a hard error in Rust 2021!
[INFO] [stdout]     = note: for more information, see issue #80165 <https://github.com/rust-lang/rust/issues/80165>
[INFO] [stdout] 
[INFO] [stdout] 
[INFO] [stdout] warning: denote infinite loops with `loop { ... }`
[INFO] [stdout]   --> src/pacman.rs:79:9
[INFO] [stdout]    |
[INFO] [stdout] 79 |         while true {
[INFO] [stdout]    |         ^^^^^^^^^^ help: use `loop`
[INFO] [stdout]    |
[INFO] [stdout]    = note: `#[warn(while_true)]` on by default
[INFO] [stdout] 
[INFO] [stdout] 
[INFO] [stdout] warning: unreachable pattern
[INFO] [stdout]    --> src/cpu/mod.rs:912:13
[INFO] [stdout]     |
[INFO] [stdout] 912 |             (5, 2) => {
[INFO] [stdout]     |             ^^^^^^
[INFO] [stdout]     |
[INFO] [stdout]     = note: `#[warn(unreachable_patterns)]` on by default
[INFO] [stdout] 
[INFO] [stdout] 
[INFO] [stdout] warning: unreachable pattern
[INFO] [stdout]    --> src/cpu/mod.rs:919:13
[INFO] [stdout]     |
[INFO] [stdout] 919 |             (6, 2) => {
[INFO] [stdout]     |             ^^^^^^
[INFO] [stdout] 
[INFO] [stdout] 
[INFO] [stdout] warning: unreachable pattern
[INFO] [stdout]    --> src/cpu/mod.rs:933:13
[INFO] [stdout]     |
[INFO] [stdout] 933 |             (7, 2) => {
[INFO] [stdout]     |             ^^^^^^
[INFO] [stdout] 
[INFO] [stdout] 
[INFO] [stdout] warning: unused variable: `i`
[INFO] [stdout]   --> src/cpu/mod.rs:57:13
[INFO] [stdout]    |
[INFO] [stdout] 57 |         for i in 0..iters {
[INFO] [stdout]    |             ^ help: if this is intentional, prefix it with an underscore: `_i`
[INFO] [stdout]    |
[INFO] [stdout]    = note: `#[warn(unused_variables)]` on by default
[INFO] [stdout] 
[INFO] [stdout] 
[INFO] [stdout] warning: unused variable: `io`
[INFO] [stdout]    --> src/cpu/mod.rs:539:54
[INFO] [stdout]     |
[INFO] [stdout] 539 |     fn run_cb_opcode(&mut self, memory: &mut Memory, io: &mut InputOutput, ext: bool) -> usize {
[INFO] [stdout]     |                                                      ^^ help: if this is intentional, prefix it with an underscore: `_io`
[INFO] [stdout] 
[INFO] [stdout] 
[INFO] [stdout] warning: variable `number_of_ones` is assigned to, but never used
[INFO] [stdout]     --> src/cpu/mod.rs:1381:17
[INFO] [stdout]      |
[INFO] [stdout] 1381 |         let mut number_of_ones = 0;
[INFO] [stdout]      |                 ^^^^^^^^^^^^^^
[INFO] [stdout]      |
[INFO] [stdout]      = note: consider using `_number_of_ones` instead
[INFO] [stdout] 
[INFO] [stdout] 
[INFO] [stdout] warning: unused variable: `port`
[INFO] [stdout]   --> src/cpu/io.rs:21:21
[INFO] [stdout]    |
[INFO] [stdout] 21 |     fn input(&self, port: u8) -> u8 {
[INFO] [stdout]    |                     ^^^^ help: if this is intentional, prefix it with an underscore: `_port`
[INFO] [stdout] 
[INFO] [stdout] 
[INFO] [stdout] warning: unused variable: `port`
[INFO] [stdout]   --> src/cpu/io.rs:25:26
[INFO] [stdout]    |
[INFO] [stdout] 25 |     fn output(&mut self, port: u8, byte: u8) {
[INFO] [stdout]    |                          ^^^^ help: if this is intentional, prefix it with an underscore: `_port`
[INFO] [stdout] 
[INFO] [stdout] 
[INFO] [stdout] warning: unused variable: `mem`
[INFO] [stdout]   --> src/cpu/tests.rs:85:13
[INFO] [stdout]    |
[INFO] [stdout] 85 |     let mut mem = &mut TestMemory::new();
[INFO] [stdout]    |             ^^^ help: if this is intentional, prefix it with an underscore: `_mem`
[INFO] [stdout] 
[INFO] [stdout] 
[INFO] [stdout] warning: unused variable: `result`
[INFO] [stdout]   --> src/display.rs:49:21
[INFO] [stdout]    |
[INFO] [stdout] 49 |                 let result = canvas.fill_rect(Rect::new(x_coord, y_coord, 2, 2));
[INFO] [stdout]    |                     ^^^^^^ help: if this is intentional, prefix it with an underscore: `_result`
[INFO] [stdout] 
[INFO] [stdout] 
[INFO] [stdout] warning: unused variable: `x_flip`
[INFO] [stdout]   --> src/display.rs:62:9
[INFO] [stdout]    |
[INFO] [stdout] 62 |         x_flip: bool,
[INFO] [stdout]    |         ^^^^^^ help: if this is intentional, prefix it with an underscore: `_x_flip`
[INFO] [stdout] 
[INFO] [stdout] 
[INFO] [stdout] warning: unused variable: `y_flip`
[INFO] [stdout]   --> src/display.rs:63:9
[INFO] [stdout]    |
[INFO] [stdout] 63 |         y_flip: bool,
[INFO] [stdout]    |         ^^^^^^ help: if this is intentional, prefix it with an underscore: `_y_flip`
[INFO] [stdout] 
[INFO] [stdout] 
[INFO] [stdout] warning: unused variable: `port`
[INFO] [stdout]   --> src/interrupt_vector.rs:14:21
[INFO] [stdout]    |
[INFO] [stdout] 14 |     fn input(&self, port: u8) -> u8 {
[INFO] [stdout]    |                     ^^^^ help: if this is intentional, prefix it with an underscore: `_port`
[INFO] [stdout] 
[INFO] [stdout] 
[INFO] [stdout] warning: unused variable: `port`
[INFO] [stdout]   --> src/interrupt_vector.rs:18:26
[INFO] [stdout]    |
[INFO] [stdout] 18 |     fn output(&mut self, port: u8, byte: u8) {
[INFO] [stdout]    |                          ^^^^ help: if this is intentional, prefix it with an underscore: `_port`
[INFO] [stdout] 
[INFO] [stdout] 
[INFO] [stdout] warning: unused variable: `color`
[INFO] [stdout]    --> src/rom.rs:104:17
[INFO] [stdout]     |
[INFO] [stdout] 104 |             let color = self.color_rom[*byte as usize];
[INFO] [stdout]     |                 ^^^^^ help: if this is intentional, prefix it with an underscore: `_color`
[INFO] [stdout] 
[INFO] [stdout] 
[INFO] [stdout] warning: unused variable: `why`
[INFO] [stdout]    --> src/rom.rs:137:17
[INFO] [stdout]     |
[INFO] [stdout] 137 |             Err(why) => panic!("Missing ROMs"),
[INFO] [stdout]     |                 ^^^ help: if this is intentional, prefix it with an underscore: `_why`
[INFO] [stdout] 
[INFO] [stdout] 
[INFO] [stdout] warning: unused variable: `why`
[INFO] [stdout]    --> src/rom.rs:142:17
[INFO] [stdout]     |
[INFO] [stdout] 142 |             Err(why) => panic!("Error reading ROM"),
[INFO] [stdout]     |                 ^^^ help: if this is intentional, prefix it with an underscore: `_why`
[INFO] [stdout] 
[INFO] [stdout] 
[INFO] [stdout] warning: variable does not need to be mutable
[INFO] [stdout]     --> src/cpu/mod.rs:1145:13
[INFO] [stdout]      |
[INFO] [stdout] 1145 |         let mut result = left.wrapping_sub(right);
[INFO] [stdout]      |             ----^^^^^^
[INFO] [stdout]      |             |
[INFO] [stdout]      |             help: remove this `mut`
[INFO] [stdout]      |
[INFO] [stdout]      = note: `#[warn(unused_mut)]` on by default
[INFO] [stdout] 
[INFO] [stdout] 
[INFO] [stdout] warning: variable does not need to be mutable
[INFO] [stdout]     --> src/cpu/mod.rs:1347:13
[INFO] [stdout]      |
[INFO] [stdout] 1347 |         let mut left = left + (carry as u8);
[INFO] [stdout]      |             ----^^^^
[INFO] [stdout]      |             |
[INFO] [stdout]      |             help: remove this `mut`
[INFO] [stdout] 
[INFO] [stdout] 
[INFO] [stdout] warning: variable does not need to be mutable
[INFO] [stdout]     --> src/cpu/mod.rs:1354:13
[INFO] [stdout]      |
[INFO] [stdout] 1354 |         let mut left = left - (carry as u8);
[INFO] [stdout]      |             ----^^^^
[INFO] [stdout]      |             |
[INFO] [stdout]      |             help: remove this `mut`
[INFO] [stdout] 
[INFO] [stdout] 
[INFO] [stdout] warning: variable does not need to be mutable
[INFO] [stdout]   --> src/cpu/tests.rs:85:9
[INFO] [stdout]    |
[INFO] [stdout] 85 |     let mut mem = &mut TestMemory::new();
[INFO] [stdout]    |         ----^^^
[INFO] [stdout]    |         |
[INFO] [stdout]    |         help: remove this `mut`
[INFO] [stdout] 
[INFO] [stdout] 
[INFO] [stdout] warning: associated function is never used: `draw_sprite`
[INFO] [stdout]   --> src/display.rs:30:12
[INFO] [stdout]    |
[INFO] [stdout] 30 |     pub fn draw_sprite(&mut self, x: usize, y: usize, sprite: usize, palette: usize) {
[INFO] [stdout]    |            ^^^^^^^^^^^
[INFO] [stdout]    |
[INFO] [stdout]    = note: `#[warn(dead_code)]` on by default
[INFO] [stdout] 
[INFO] [stdout] 
[INFO] [stdout] warning: variant is never constructed: `VramPalettes`
[INFO] [stdout]   --> src/memory_map.rs:46:5
[INFO] [stdout]    |
[INFO] [stdout] 46 |     VramPalettes(usize),
[INFO] [stdout]    |     ^^^^^^^^^^^^^^^^^^^
[INFO] [stdout] 
[INFO] [stdout] 
[INFO] [stdout] warning: field is never read: `roms`
[INFO] [stdout]   --> src/pacman.rs:13:5
[INFO] [stdout]    |
[INFO] [stdout] 13 |     roms: &'a Box<Roms>,
[INFO] [stdout]    |     ^^^^^^^^^^^^^^^^^^^
[INFO] [stdout] 
[INFO] [stdout] 
[INFO] [stdout] warning: 62 warnings emitted
[INFO] [stdout] 
[INFO] [stdout] 
[INFO] [stderr]     Finished test [unoptimized + debuginfo] target(s) in 1.78s
[INFO] running `Command { std: "docker" "inspect" "a853893af217245ed71b1e00d1318d5746dbe5ca89eb299e4be394c2dd460fd9", kill_on_drop: false }`
[INFO] running `Command { std: "docker" "rm" "-f" "a853893af217245ed71b1e00d1318d5746dbe5ca89eb299e4be394c2dd460fd9", kill_on_drop: false }`
[INFO] [stdout] a853893af217245ed71b1e00d1318d5746dbe5ca89eb299e4be394c2dd460fd9
[INFO] running `Command { std: "docker" "create" "-v" "/var/lib/crater-agent-workspace/builds/worker-11/target:/opt/rustwide/target:rw,Z" "-v" "/var/lib/crater-agent-workspace/builds/worker-11/source:/opt/rustwide/workdir:ro,Z" "-v" "/var/lib/crater-agent-workspace/cargo-home:/opt/rustwide/cargo-home:ro,Z" "-v" "/var/lib/crater-agent-workspace/rustup-home:/opt/rustwide/rustup-home:ro,Z" "-e" "SOURCE_DIR=/opt/rustwide/workdir" "-e" "CARGO_TARGET_DIR=/opt/rustwide/target" "-e" "CARGO_INCREMENTAL=0" "-e" "RUST_BACKTRACE=full" "-e" "RUSTFLAGS=--cap-lints=warn" "-e" "CARGO_HOME=/opt/rustwide/cargo-home" "-e" "RUSTUP_HOME=/opt/rustwide/rustup-home" "-w" "/opt/rustwide/workdir" "-m" "1610612736" "--user" "0:0" "--network" "none" "ghcr.io/rust-lang/crates-build-env/linux@sha256:34b6a614d2c27851fe6cbf88fbd1137609cefab8b10d0615aaeb6fd47975d74e" "/opt/rustwide/cargo-home/bin/cargo" "+beta-2021-08-01" "test" "--frozen", kill_on_drop: false }`
[INFO] [stdout] f1d071c0f0891c01716c345493af975e83d77537fb5deffddf5b1d9f66a5823d
[INFO] [stderr] WARNING: Your kernel does not support swap limit capabilities or the cgroup is not mounted. Memory limited without swap.
[INFO] running `Command { std: "docker" "start" "-a" "f1d071c0f0891c01716c345493af975e83d77537fb5deffddf5b1d9f66a5823d", kill_on_drop: false }`
[INFO] [stdout] 
[INFO] [stderr] warning: trait objects without an explicit `dyn` are deprecated
[INFO] [stdout] running 28 tests
[INFO] [stderr]   --> src/cpu/mod.rs:49:22
[INFO] [stderr]    |
[INFO] [stderr] 49 |         memory: &mut Memory,
[INFO] [stderr]    |                      ^^^^^^ help: use `dyn`: `dyn Memory`
[INFO] [stderr]    |
[INFO] [stderr]    = note: `#[warn(bare_trait_objects)]` on by default
[INFO] [stderr]    = warning: this is accepted in the current edition (Rust 2015) but is a hard error in Rust 2021!
[INFO] [stderr]    = note: for more information, see issue #80165 <https://github.com/rust-lang/rust/issues/80165>
[INFO] [stderr] 
[INFO] [stderr] warning: trait objects without an explicit `dyn` are deprecated
[INFO] [stderr]   --> src/cpu/mod.rs:50:18
[INFO] [stderr]    |
[INFO] [stderr] 50 |         io: &mut InputOutput,
[INFO] [stderr]    |                  ^^^^^^^^^^^ help: use `dyn`: `dyn InputOutput`
[INFO] [stderr]    |
[INFO] [stderr]    = warning: this is accepted in the current edition (Rust 2015) but is a hard error in Rust 2021!
[INFO] [stderr]    = note: for more information, see issue #80165 <https://github.com/rust-lang/rust/issues/80165>
[INFO] [stderr] 
[INFO] [stderr] warning: trait objects without an explicit `dyn` are deprecated
[INFO] [stderr]   --> src/cpu/mod.rs:73:22
[INFO] [stderr]    |
[INFO] [stderr] 73 |         memory: &mut Memory,
[INFO] [stderr]    |                      ^^^^^^ help: use `dyn`: `dyn Memory`
[INFO] [stderr]    |
[INFO] [stderr]    = warning: this is accepted in the current edition (Rust 2015) but is a hard error in Rust 2021!
[INFO] [stderr]    = note: for more information, see issue #80165 <https://github.com/rust-lang/rust/issues/80165>
[INFO] [stderr] 
[INFO] [stderr] warning: trait objects without an explicit `dyn` are deprecated
[INFO] [stderr]   --> src/cpu/mod.rs:74:18
[INFO] [stderr]    |
[INFO] [stderr] 74 |         io: &mut InputOutput,
[INFO] [stderr]    |                  ^^^^^^^^^^^ help: use `dyn`: `dyn InputOutput`
[INFO] [stderr]    |
[INFO] [stderr]    = warning: this is accepted in the current edition (Rust 2015) but is a hard error in Rust 2021!
[INFO] [stderr]    = note: for more information, see issue #80165 <https://github.com/rust-lang/rust/issues/80165>
[INFO] [stderr] 
[INFO] [stderr] warning: `...` range patterns are deprecated
[INFO] [stderr]    --> src/cpu/mod.rs:134:18
[INFO] [stderr]     |
[INFO] [stderr] 134 |             (0, 4...7, 0) => {
[INFO] [stderr]     |                  ^^^ help: use `..=` for an inclusive range
[INFO] [stderr]     |
[INFO] [stderr]     = note: `#[warn(ellipsis_inclusive_range_patterns)]` on by default
[INFO] [stderr]     = warning: this is accepted in the current edition (Rust 2015) but is a hard error in Rust 2021!
[INFO] [stderr]     = note: for more information, see issue #80165 <https://github.com/rust-lang/rust/issues/80165>
[INFO] [stderr] 
[INFO] [stderr] warning: trait objects without an explicit `dyn` are deprecated
[INFO] [stderr]    --> src/cpu/mod.rs:539:46
[INFO] [stderr]     |
[INFO] [stderr] 539 |     fn run_cb_opcode(&mut self, memory: &mut Memory, io: &mut InputOutput, ext: bool) -> usize {
[INFO] [stderr]     |                                              ^^^^^^ help: use `dyn`: `dyn Memory`
[INFO] [stderr]     |
[INFO] [stderr]     = warning: this is accepted in the current edition (Rust 2015) but is a hard error in Rust 2021!
[INFO] [stderr]     = note: for more information, see issue #80165 <https://github.com/rust-lang/rust/issues/80165>
[INFO] [stderr] 
[INFO] [stderr] warning: trait objects without an explicit `dyn` are deprecated
[INFO] [stderr]    --> src/cpu/mod.rs:539:63
[INFO] [stderr]     |
[INFO] [stderr] 539 |     fn run_cb_opcode(&mut self, memory: &mut Memory, io: &mut InputOutput, ext: bool) -> usize {
[INFO] [stderr]     |                                                               ^^^^^^^^^^^ help: use `dyn`: `dyn InputOutput`
[INFO] [stderr]     |
[INFO] [stderr]     = warning: this is accepted in the current edition (Rust 2015) but is a hard error in Rust 2021!
[INFO] [stderr]     = note: for more information, see issue #80165 <https://github.com/rust-lang/rust/issues/80165>
[INFO] [stderr] 
[INFO] [stderr] warning: trait objects without an explicit `dyn` are deprecated
[INFO] [stderr]    --> src/cpu/mod.rs:626:58
[INFO] [stderr]     |
[INFO] [stderr] 626 |     fn run_ed_opcode(&mut self, opcode: u8, memory: &mut Memory, io: &mut InputOutput) -> usize {
[INFO] [stderr]     |                                                          ^^^^^^ help: use `dyn`: `dyn Memory`
[INFO] [stderr]     |
[INFO] [stderr]     = warning: this is accepted in the current edition (Rust 2015) but is a hard error in Rust 2021!
[INFO] [stderr]     = note: for more information, see issue #80165 <https://github.com/rust-lang/rust/issues/80165>
[INFO] [stderr] 
[INFO] [stderr] warning: trait objects without an explicit `dyn` are deprecated
[INFO] [stderr]    --> src/cpu/mod.rs:626:75
[INFO] [stderr]     |
[INFO] [stderr] 626 |     fn run_ed_opcode(&mut self, opcode: u8, memory: &mut Memory, io: &mut InputOutput) -> usize {
[INFO] [stderr]     |                                                                           ^^^^^^^^^^^ help: use `dyn`: `dyn InputOutput`
[INFO] [stderr]     |
[INFO] [stderr]     = warning: this is accepted in the current edition (Rust 2015) but is a hard error in Rust 2021!
[INFO] [stderr]     = note: for more information, see issue #80165 <https://github.com/rust-lang/rust/issues/80165>
[INFO] [stderr] 
[INFO] [stderr] warning: `...` range patterns are deprecated
[INFO] [stderr]    --> src/cpu/mod.rs:782:21
[INFO] [stderr]     |
[INFO] [stderr] 782 |             (2, _, 0...3) => {
[INFO] [stderr]     |                     ^^^ help: use `..=` for an inclusive range
[INFO] [stderr]     |
[INFO] [stderr]     = warning: this is accepted in the current edition (Rust 2015) but is a hard error in Rust 2021!
[INFO] [stderr]     = note: for more information, see issue #80165 <https://github.com/rust-lang/rust/issues/80165>
[INFO] [stderr] 
[INFO] [stderr] warning: trait objects without an explicit `dyn` are deprecated
[INFO] [stderr]    --> src/cpu/mod.rs:792:42
[INFO] [stderr]     |
[INFO] [stderr] 792 |     fn r(&mut self, index: u8, mem: &mut Memory) -> u8 {
[INFO] [stderr]     |                                          ^^^^^^ help: use `dyn`: `dyn Memory`
[INFO] [stderr]     |
[INFO] [stderr]     = warning: this is accepted in the current edition (Rust 2015) but is a hard error in Rust 2021!
[INFO] [stderr]     = note: for more information, see issue #80165 <https://github.com/rust-lang/rust/issues/80165>
[INFO] [stderr] 
[INFO] [stderr] warning: trait objects without an explicit `dyn` are deprecated
[INFO] [stderr]    --> src/cpu/mod.rs:800:58
[INFO] [stderr]     |
[INFO] [stderr] 800 |     fn write_r(&mut self, index: u8, byte: u8, mem: &mut Memory) {
[INFO] [stderr]     |                                                          ^^^^^^ help: use `dyn`: `dyn Memory`
[INFO] [stderr]     |
[INFO] [stderr]     = warning: this is accepted in the current edition (Rust 2015) but is a hard error in Rust 2021!
[INFO] [stderr]     = note: for more information, see issue #80165 <https://github.com/rust-lang/rust/issues/80165>
[INFO] [stderr] 
[INFO] [stderr] warning: trait objects without an explicit `dyn` are deprecated
[INFO] [stderr]    --> src/cpu/mod.rs:808:47
[INFO] [stderr]     |
[INFO] [stderr] 808 |     fn bli(&mut self, a: u8, b: u8, mem: &mut Memory, io: &mut InputOutput) {
[INFO] [stderr]     |                                               ^^^^^^ help: use `dyn`: `dyn Memory`
[INFO] [stderr]     |
[INFO] [stderr]     = warning: this is accepted in the current edition (Rust 2015) but is a hard error in Rust 2021!
[INFO] [stderr]     = note: for more information, see issue #80165 <https://github.com/rust-lang/rust/issues/80165>
[INFO] [stderr] 
[INFO] [stderr] warning: trait objects without an explicit `dyn` are deprecated
[INFO] [stderr]    --> src/cpu/mod.rs:808:64
[INFO] [stderr]     |
[INFO] [stderr] 808 |     fn bli(&mut self, a: u8, b: u8, mem: &mut Memory, io: &mut InputOutput) {
[INFO] [stderr]     |                                                                ^^^^^^^^^^^ help: use `dyn`: `dyn InputOutput`
[INFO] [stderr]     |
[INFO] [stderr]     = warning: this is accepted in the current edition (Rust 2015) but is a hard error in Rust 2021!
[INFO] [stderr]     = note: for more information, see issue #80165 <https://github.com/rust-lang/rust/issues/80165>
[INFO] [stderr] 
[INFO] [stderr] warning: trait objects without an explicit `dyn` are deprecated
[INFO] [stderr]    --> src/cpu/mod.rs:952:42
[INFO] [stderr]     |
[INFO] [stderr] 952 |     fn load_inc_dec(&mut self, mem: &mut Memory, inc: bool) {
[INFO] [stderr]     |                                          ^^^^^^ help: use `dyn`: `dyn Memory`
[INFO] [stderr]     |
[INFO] [stderr]     = warning: this is accepted in the current edition (Rust 2015) but is a hard error in Rust 2021!
[INFO] [stderr]     = note: for more information, see issue #80165 <https://github.com/rust-lang/rust/issues/80165>
[INFO] [stderr] 
[INFO] [stderr] warning: trait objects without an explicit `dyn` are deprecated
[INFO] [stderr]    --> src/cpu/mod.rs:974:42
[INFO] [stderr]     |
[INFO] [stderr] 974 |     fn comp_inc_dec(&mut self, mem: &mut Memory, inc: bool) {
[INFO] [stderr]     |                                          ^^^^^^ help: use `dyn`: `dyn Memory`
[INFO] [stderr]     |
[INFO] [stderr]     = warning: this is accepted in the current edition (Rust 2015) but is a hard error in Rust 2021!
[INFO] [stderr]     = note: for more information, see issue #80165 <https://github.com/rust-lang/rust/issues/80165>
[INFO] [stderr] 
[INFO] [stderr] warning: trait objects without an explicit `dyn` are deprecated
[INFO] [stderr]     --> src/cpu/mod.rs:1274:42
[INFO] [stderr]      |
[INFO] [stderr] 1274 |     fn dec_8(&mut self, y: u8, mem: &mut Memory) {
[INFO] [stderr]      |                                          ^^^^^^ help: use `dyn`: `dyn Memory`
[INFO] [stderr]      |
[INFO] [stderr]      = warning: this is accepted in the current edition (Rust 2015) but is a hard error in Rust 2021!
[INFO] [stderr]      = note: for more information, see issue #80165 <https://github.com/rust-lang/rust/issues/80165>
[INFO] [stderr] 
[INFO] [stderr] warning: trait objects without an explicit `dyn` are deprecated
[INFO] [stderr]     --> src/cpu/mod.rs:1288:42
[INFO] [stderr]      |
[INFO] [stderr] 1288 |     fn inc_8(&mut self, y: u8, mem: &mut Memory) {
[INFO] [stderr]      |                                          ^^^^^^ help: use `dyn`: `dyn Memory`
[INFO] [stderr]      |
[INFO] [stderr]      = warning: this is accepted in the current edition (Rust 2015) but is a hard error in Rust 2021!
[INFO] [stderr]      = note: for more information, see issue #80165 <https://github.com/rust-lang/rust/issues/80165>
[INFO] [stderr] 
[INFO] [stderr] warning: trait objects without an explicit `dyn` are deprecated
[INFO] [stderr]     --> src/cpu/mod.rs:1303:34
[INFO] [stderr]      |
[INFO] [stderr] 1303 |     fn call(&mut self, mem: &mut Memory, addr: u16) {
[INFO] [stderr]      |                                  ^^^^^^ help: use `dyn`: `dyn Memory`
[INFO] [stderr]      |
[INFO] [stderr]      = warning: this is accepted in the current edition (Rust 2015) but is a hard error in Rust 2021!
[INFO] [stderr]      = note: for more information, see issue #80165 <https://github.com/rust-lang/rust/issues/80165>
[INFO] [stderr] 
[INFO] [stderr] warning: trait objects without an explicit `dyn` are deprecated
[INFO] [stderr]     --> src/cpu/mod.rs:1310:33
[INFO] [stderr]      |
[INFO] [stderr] 1310 |     fn ret(&mut self, mem: &mut Memory) {
[INFO] [stderr]      |                                 ^^^^^^ help: use `dyn`: `dyn Memory`
[INFO] [stderr]      |
[INFO] [stderr]      = warning: this is accepted in the current edition (Rust 2015) but is a hard error in Rust 2021!
[INFO] [stderr]      = note: for more information, see issue #80165 <https://github.com/rust-lang/rust/issues/80165>
[INFO] [stderr] 
[INFO] [stderr] warning: trait objects without an explicit `dyn` are deprecated
[INFO] [stderr]     --> src/cpu/mod.rs:1316:39
[INFO] [stderr]      |
[INFO] [stderr] 1316 |     fn pop_stack(&mut self, mem: &mut Memory) -> u8 {
[INFO] [stderr]      |                                       ^^^^^^ help: use `dyn`: `dyn Memory`
[INFO] [stderr]      |
[INFO] [stderr]      = warning: this is accepted in the current edition (Rust 2015) but is a hard error in Rust 2021!
[INFO] [stderr]      = note: for more information, see issue #80165 <https://github.com/rust-lang/rust/issues/80165>
[INFO] [stderr] 
[INFO] [stderr] warning: trait objects without an explicit `dyn` are deprecated
[INFO] [stderr]     --> src/cpu/mod.rs:1324:40
[INFO] [stderr]      |
[INFO] [stderr] 1324 |     fn push_stack(&mut self, mem: &mut Memory, byte: u8) {
[INFO] [stderr]      |                                        ^^^^^^ help: use `dyn`: `dyn Memory`
[INFO] [stderr]      |
[INFO] [stderr]      = warning: this is accepted in the current edition (Rust 2015) but is a hard error in Rust 2021!
[INFO] [stderr]      = note: for more information, see issue #80165 <https://github.com/rust-lang/rust/issues/80165>
[INFO] [stderr] 
[INFO] [stderr] warning: trait objects without an explicit `dyn` are deprecated
[INFO] [stderr]     --> src/cpu/mod.rs:1333:43
[INFO] [stderr]      |
[INFO] [stderr] 1333 |     fn push_stack_16(&mut self, mem: &mut Memory, word: u16) {
[INFO] [stderr]      |                                           ^^^^^^ help: use `dyn`: `dyn Memory`
[INFO] [stderr]      |
[INFO] [stderr]      = warning: this is accepted in the current edition (Rust 2015) but is a hard error in Rust 2021!
[INFO] [stderr]      = note: for more information, see issue #80165 <https://github.com/rust-lang/rust/issues/80165>
[INFO] [stderr] 
[INFO] [stderr] warning: trait objects without an explicit `dyn` are deprecated
[INFO] [stderr]     --> src/cpu/mod.rs:1338:42
[INFO] [stderr]      |
[INFO] [stderr] 1338 |     fn pop_stack_16(&mut self, mem: &mut Memory) -> u16 {
[INFO] [stderr]      |                                          ^^^^^^ help: use `dyn`: `dyn Memory`
[INFO] [stderr]      |
[INFO] [stderr]      = warning: this is accepted in the current edition (Rust 2015) but is a hard error in Rust 2021!
[INFO] [stderr]      = note: for more information, see issue #80165 <https://github.com/rust-lang/rust/issues/80165>
[INFO] [stderr] 
[INFO] [stderr] warning: unnecessary trailing semicolon
[INFO] [stderr]    --> src/cpu/tests.rs:258:22
[INFO] [stderr]     |
[INFO] [stderr] 258 |     cpu.reg.sp = 100;;
[INFO] [stderr]     |                      ^ help: remove this semicolon
[INFO] [stderr]     |
[INFO] [stderr]     = note: `#[warn(redundant_semicolons)]` on by default
[INFO] [stderr] 
[INFO] [stderr] warning: `...` range patterns are deprecated
[INFO] [stderr]   --> src/memory_map.rs:74:24
[INFO] [stderr]    |
[INFO] [stderr] 74 |         (GAME_ROM_START...GAME_ROM_END, false) => {
[INFO] [stderr]    |                        ^^^ help: use `..=` for an inclusive range
[INFO] [stderr]    |
[INFO] [stderr]    = warning: this is accepted in the current edition (Rust 2015) but is a hard error in Rust 2021!
[INFO] [stderr]    = note: for more information, see issue #80165 <https://github.com/rust-lang/rust/issues/80165>
[INFO] [stderr] 
[INFO] [stderr] warning: `...` range patterns are deprecated
[INFO] [stderr]   --> src/memory_map.rs:78:24
[INFO] [stderr]    |
[INFO] [stderr] 78 |         (GAME_ROM_START...GAME_ROM_END, true) => Err("Cannot write to ROM."),
[INFO] [stderr]    |                        ^^^ help: use `..=` for an inclusive range
[INFO] [stderr]    |
[INFO] [stderr]    = warning: this is accepted in the current edition (Rust 2015) but is a hard error in Rust 2021!
[INFO] [stderr]    = note: for more information, see issue #80165 <https://github.com/rust-lang/rust/issues/80165>
[INFO] [stderr] 
[INFO] [stderr] warning: `...` range patterns are deprecated
[INFO] [stderr]   --> src/memory_map.rs:80:26
[INFO] [stderr]    |
[INFO] [stderr] 80 |         (VRAM_TILES_START...VRAM_TILES_END, _) => {
[INFO] [stderr]    |                          ^^^ help: use `..=` for an inclusive range
[INFO] [stderr]    |
[INFO] [stderr]    = warning: this is accepted in the current edition (Rust 2015) but is a hard error in Rust 2021!
[INFO] [stderr]    = note: for more information, see issue #80165 <https://github.com/rust-lang/rust/issues/80165>
[INFO] [stderr] 
[INFO] [stderr] warning: `...` range patterns are deprecated
[INFO] [stderr]   --> src/memory_map.rs:84:29
[INFO] [stderr]    |
[INFO] [stderr] 84 |         (VRAM_PALETTES_START...VRAM_PALETTES_END, _) => {
[INFO] [stderr]    |                             ^^^ help: use `..=` for an inclusive range
[INFO] [stderr]    |
[INFO] [stderr]    = warning: this is accepted in the current edition (Rust 2015) but is a hard error in Rust 2021!
[INFO] [stderr]    = note: for more information, see issue #80165 <https://github.com/rust-lang/rust/issues/80165>
[INFO] [stderr] 
[INFO] [stderr] warning: `...` range patterns are deprecated
[INFO] [stderr]   --> src/memory_map.rs:88:19
[INFO] [stderr]    |
[INFO] [stderr] 88 |         (RAM_START...RAM_END, _) => Ok(Address::Ram((addr - RAM_START) as usize)),
[INFO] [stderr]    |                   ^^^ help: use `..=` for an inclusive range
[INFO] [stderr]    |
[INFO] [stderr]    = warning: this is accepted in the current edition (Rust 2015) but is a hard error in Rust 2021!
[INFO] [stderr]    = note: for more information, see issue #80165 <https://github.com/rust-lang/rust/issues/80165>
[INFO] [stderr] 
[INFO] [stderr] warning: `...` range patterns are deprecated
[INFO] [stderr]   --> src/memory_map.rs:90:28
[INFO] [stderr]    |
[INFO] [stderr] 90 |         (VRAM_SPRITES_START...VRAM_SPRITES_END, _) => {
[INFO] [stderr]    |                            ^^^ help: use `..=` for an inclusive range
[INFO] [stderr]    |
[INFO] [stderr]    = warning: this is accepted in the current edition (Rust 2015) but is a hard error in Rust 2021!
[INFO] [stderr]    = note: for more information, see issue #80165 <https://github.com/rust-lang/rust/issues/80165>
[INFO] [stderr] 
[INFO] [stderr] warning: `...` range patterns are deprecated
[INFO] [stderr]   --> src/memory_map.rs:94:28
[INFO] [stderr]    |
[INFO] [stderr] 94 |         (IN0_REGISTER_START...IN0_REGISTER_END, false) => Ok(Address::IN0Register),
[INFO] [stderr]    |                            ^^^ help: use `..=` for an inclusive range
[INFO] [stderr]    |
[INFO] [stderr]    = warning: this is accepted in the current edition (Rust 2015) but is a hard error in Rust 2021!
[INFO] [stderr]    = note: for more information, see issue #80165 <https://github.com/rust-lang/rust/issues/80165>
[INFO] [stderr] 
[INFO] [stderr] warning: `...` range patterns are deprecated
[INFO] [stderr]    --> src/memory_map.rs:105:28
[INFO] [stderr]     |
[INFO] [stderr] 105 |         (IN1_REGISTER_START...IN1_REGISTER_END, false) => Ok(Address::IN1Register),
[INFO] [stderr]     |                            ^^^ help: use `..=` for an inclusive range
[INFO] [stderr]     |
[INFO] [stderr]     = warning: this is accepted in the current edition (Rust 2015) but is a hard error in Rust 2021!
[INFO] [stderr]     = note: for more information, see issue #80165 <https://github.com/rust-lang/rust/issues/80165>
[INFO] [stderr] 
[INFO] [stderr] warning: `...` range patterns are deprecated
[INFO] [stderr]    --> src/memory_map.rs:107:21
[INFO] [stderr]     |
[INFO] [stderr] 107 |         (SOUND_START...SOUND_END, true) => Ok(Address::Sound((addr - SOUND_START) as usize)),
[INFO] [stderr]     |                     ^^^ help: use `..=` for an inclusive range
[INFO] [stderr]     |
[INFO] [stderr]     = warning: this is accepted in the current edition (Rust 2015) but is a hard error in Rust 2021!
[INFO] [stderr]     = note: for more information, see issue #80165 <https://github.com/rust-lang/rust/issues/80165>
[INFO] [stderr] 
[INFO] [stderr] warning: `...` range patterns are deprecated
[INFO] [stderr]    --> src/memory_map.rs:109:25
[INFO] [stderr]     |
[INFO] [stderr] 109 |         (SPRITE_XY_START...SPRITE_XY_END, true) => {
[INFO] [stderr]     |                         ^^^ help: use `..=` for an inclusive range
[INFO] [stderr]     |
[INFO] [stderr]     = warning: this is accepted in the current edition (Rust 2015) but is a hard error in Rust 2021!
[INFO] [stderr]     = note: for more information, see issue #80165 <https://github.com/rust-lang/rust/issues/80165>
[INFO] [stderr] 
[INFO] [stderr] warning: `...` range patterns are deprecated
[INFO] [stderr]    --> src/memory_map.rs:113:26
[INFO] [stderr]     |
[INFO] [stderr] 113 |         (DIP_SWITCH_START...DIP_SWITCH_END, _) => Ok(Address::DipSwitchRegister),
[INFO] [stderr]     |                          ^^^ help: use `..=` for an inclusive range
[INFO] [stderr]     |
[INFO] [stderr]     = warning: this is accepted in the current edition (Rust 2015) but is a hard error in Rust 2021!
[INFO] [stderr]     = note: for more information, see issue #80165 <https://github.com/rust-lang/rust/issues/80165>
[INFO] [stderr] 
[INFO] [stderr] warning: `...` range patterns are deprecated
[INFO] [stderr]    --> src/memory_map.rs:115:24
[INFO] [stderr]     |
[INFO] [stderr] 115 |         (WATCHDOG_START...WATCHDOG_END, _) => Ok(Address::WatchdogTimerReset),
[INFO] [stderr]     |                        ^^^ help: use `..=` for an inclusive range
[INFO] [stderr]     |
[INFO] [stderr]     = warning: this is accepted in the current edition (Rust 2015) but is a hard error in Rust 2021!
[INFO] [stderr]     = note: for more information, see issue #80165 <https://github.com/rust-lang/rust/issues/80165>
[INFO] [stderr] 
[INFO] [stderr] warning: denote infinite loops with `loop { ... }`
[INFO] [stderr]   --> src/pacman.rs:79:9
[INFO] [stderr]    |
[INFO] [stderr] 79 |         while true {
[INFO] [stderr]    |         ^^^^^^^^^^ help: use `loop`
[INFO] [stderr]    |
[INFO] [stderr]    = note: `#[warn(while_true)]` on by default
[INFO] [stderr] 
[INFO] [stderr] warning: unreachable pattern
[INFO] [stderr]    --> src/cpu/mod.rs:912:13
[INFO] [stderr]     |
[INFO] [stderr] 912 |             (5, 2) => {
[INFO] [stderr]     |             ^^^^^^
[INFO] [stderr]     |
[INFO] [stderr]     = note: `#[warn(unreachable_patterns)]` on by default
[INFO] [stderr] 
[INFO] [stderr] warning: unreachable pattern
[INFO] [stderr]    --> src/cpu/mod.rs:919:13
[INFO] [stderr]     |
[INFO] [stderr] 919 |             (6, 2) => {
[INFO] [stderr]     |             ^^^^^^
[INFO] [stderr] 
[INFO] [stderr] warning: unreachable pattern
[INFO] [stderr]    --> src/cpu/mod.rs:933:13
[INFO] [stderr]     |
[INFO] [stderr] 933 |             (7, 2) => {
[INFO] [stderr]     |             ^^^^^^
[INFO] [stderr] 
[INFO] [stderr] warning: unused variable: `i`
[INFO] [stderr]   --> src/cpu/mod.rs:57:13
[INFO] [stderr]    |
[INFO] [stderr] 57 |         for i in 0..iters {
[INFO] [stderr]    |             ^ help: if this is intentional, prefix it with an underscore: `_i`
[INFO] [stderr]    |
[INFO] [stderr]    = note: `#[warn(unused_variables)]` on by default
[INFO] [stderr] 
[INFO] [stderr] warning: unused variable: `io`
[INFO] [stderr]    --> src/cpu/mod.rs:539:54
[INFO] [stderr]     |
[INFO] [stderr] 539 |     fn run_cb_opcode(&mut self, memory: &mut Memory, io: &mut InputOutput, ext: bool) -> usize {
[INFO] [stderr]     |                                                      ^^ help: if this is intentional, prefix it with an underscore: `_io`
[INFO] [stderr] 
[INFO] [stderr] warning: variable `number_of_ones` is assigned to, but never used
[INFO] [stderr]     --> src/cpu/mod.rs:1381:17
[INFO] [stderr]      |
[INFO] [stderr] 1381 |         let mut number_of_ones = 0;
[INFO] [stdout] test cpu::reg::tests::test_cc ... ok
[INFO] [stderr]      |                 ^^^^^^^^^^^^^^
[INFO] [stdout] test cpu::tests::test_16bit_inc_dec ... ok
[INFO] [stderr]      |
[INFO] [stdout] test cpu::reg::tests::test_write_16bit_r ... ok
[INFO] [stderr]      = note: consider using `_number_of_ones` instead
[INFO] [stdout] test cpu::tests::test_add ... ok
[INFO] [stderr] 
[INFO] [stdout] test cpu::tests::test_8bit_loading ... ok
[INFO] [stderr] warning: unused variable: `port`
[INFO] [stdout] test cpu::reg::tests::test_16bit_registers ... ok
[INFO] [stderr]   --> src/cpu/io.rs:21:21
[INFO] [stdout] test cpu::tests::test_16bit_ld ... ok
[INFO] [stderr]    |
[INFO] [stdout] test cpu::tests::test_bit_test ... ok
[INFO] [stderr] 21 |     fn input(&self, port: u8) -> u8 {
[INFO] [stdout] test cpu::tests::test_8bit_inc_dec ... ok
[INFO] [stderr]    |                     ^^^^ help: if this is intentional, prefix it with an underscore: `_port`
[INFO] [stdout] test cpu::tests::test_detect_overflow ... ok
[INFO] [stderr] 
[INFO] [stdout] test cpu::tests::test_indirect_loads ... ok
[INFO] [stderr] warning: unused variable: `port`
[INFO] [stdout] test cpu::tests::test_interrupt ... ok
[INFO] [stderr]   --> src/cpu/io.rs:25:26
[INFO] [stdout] test cpu::tests::test_ix_iy_bit_operations ... ok
[INFO] [stderr]    |
[INFO] [stdout] test cpu::tests::test_io ... ok
[INFO] [stderr] 25 |     fn output(&mut self, port: u8, byte: u8) {
[INFO] [stdout] test cpu::tests::test_return ... ok
[INFO] [stderr]    |                          ^^^^ help: if this is intentional, prefix it with an underscore: `_port`
[INFO] [stdout] test cpu::tests::test_shift ... ok
[INFO] [stderr] 
[INFO] [stdout] test cpu::tests::test_stack ... ok
[INFO] [stderr] warning: unused variable: `mem`
[INFO] [stdout] test cpu::tests::test_sub ... ok
[INFO] [stderr]   --> src/cpu/tests.rs:85:13
[INFO] [stdout] test memory_map::tests::test_memory_map ... ok
[INFO] [stderr]    |
[INFO] [stdout] test memory_mapper::tests::test_inital_state ... ok
[INFO] [stderr] 85 |     let mut mem = &mut TestMemory::new();
[INFO] [stdout] test cpu::tests::test_neg ... ok
[INFO] [stderr]    |             ^^^ help: if this is intentional, prefix it with an underscore: `_mem`
[INFO] [stderr] 
[INFO] [stderr] warning: unused variable: `result`
[INFO] [stderr]   --> src/display.rs:49:21
[INFO] [stderr]    |
[INFO] [stderr] 49 |                 let result = canvas.fill_rect(Rect::new(x_coord, y_coord, 2, 2));
[INFO] [stderr]    |                     ^^^^^^ help: if this is intentional, prefix it with an underscore: `_result`
[INFO] [stderr] 
[INFO] [stderr] warning: unused variable: `x_flip`
[INFO] [stderr]   --> src/display.rs:62:9
[INFO] [stderr]    |
[INFO] [stderr] 62 |         x_flip: bool,
[INFO] [stderr]    |         ^^^^^^ help: if this is intentional, prefix it with an underscore: `_x_flip`
[INFO] [stderr] 
[INFO] [stderr] warning: unused variable: `y_flip`
[INFO] [stderr]   --> src/display.rs:63:9
[INFO] [stderr]    |
[INFO] [stderr] 63 |         y_flip: bool,
[INFO] [stderr]    |         ^^^^^^ help: if this is intentional, prefix it with an underscore: `_y_flip`
[INFO] [stderr] 
[INFO] [stderr] warning: unused variable: `port`
[INFO] [stderr]   --> src/interrupt_vector.rs:14:21
[INFO] [stderr]    |
[INFO] [stderr] 14 |     fn input(&self, port: u8) -> u8 {
[INFO] [stderr]    |                     ^^^^ help: if this is intentional, prefix it with an underscore: `_port`
[INFO] [stderr] 
[INFO] [stderr] warning: unused variable: `port`
[INFO] [stderr]   --> src/interrupt_vector.rs:18:26
[INFO] [stderr]    |
[INFO] [stderr] 18 |     fn output(&mut self, port: u8, byte: u8) {
[INFO] [stderr]    |                          ^^^^ help: if this is intentional, prefix it with an underscore: `_port`
[INFO] [stderr] 
[INFO] [stderr] warning: unused variable: `color`
[INFO] [stderr]    --> src/rom.rs:104:17
[INFO] [stderr]     |
[INFO] [stderr] 104 |             let color = self.color_rom[*byte as usize];
[INFO] [stderr]     |                 ^^^^^ help: if this is intentional, prefix it with an underscore: `_color`
[INFO] [stderr] 
[INFO] [stderr] warning: unused variable: `why`
[INFO] [stderr]    --> src/rom.rs:137:17
[INFO] [stderr]     |
[INFO] [stderr] 137 |             Err(why) => panic!("Missing ROMs"),
[INFO] [stderr]     |                 ^^^ help: if this is intentional, prefix it with an underscore: `_why`
[INFO] [stderr] 
[INFO] [stderr] warning: unused variable: `why`
[INFO] [stderr]    --> src/rom.rs:142:17
[INFO] [stderr]     |
[INFO] [stderr] 142 |             Err(why) => panic!("Error reading ROM"),
[INFO] [stderr]     |                 ^^^ help: if this is intentional, prefix it with an underscore: `_why`
[INFO] [stderr] 
[INFO] [stderr] warning: variable does not need to be mutable
[INFO] [stderr]     --> src/cpu/mod.rs:1145:13
[INFO] [stderr]      |
[INFO] [stderr] 1145 |         let mut result = left.wrapping_sub(right);
[INFO] [stderr]      |             ----^^^^^^
[INFO] [stderr]      |             |
[INFO] [stderr]      |             help: remove this `mut`
[INFO] [stderr]      |
[INFO] [stderr]      = note: `#[warn(unused_mut)]` on by default
[INFO] [stderr] 
[INFO] [stderr] warning: variable does not need to be mutable
[INFO] [stderr]     --> src/cpu/mod.rs:1347:13
[INFO] [stderr]      |
[INFO] [stderr] 1347 |         let mut left = left + (carry as u8);
[INFO] [stderr]      |             ----^^^^
[INFO] [stderr]      |             |
[INFO] [stderr]      |             help: remove this `mut`
[INFO] [stderr] 
[INFO] [stderr] warning: variable does not need to be mutable
[INFO] [stderr]     --> src/cpu/mod.rs:1354:13
[INFO] [stderr]      |
[INFO] [stderr] 1354 |         let mut left = left - (carry as u8);
[INFO] [stderr]      |             ----^^^^
[INFO] [stderr]      |             |
[INFO] [stderr]      |             help: remove this `mut`
[INFO] [stderr] 
[INFO] [stderr] warning: variable does not need to be mutable
[INFO] [stderr]   --> src/cpu/tests.rs:85:9
[INFO] [stderr]    |
[INFO] [stderr] 85 |     let mut mem = &mut TestMemory::new();
[INFO] [stderr]    |         ----^^^
[INFO] [stderr]    |         |
[INFO] [stderr]    |         help: remove this `mut`
[INFO] [stderr] 
[INFO] [stderr] warning: associated function is never used: `draw_sprite`
[INFO] [stderr]   --> src/display.rs:30:12
[INFO] [stderr]    |
[INFO] [stderr] 30 |     pub fn draw_sprite(&mut self, x: usize, y: usize, sprite: usize, palette: usize) {
[INFO] [stderr]    |            ^^^^^^^^^^^
[INFO] [stderr]    |
[INFO] [stderr]    = note: `#[warn(dead_code)]` on by default
[INFO] [stderr] 
[INFO] [stderr] warning: variant is never constructed: `VramPalettes`
[INFO] [stderr]   --> src/memory_map.rs:46:5
[INFO] [stderr]    |
[INFO] [stderr] 46 |     VramPalettes(usize),
[INFO] [stderr]    |     ^^^^^^^^^^^^^^^^^^^
[INFO] [stderr] 
[INFO] [stderr] warning: field is never read: `roms`
[INFO] [stderr]   --> src/pacman.rs:13:5
[INFO] [stderr]    |
[INFO] [stderr] 13 |     roms: &'a Box<Roms>,
[INFO] [stderr]    |     ^^^^^^^^^^^^^^^^^^^
[INFO] [stderr] 
[INFO] [stderr] warning: `pacman` (bin "pacman" test) generated 62 warnings
[INFO] [stderr]     Finished test [unoptimized + debuginfo] target(s) in 0.04s
[INFO] [stderr]      Running unittests (/opt/rustwide/target/debug/deps/pacman-bdd4a1c3b7805a16)
[INFO] [stdout] test cpu::tests::test_run_opcodes ... ok
[INFO] [stdout] test memory_mapper::tests::test_read ... ok
[INFO] [stdout] test cpu::tests::test_ix_operations ... ok
[INFO] [stdout] test memory_mapper::tests::test_valid_write ... ok
[INFO] [stdout] test cpu::tests::test_jr ... ok
[INFO] [stdout] test memory_mapper::tests::test_invalid_write - should panic ... ok
[INFO] [stdout] test cpu::tests::test_halt ... FAILED
[INFO] [stdout] 
[INFO] [stdout] failures:
[INFO] [stdout] 
[INFO] [stdout] ---- cpu::tests::test_halt stdout ----
[INFO] [stdout] thread 'cpu::tests::test_halt' panicked at 'assertion failed: `(left == right)`
[INFO] [stdout]   left: `4`,
[INFO] [stdout]  right: `0`', src/cpu/tests.rs:123:5
[INFO] [stdout] stack backtrace:
[INFO] [stdout]    0:     0x561d53de2be0 - std::backtrace_rs::backtrace::libunwind::trace::hff4d1766e93f64f1
[INFO] [stdout]                                at /rustc/53fd98ca776cb875bc9e5514f56b52eb74f9e7a9/library/std/src/../../backtrace/src/backtrace/libunwind.rs:90:5
[INFO] [stdout]    1:     0x561d53de2be0 - std::backtrace_rs::backtrace::trace_unsynchronized::h56bbc8eb78770bcb
[INFO] [stdout]                                at /rustc/53fd98ca776cb875bc9e5514f56b52eb74f9e7a9/library/std/src/../../backtrace/src/backtrace/mod.rs:66:5
[INFO] [stdout]    2:     0x561d53de2be0 - std::sys_common::backtrace::_print_fmt::h5c8e75464faca780
[INFO] [stdout]                                at /rustc/53fd98ca776cb875bc9e5514f56b52eb74f9e7a9/library/std/src/sys_common/backtrace.rs:67:5
[INFO] [stdout]    3:     0x561d53de2be0 - <std::sys_common::backtrace::_print::DisplayBacktrace as core::fmt::Display>::fmt::h48b88277def8b362
[INFO] [stdout]                                at /rustc/53fd98ca776cb875bc9e5514f56b52eb74f9e7a9/library/std/src/sys_common/backtrace.rs:46:22
[INFO] [stdout]    4:     0x561d53e053ac - core::fmt::write::h3381b3176fe2b3d3
[INFO] [stdout]                                at /rustc/53fd98ca776cb875bc9e5514f56b52eb74f9e7a9/library/core/src/fmt/mod.rs:1115:17
[INFO] [stdout]    5:     0x561d53ddfb45 - std::io::Write::write_fmt::h5f34a676f60246b5
[INFO] [stdout]                                at /rustc/53fd98ca776cb875bc9e5514f56b52eb74f9e7a9/library/std/src/io/mod.rs:1665:15
[INFO] [stdout]    6:     0x561d53de4d5b - std::sys_common::backtrace::_print::ha537687d6c17dd0d
[INFO] [stdout]                                at /rustc/53fd98ca776cb875bc9e5514f56b52eb74f9e7a9/library/std/src/sys_common/backtrace.rs:49:5
[INFO] [stdout]    7:     0x561d53de4d5b - std::sys_common::backtrace::print::h61376ae57d131d72
[INFO] [stdout]                                at /rustc/53fd98ca776cb875bc9e5514f56b52eb74f9e7a9/library/std/src/sys_common/backtrace.rs:36:9
[INFO] [stdout]    8:     0x561d53de4d5b - std::panicking::default_hook::{{closure}}::h0f7208c0b9644a54
[INFO] [stdout]                                at /rustc/53fd98ca776cb875bc9e5514f56b52eb74f9e7a9/library/std/src/panicking.rs:208:50
[INFO] [stdout]    9:     0x561d53de486c - std::panicking::default_hook::hdac7fc06578c14ce
[INFO] [stdout]                                at /rustc/53fd98ca776cb875bc9e5514f56b52eb74f9e7a9/library/std/src/panicking.rs:222:9
[INFO] [stdout]   10:     0x561d53de5424 - std::panicking::rust_panic_with_hook::h72b21c283da3d1ef
[INFO] [stdout]                                at /rustc/53fd98ca776cb875bc9e5514f56b52eb74f9e7a9/library/std/src/panicking.rs:622:17
[INFO] [stdout]   11:     0x561d53de4f07 - std::panicking::begin_panic_handler::{{closure}}::he5778f1729cff84a
[INFO] [stdout]                                at /rustc/53fd98ca776cb875bc9e5514f56b52eb74f9e7a9/library/std/src/panicking.rs:519:13
[INFO] [stdout]   12:     0x561d53de30bc - std::sys_common::backtrace::__rust_end_short_backtrace::h2d11ca8b453b4b1d
[INFO] [stdout]                                at /rustc/53fd98ca776cb875bc9e5514f56b52eb74f9e7a9/library/std/src/sys_common/backtrace.rs:141:18
[INFO] [stdout]   13:     0x561d53de4e69 - rust_begin_unwind
[INFO] [stdout]                                at /rustc/53fd98ca776cb875bc9e5514f56b52eb74f9e7a9/library/std/src/panicking.rs:515:5
[INFO] [stdout]   14:     0x561d53d853b1 - core::panicking::panic_fmt::hf9de31d4acbce4db
[INFO] [stdout]                                at /rustc/53fd98ca776cb875bc9e5514f56b52eb74f9e7a9/library/core/src/panicking.rs:92:14
[INFO] [stdout]   15:     0x561d53e03cc8 - core::panicking::assert_failed_inner::h62e8cb2847a6e7ec
[INFO] [stdout]   16:     0x561d53d92e0a - core::panicking::assert_failed::h733d82baa4ea574a
[INFO] [stdout]                                at /rustc/53fd98ca776cb875bc9e5514f56b52eb74f9e7a9/library/core/src/panicking.rs:117:5
[INFO] [stdout]   17:     0x561d53d8d594 - pacman::cpu::tests::test_halt::h75cf78ac350ec08f
[INFO] [stdout]                                at /opt/rustwide/workdir/src/cpu/tests.rs:123:5
[INFO] [stdout]   18:     0x561d53d8d45a - pacman::cpu::tests::test_halt::{{closure}}::hf5ab48bc1b227037
[INFO] [stdout]                                at /opt/rustwide/workdir/src/cpu/tests.rs:117:1
[INFO] [stdout]   19:     0x561d53d900ae - core::ops::function::FnOnce::call_once::hf15ffe2bdab0720d
[INFO] [stdout]                                at /rustc/53fd98ca776cb875bc9e5514f56b52eb74f9e7a9/library/core/src/ops/function.rs:227:5
[INFO] [stdout]   20:     0x561d53dc6783 - core::ops::function::FnOnce::call_once::hbb52c4519d3137b0
[INFO] [stdout]                                at /rustc/53fd98ca776cb875bc9e5514f56b52eb74f9e7a9/library/core/src/ops/function.rs:227:5
[INFO] [stdout]   21:     0x561d53dc6783 - test::__rust_begin_short_backtrace::h86fe3a2a5a5121af
[INFO] [stdout]                                at /rustc/53fd98ca776cb875bc9e5514f56b52eb74f9e7a9/library/test/src/lib.rs:578:5
[INFO] [stdout]   22:     0x561d53dc5238 - <alloc::boxed::Box<F,A> as core::ops::function::FnOnce<Args>>::call_once::hfd956bc3d57399be
[INFO] [stdout]                                at /rustc/53fd98ca776cb875bc9e5514f56b52eb74f9e7a9/library/alloc/src/boxed.rs:1572:9
[INFO] [stdout]   23:     0x561d53dc5238 - <std::panic::AssertUnwindSafe<F> as core::ops::function::FnOnce<()>>::call_once::h40dc93e0ddb5938a
[INFO] [stdout]                                at /rustc/53fd98ca776cb875bc9e5514f56b52eb74f9e7a9/library/std/src/panic.rs:347:9
[INFO] [stdout]   24:     0x561d53dc5238 - std::panicking::try::do_call::h90d07750cb47c562
[INFO] [stdout]                                at /rustc/53fd98ca776cb875bc9e5514f56b52eb74f9e7a9/library/std/src/panicking.rs:401:40
[INFO] [stdout]   25:     0x561d53dc5238 - std::panicking::try::h063c84733ad2a629
[INFO] [stdout]                                at /rustc/53fd98ca776cb875bc9e5514f56b52eb74f9e7a9/library/std/src/panicking.rs:365:19
[INFO] [stdout]   26:     0x561d53dc5238 - std::panic::catch_unwind::h0c464836a84e7c08
[INFO] [stdout]                                at /rustc/53fd98ca776cb875bc9e5514f56b52eb74f9e7a9/library/std/src/panic.rs:434:14
[INFO] [stdout]   27:     0x561d53dc5238 - test::run_test_in_process::h5cb06ef620b157fc
[INFO] [stdout]                                at /rustc/53fd98ca776cb875bc9e5514f56b52eb74f9e7a9/library/test/src/lib.rs:601:18
[INFO] [stdout]   28:     0x561d53dc5238 - test::run_test::run_test_inner::{{closure}}::h76f677f4b93f9828
[INFO] [stdout]                                at /rustc/53fd98ca776cb875bc9e5514f56b52eb74f9e7a9/library/test/src/lib.rs:493:39
[INFO] [stdout]   29:     0x561d53d939cd - test::run_test::run_test_inner::{{closure}}::h366d01fe04f4d67a
[INFO] [stdout]                                at /rustc/53fd98ca776cb875bc9e5514f56b52eb74f9e7a9/library/test/src/lib.rs:520:37
[INFO] [stdout]   30:     0x561d53d939cd - std::sys_common::backtrace::__rust_begin_short_backtrace::h7dfa0de4eb395af2
[INFO] [stdout]                                at /rustc/53fd98ca776cb875bc9e5514f56b52eb74f9e7a9/library/std/src/sys_common/backtrace.rs:125:18
[INFO] [stdout]   31:     0x561d53d98198 - std::thread::Builder::spawn_unchecked::{{closure}}::{{closure}}::hf0a74bb58798037f
[INFO] [stdout]                                at /rustc/53fd98ca776cb875bc9e5514f56b52eb74f9e7a9/library/std/src/thread/mod.rs:476:17
[INFO] [stdout]   32:     0x561d53d98198 - <std::panic::AssertUnwindSafe<F> as core::ops::function::FnOnce<()>>::call_once::hb024e854818586ac
[INFO] [stdout]                                at /rustc/53fd98ca776cb875bc9e5514f56b52eb74f9e7a9/library/std/src/panic.rs:347:9
[INFO] [stdout]   33:     0x561d53d98198 - std::panicking::try::do_call::hb2dd9f1d0d48e41d
[INFO] [stdout]                                at /rustc/53fd98ca776cb875bc9e5514f56b52eb74f9e7a9/library/std/src/panicking.rs:401:40
[INFO] [stdout]   34:     0x561d53d98198 - std::panicking::try::h4717ae7bac8b2bf3
[INFO] [stdout]                                at /rustc/53fd98ca776cb875bc9e5514f56b52eb74f9e7a9/library/std/src/panicking.rs:365:19
[INFO] [stdout]   35:     0x561d53d98198 - std::panic::catch_unwind::h0dc8a061326ce8d8
[INFO] [stdout]                                at /rustc/53fd98ca776cb875bc9e5514f56b52eb74f9e7a9/library/std/src/panic.rs:434:14
[INFO] [stdout]   36:     0x561d53d98198 - std::thread::Builder::spawn_unchecked::{{closure}}::haa369e2d6fd00aa1
[INFO] [stdout]                                at /rustc/53fd98ca776cb875bc9e5514f56b52eb74f9e7a9/library/std/src/thread/mod.rs:475:30
[INFO] [stdout]   37:     0x561d53d98198 - core::ops::function::FnOnce::call_once{{vtable.shim}}::h36dcf3de8b056f17
[INFO] [stdout]                                at /rustc/53fd98ca776cb875bc9e5514f56b52eb74f9e7a9/library/core/src/ops/function.rs:227:5
[INFO] [stdout]   38:     0x561d53de9f97 - <alloc::boxed::Box<F,A> as core::ops::function::FnOnce<Args>>::call_once::h65c29e4642be2358
[INFO] [stdout]                                at /rustc/53fd98ca776cb875bc9e5514f56b52eb74f9e7a9/library/alloc/src/boxed.rs:1572:9
[INFO] [stdout]   39:     0x561d53de9f97 - <alloc::boxed::Box<F,A> as core::ops::function::FnOnce<Args>>::call_once::hd0f8f7fbbd9fffbf
[INFO] [stdout]                                at /rustc/53fd98ca776cb875bc9e5514f56b52eb74f9e7a9/library/alloc/src/boxed.rs:1572:9
[INFO] [stdout]   40:     0x561d53de9f97 - std::sys::unix::thread::Thread::new::thread_start::h2fd22fee3ca77b65
[INFO] [stdout]                                at /rustc/53fd98ca776cb875bc9e5514f56b52eb74f9e7a9/library/std/src/sys/unix/thread.rs:74:17
[INFO] [stdout]   41:     0x7fe9f0fc3609 - start_thread
[INFO] [stdout]   42:     0x7fe9f0d93293 - clone
[INFO] [stdout]   43:                0x0 - <unknown>
[INFO] [stdout] 
[INFO] [stdout] 
[INFO] [stdout] failures:
[INFO] [stdout]     cpu::tests::test_halt
[INFO] [stderr] error: test failed, to rerun pass '--bin pacman'
[INFO] [stdout] 
[INFO] [stdout] test result: FAILED. 27 passed; 1 failed; 0 ignored; 0 measured; 0 filtered out; finished in 0.05s
[INFO] [stdout] 
[INFO] running `Command { std: "docker" "inspect" "f1d071c0f0891c01716c345493af975e83d77537fb5deffddf5b1d9f66a5823d", kill_on_drop: false }`
[INFO] running `Command { std: "docker" "rm" "-f" "f1d071c0f0891c01716c345493af975e83d77537fb5deffddf5b1d9f66a5823d", kill_on_drop: false }`
[INFO] [stdout] f1d071c0f0891c01716c345493af975e83d77537fb5deffddf5b1d9f66a5823d
