[INFO] cloning repository https://github.com/chrissimpkins/shot
[INFO] running `Command { std: "git" "-c" "credential.helper=" "-c" "credential.helper=/workspace/cargo-home/bin/git-credential-null" "clone" "--bare" "https://github.com/chrissimpkins/shot" "/workspace/cache/git-repos/https%3A%2F%2Fgithub.com%2Fchrissimpkins%2Fshot", kill_on_drop: false }`
[INFO] [stderr] Cloning into bare repository '/workspace/cache/git-repos/https%3A%2F%2Fgithub.com%2Fchrissimpkins%2Fshot'...
[INFO] running `Command { std: "git" "rev-parse" "HEAD", kill_on_drop: false }`
[INFO] [stdout] 46c10dec71f8e09803634e6e7e9bbeeaa744aaa1
[INFO] testing chrissimpkins/shot against 1.54.0 for beta-1.55-1
[INFO] running `Command { std: "git" "clone" "/workspace/cache/git-repos/https%3A%2F%2Fgithub.com%2Fchrissimpkins%2Fshot" "/workspace/builds/worker-8/source", kill_on_drop: false }`
[INFO] [stderr] Cloning into '/workspace/builds/worker-8/source'...
[INFO] [stderr] done.
[INFO] validating manifest of git repo https://github.com/chrissimpkins/shot on toolchain 1.54.0
[INFO] running `Command { std: "/workspace/cargo-home/bin/cargo" "+1.54.0" "metadata" "--manifest-path" "Cargo.toml" "--no-deps", kill_on_drop: false }`
[INFO] started tweaking git repo https://github.com/chrissimpkins/shot
[INFO] finished tweaking git repo https://github.com/chrissimpkins/shot
[INFO] tweaked toml for git repo https://github.com/chrissimpkins/shot written to /workspace/builds/worker-8/source/Cargo.toml
[INFO] crate git repo https://github.com/chrissimpkins/shot already has a lockfile, it will not be regenerated
[INFO] running `Command { std: "/workspace/cargo-home/bin/cargo" "+1.54.0" "fetch" "--manifest-path" "Cargo.toml", kill_on_drop: false }`
[INFO] running `Command { std: "docker" "create" "-v" "/var/lib/crater-agent-workspace/builds/worker-8/target:/opt/rustwide/target:rw,Z" "-v" "/var/lib/crater-agent-workspace/builds/worker-8/source:/opt/rustwide/workdir:ro,Z" "-v" "/var/lib/crater-agent-workspace/cargo-home:/opt/rustwide/cargo-home:ro,Z" "-v" "/var/lib/crater-agent-workspace/rustup-home:/opt/rustwide/rustup-home:ro,Z" "-e" "SOURCE_DIR=/opt/rustwide/workdir" "-e" "CARGO_TARGET_DIR=/opt/rustwide/target" "-e" "CARGO_HOME=/opt/rustwide/cargo-home" "-e" "RUSTUP_HOME=/opt/rustwide/rustup-home" "-w" "/opt/rustwide/workdir" "-m" "1610612736" "--user" "0:0" "--network" "none" "ghcr.io/rust-lang/crates-build-env/linux@sha256:34b6a614d2c27851fe6cbf88fbd1137609cefab8b10d0615aaeb6fd47975d74e" "/opt/rustwide/cargo-home/bin/cargo" "+1.54.0" "metadata" "--no-deps" "--format-version=1", kill_on_drop: false }`
[INFO] [stdout] 6dfa50fc9b5aa16eb1df2502b5a79ed341ecf54e6ca5a5f42737ad4385d31dac
[INFO] [stderr] WARNING: Your kernel does not support swap limit capabilities or the cgroup is not mounted. Memory limited without swap.
[INFO] running `Command { std: "docker" "start" "-a" "6dfa50fc9b5aa16eb1df2502b5a79ed341ecf54e6ca5a5f42737ad4385d31dac", kill_on_drop: false }`
[INFO] running `Command { std: "docker" "inspect" "6dfa50fc9b5aa16eb1df2502b5a79ed341ecf54e6ca5a5f42737ad4385d31dac", kill_on_drop: false }`
[INFO] running `Command { std: "docker" "rm" "-f" "6dfa50fc9b5aa16eb1df2502b5a79ed341ecf54e6ca5a5f42737ad4385d31dac", kill_on_drop: false }`
[INFO] [stdout] 6dfa50fc9b5aa16eb1df2502b5a79ed341ecf54e6ca5a5f42737ad4385d31dac
[INFO] running `Command { std: "docker" "create" "-v" "/var/lib/crater-agent-workspace/builds/worker-8/target:/opt/rustwide/target:rw,Z" "-v" "/var/lib/crater-agent-workspace/builds/worker-8/source:/opt/rustwide/workdir:ro,Z" "-v" "/var/lib/crater-agent-workspace/cargo-home:/opt/rustwide/cargo-home:ro,Z" "-v" "/var/lib/crater-agent-workspace/rustup-home:/opt/rustwide/rustup-home:ro,Z" "-e" "SOURCE_DIR=/opt/rustwide/workdir" "-e" "CARGO_TARGET_DIR=/opt/rustwide/target" "-e" "CARGO_INCREMENTAL=0" "-e" "RUST_BACKTRACE=full" "-e" "RUSTFLAGS=--cap-lints=warn" "-e" "CARGO_HOME=/opt/rustwide/cargo-home" "-e" "RUSTUP_HOME=/opt/rustwide/rustup-home" "-w" "/opt/rustwide/workdir" "-m" "1610612736" "--user" "0:0" "--network" "none" "ghcr.io/rust-lang/crates-build-env/linux@sha256:34b6a614d2c27851fe6cbf88fbd1137609cefab8b10d0615aaeb6fd47975d74e" "/opt/rustwide/cargo-home/bin/cargo" "+1.54.0" "build" "--frozen" "--message-format=json", kill_on_drop: false }`
[INFO] [stderr] WARNING: Your kernel does not support swap limit capabilities or the cgroup is not mounted. Memory limited without swap.
[INFO] [stdout] e197fa244f330cf2bdae94743a80e118e1fc5b95c01508b1dfb21401c4d2f63e
[INFO] running `Command { std: "docker" "start" "-a" "e197fa244f330cf2bdae94743a80e118e1fc5b95c01508b1dfb21401c4d2f63e", kill_on_drop: false }`
[INFO] [stderr]    Compiling syn v1.0.22
[INFO] [stderr]    Compiling proc-macro-error-attr v1.0.2
[INFO] [stderr]    Compiling proc-macro-error v1.0.2
[INFO] [stderr]    Compiling atty v0.2.14
[INFO] [stderr]    Compiling clap v2.33.1
[INFO] [stderr]    Compiling colored v2.0.0
[INFO] [stderr]    Compiling syn-mid v0.5.0
[INFO] [stderr]    Compiling structopt-derive v0.4.15
[INFO] [stderr]    Compiling structopt v0.3.22
[INFO] [stderr]    Compiling recurse v0.4.0-pre1 (/opt/rustwide/workdir)
[INFO] [stderr]     Finished dev [unoptimized + debuginfo] target(s) in 34.49s
[INFO] running `Command { std: "docker" "inspect" "e197fa244f330cf2bdae94743a80e118e1fc5b95c01508b1dfb21401c4d2f63e", kill_on_drop: false }`
[INFO] running `Command { std: "docker" "rm" "-f" "e197fa244f330cf2bdae94743a80e118e1fc5b95c01508b1dfb21401c4d2f63e", kill_on_drop: false }`
[INFO] [stdout] e197fa244f330cf2bdae94743a80e118e1fc5b95c01508b1dfb21401c4d2f63e
[INFO] running `Command { std: "docker" "create" "-v" "/var/lib/crater-agent-workspace/builds/worker-8/target:/opt/rustwide/target:rw,Z" "-v" "/var/lib/crater-agent-workspace/builds/worker-8/source:/opt/rustwide/workdir:ro,Z" "-v" "/var/lib/crater-agent-workspace/cargo-home:/opt/rustwide/cargo-home:ro,Z" "-v" "/var/lib/crater-agent-workspace/rustup-home:/opt/rustwide/rustup-home:ro,Z" "-e" "SOURCE_DIR=/opt/rustwide/workdir" "-e" "CARGO_TARGET_DIR=/opt/rustwide/target" "-e" "CARGO_INCREMENTAL=0" "-e" "RUST_BACKTRACE=full" "-e" "RUSTFLAGS=--cap-lints=warn" "-e" "CARGO_HOME=/opt/rustwide/cargo-home" "-e" "RUSTUP_HOME=/opt/rustwide/rustup-home" "-w" "/opt/rustwide/workdir" "-m" "1610612736" "--user" "0:0" "--network" "none" "ghcr.io/rust-lang/crates-build-env/linux@sha256:34b6a614d2c27851fe6cbf88fbd1137609cefab8b10d0615aaeb6fd47975d74e" "/opt/rustwide/cargo-home/bin/cargo" "+1.54.0" "test" "--frozen" "--no-run" "--message-format=json", kill_on_drop: false }`
[INFO] [stdout] 680c14e5afdf4d5b63fca4f34a60895b3eab4441c48bfa1b7ac3e04f32b400f9
[INFO] [stderr] WARNING: Your kernel does not support swap limit capabilities or the cgroup is not mounted. Memory limited without swap.
[INFO] running `Command { std: "docker" "start" "-a" "680c14e5afdf4d5b63fca4f34a60895b3eab4441c48bfa1b7ac3e04f32b400f9", kill_on_drop: false }`
[INFO] [stderr]    Compiling predicates-core v1.0.0
[INFO] [stderr]    Compiling byteorder v1.4.2
[INFO] [stderr]    Compiling difflib v0.4.0
[INFO] [stderr]    Compiling wait-timeout v0.2.0
[INFO] [stderr]    Compiling float-cmp v0.9.0
[INFO] [stderr]    Compiling regex-automata v0.1.9
[INFO] [stderr]    Compiling predicates-tree v1.0.0
[INFO] [stderr]    Compiling predicates v2.0.1
[INFO] [stderr]    Compiling bstr v0.2.15
[INFO] [stderr]    Compiling assert_cmd v1.0.8
[INFO] [stderr]    Compiling recurse v0.4.0-pre1 (/opt/rustwide/workdir)
[INFO] [stderr]     Finished test [unoptimized + debuginfo] target(s) in 9.72s
[INFO] running `Command { std: "docker" "inspect" "680c14e5afdf4d5b63fca4f34a60895b3eab4441c48bfa1b7ac3e04f32b400f9", kill_on_drop: false }`
[INFO] running `Command { std: "docker" "rm" "-f" "680c14e5afdf4d5b63fca4f34a60895b3eab4441c48bfa1b7ac3e04f32b400f9", kill_on_drop: false }`
[INFO] [stdout] 680c14e5afdf4d5b63fca4f34a60895b3eab4441c48bfa1b7ac3e04f32b400f9
[INFO] running `Command { std: "docker" "create" "-v" "/var/lib/crater-agent-workspace/builds/worker-8/target:/opt/rustwide/target:rw,Z" "-v" "/var/lib/crater-agent-workspace/builds/worker-8/source:/opt/rustwide/workdir:ro,Z" "-v" "/var/lib/crater-agent-workspace/cargo-home:/opt/rustwide/cargo-home:ro,Z" "-v" "/var/lib/crater-agent-workspace/rustup-home:/opt/rustwide/rustup-home:ro,Z" "-e" "SOURCE_DIR=/opt/rustwide/workdir" "-e" "CARGO_TARGET_DIR=/opt/rustwide/target" "-e" "CARGO_INCREMENTAL=0" "-e" "RUST_BACKTRACE=full" "-e" "RUSTFLAGS=--cap-lints=warn" "-e" "CARGO_HOME=/opt/rustwide/cargo-home" "-e" "RUSTUP_HOME=/opt/rustwide/rustup-home" "-w" "/opt/rustwide/workdir" "-m" "1610612736" "--user" "0:0" "--network" "none" "ghcr.io/rust-lang/crates-build-env/linux@sha256:34b6a614d2c27851fe6cbf88fbd1137609cefab8b10d0615aaeb6fd47975d74e" "/opt/rustwide/cargo-home/bin/cargo" "+1.54.0" "test" "--frozen", kill_on_drop: false }`
[INFO] [stdout] ffa4ca17791120a83b638756813ed4fb9eb7f8ef2c6029c9b3527484c5a3f8bc
[INFO] [stderr] WARNING: Your kernel does not support swap limit capabilities or the cgroup is not mounted. Memory limited without swap.
[INFO] running `Command { std: "docker" "start" "-a" "ffa4ca17791120a83b638756813ed4fb9eb7f8ef2c6029c9b3527484c5a3f8bc", kill_on_drop: false }`
[INFO] [stderr]     Finished test [unoptimized + debuginfo] target(s) in 0.07s
[INFO] [stderr]      Running unittests (/opt/rustwide/target/debug/deps/recurse-71497b3dff8988f4)
[INFO] [stdout] 
[INFO] [stdout] running 63 tests
[INFO] [stdout] test command::contains::tests::test_contains_subcmd_invalid_inpath_validation ... ok
[INFO] [stdout] test command::contains::tests::test_contains_hidden_match ... ok
[INFO] [stdout] test command::find::tests::test_find_filter_hidden_match ... ok
[INFO] [stdout] test command::find::tests::test_find_default_match ... ok
[INFO] [stdout] test command::contains::tests::test_contains_unicode_devanagari ... ok
[INFO] [stdout] test command::replace::tests::test_get_secondary_filepath_with_2_extension ... ok
[INFO] [stdout] test command::replace::tests::test_get_secondary_filepath_with_txt_extension ... ok
[INFO] [stdout] test command::find::tests::test_find_invalid_recurse_enum_arg ... ok
[INFO] [stdout] test command::contains::tests::test_contains_invalid_recurse_enum_arg ... ok
[INFO] [stdout] test command::contains::tests::test_contains_invalid_filetype_non_utf8_binary_is_not_logged ... ok
[INFO] [stdout] test command::replace::tests::test_has_secondary_extension_with_secondary_extension ... ok
[INFO] [stdout] test command::find::tests::test_find_unicode_devanagari ... ok
[INFO] [stdout] test command::find::tests::test_find_subcmd_invalid_inpath_validation ... ok
[INFO] [stdout] test command::replace::tests::test_is_root_filepath_with_unix_root ... ok
[INFO] [stdout] test command::replace::tests::test_is_root_filepath_without_root_fp ... ok
[INFO] [stdout] test command::replace::tests::test_has_secondary_extension_without_secondary_extension ... ok
[INFO] [stdout] test command::replace::tests::test_is_root_filepath_with_win_root ... ok
[INFO] [stdout] test command::replace::tests::test_get_secondary_filepath_without_extension ... ok
[INFO] [stdout] test command::contains::tests::test_contains_maxdepth_match ... ok
[INFO] [stdout] test command::replace::tests::test_replace_subcmd_invalid_inpath_validation ... ok
[INFO] [stdout] test command::find::tests::test_find_invalid_filetype_non_utf8_binary_is_not_logged ... ok
[INFO] [stdout] test command::walk::tests::test_walk_invalid_recurse_enum_arg ... ok
[INFO] [stdout] test command::walk::tests::test_walk_subcmd_dir_with_default_depth ... ok
[INFO] [stdout] test command::walk::tests::test_walk_subcmd_filter_dirs_only_hidden_switch_off ... ok
[INFO] [stdout] test command::walk::tests::test_walk_subcmd_with_dir_set_min_depth_3_levels ... ok
[INFO] [stdout] test command::walk::tests::test_walk_subcmd_with_dir_set_max_depth_2_levels ... ok
[INFO] [stdout] test command::walk::tests::test_walk_subcmd_with_dir_set_max_depth_1_level ... ok
[INFO] [stdout] test command::walk::tests::test_walk_subcmd_filter_dirs_only_hidden_switch_on ... ok
[INFO] [stdout] test command::walk::tests::test_walk_subcmd_filter_dirs_only_default_depth ... ok
[INFO] [stdout] test command::walk::tests::test_walk_subcmd_with_extension_filter ... ok
[INFO] [stdout] test config::tests::test_config_instantiation_default ... ok
[INFO] [stdout] test command::find::tests::test_find_filter_match ... ok
[INFO] [stdout] test command::walk::tests::test_walk_subcmd_with_hidden_filepaths_and_extension_filter ... ok
[INFO] [stdout] test command::walk::tests::test_walk_subcmd_with_hidden_filepaths_and_extension_filter_alt_ext_format ... ok
[INFO] [stdout] test command::find::tests::test_find_hidden_match ... ok
[INFO] [stdout] test ops::io::tests::test_walk_func_with_dir_default_depth ... ok
[INFO] [stdout] test config::tests::test_config_instantiation_with_options ... ok
[INFO] [stdout] test ops::io::tests::test_walk_func_with_dir_default_depth_and_follow_symlinks ... ok
[INFO] [stdout] test command::replace::tests::test_has_secondary_extension_with_secondary_extension_alt1 ... ok
[INFO] [stdout] test command::walk::tests::test_walk_subcmd_invalid_inpath_validation ... ok
[INFO] [stdout] test command::walk::tests::test_walk_subcmd_with_hidden_filepaths ... ok
[INFO] [stdout] test command::walk::tests::test_walk_subcmd_with_extension_filter_alt_ext_format ... ok
[INFO] [stdout] test ops::path::tests::test_path_has_extension_with_correct_extension ... ok
[INFO] [stdout] test ops::path::tests::test_path_has_extension_with_incorrect_extension ... ok
[INFO] [stdout] test command::walk::tests::test_walk_subcmd_without_hidden_filepaths ... ok
[INFO] [stdout] test ops::path::tests::test_get_absolute_filepath_bad_path ... ok
[INFO] [stdout] test ops::io::tests::test_walk_func_with_filter_map_default_depth ... ok
[INFO] [stdout] test ops::io::tests::test_walk_func_with_dir_set_min_depth ... ok
[INFO] [stdout] test ops::path::tests::test_path_is_not_hidden_without_dotfile_or_dotdir ... ok
[INFO] [stdout] test ops::path::tests::test_path_is_hidden_with_dotfile_pathbuf ... ok
[INFO] [stdout] test ops::io::tests::test_walk_func_with_dir_set_max_depth ... ok
[INFO] [stdout] test ops::path::tests::test_path_has_extension_with_no_extension ... ok
[INFO] [stdout] test ops::path::tests::test_path_is_hidden_with_dotdir_only ... ok
[INFO] [stdout] test ops::path::tests::test_path_is_hidden_with_dotdir_in_path ... ok
[INFO] [stdout] test ops::path::tests::test_path_is_hidden_with_dotfile ... ok
[INFO] [stdout] test ops::io::tests::test_walk_func_with_file_default_depth ... ok
[INFO] [stdout] test command::contains::tests::test_contains_filter_hidden_match ... ok
[INFO] [stdout] test command::contains::tests::test_contains_filter_match ... ok
[INFO] [stdout] test command::find::tests::test_find_maxdepth_match ... ok
[INFO] [stdout] test command::find::tests::test_find_mindepth_match ... ok
[INFO] [stdout] test command::contains::tests::test_contains_default_match ... ok
[INFO] [stdout] test command::contains::tests::test_contains_mindepth_match ... ok
[INFO] [stdout] test ops::path::tests::test_get_absolute_filepath_good_path ... FAILED
[INFO] [stdout] 
[INFO] [stdout] failures:
[INFO] [stdout] 
[INFO] [stdout] ---- ops::path::tests::test_get_absolute_filepath_good_path stdout ----
[INFO] [stdout] thread 'ops::path::tests::test_get_absolute_filepath_good_path' panicked at 'assertion failed: testpath.unwrap().ends_with(\"recurse/Cargo.toml\")', src/ops/path.rs:75:9
[INFO] [stdout] stack backtrace:
[INFO] [stdout]    0:     0x557ab1dac290 - std::backtrace_rs::backtrace::libunwind::trace::h34055254b57d8e79
[INFO] [stdout]                                at /rustc/a178d0322ce20e33eac124758e837cbd80a6f633/library/std/src/../../backtrace/src/backtrace/libunwind.rs:90:5
[INFO] [stdout]    1:     0x557ab1dac290 - std::backtrace_rs::backtrace::trace_unsynchronized::h8f1e3fbd9afff6ec
[INFO] [stdout]                                at /rustc/a178d0322ce20e33eac124758e837cbd80a6f633/library/std/src/../../backtrace/src/backtrace/mod.rs:66:5
[INFO] [stdout]    2:     0x557ab1dac290 - std::sys_common::backtrace::_print_fmt::h3a99a796b770c360
[INFO] [stdout]                                at /rustc/a178d0322ce20e33eac124758e837cbd80a6f633/library/std/src/sys_common/backtrace.rs:67:5
[INFO] [stdout]    3:     0x557ab1dac290 - <std::sys_common::backtrace::_print::DisplayBacktrace as core::fmt::Display>::fmt::h32d1f94a80615d18
[INFO] [stdout]                                at /rustc/a178d0322ce20e33eac124758e837cbd80a6f633/library/std/src/sys_common/backtrace.rs:46:22
[INFO] [stdout]    4:     0x557ab1dcf72c - core::fmt::write::h306731c068f7162c
[INFO] [stdout]                                at /rustc/a178d0322ce20e33eac124758e837cbd80a6f633/library/core/src/fmt/mod.rs:1110:17
[INFO] [stdout]    5:     0x557ab1da8895 - std::io::Write::write_fmt::h87f19b0a2cd190bc
[INFO] [stdout]                                at /rustc/a178d0322ce20e33eac124758e837cbd80a6f633/library/std/src/io/mod.rs:1588:15
[INFO] [stdout]    6:     0x557ab1dae40b - std::sys_common::backtrace::_print::h5abaa2601a852287
[INFO] [stdout]                                at /rustc/a178d0322ce20e33eac124758e837cbd80a6f633/library/std/src/sys_common/backtrace.rs:49:5
[INFO] [stdout]    7:     0x557ab1dae40b - std::sys_common::backtrace::print::h8d81445442bb638f
[INFO] [stdout]                                at /rustc/a178d0322ce20e33eac124758e837cbd80a6f633/library/std/src/sys_common/backtrace.rs:36:9
[INFO] [stdout]    8:     0x557ab1dae40b - std::panicking::default_hook::{{closure}}::hcfe804496a9fa747
[INFO] [stdout]                                at /rustc/a178d0322ce20e33eac124758e837cbd80a6f633/library/std/src/panicking.rs:208:50
[INFO] [stdout]    9:     0x557ab1dadf1c - std::panicking::default_hook::hbea8e3ccf2ba8901
[INFO] [stdout]                                at /rustc/a178d0322ce20e33eac124758e837cbd80a6f633/library/std/src/panicking.rs:222:9
[INFO] [stdout]   10:     0x557ab1daead4 - std::panicking::rust_panic_with_hook::h7ee9e1a2d0f8975a
[INFO] [stdout]                                at /rustc/a178d0322ce20e33eac124758e837cbd80a6f633/library/std/src/panicking.rs:622:17
[INFO] [stdout]   11:     0x557ab1dae587 - std::panicking::begin_panic_handler::{{closure}}::h8ab3b4491718b2c7
[INFO] [stdout]                                at /rustc/a178d0322ce20e33eac124758e837cbd80a6f633/library/std/src/panicking.rs:517:13
[INFO] [stdout]   12:     0x557ab1dac78c - std::sys_common::backtrace::__rust_end_short_backtrace::hd489062ffa586a9f
[INFO] [stdout]                                at /rustc/a178d0322ce20e33eac124758e837cbd80a6f633/library/std/src/sys_common/backtrace.rs:141:18
[INFO] [stdout]   13:     0x557ab1dae519 - rust_begin_unwind
[INFO] [stdout]                                at /rustc/a178d0322ce20e33eac124758e837cbd80a6f633/library/std/src/panicking.rs:515:5
[INFO] [stdout]   14:     0x557ab1b1cb41 - core::panicking::panic_fmt::hca6330e3e14086b4
[INFO] [stdout]                                at /rustc/a178d0322ce20e33eac124758e837cbd80a6f633/library/core/src/panicking.rs:92:14
[INFO] [stdout]   15:     0x557ab1b1ca8d - core::panicking::panic::h1a48d878ff3dcd40
[INFO] [stdout]                                at /rustc/a178d0322ce20e33eac124758e837cbd80a6f633/library/core/src/panicking.rs:50:5
[INFO] [stdout]   16:     0x557ab1b3baae - recurse::ops::path::tests::test_get_absolute_filepath_good_path::h85e083bddac80b94
[INFO] [stdout]                                at /opt/rustwide/workdir/src/ops/path.rs:75:9
[INFO] [stdout]   17:     0x557ab1b3b91a - recurse::ops::path::tests::test_get_absolute_filepath_good_path::{{closure}}::h2c1d6a37c8a21ca7
[INFO] [stdout]                                at /opt/rustwide/workdir/src/ops/path.rs:72:5
[INFO] [stdout]   18:     0x557ab1b1e05e - core::ops::function::FnOnce::call_once::h5a11a90bda1fc3f9
[INFO] [stdout]                                at /rustc/a178d0322ce20e33eac124758e837cbd80a6f633/library/core/src/ops/function.rs:227:5
[INFO] [stdout]   19:     0x557ab1b708c3 - core::ops::function::FnOnce::call_once::h152e7e439ff59e19
[INFO] [stdout]                                at /rustc/a178d0322ce20e33eac124758e837cbd80a6f633/library/core/src/ops/function.rs:227:5
[INFO] [stdout]   20:     0x557ab1b708c3 - test::__rust_begin_short_backtrace::h0908f3b1fdbb72ab
[INFO] [stdout]                                at /rustc/a178d0322ce20e33eac124758e837cbd80a6f633/library/test/src/lib.rs:577:5
[INFO] [stdout]   21:     0x557ab1b6f380 - <alloc::boxed::Box<F,A> as core::ops::function::FnOnce<Args>>::call_once::hf6d2a51e5587546c
[INFO] [stdout]                                at /rustc/a178d0322ce20e33eac124758e837cbd80a6f633/library/alloc/src/boxed.rs:1575:9
[INFO] [stdout]   22:     0x557ab1b6f380 - <std::panic::AssertUnwindSafe<F> as core::ops::function::FnOnce<()>>::call_once::h8af660f3a89ef593
[INFO] [stdout]                                at /rustc/a178d0322ce20e33eac124758e837cbd80a6f633/library/std/src/panic.rs:347:9
[INFO] [stdout]   23:     0x557ab1b6f380 - std::panicking::try::do_call::hd36aef60f84b6d36
[INFO] [stdout]                                at /rustc/a178d0322ce20e33eac124758e837cbd80a6f633/library/std/src/panicking.rs:401:40
[INFO] [stdout]   24:     0x557ab1b6f380 - std::panicking::try::h9932b4480e69817c
[INFO] [stdout]                                at /rustc/a178d0322ce20e33eac124758e837cbd80a6f633/library/std/src/panicking.rs:365:19
[INFO] [stdout]   25:     0x557ab1b6f380 - std::panic::catch_unwind::h6aa177099cfff5f8
[INFO] [stdout]                                at /rustc/a178d0322ce20e33eac124758e837cbd80a6f633/library/std/src/panic.rs:434:14
[INFO] [stdout]   26:     0x557ab1b6f380 - test::run_test_in_process::h5884d6f2d99e20c3
[INFO] [stdout]                                at /rustc/a178d0322ce20e33eac124758e837cbd80a6f633/library/test/src/lib.rs:600:18
[INFO] [stdout]   27:     0x557ab1b6f380 - test::run_test::run_test_inner::{{closure}}::h6fdc58c6d5f5b6e3
[INFO] [stdout]                                at /rustc/a178d0322ce20e33eac124758e837cbd80a6f633/library/test/src/lib.rs:492:39
[INFO] [stdout]   28:     0x557ab1b48a32 - test::run_test::run_test_inner::{{closure}}::h408365d67a78ade8
[INFO] [stdout]                                at /rustc/a178d0322ce20e33eac124758e837cbd80a6f633/library/test/src/lib.rs:519:37
[INFO] [stdout]   29:     0x557ab1b48a32 - std::sys_common::backtrace::__rust_begin_short_backtrace::hb560b77c4f701523
[INFO] [stdout]                                at /rustc/a178d0322ce20e33eac124758e837cbd80a6f633/library/std/src/sys_common/backtrace.rs:125:18
[INFO] [stdout]   30:     0x557ab1b4c5e8 - std::thread::Builder::spawn_unchecked::{{closure}}::{{closure}}::hf2e7831dad93c597
[INFO] [stdout]                                at /rustc/a178d0322ce20e33eac124758e837cbd80a6f633/library/std/src/thread/mod.rs:481:17
[INFO] [stdout]   31:     0x557ab1b4c5e8 - <std::panic::AssertUnwindSafe<F> as core::ops::function::FnOnce<()>>::call_once::hd2e08783d8be4d02
[INFO] [stdout]                                at /rustc/a178d0322ce20e33eac124758e837cbd80a6f633/library/std/src/panic.rs:347:9
[INFO] [stdout]   32:     0x557ab1b4c5e8 - std::panicking::try::do_call::h062597b7acfd6b82
[INFO] [stdout]                                at /rustc/a178d0322ce20e33eac124758e837cbd80a6f633/library/std/src/panicking.rs:401:40
[INFO] [stdout]   33:     0x557ab1b4c5e8 - std::panicking::try::h0d7b79db04c14552
[INFO] [stdout]                                at /rustc/a178d0322ce20e33eac124758e837cbd80a6f633/library/std/src/panicking.rs:365:19
[INFO] [stdout]   34:     0x557ab1b4c5e8 - std::panic::catch_unwind::hb01a0b5e7c8cd43b
[INFO] [stdout]                                at /rustc/a178d0322ce20e33eac124758e837cbd80a6f633/library/std/src/panic.rs:434:14
[INFO] [stdout]   35:     0x557ab1b4c5e8 - std::thread::Builder::spawn_unchecked::{{closure}}::h5bde48cc887e0d1e
[INFO] [stdout]                                at /rustc/a178d0322ce20e33eac124758e837cbd80a6f633/library/std/src/thread/mod.rs:480:30
[INFO] [stdout]   36:     0x557ab1b4c5e8 - core::ops::function::FnOnce::call_once{{vtable.shim}}::h745ea30807a29e55
[INFO] [stdout]                                at /rustc/a178d0322ce20e33eac124758e837cbd80a6f633/library/core/src/ops/function.rs:227:5
[INFO] [stdout]   37:     0x557ab1db3e27 - <alloc::boxed::Box<F,A> as core::ops::function::FnOnce<Args>>::call_once::h7ece6cfefaff1005
[INFO] [stdout]                                at /rustc/a178d0322ce20e33eac124758e837cbd80a6f633/library/alloc/src/boxed.rs:1575:9
[INFO] [stdout]   38:     0x557ab1db3e27 - <alloc::boxed::Box<F,A> as core::ops::function::FnOnce<Args>>::call_once::hb8b48e55c21f193e
[INFO] [stdout]                                at /rustc/a178d0322ce20e33eac124758e837cbd80a6f633/library/alloc/src/boxed.rs:1575:9
[INFO] [stdout]   39:     0x557ab1db3e27 - std::sys::unix::thread::Thread::new::thread_start::h8c7c4450dba62914
[INFO] [stdout]                                at /rustc/a178d0322ce20e33eac124758e837cbd80a6f633/library/std/src/sys/unix/thread.rs:71:17
[INFO] [stdout]   40:     0x7fe284c16609 - start_thread
[INFO] [stdout]   41:     0x7fe2849ee293 - clone
[INFO] [stdout]   42:                0x0 - <unknown>
[INFO] [stdout] 
[INFO] [stdout] 
[INFO] [stdout] failures:
[INFO] [stdout]     ops::path::tests::test_get_absolute_filepath_good_path
[INFO] [stdout] 
[INFO] [stdout] test result: FAILED. 62 passed; 1 failed; 0 ignored; 0 measured; 0 filtered out; finished in 0.23s
[INFO] [stdout] 
[INFO] [stderr] error: test failed, to rerun pass '--lib'
[INFO] running `Command { std: "docker" "inspect" "ffa4ca17791120a83b638756813ed4fb9eb7f8ef2c6029c9b3527484c5a3f8bc", kill_on_drop: false }`
[INFO] running `Command { std: "docker" "rm" "-f" "ffa4ca17791120a83b638756813ed4fb9eb7f8ef2c6029c9b3527484c5a3f8bc", kill_on_drop: false }`
[INFO] [stdout] ffa4ca17791120a83b638756813ed4fb9eb7f8ef2c6029c9b3527484c5a3f8bc
