[INFO] cloning repository https://github.com/chiro/bme280-rs
[INFO] running `Command { std: "git" "-c" "credential.helper=" "-c" "credential.helper=/workspace/cargo-home/bin/git-credential-null" "clone" "--bare" "https://github.com/chiro/bme280-rs" "/workspace/cache/git-repos/https%3A%2F%2Fgithub.com%2Fchiro%2Fbme280-rs", kill_on_drop: false }`
[INFO] [stderr] Cloning into bare repository '/workspace/cache/git-repos/https%3A%2F%2Fgithub.com%2Fchiro%2Fbme280-rs'...
[INFO] running `Command { std: "git" "rev-parse" "HEAD", kill_on_drop: false }`
[INFO] [stdout] 29817df3ebab292a4829ec5133d0a08ce703dd70
[INFO] testing chiro/bme280-rs against beta-2021-08-01 for beta-1.55-1
[INFO] running `Command { std: "git" "clone" "/workspace/cache/git-repos/https%3A%2F%2Fgithub.com%2Fchiro%2Fbme280-rs" "/workspace/builds/worker-13/source", kill_on_drop: false }`
[INFO] [stderr] Cloning into '/workspace/builds/worker-13/source'...
[INFO] [stderr] done.
[INFO] validating manifest of git repo https://github.com/chiro/bme280-rs on toolchain beta-2021-08-01
[INFO] running `Command { std: "/workspace/cargo-home/bin/cargo" "+beta-2021-08-01" "metadata" "--manifest-path" "Cargo.toml" "--no-deps", kill_on_drop: false }`
[INFO] started tweaking git repo https://github.com/chiro/bme280-rs
[INFO] finished tweaking git repo https://github.com/chiro/bme280-rs
[INFO] tweaked toml for git repo https://github.com/chiro/bme280-rs written to /workspace/builds/worker-13/source/Cargo.toml
[INFO] crate git repo https://github.com/chiro/bme280-rs already has a lockfile, it will not be regenerated
[INFO] running `Command { std: "/workspace/cargo-home/bin/cargo" "+beta-2021-08-01" "fetch" "--manifest-path" "Cargo.toml", kill_on_drop: false }`
[INFO] [stderr]     Blocking waiting for file lock on package cache
[INFO] running `Command { std: "docker" "create" "-v" "/var/lib/crater-agent-workspace/builds/worker-13/target:/opt/rustwide/target:rw,Z" "-v" "/var/lib/crater-agent-workspace/builds/worker-13/source:/opt/rustwide/workdir:ro,Z" "-v" "/var/lib/crater-agent-workspace/cargo-home:/opt/rustwide/cargo-home:ro,Z" "-v" "/var/lib/crater-agent-workspace/rustup-home:/opt/rustwide/rustup-home:ro,Z" "-e" "SOURCE_DIR=/opt/rustwide/workdir" "-e" "CARGO_TARGET_DIR=/opt/rustwide/target" "-e" "CARGO_HOME=/opt/rustwide/cargo-home" "-e" "RUSTUP_HOME=/opt/rustwide/rustup-home" "-w" "/opt/rustwide/workdir" "-m" "1610612736" "--user" "0:0" "--network" "none" "ghcr.io/rust-lang/crates-build-env/linux@sha256:34b6a614d2c27851fe6cbf88fbd1137609cefab8b10d0615aaeb6fd47975d74e" "/opt/rustwide/cargo-home/bin/cargo" "+beta-2021-08-01" "metadata" "--no-deps" "--format-version=1", kill_on_drop: false }`
[INFO] [stdout] 03de4c3fe67d270292b04f30ff3dca08016270144c8f7eecd20275a6719e3362
[INFO] [stderr] WARNING: Your kernel does not support swap limit capabilities or the cgroup is not mounted. Memory limited without swap.
[INFO] running `Command { std: "docker" "start" "-a" "03de4c3fe67d270292b04f30ff3dca08016270144c8f7eecd20275a6719e3362", kill_on_drop: false }`
[INFO] running `Command { std: "docker" "inspect" "03de4c3fe67d270292b04f30ff3dca08016270144c8f7eecd20275a6719e3362", kill_on_drop: false }`
[INFO] running `Command { std: "docker" "rm" "-f" "03de4c3fe67d270292b04f30ff3dca08016270144c8f7eecd20275a6719e3362", kill_on_drop: false }`
[INFO] [stdout] 03de4c3fe67d270292b04f30ff3dca08016270144c8f7eecd20275a6719e3362
[INFO] running `Command { std: "docker" "create" "-v" "/var/lib/crater-agent-workspace/builds/worker-13/target:/opt/rustwide/target:rw,Z" "-v" "/var/lib/crater-agent-workspace/builds/worker-13/source:/opt/rustwide/workdir:ro,Z" "-v" "/var/lib/crater-agent-workspace/cargo-home:/opt/rustwide/cargo-home:ro,Z" "-v" "/var/lib/crater-agent-workspace/rustup-home:/opt/rustwide/rustup-home:ro,Z" "-e" "SOURCE_DIR=/opt/rustwide/workdir" "-e" "CARGO_TARGET_DIR=/opt/rustwide/target" "-e" "CARGO_INCREMENTAL=0" "-e" "RUST_BACKTRACE=full" "-e" "RUSTFLAGS=--cap-lints=warn" "-e" "CARGO_HOME=/opt/rustwide/cargo-home" "-e" "RUSTUP_HOME=/opt/rustwide/rustup-home" "-w" "/opt/rustwide/workdir" "-m" "1610612736" "--user" "0:0" "--network" "none" "ghcr.io/rust-lang/crates-build-env/linux@sha256:34b6a614d2c27851fe6cbf88fbd1137609cefab8b10d0615aaeb6fd47975d74e" "/opt/rustwide/cargo-home/bin/cargo" "+beta-2021-08-01" "build" "--frozen" "--message-format=json", kill_on_drop: false }`
[INFO] [stderr] WARNING: Your kernel does not support swap limit capabilities or the cgroup is not mounted. Memory limited without swap.
[INFO] [stdout] f32565fd02175bacf2ec7e5c7c0f8faf3a6ba1411ff66f0ae7d6767a69882673
[INFO] running `Command { std: "docker" "start" "-a" "f32565fd02175bacf2ec7e5c7c0f8faf3a6ba1411ff66f0ae7d6767a69882673", kill_on_drop: false }`
[INFO] [stderr]    Compiling proc-macro2 v1.0.8
[INFO] [stderr]    Compiling syn v1.0.14
[INFO] [stderr]    Compiling serde v1.0.104
[INFO] [stderr]    Compiling nix v0.14.1
[INFO] [stderr]    Compiling quote v1.0.2
[INFO] [stderr]    Compiling i2cdev v0.4.4
[INFO] [stderr]    Compiling serde_derive v1.0.104
[INFO] [stderr]    Compiling docopt v1.1.0
[INFO] [stderr]    Compiling bme280-rs v0.0.2 (/opt/rustwide/workdir)
[INFO] [stderr]     Finished dev [unoptimized + debuginfo] target(s) in 45.35s
[INFO] running `Command { std: "docker" "inspect" "f32565fd02175bacf2ec7e5c7c0f8faf3a6ba1411ff66f0ae7d6767a69882673", kill_on_drop: false }`
[INFO] running `Command { std: "docker" "rm" "-f" "f32565fd02175bacf2ec7e5c7c0f8faf3a6ba1411ff66f0ae7d6767a69882673", kill_on_drop: false }`
[INFO] [stdout] f32565fd02175bacf2ec7e5c7c0f8faf3a6ba1411ff66f0ae7d6767a69882673
[INFO] running `Command { std: "docker" "create" "-v" "/var/lib/crater-agent-workspace/builds/worker-13/target:/opt/rustwide/target:rw,Z" "-v" "/var/lib/crater-agent-workspace/builds/worker-13/source:/opt/rustwide/workdir:ro,Z" "-v" "/var/lib/crater-agent-workspace/cargo-home:/opt/rustwide/cargo-home:ro,Z" "-v" "/var/lib/crater-agent-workspace/rustup-home:/opt/rustwide/rustup-home:ro,Z" "-e" "SOURCE_DIR=/opt/rustwide/workdir" "-e" "CARGO_TARGET_DIR=/opt/rustwide/target" "-e" "CARGO_INCREMENTAL=0" "-e" "RUST_BACKTRACE=full" "-e" "RUSTFLAGS=--cap-lints=warn" "-e" "CARGO_HOME=/opt/rustwide/cargo-home" "-e" "RUSTUP_HOME=/opt/rustwide/rustup-home" "-w" "/opt/rustwide/workdir" "-m" "1610612736" "--user" "0:0" "--network" "none" "ghcr.io/rust-lang/crates-build-env/linux@sha256:34b6a614d2c27851fe6cbf88fbd1137609cefab8b10d0615aaeb6fd47975d74e" "/opt/rustwide/cargo-home/bin/cargo" "+beta-2021-08-01" "test" "--frozen" "--no-run" "--message-format=json", kill_on_drop: false }`
[INFO] [stdout] bb62a6e3fcdb470cfe03538896f020548df8189668975077e472035b4f54c33d
[INFO] [stderr] WARNING: Your kernel does not support swap limit capabilities or the cgroup is not mounted. Memory limited without swap.
[INFO] running `Command { std: "docker" "start" "-a" "bb62a6e3fcdb470cfe03538896f020548df8189668975077e472035b4f54c33d", kill_on_drop: false }`
[INFO] [stderr]    Compiling bme280-rs v0.0.2 (/opt/rustwide/workdir)
[INFO] [stderr]     Finished test [unoptimized + debuginfo] target(s) in 2.27s
[INFO] running `Command { std: "docker" "inspect" "bb62a6e3fcdb470cfe03538896f020548df8189668975077e472035b4f54c33d", kill_on_drop: false }`
[INFO] running `Command { std: "docker" "rm" "-f" "bb62a6e3fcdb470cfe03538896f020548df8189668975077e472035b4f54c33d", kill_on_drop: false }`
[INFO] [stdout] bb62a6e3fcdb470cfe03538896f020548df8189668975077e472035b4f54c33d
[INFO] running `Command { std: "docker" "create" "-v" "/var/lib/crater-agent-workspace/builds/worker-13/target:/opt/rustwide/target:rw,Z" "-v" "/var/lib/crater-agent-workspace/builds/worker-13/source:/opt/rustwide/workdir:ro,Z" "-v" "/var/lib/crater-agent-workspace/cargo-home:/opt/rustwide/cargo-home:ro,Z" "-v" "/var/lib/crater-agent-workspace/rustup-home:/opt/rustwide/rustup-home:ro,Z" "-e" "SOURCE_DIR=/opt/rustwide/workdir" "-e" "CARGO_TARGET_DIR=/opt/rustwide/target" "-e" "CARGO_INCREMENTAL=0" "-e" "RUST_BACKTRACE=full" "-e" "RUSTFLAGS=--cap-lints=warn" "-e" "CARGO_HOME=/opt/rustwide/cargo-home" "-e" "RUSTUP_HOME=/opt/rustwide/rustup-home" "-w" "/opt/rustwide/workdir" "-m" "1610612736" "--user" "0:0" "--network" "none" "ghcr.io/rust-lang/crates-build-env/linux@sha256:34b6a614d2c27851fe6cbf88fbd1137609cefab8b10d0615aaeb6fd47975d74e" "/opt/rustwide/cargo-home/bin/cargo" "+beta-2021-08-01" "test" "--frozen", kill_on_drop: false }`
[INFO] [stdout] b1fcfc0ee1744b475345d41ee68d25d308054d4bba37953b670b77530567cf8c
[INFO] [stderr] WARNING: Your kernel does not support swap limit capabilities or the cgroup is not mounted. Memory limited without swap.
[INFO] running `Command { std: "docker" "start" "-a" "b1fcfc0ee1744b475345d41ee68d25d308054d4bba37953b670b77530567cf8c", kill_on_drop: false }`
[INFO] [stderr]     Finished test [unoptimized + debuginfo] target(s) in 0.04s
[INFO] [stdout] 
[INFO] [stderr]      Running unittests (/opt/rustwide/target/debug/deps/bme280_rs-9012424a80c5dea3)
[INFO] [stdout] running 0 tests
[INFO] [stderr]      Running unittests (/opt/rustwide/target/debug/deps/bme280-27415435bf476d2a)
[INFO] [stdout] 
[INFO] [stderr]    Doc-tests bme280-rs
[INFO] [stdout] test result: ok. 0 passed; 0 failed; 0 ignored; 0 measured; 0 filtered out; finished in 0.00s
[INFO] [stdout] 
[INFO] [stdout] 
[INFO] [stdout] running 0 tests
[INFO] [stdout] 
[INFO] [stdout] test result: ok. 0 passed; 0 failed; 0 ignored; 0 measured; 0 filtered out; finished in 0.00s
[INFO] [stdout] 
[INFO] [stdout] 
[INFO] [stdout] running 1 test
[INFO] [stderr] error: test failed, to rerun pass '--doc'
[INFO] [stdout] test src/lib.rs - (line 6) ... FAILED
[INFO] [stdout] 
[INFO] [stdout] failures:
[INFO] [stdout] 
[INFO] [stdout] ---- src/lib.rs - (line 6) stdout ----
[INFO] [stdout] error[E0433]: failed to resolve: use of undeclared type `Mode`
[INFO] [stdout]  --> src/lib.rs:8:11
[INFO] [stdout]   |
[INFO] [stdout] 4 |     mode: Mode::Force,
[INFO] [stdout]   |           ^^^^ use of undeclared type `Mode`
[INFO] [stdout] 
[INFO] [stdout] error[E0433]: failed to resolve: use of undeclared type `Oversampling`
[INFO] [stdout]  --> src/lib.rs:9:31
[INFO] [stdout]   |
[INFO] [stdout] 5 |     oversampling_temperature: Oversampling::X1,
[INFO] [stdout]   |                               ^^^^^^^^^^^^ use of undeclared type `Oversampling`
[INFO] [stdout] 
[INFO] [stdout] error[E0433]: failed to resolve: use of undeclared type `Oversampling`
[INFO] [stdout]  --> src/lib.rs:10:28
[INFO] [stdout]   |
[INFO] [stdout] 6 |     oversampling_pressure: Oversampling::X1,
[INFO] [stdout]   |                            ^^^^^^^^^^^^ use of undeclared type `Oversampling`
[INFO] [stdout] 
[INFO] [stdout] error[E0433]: failed to resolve: use of undeclared type `Oversampling`
[INFO] [stdout]  --> src/lib.rs:11:28
[INFO] [stdout]   |
[INFO] [stdout] 7 |     oversampling_humidity: Oversampling::X2,
[INFO] [stdout]   |                            ^^^^^^^^^^^^ use of undeclared type `Oversampling`
[INFO] [stdout] 
[INFO] [stdout] error[E0433]: failed to resolve: use of undeclared type `StandbyTime`
[INFO] [stdout]  --> src/lib.rs:12:19
[INFO] [stdout]   |
[INFO] [stdout] 8 |     standby_time: StandbyTime::Ms1,
[INFO] [stdout]   |                   ^^^^^^^^^^^ use of undeclared type `StandbyTime`
[INFO] [stdout] 
[INFO] [stdout] error[E0433]: failed to resolve: use of undeclared type `IIRFilterCoeff`
[INFO] [stdout]  --> src/lib.rs:13:19
[INFO] [stdout]   |
[INFO] [stdout] 9 |     filter_coeff: IIRFilterCoeff::OFF,
[INFO] [stdout]   |                   ^^^^^^^^^^^^^^ use of undeclared type `IIRFilterCoeff`
[INFO] [stdout] 
[INFO] [stdout] error[E0433]: failed to resolve: use of undeclared type `LinuxI2CDevice`
[INFO] [stdout]   --> src/lib.rs:16:11
[INFO] [stdout]    |
[INFO] [stdout] 12 | let dev = LinuxI2CDevice::new("/dev/i2c-0", 119).unwrap();
[INFO] [stdout]    |           ^^^^^^^^^^^^^^ use of undeclared type `LinuxI2CDevice`
[INFO] [stdout] 
[INFO] [stdout] error[E0433]: failed to resolve: use of undeclared type `BME280`
[INFO] [stdout]   --> src/lib.rs:17:18
[INFO] [stdout]    |
[INFO] [stdout] 13 | let mut bme280 = BME280::new(dev, config).unwrap();
[INFO] [stdout]    |                  ^^^^^^ use of undeclared type `BME280`
[INFO] [stdout] 
[INFO] [stdout] error[E0412]: cannot find type `Config` in this scope
[INFO] [stdout]  --> src/lib.rs:7:13
[INFO] [stdout]   |
[INFO] [stdout] 3 | let config: Config = Config {
[INFO] [stdout]   |             ^^^^^^ not found in this scope
[INFO] [stdout] 
[INFO] [stdout] error[E0422]: cannot find struct, variant or union type `Config` in this scope
[INFO] [stdout]  --> src/lib.rs:7:22
[INFO] [stdout]   |
[INFO] [stdout] 3 | let config: Config = Config {
[INFO] [stdout]   |                      ^^^^^^ not found in this scope
[INFO] [stdout] 
[INFO] [stdout] error: aborting due to 10 previous errors
[INFO] [stdout] 
[INFO] [stdout] Some errors have detailed explanations: E0412, E0422, E0433.
[INFO] [stdout] For more information about an error, try `rustc --explain E0412`.
[INFO] [stdout] Couldn't compile the test.
[INFO] [stdout] 
[INFO] [stdout] failures:
[INFO] [stdout]     src/lib.rs - (line 6)
[INFO] [stdout] 
[INFO] [stdout] test result: FAILED. 0 passed; 1 failed; 0 ignored; 0 measured; 0 filtered out; finished in 0.38s
[INFO] [stdout] 
[INFO] running `Command { std: "docker" "inspect" "b1fcfc0ee1744b475345d41ee68d25d308054d4bba37953b670b77530567cf8c", kill_on_drop: false }`
[INFO] running `Command { std: "docker" "rm" "-f" "b1fcfc0ee1744b475345d41ee68d25d308054d4bba37953b670b77530567cf8c", kill_on_drop: false }`
[INFO] [stdout] b1fcfc0ee1744b475345d41ee68d25d308054d4bba37953b670b77530567cf8c
