[INFO] cloning repository https://github.com/charredlot/cryptopals-rust
[INFO] running `Command { std: "git" "-c" "credential.helper=" "-c" "credential.helper=/workspace/cargo-home/bin/git-credential-null" "clone" "--bare" "https://github.com/charredlot/cryptopals-rust" "/workspace/cache/git-repos/https%3A%2F%2Fgithub.com%2Fcharredlot%2Fcryptopals-rust", kill_on_drop: false }`
[INFO] [stderr] Cloning into bare repository '/workspace/cache/git-repos/https%3A%2F%2Fgithub.com%2Fcharredlot%2Fcryptopals-rust'...
[INFO] running `Command { std: "git" "rev-parse" "HEAD", kill_on_drop: false }`
[INFO] [stdout] 50cecd398c41956e93fd8d91cfa04cc0bfa7fb56
[INFO] testing charredlot/cryptopals-rust against beta-2021-08-01 for beta-1.55-1
[INFO] running `Command { std: "git" "clone" "/workspace/cache/git-repos/https%3A%2F%2Fgithub.com%2Fcharredlot%2Fcryptopals-rust" "/workspace/builds/worker-0/source", kill_on_drop: false }`
[INFO] [stderr] Cloning into '/workspace/builds/worker-0/source'...
[INFO] [stderr] done.
[INFO] validating manifest of git repo https://github.com/charredlot/cryptopals-rust on toolchain beta-2021-08-01
[INFO] running `Command { std: "/workspace/cargo-home/bin/cargo" "+beta-2021-08-01" "metadata" "--manifest-path" "Cargo.toml" "--no-deps", kill_on_drop: false }`
[INFO] started tweaking git repo https://github.com/charredlot/cryptopals-rust
[INFO] finished tweaking git repo https://github.com/charredlot/cryptopals-rust
[INFO] tweaked toml for git repo https://github.com/charredlot/cryptopals-rust written to /workspace/builds/worker-0/source/Cargo.toml
[INFO] crate git repo https://github.com/charredlot/cryptopals-rust already has a lockfile, it will not be regenerated
[INFO] running `Command { std: "/workspace/cargo-home/bin/cargo" "+beta-2021-08-01" "fetch" "--manifest-path" "Cargo.toml", kill_on_drop: false }`
[INFO] [stderr]     Blocking waiting for file lock on package cache
[INFO] [stderr]     Blocking waiting for file lock on package cache
[INFO] [stderr]  Downloading crates ...
[INFO] [stderr]   Downloaded rust-gmp v0.5.0
[INFO] [stderr]   Downloaded nodrop v0.1.11
[INFO] running `Command { std: "docker" "create" "-v" "/var/lib/crater-agent-workspace/builds/worker-0/target:/opt/rustwide/target:rw,Z" "-v" "/var/lib/crater-agent-workspace/builds/worker-0/source:/opt/rustwide/workdir:ro,Z" "-v" "/var/lib/crater-agent-workspace/cargo-home:/opt/rustwide/cargo-home:ro,Z" "-v" "/var/lib/crater-agent-workspace/rustup-home:/opt/rustwide/rustup-home:ro,Z" "-e" "SOURCE_DIR=/opt/rustwide/workdir" "-e" "CARGO_TARGET_DIR=/opt/rustwide/target" "-e" "CARGO_HOME=/opt/rustwide/cargo-home" "-e" "RUSTUP_HOME=/opt/rustwide/rustup-home" "-w" "/opt/rustwide/workdir" "-m" "1610612736" "--user" "0:0" "--network" "none" "ghcr.io/rust-lang/crates-build-env/linux@sha256:34b6a614d2c27851fe6cbf88fbd1137609cefab8b10d0615aaeb6fd47975d74e" "/opt/rustwide/cargo-home/bin/cargo" "+beta-2021-08-01" "metadata" "--no-deps" "--format-version=1", kill_on_drop: false }`
[INFO] [stdout] 938ebc05be2b7c3a2649629fc6b89d531fc0f4b2d60940c12361bffc353dfe08
[INFO] running `Command { std: "docker" "start" "-a" "938ebc05be2b7c3a2649629fc6b89d531fc0f4b2d60940c12361bffc353dfe08", kill_on_drop: false }`
[INFO] running `Command { std: "docker" "inspect" "938ebc05be2b7c3a2649629fc6b89d531fc0f4b2d60940c12361bffc353dfe08", kill_on_drop: false }`
[INFO] running `Command { std: "docker" "rm" "-f" "938ebc05be2b7c3a2649629fc6b89d531fc0f4b2d60940c12361bffc353dfe08", kill_on_drop: false }`
[INFO] [stdout] 938ebc05be2b7c3a2649629fc6b89d531fc0f4b2d60940c12361bffc353dfe08
[INFO] running `Command { std: "docker" "create" "-v" "/var/lib/crater-agent-workspace/builds/worker-0/target:/opt/rustwide/target:rw,Z" "-v" "/var/lib/crater-agent-workspace/builds/worker-0/source:/opt/rustwide/workdir:ro,Z" "-v" "/var/lib/crater-agent-workspace/cargo-home:/opt/rustwide/cargo-home:ro,Z" "-v" "/var/lib/crater-agent-workspace/rustup-home:/opt/rustwide/rustup-home:ro,Z" "-e" "SOURCE_DIR=/opt/rustwide/workdir" "-e" "CARGO_TARGET_DIR=/opt/rustwide/target" "-e" "CARGO_INCREMENTAL=0" "-e" "RUST_BACKTRACE=full" "-e" "RUSTFLAGS=--cap-lints=warn" "-e" "CARGO_HOME=/opt/rustwide/cargo-home" "-e" "RUSTUP_HOME=/opt/rustwide/rustup-home" "-w" "/opt/rustwide/workdir" "-m" "1610612736" "--user" "0:0" "--network" "none" "ghcr.io/rust-lang/crates-build-env/linux@sha256:34b6a614d2c27851fe6cbf88fbd1137609cefab8b10d0615aaeb6fd47975d74e" "/opt/rustwide/cargo-home/bin/cargo" "+beta-2021-08-01" "build" "--frozen" "--message-format=json", kill_on_drop: false }`
[INFO] [stdout] 6e792c5480588fa7b4772dfcab4a477f1e87bf378252ddbff698ec473e823abd
[INFO] running `Command { std: "docker" "start" "-a" "6e792c5480588fa7b4772dfcab4a477f1e87bf378252ddbff698ec473e823abd", kill_on_drop: false }`
[INFO] [stderr]    Compiling typenum v1.9.0
[INFO] [stderr]    Compiling odds v0.2.25
[INFO] [stderr]    Compiling byte-tools v0.2.0
[INFO] [stderr]    Compiling libc v0.2.30
[INFO] [stderr]    Compiling num-traits v0.1.40
[INFO] [stderr]    Compiling nodrop v0.1.11
[INFO] [stderr]    Compiling rand v0.3.16
[INFO] [stderr]    Compiling rust-gmp v0.5.0
[INFO] [stderr]    Compiling generic-array v0.8.3
[INFO] [stderr]    Compiling digest v0.6.2
[INFO] [stderr]    Compiling block-buffer v0.2.0
[INFO] [stderr]    Compiling sha2 v0.6.0
[INFO] [stderr]    Compiling cryptopals v0.1.0 (/opt/rustwide/workdir)
[INFO] [stdout] warning: unused import: `std::str`
[INFO] [stdout]  --> src/aes/cbc_test.rs:3:5
[INFO] [stdout]   |
[INFO] [stdout] 3 | use std::str;
[INFO] [stdout]   |     ^^^^^^^^
[INFO] [stdout]   |
[INFO] [stdout]   = note: `#[warn(unused_imports)]` on by default
[INFO] [stdout] 
[INFO] [stdout] 
[INFO] [stdout] warning: `...` range patterns are deprecated
[INFO] [stdout]   --> src/base64.rs:94:16
[INFO] [stdout]    |
[INFO] [stdout] 94 |         UPPER_A...UPPER_Z => c - UPPER_A,
[INFO] [stdout]    |                ^^^ help: use `..=` for an inclusive range
[INFO] [stdout]    |
[INFO] [stdout]    = note: `#[warn(ellipsis_inclusive_range_patterns)]` on by default
[INFO] [stdout]    = warning: this is accepted in the current edition (Rust 2015) but is a hard error in Rust 2021!
[INFO] [stdout]    = note: for more information, see issue #80165 <https://github.com/rust-lang/rust/issues/80165>
[INFO] [stdout] 
[INFO] [stdout] 
[INFO] [stdout] warning: `...` range patterns are deprecated
[INFO] [stdout]   --> src/base64.rs:95:16
[INFO] [stdout]    |
[INFO] [stdout] 95 |         LOWER_A...LOWER_Z => (c - LOWER_A) + 26,
[INFO] [stdout]    |                ^^^ help: use `..=` for an inclusive range
[INFO] [stdout]    |
[INFO] [stdout]    = warning: this is accepted in the current edition (Rust 2015) but is a hard error in Rust 2021!
[INFO] [stdout]    = note: for more information, see issue #80165 <https://github.com/rust-lang/rust/issues/80165>
[INFO] [stdout] 
[INFO] [stdout] 
[INFO] [stdout] warning: `...` range patterns are deprecated
[INFO] [stdout]   --> src/base64.rs:96:16
[INFO] [stdout]    |
[INFO] [stdout] 96 |         DIGIT_0...DIGIT_9 => (c - DIGIT_0) + 52,
[INFO] [stdout]    |                ^^^ help: use `..=` for an inclusive range
[INFO] [stdout]    |
[INFO] [stdout]    = warning: this is accepted in the current edition (Rust 2015) but is a hard error in Rust 2021!
[INFO] [stdout]    = note: for more information, see issue #80165 <https://github.com/rust-lang/rust/issues/80165>
[INFO] [stdout] 
[INFO] [stdout] 
[INFO] [stdout] warning: unnecessary parentheses around assigned value
[INFO] [stdout]   --> src/mt19937.rs:16:25
[INFO] [stdout]    |
[INFO] [stdout] 16 | const MASK_UPPER: u32 = (1u32 << R);
[INFO] [stdout]    |                         ^^^^^^^^^^^ help: remove these parentheses
[INFO] [stdout]    |
[INFO] [stdout]    = note: `#[warn(unused_parens)]` on by default
[INFO] [stdout] 
[INFO] [stdout] 
[INFO] [stdout] warning: `...` range patterns are deprecated
[INFO] [stdout]    --> src/sha1.rs:231:18
[INFO] [stdout]     |
[INFO] [stdout] 231 |                 0...19 => (ff(b, c, d), 0x5a827999),
[INFO] [stdout]     |                  ^^^ help: use `..=` for an inclusive range
[INFO] [stdout]     |
[INFO] [stdout]     = warning: this is accepted in the current edition (Rust 2015) but is a hard error in Rust 2021!
[INFO] [stdout]     = note: for more information, see issue #80165 <https://github.com/rust-lang/rust/issues/80165>
[INFO] [stdout] 
[INFO] [stdout] 
[INFO] [stdout] warning: `...` range patterns are deprecated
[INFO] [stdout]    --> src/sha1.rs:232:19
[INFO] [stdout]     |
[INFO] [stdout] 232 |                 20...39 => (gg(b, c, d), 0x6ed9eba1),
[INFO] [stdout]     |                   ^^^ help: use `..=` for an inclusive range
[INFO] [stdout]     |
[INFO] [stdout]     = warning: this is accepted in the current edition (Rust 2015) but is a hard error in Rust 2021!
[INFO] [stdout]     = note: for more information, see issue #80165 <https://github.com/rust-lang/rust/issues/80165>
[INFO] [stdout] 
[INFO] [stdout] 
[INFO] [stdout] warning: `...` range patterns are deprecated
[INFO] [stdout]    --> src/sha1.rs:233:19
[INFO] [stdout]     |
[INFO] [stdout] 233 |                 40...59 => (hh(b, c, d), 0x8f1bbcdc),
[INFO] [stdout]     |                   ^^^ help: use `..=` for an inclusive range
[INFO] [stdout]     |
[INFO] [stdout]     = warning: this is accepted in the current edition (Rust 2015) but is a hard error in Rust 2021!
[INFO] [stdout]     = note: for more information, see issue #80165 <https://github.com/rust-lang/rust/issues/80165>
[INFO] [stdout] 
[INFO] [stdout] 
[INFO] [stdout] warning: `...` range patterns are deprecated
[INFO] [stdout]    --> src/sha1.rs:234:19
[INFO] [stdout]     |
[INFO] [stdout] 234 |                 60...79 => (ii(b, c, d), 0xca62c1d6),
[INFO] [stdout]     |                   ^^^ help: use `..=` for an inclusive range
[INFO] [stdout]     |
[INFO] [stdout]     = warning: this is accepted in the current edition (Rust 2015) but is a hard error in Rust 2021!
[INFO] [stdout]     = note: for more information, see issue #80165 <https://github.com/rust-lang/rust/issues/80165>
[INFO] [stdout] 
[INFO] [stdout] 
[INFO] [stdout] warning: use of deprecated macro `try`: use the `?` operator instead
[INFO] [stdout]    --> src/sha1.rs:267:13
[INFO] [stdout]     |
[INFO] [stdout] 267 |             try!(write!(f, "{:08x}", i));
[INFO] [stdout]     |             ^^^
[INFO] [stdout]     |
[INFO] [stdout]     = note: `#[warn(deprecated)]` on by default
[INFO] [stdout] 
[INFO] [stdout] 
[INFO] [stdout] warning: trait objects without an explicit `dyn` are deprecated
[INFO] [stdout]  --> src/ssv.rs:9:33
[INFO] [stdout]   |
[INFO] [stdout] 9 | pub fn ssv_aes_encrypt(cipher: &AESCipher, plaintext: &[u8]) -> Vec<u8> {
[INFO] [stdout]   |                                 ^^^^^^^^^ help: use `dyn`: `dyn AESCipher`
[INFO] [stdout]   |
[INFO] [stdout]   = note: `#[warn(bare_trait_objects)]` on by default
[INFO] [stdout]   = warning: this is accepted in the current edition (Rust 2015) but is a hard error in Rust 2021!
[INFO] [stdout]   = note: for more information, see issue #80165 <https://github.com/rust-lang/rust/issues/80165>
[INFO] [stdout] 
[INFO] [stdout] 
[INFO] [stdout] warning: trait objects without an explicit `dyn` are deprecated
[INFO] [stdout]   --> src/ssv.rs:17:33
[INFO] [stdout]    |
[INFO] [stdout] 17 | pub fn ssv_aes_decrypt(cipher: &AESCipher, ciphertext: &[u8]) -> Vec<u8> {
[INFO] [stdout]    |                                 ^^^^^^^^^ help: use `dyn`: `dyn AESCipher`
[INFO] [stdout]    |
[INFO] [stdout]    = warning: this is accepted in the current edition (Rust 2015) but is a hard error in Rust 2021!
[INFO] [stdout]    = note: for more information, see issue #80165 <https://github.com/rust-lang/rust/issues/80165>
[INFO] [stdout] 
[INFO] [stdout] 
[INFO] [stdout] warning: trait objects without an explicit `dyn` are deprecated
[INFO] [stdout]   --> src/ssv.rs:22:43
[INFO] [stdout]    |
[INFO] [stdout] 22 | pub fn ssv_aes_decrypt_and_check(cipher: &AESCipher,
[INFO] [stdout]    |                                           ^^^^^^^^^ help: use `dyn`: `dyn AESCipher`
[INFO] [stdout]    |
[INFO] [stdout]    = warning: this is accepted in the current edition (Rust 2015) but is a hard error in Rust 2021!
[INFO] [stdout]    = note: for more information, see issue #80165 <https://github.com/rust-lang/rust/issues/80165>
[INFO] [stdout] 
[INFO] [stdout] 
[INFO] [stdout] warning: unnecessary trailing semicolon
[INFO] [stdout]   --> src/url.rs:27:6
[INFO] [stdout]    |
[INFO] [stdout] 27 |     };
[INFO] [stdout]    |      ^ help: remove this semicolon
[INFO] [stdout]    |
[INFO] [stdout]    = note: `#[warn(redundant_semicolons)]` on by default
[INFO] [stdout] 
[INFO] [stdout] 
[INFO] [stdout] warning: trait objects without an explicit `dyn` are deprecated
[INFO] [stdout]   --> src/url.rs:57:33
[INFO] [stdout]    |
[INFO] [stdout] 57 | fn encrypt_profile_for(cipher: &AESCipher, email: &str) -> Vec<u8> {
[INFO] [stdout]    |                                 ^^^^^^^^^ help: use `dyn`: `dyn AESCipher`
[INFO] [stdout]    |
[INFO] [stdout]    = warning: this is accepted in the current edition (Rust 2015) but is a hard error in Rust 2021!
[INFO] [stdout]    = note: for more information, see issue #80165 <https://github.com/rust-lang/rust/issues/80165>
[INFO] [stdout] 
[INFO] [stdout] 
[INFO] [stdout] warning: trait objects without an explicit `dyn` are deprecated
[INFO] [stdout]   --> src/url.rs:61:33
[INFO] [stdout]    |
[INFO] [stdout] 61 | fn decrypt_profile_for(cipher: &AESCipher,
[INFO] [stdout]    |                                 ^^^^^^^^^ help: use `dyn`: `dyn AESCipher`
[INFO] [stdout]    |
[INFO] [stdout]    = warning: this is accepted in the current edition (Rust 2015) but is a hard error in Rust 2021!
[INFO] [stdout]    = note: for more information, see issue #80165 <https://github.com/rust-lang/rust/issues/80165>
[INFO] [stdout] 
[INFO] [stdout] 
[INFO] [stdout] warning: trait objects without an explicit `dyn` are deprecated
[INFO] [stdout]   --> src/url.rs:68:30
[INFO] [stdout]    |
[INFO] [stdout] 68 | fn trick_url_decode(cipher: &AESCipher) {
[INFO] [stdout]    |                              ^^^^^^^^^ help: use `dyn`: `dyn AESCipher`
[INFO] [stdout]    |
[INFO] [stdout]    = warning: this is accepted in the current edition (Rust 2015) but is a hard error in Rust 2021!
[INFO] [stdout]    = note: for more information, see issue #80165 <https://github.com/rust-lang/rust/issues/80165>
[INFO] [stdout] 
[INFO] [stdout] 
[INFO] [stdout] warning: trait objects without an explicit `dyn` are deprecated
[INFO] [stdout]   --> src/util.rs:10:26
[INFO] [stdout]    |
[INFO] [stdout] 10 | pub type EncryptOracle = Fn (&[u8]) -> Vec<u8>;
[INFO] [stdout]    |                          ^^^^^^^^^^^^^^^^^^^^^ help: use `dyn`: `dyn Fn (&[u8]) -> Vec<u8>`
[INFO] [stdout]    |
[INFO] [stdout]    = warning: this is accepted in the current edition (Rust 2015) but is a hard error in Rust 2021!
[INFO] [stdout]    = note: for more information, see issue #80165 <https://github.com/rust-lang/rust/issues/80165>
[INFO] [stdout] 
[INFO] [stdout] 
[INFO] [stdout] warning: trait objects without an explicit `dyn` are deprecated
[INFO] [stdout]   --> src/util.rs:11:26
[INFO] [stdout]    |
[INFO] [stdout] 11 | pub type DecryptOracle = Fn (&[u8]) -> Vec<u8>;
[INFO] [stdout]    |                          ^^^^^^^^^^^^^^^^^^^^^ help: use `dyn`: `dyn Fn (&[u8]) -> Vec<u8>`
[INFO] [stdout]    |
[INFO] [stdout]    = warning: this is accepted in the current edition (Rust 2015) but is a hard error in Rust 2021!
[INFO] [stdout]    = note: for more information, see issue #80165 <https://github.com/rust-lang/rust/issues/80165>
[INFO] [stdout] 
[INFO] [stdout] 
[INFO] [stdout] warning: panic message is not a string literal
[INFO] [stdout]   --> src/pkcs7.rs:19:26
[INFO] [stdout]    |
[INFO] [stdout] 19 |         Err(e) => panic!(e),
[INFO] [stdout]    |                          ^
[INFO] [stdout]    |
[INFO] [stdout]    = note: `#[warn(non_fmt_panics)]` on by default
[INFO] [stdout]    = note: this usage of panic!() is deprecated; it will be a hard error in Rust 2021
[INFO] [stdout]    = note: for more information, see <https://doc.rust-lang.org/nightly/edition-guide/rust-2021/panic-macro-consistency.html>
[INFO] [stdout] help: add a "{}" format string to Display the message
[INFO] [stdout]    |
[INFO] [stdout] 19 |         Err(e) => panic!("{}", e),
[INFO] [stdout]    |                          ^^^^^
[INFO] [stdout] help: or use std::panic::panic_any instead
[INFO] [stdout]    |
[INFO] [stdout] 19 |         Err(e) => std::panic::panic_any(e),
[INFO] [stdout]    |                   ^^^^^^^^^^^^^^^^^^^^^
[INFO] [stdout] 
[INFO] [stdout] 
[INFO] [stdout] warning: 20 warnings emitted
[INFO] [stdout] 
[INFO] [stdout] 
[INFO] [stderr]     Finished dev [unoptimized + debuginfo] target(s) in 7.97s
[INFO] running `Command { std: "docker" "inspect" "6e792c5480588fa7b4772dfcab4a477f1e87bf378252ddbff698ec473e823abd", kill_on_drop: false }`
[INFO] running `Command { std: "docker" "rm" "-f" "6e792c5480588fa7b4772dfcab4a477f1e87bf378252ddbff698ec473e823abd", kill_on_drop: false }`
[INFO] [stdout] 6e792c5480588fa7b4772dfcab4a477f1e87bf378252ddbff698ec473e823abd
[INFO] running `Command { std: "docker" "create" "-v" "/var/lib/crater-agent-workspace/builds/worker-0/target:/opt/rustwide/target:rw,Z" "-v" "/var/lib/crater-agent-workspace/builds/worker-0/source:/opt/rustwide/workdir:ro,Z" "-v" "/var/lib/crater-agent-workspace/cargo-home:/opt/rustwide/cargo-home:ro,Z" "-v" "/var/lib/crater-agent-workspace/rustup-home:/opt/rustwide/rustup-home:ro,Z" "-e" "SOURCE_DIR=/opt/rustwide/workdir" "-e" "CARGO_TARGET_DIR=/opt/rustwide/target" "-e" "CARGO_INCREMENTAL=0" "-e" "RUST_BACKTRACE=full" "-e" "RUSTFLAGS=--cap-lints=warn" "-e" "CARGO_HOME=/opt/rustwide/cargo-home" "-e" "RUSTUP_HOME=/opt/rustwide/rustup-home" "-w" "/opt/rustwide/workdir" "-m" "1610612736" "--user" "0:0" "--network" "none" "ghcr.io/rust-lang/crates-build-env/linux@sha256:34b6a614d2c27851fe6cbf88fbd1137609cefab8b10d0615aaeb6fd47975d74e" "/opt/rustwide/cargo-home/bin/cargo" "+beta-2021-08-01" "test" "--frozen" "--no-run" "--message-format=json", kill_on_drop: false }`
[INFO] [stdout] 2fac5f347b7c2c61bff72cebfe04cd0bf82aea21c0d1839844e9d72ac7096800
[INFO] running `Command { std: "docker" "start" "-a" "2fac5f347b7c2c61bff72cebfe04cd0bf82aea21c0d1839844e9d72ac7096800", kill_on_drop: false }`
[INFO] [stdout] warning: unused import: `std::str`
[INFO] [stdout]  --> src/aes/cbc_test.rs:3:5
[INFO] [stdout]   |
[INFO] [stdout] 3 | use std::str;
[INFO] [stdout]   |     ^^^^^^^^
[INFO] [stdout]   |
[INFO] [stdout]   = note: `#[warn(unused_imports)]` on by default
[INFO] [stdout] 
[INFO] [stdout] 
[INFO] [stdout] warning: `...` range patterns are deprecated
[INFO] [stdout]   --> src/base64.rs:94:16
[INFO] [stdout]    |
[INFO] [stdout] 94 |         UPPER_A...UPPER_Z => c - UPPER_A,
[INFO] [stdout]    |                ^^^ help: use `..=` for an inclusive range
[INFO] [stdout]    |
[INFO] [stdout]    = note: `#[warn(ellipsis_inclusive_range_patterns)]` on by default
[INFO] [stdout]    = warning: this is accepted in the current edition (Rust 2015) but is a hard error in Rust 2021!
[INFO] [stdout]    = note: for more information, see issue #80165 <https://github.com/rust-lang/rust/issues/80165>
[INFO] [stdout] 
[INFO] [stdout] 
[INFO] [stdout] warning: `...` range patterns are deprecated
[INFO] [stdout]   --> src/base64.rs:95:16
[INFO] [stdout]    |
[INFO] [stdout] 95 |         LOWER_A...LOWER_Z => (c - LOWER_A) + 26,
[INFO] [stdout]    |                ^^^ help: use `..=` for an inclusive range
[INFO] [stdout]    |
[INFO] [stdout]    = warning: this is accepted in the current edition (Rust 2015) but is a hard error in Rust 2021!
[INFO] [stdout]    = note: for more information, see issue #80165 <https://github.com/rust-lang/rust/issues/80165>
[INFO] [stdout] 
[INFO] [stdout] 
[INFO] [stdout] warning: `...` range patterns are deprecated
[INFO] [stdout]   --> src/base64.rs:96:16
[INFO] [stdout]    |
[INFO] [stdout] 96 |         DIGIT_0...DIGIT_9 => (c - DIGIT_0) + 52,
[INFO] [stdout]    |                ^^^ help: use `..=` for an inclusive range
[INFO] [stdout]    |
[INFO] [stdout]    = warning: this is accepted in the current edition (Rust 2015) but is a hard error in Rust 2021!
[INFO] [stdout]    = note: for more information, see issue #80165 <https://github.com/rust-lang/rust/issues/80165>
[INFO] [stdout] 
[INFO] [stdout] 
[INFO] [stdout] warning: unnecessary parentheses around assigned value
[INFO] [stdout]   --> src/mt19937.rs:16:25
[INFO] [stdout]    |
[INFO] [stdout] 16 | const MASK_UPPER: u32 = (1u32 << R);
[INFO] [stdout]    |                         ^^^^^^^^^^^ help: remove these parentheses
[INFO] [stdout]    |
[INFO] [stdout]    = note: `#[warn(unused_parens)]` on by default
[INFO] [stdout] 
[INFO] [stdout] 
[INFO] [stdout] warning: `...` range patterns are deprecated
[INFO] [stdout]    --> src/sha1.rs:231:18
[INFO] [stdout]     |
[INFO] [stdout] 231 |                 0...19 => (ff(b, c, d), 0x5a827999),
[INFO] [stdout]     |                  ^^^ help: use `..=` for an inclusive range
[INFO] [stdout]     |
[INFO] [stdout]     = warning: this is accepted in the current edition (Rust 2015) but is a hard error in Rust 2021!
[INFO] [stdout]     = note: for more information, see issue #80165 <https://github.com/rust-lang/rust/issues/80165>
[INFO] [stdout] 
[INFO] [stdout] 
[INFO] [stderr]    Compiling cryptopals v0.1.0 (/opt/rustwide/workdir)
[INFO] [stdout] warning: `...` range patterns are deprecated
[INFO] [stdout]    --> src/sha1.rs:232:19
[INFO] [stdout]     |
[INFO] [stdout] 232 |                 20...39 => (gg(b, c, d), 0x6ed9eba1),
[INFO] [stdout]     |                   ^^^ help: use `..=` for an inclusive range
[INFO] [stdout]     |
[INFO] [stdout]     = warning: this is accepted in the current edition (Rust 2015) but is a hard error in Rust 2021!
[INFO] [stdout]     = note: for more information, see issue #80165 <https://github.com/rust-lang/rust/issues/80165>
[INFO] [stdout] 
[INFO] [stdout] 
[INFO] [stdout] warning: `...` range patterns are deprecated
[INFO] [stdout]    --> src/sha1.rs:233:19
[INFO] [stdout]     |
[INFO] [stdout] 233 |                 40...59 => (hh(b, c, d), 0x8f1bbcdc),
[INFO] [stdout]     |                   ^^^ help: use `..=` for an inclusive range
[INFO] [stdout]     |
[INFO] [stdout]     = warning: this is accepted in the current edition (Rust 2015) but is a hard error in Rust 2021!
[INFO] [stdout]     = note: for more information, see issue #80165 <https://github.com/rust-lang/rust/issues/80165>
[INFO] [stdout] 
[INFO] [stdout] 
[INFO] [stdout] warning: `...` range patterns are deprecated
[INFO] [stdout]    --> src/sha1.rs:234:19
[INFO] [stdout]     |
[INFO] [stdout] 234 |                 60...79 => (ii(b, c, d), 0xca62c1d6),
[INFO] [stdout]     |                   ^^^ help: use `..=` for an inclusive range
[INFO] [stdout]     |
[INFO] [stdout]     = warning: this is accepted in the current edition (Rust 2015) but is a hard error in Rust 2021!
[INFO] [stdout]     = note: for more information, see issue #80165 <https://github.com/rust-lang/rust/issues/80165>
[INFO] [stdout] 
[INFO] [stdout] 
[INFO] [stdout] warning: use of deprecated macro `try`: use the `?` operator instead
[INFO] [stdout]    --> src/sha1.rs:267:13
[INFO] [stdout]     |
[INFO] [stdout] 267 |             try!(write!(f, "{:08x}", i));
[INFO] [stdout]     |             ^^^
[INFO] [stdout]     |
[INFO] [stdout]     = note: `#[warn(deprecated)]` on by default
[INFO] [stdout] 
[INFO] [stdout] 
[INFO] [stdout] warning: trait objects without an explicit `dyn` are deprecated
[INFO] [stdout]  --> src/ssv.rs:9:33
[INFO] [stdout]   |
[INFO] [stdout] 9 | pub fn ssv_aes_encrypt(cipher: &AESCipher, plaintext: &[u8]) -> Vec<u8> {
[INFO] [stdout]   |                                 ^^^^^^^^^ help: use `dyn`: `dyn AESCipher`
[INFO] [stdout]   |
[INFO] [stdout]   = note: `#[warn(bare_trait_objects)]` on by default
[INFO] [stdout]   = warning: this is accepted in the current edition (Rust 2015) but is a hard error in Rust 2021!
[INFO] [stdout]   = note: for more information, see issue #80165 <https://github.com/rust-lang/rust/issues/80165>
[INFO] [stdout] 
[INFO] [stdout] 
[INFO] [stdout] warning: trait objects without an explicit `dyn` are deprecated
[INFO] [stdout]   --> src/ssv.rs:17:33
[INFO] [stdout]    |
[INFO] [stdout] 17 | pub fn ssv_aes_decrypt(cipher: &AESCipher, ciphertext: &[u8]) -> Vec<u8> {
[INFO] [stdout]    |                                 ^^^^^^^^^ help: use `dyn`: `dyn AESCipher`
[INFO] [stdout]    |
[INFO] [stdout]    = warning: this is accepted in the current edition (Rust 2015) but is a hard error in Rust 2021!
[INFO] [stdout]    = note: for more information, see issue #80165 <https://github.com/rust-lang/rust/issues/80165>
[INFO] [stdout] 
[INFO] [stdout] 
[INFO] [stdout] warning: trait objects without an explicit `dyn` are deprecated
[INFO] [stdout]   --> src/ssv.rs:22:43
[INFO] [stdout]    |
[INFO] [stdout] 22 | pub fn ssv_aes_decrypt_and_check(cipher: &AESCipher,
[INFO] [stdout]    |                                           ^^^^^^^^^ help: use `dyn`: `dyn AESCipher`
[INFO] [stdout]    |
[INFO] [stdout]    = warning: this is accepted in the current edition (Rust 2015) but is a hard error in Rust 2021!
[INFO] [stdout]    = note: for more information, see issue #80165 <https://github.com/rust-lang/rust/issues/80165>
[INFO] [stdout] 
[INFO] [stdout] 
[INFO] [stdout] warning: unnecessary trailing semicolon
[INFO] [stdout]   --> src/url.rs:27:6
[INFO] [stdout]    |
[INFO] [stdout] 27 |     };
[INFO] [stdout]    |      ^ help: remove this semicolon
[INFO] [stdout]    |
[INFO] [stdout]    = note: `#[warn(redundant_semicolons)]` on by default
[INFO] [stdout] 
[INFO] [stdout] 
[INFO] [stdout] warning: trait objects without an explicit `dyn` are deprecated
[INFO] [stdout]   --> src/url.rs:57:33
[INFO] [stdout]    |
[INFO] [stdout] 57 | fn encrypt_profile_for(cipher: &AESCipher, email: &str) -> Vec<u8> {
[INFO] [stdout]    |                                 ^^^^^^^^^ help: use `dyn`: `dyn AESCipher`
[INFO] [stdout]    |
[INFO] [stdout]    = warning: this is accepted in the current edition (Rust 2015) but is a hard error in Rust 2021!
[INFO] [stdout]    = note: for more information, see issue #80165 <https://github.com/rust-lang/rust/issues/80165>
[INFO] [stdout] 
[INFO] [stdout] 
[INFO] [stdout] warning: trait objects without an explicit `dyn` are deprecated
[INFO] [stdout]   --> src/url.rs:61:33
[INFO] [stdout]    |
[INFO] [stdout] 61 | fn decrypt_profile_for(cipher: &AESCipher,
[INFO] [stdout]    |                                 ^^^^^^^^^ help: use `dyn`: `dyn AESCipher`
[INFO] [stdout]    |
[INFO] [stdout]    = warning: this is accepted in the current edition (Rust 2015) but is a hard error in Rust 2021!
[INFO] [stdout]    = note: for more information, see issue #80165 <https://github.com/rust-lang/rust/issues/80165>
[INFO] [stdout] 
[INFO] [stdout] 
[INFO] [stdout] warning: trait objects without an explicit `dyn` are deprecated
[INFO] [stdout]   --> src/url.rs:68:30
[INFO] [stdout]    |
[INFO] [stdout] 68 | fn trick_url_decode(cipher: &AESCipher) {
[INFO] [stdout]    |                              ^^^^^^^^^ help: use `dyn`: `dyn AESCipher`
[INFO] [stdout]    |
[INFO] [stdout]    = warning: this is accepted in the current edition (Rust 2015) but is a hard error in Rust 2021!
[INFO] [stdout]    = note: for more information, see issue #80165 <https://github.com/rust-lang/rust/issues/80165>
[INFO] [stdout] 
[INFO] [stdout] 
[INFO] [stdout] warning: trait objects without an explicit `dyn` are deprecated
[INFO] [stdout]   --> src/util.rs:10:26
[INFO] [stdout]    |
[INFO] [stdout] 10 | pub type EncryptOracle = Fn (&[u8]) -> Vec<u8>;
[INFO] [stdout]    |                          ^^^^^^^^^^^^^^^^^^^^^ help: use `dyn`: `dyn Fn (&[u8]) -> Vec<u8>`
[INFO] [stdout]    |
[INFO] [stdout]    = warning: this is accepted in the current edition (Rust 2015) but is a hard error in Rust 2021!
[INFO] [stdout]    = note: for more information, see issue #80165 <https://github.com/rust-lang/rust/issues/80165>
[INFO] [stdout] 
[INFO] [stdout] 
[INFO] [stdout] warning: trait objects without an explicit `dyn` are deprecated
[INFO] [stdout]   --> src/util.rs:11:26
[INFO] [stdout]    |
[INFO] [stdout] 11 | pub type DecryptOracle = Fn (&[u8]) -> Vec<u8>;
[INFO] [stdout]    |                          ^^^^^^^^^^^^^^^^^^^^^ help: use `dyn`: `dyn Fn (&[u8]) -> Vec<u8>`
[INFO] [stdout]    |
[INFO] [stdout]    = warning: this is accepted in the current edition (Rust 2015) but is a hard error in Rust 2021!
[INFO] [stdout]    = note: for more information, see issue #80165 <https://github.com/rust-lang/rust/issues/80165>
[INFO] [stdout] 
[INFO] [stdout] 
[INFO] [stdout] warning: panic message is not a string literal
[INFO] [stdout]   --> src/pkcs7.rs:19:26
[INFO] [stdout]    |
[INFO] [stdout] 19 |         Err(e) => panic!(e),
[INFO] [stdout]    |                          ^
[INFO] [stdout]    |
[INFO] [stdout]    = note: `#[warn(non_fmt_panics)]` on by default
[INFO] [stdout]    = note: this usage of panic!() is deprecated; it will be a hard error in Rust 2021
[INFO] [stdout]    = note: for more information, see <https://doc.rust-lang.org/nightly/edition-guide/rust-2021/panic-macro-consistency.html>
[INFO] [stdout] help: add a "{}" format string to Display the message
[INFO] [stdout]    |
[INFO] [stdout] 19 |         Err(e) => panic!("{}", e),
[INFO] [stdout]    |                          ^^^^^
[INFO] [stdout] help: or use std::panic::panic_any instead
[INFO] [stdout]    |
[INFO] [stdout] 19 |         Err(e) => std::panic::panic_any(e),
[INFO] [stdout]    |                   ^^^^^^^^^^^^^^^^^^^^^
[INFO] [stdout] 
[INFO] [stdout] 
[INFO] [stdout] warning: 20 warnings emitted
[INFO] [stdout] 
[INFO] [stdout] 
[INFO] [stdout] warning: unused import: `std::str`
[INFO] [stdout]  --> src/aes/cbc_test.rs:3:5
[INFO] [stdout]   |
[INFO] [stdout] 3 | use std::str;
[INFO] [stdout]   |     ^^^^^^^^
[INFO] [stdout]   |
[INFO] [stdout]   = note: `#[warn(unused_imports)]` on by default
[INFO] [stdout] 
[INFO] [stdout] 
[INFO] [stdout] warning: `...` range patterns are deprecated
[INFO] [stdout]   --> src/base64.rs:94:16
[INFO] [stdout]    |
[INFO] [stdout] 94 |         UPPER_A...UPPER_Z => c - UPPER_A,
[INFO] [stdout]    |                ^^^ help: use `..=` for an inclusive range
[INFO] [stdout]    |
[INFO] [stdout]    = note: `#[warn(ellipsis_inclusive_range_patterns)]` on by default
[INFO] [stdout]    = warning: this is accepted in the current edition (Rust 2015) but is a hard error in Rust 2021!
[INFO] [stdout]    = note: for more information, see issue #80165 <https://github.com/rust-lang/rust/issues/80165>
[INFO] [stdout] 
[INFO] [stdout] 
[INFO] [stdout] warning: `...` range patterns are deprecated
[INFO] [stdout]   --> src/base64.rs:95:16
[INFO] [stdout]    |
[INFO] [stdout] 95 |         LOWER_A...LOWER_Z => (c - LOWER_A) + 26,
[INFO] [stdout]    |                ^^^ help: use `..=` for an inclusive range
[INFO] [stdout]    |
[INFO] [stdout]    = warning: this is accepted in the current edition (Rust 2015) but is a hard error in Rust 2021!
[INFO] [stdout]    = note: for more information, see issue #80165 <https://github.com/rust-lang/rust/issues/80165>
[INFO] [stdout] 
[INFO] [stdout] 
[INFO] [stdout] warning: `...` range patterns are deprecated
[INFO] [stdout]   --> src/base64.rs:96:16
[INFO] [stdout]    |
[INFO] [stdout] 96 |         DIGIT_0...DIGIT_9 => (c - DIGIT_0) + 52,
[INFO] [stdout]    |                ^^^ help: use `..=` for an inclusive range
[INFO] [stdout]    |
[INFO] [stdout]    = warning: this is accepted in the current edition (Rust 2015) but is a hard error in Rust 2021!
[INFO] [stdout]    = note: for more information, see issue #80165 <https://github.com/rust-lang/rust/issues/80165>
[INFO] [stdout] 
[INFO] [stdout] 
[INFO] [stdout] warning: unnecessary parentheses around assigned value
[INFO] [stdout]   --> src/mt19937.rs:16:25
[INFO] [stdout]    |
[INFO] [stdout] 16 | const MASK_UPPER: u32 = (1u32 << R);
[INFO] [stdout]    |                         ^^^^^^^^^^^ help: remove these parentheses
[INFO] [stdout]    |
[INFO] [stdout]    = note: `#[warn(unused_parens)]` on by default
[INFO] [stdout] 
[INFO] [stdout] 
[INFO] [stdout] warning: `...` range patterns are deprecated
[INFO] [stdout]    --> src/sha1.rs:231:18
[INFO] [stdout]     |
[INFO] [stdout] 231 |                 0...19 => (ff(b, c, d), 0x5a827999),
[INFO] [stdout]     |                  ^^^ help: use `..=` for an inclusive range
[INFO] [stdout]     |
[INFO] [stdout]     = warning: this is accepted in the current edition (Rust 2015) but is a hard error in Rust 2021!
[INFO] [stdout]     = note: for more information, see issue #80165 <https://github.com/rust-lang/rust/issues/80165>
[INFO] [stdout] 
[INFO] [stdout] 
[INFO] [stdout] warning: `...` range patterns are deprecated
[INFO] [stdout]    --> src/sha1.rs:232:19
[INFO] [stdout]     |
[INFO] [stdout] 232 |                 20...39 => (gg(b, c, d), 0x6ed9eba1),
[INFO] [stdout]     |                   ^^^ help: use `..=` for an inclusive range
[INFO] [stdout]     |
[INFO] [stdout]     = warning: this is accepted in the current edition (Rust 2015) but is a hard error in Rust 2021!
[INFO] [stdout]     = note: for more information, see issue #80165 <https://github.com/rust-lang/rust/issues/80165>
[INFO] [stdout] 
[INFO] [stdout] 
[INFO] [stdout] warning: `...` range patterns are deprecated
[INFO] [stdout]    --> src/sha1.rs:233:19
[INFO] [stdout]     |
[INFO] [stdout] 233 |                 40...59 => (hh(b, c, d), 0x8f1bbcdc),
[INFO] [stdout]     |                   ^^^ help: use `..=` for an inclusive range
[INFO] [stdout]     |
[INFO] [stdout]     = warning: this is accepted in the current edition (Rust 2015) but is a hard error in Rust 2021!
[INFO] [stdout]     = note: for more information, see issue #80165 <https://github.com/rust-lang/rust/issues/80165>
[INFO] [stdout] 
[INFO] [stdout] 
[INFO] [stdout] warning: `...` range patterns are deprecated
[INFO] [stdout]    --> src/sha1.rs:234:19
[INFO] [stdout]     |
[INFO] [stdout] 234 |                 60...79 => (ii(b, c, d), 0xca62c1d6),
[INFO] [stdout]     |                   ^^^ help: use `..=` for an inclusive range
[INFO] [stdout]     |
[INFO] [stdout]     = warning: this is accepted in the current edition (Rust 2015) but is a hard error in Rust 2021!
[INFO] [stdout]     = note: for more information, see issue #80165 <https://github.com/rust-lang/rust/issues/80165>
[INFO] [stdout] 
[INFO] [stdout] 
[INFO] [stdout] warning: use of deprecated macro `try`: use the `?` operator instead
[INFO] [stdout]    --> src/sha1.rs:267:13
[INFO] [stdout]     |
[INFO] [stdout] 267 |             try!(write!(f, "{:08x}", i));
[INFO] [stdout]     |             ^^^
[INFO] [stdout]     |
[INFO] [stdout]     = note: `#[warn(deprecated)]` on by default
[INFO] [stdout] 
[INFO] [stdout] 
[INFO] [stdout] warning: trait objects without an explicit `dyn` are deprecated
[INFO] [stdout]  --> src/ssv.rs:9:33
[INFO] [stdout]   |
[INFO] [stdout] 9 | pub fn ssv_aes_encrypt(cipher: &AESCipher, plaintext: &[u8]) -> Vec<u8> {
[INFO] [stdout]   |                                 ^^^^^^^^^ help: use `dyn`: `dyn AESCipher`
[INFO] [stdout]   |
[INFO] [stdout]   = note: `#[warn(bare_trait_objects)]` on by default
[INFO] [stdout]   = warning: this is accepted in the current edition (Rust 2015) but is a hard error in Rust 2021!
[INFO] [stdout]   = note: for more information, see issue #80165 <https://github.com/rust-lang/rust/issues/80165>
[INFO] [stdout] 
[INFO] [stdout] 
[INFO] [stdout] warning: trait objects without an explicit `dyn` are deprecated
[INFO] [stdout]   --> src/ssv.rs:17:33
[INFO] [stdout]    |
[INFO] [stdout] 17 | pub fn ssv_aes_decrypt(cipher: &AESCipher, ciphertext: &[u8]) -> Vec<u8> {
[INFO] [stdout]    |                                 ^^^^^^^^^ help: use `dyn`: `dyn AESCipher`
[INFO] [stdout]    |
[INFO] [stdout]    = warning: this is accepted in the current edition (Rust 2015) but is a hard error in Rust 2021!
[INFO] [stdout]    = note: for more information, see issue #80165 <https://github.com/rust-lang/rust/issues/80165>
[INFO] [stdout] 
[INFO] [stdout] 
[INFO] [stdout] warning: trait objects without an explicit `dyn` are deprecated
[INFO] [stdout]   --> src/ssv.rs:22:43
[INFO] [stdout]    |
[INFO] [stdout] 22 | pub fn ssv_aes_decrypt_and_check(cipher: &AESCipher,
[INFO] [stdout]    |                                           ^^^^^^^^^ help: use `dyn`: `dyn AESCipher`
[INFO] [stdout]    |
[INFO] [stdout]    = warning: this is accepted in the current edition (Rust 2015) but is a hard error in Rust 2021!
[INFO] [stdout]    = note: for more information, see issue #80165 <https://github.com/rust-lang/rust/issues/80165>
[INFO] [stdout] 
[INFO] [stdout] 
[INFO] [stdout] warning: unnecessary trailing semicolon
[INFO] [stdout]   --> src/url.rs:27:6
[INFO] [stdout]    |
[INFO] [stdout] 27 |     };
[INFO] [stdout]    |      ^ help: remove this semicolon
[INFO] [stdout]    |
[INFO] [stdout]    = note: `#[warn(redundant_semicolons)]` on by default
[INFO] [stdout] 
[INFO] [stdout] 
[INFO] [stdout] warning: trait objects without an explicit `dyn` are deprecated
[INFO] [stdout]   --> src/url.rs:57:33
[INFO] [stdout]    |
[INFO] [stdout] 57 | fn encrypt_profile_for(cipher: &AESCipher, email: &str) -> Vec<u8> {
[INFO] [stdout]    |                                 ^^^^^^^^^ help: use `dyn`: `dyn AESCipher`
[INFO] [stdout]    |
[INFO] [stdout]    = warning: this is accepted in the current edition (Rust 2015) but is a hard error in Rust 2021!
[INFO] [stdout]    = note: for more information, see issue #80165 <https://github.com/rust-lang/rust/issues/80165>
[INFO] [stdout] 
[INFO] [stdout] 
[INFO] [stdout] warning: trait objects without an explicit `dyn` are deprecated
[INFO] [stdout]   --> src/url.rs:61:33
[INFO] [stdout]    |
[INFO] [stdout] 61 | fn decrypt_profile_for(cipher: &AESCipher,
[INFO] [stdout]    |                                 ^^^^^^^^^ help: use `dyn`: `dyn AESCipher`
[INFO] [stdout]    |
[INFO] [stdout]    = warning: this is accepted in the current edition (Rust 2015) but is a hard error in Rust 2021!
[INFO] [stdout]    = note: for more information, see issue #80165 <https://github.com/rust-lang/rust/issues/80165>
[INFO] [stdout] 
[INFO] [stdout] 
[INFO] [stdout] warning: trait objects without an explicit `dyn` are deprecated
[INFO] [stdout]   --> src/url.rs:68:30
[INFO] [stdout]    |
[INFO] [stdout] 68 | fn trick_url_decode(cipher: &AESCipher) {
[INFO] [stdout]    |                              ^^^^^^^^^ help: use `dyn`: `dyn AESCipher`
[INFO] [stdout]    |
[INFO] [stdout]    = warning: this is accepted in the current edition (Rust 2015) but is a hard error in Rust 2021!
[INFO] [stdout]    = note: for more information, see issue #80165 <https://github.com/rust-lang/rust/issues/80165>
[INFO] [stdout] 
[INFO] [stdout] 
[INFO] [stdout] warning: trait objects without an explicit `dyn` are deprecated
[INFO] [stdout]   --> src/util.rs:10:26
[INFO] [stdout]    |
[INFO] [stdout] 10 | pub type EncryptOracle = Fn (&[u8]) -> Vec<u8>;
[INFO] [stdout]    |                          ^^^^^^^^^^^^^^^^^^^^^ help: use `dyn`: `dyn Fn (&[u8]) -> Vec<u8>`
[INFO] [stdout]    |
[INFO] [stdout]    = warning: this is accepted in the current edition (Rust 2015) but is a hard error in Rust 2021!
[INFO] [stdout]    = note: for more information, see issue #80165 <https://github.com/rust-lang/rust/issues/80165>
[INFO] [stdout] 
[INFO] [stdout] 
[INFO] [stdout] warning: trait objects without an explicit `dyn` are deprecated
[INFO] [stdout]   --> src/util.rs:11:26
[INFO] [stdout]    |
[INFO] [stdout] 11 | pub type DecryptOracle = Fn (&[u8]) -> Vec<u8>;
[INFO] [stdout]    |                          ^^^^^^^^^^^^^^^^^^^^^ help: use `dyn`: `dyn Fn (&[u8]) -> Vec<u8>`
[INFO] [stdout]    |
[INFO] [stdout]    = warning: this is accepted in the current edition (Rust 2015) but is a hard error in Rust 2021!
[INFO] [stdout]    = note: for more information, see issue #80165 <https://github.com/rust-lang/rust/issues/80165>
[INFO] [stdout] 
[INFO] [stdout] 
[INFO] [stdout] warning: panic message is not a string literal
[INFO] [stdout]   --> src/pkcs7.rs:19:26
[INFO] [stdout]    |
[INFO] [stdout] 19 |         Err(e) => panic!(e),
[INFO] [stdout]    |                          ^
[INFO] [stdout]    |
[INFO] [stdout]    = note: `#[warn(non_fmt_panics)]` on by default
[INFO] [stdout]    = note: this usage of panic!() is deprecated; it will be a hard error in Rust 2021
[INFO] [stdout]    = note: for more information, see <https://doc.rust-lang.org/nightly/edition-guide/rust-2021/panic-macro-consistency.html>
[INFO] [stdout] help: add a "{}" format string to Display the message
[INFO] [stdout]    |
[INFO] [stdout] 19 |         Err(e) => panic!("{}", e),
[INFO] [stdout]    |                          ^^^^^
[INFO] [stdout] help: or use std::panic::panic_any instead
[INFO] [stdout]    |
[INFO] [stdout] 19 |         Err(e) => std::panic::panic_any(e),
[INFO] [stdout]    |                   ^^^^^^^^^^^^^^^^^^^^^
[INFO] [stdout] 
[INFO] [stdout] 
[INFO] [stdout] warning: 20 warnings emitted
[INFO] [stdout] 
[INFO] [stdout] 
[INFO] [stderr]     Finished test [unoptimized + debuginfo] target(s) in 2.00s
[INFO] running `Command { std: "docker" "inspect" "2fac5f347b7c2c61bff72cebfe04cd0bf82aea21c0d1839844e9d72ac7096800", kill_on_drop: false }`
[INFO] running `Command { std: "docker" "rm" "-f" "2fac5f347b7c2c61bff72cebfe04cd0bf82aea21c0d1839844e9d72ac7096800", kill_on_drop: false }`
[INFO] [stdout] 2fac5f347b7c2c61bff72cebfe04cd0bf82aea21c0d1839844e9d72ac7096800
[INFO] running `Command { std: "docker" "create" "-v" "/var/lib/crater-agent-workspace/builds/worker-0/target:/opt/rustwide/target:rw,Z" "-v" "/var/lib/crater-agent-workspace/builds/worker-0/source:/opt/rustwide/workdir:ro,Z" "-v" "/var/lib/crater-agent-workspace/cargo-home:/opt/rustwide/cargo-home:ro,Z" "-v" "/var/lib/crater-agent-workspace/rustup-home:/opt/rustwide/rustup-home:ro,Z" "-e" "SOURCE_DIR=/opt/rustwide/workdir" "-e" "CARGO_TARGET_DIR=/opt/rustwide/target" "-e" "CARGO_INCREMENTAL=0" "-e" "RUST_BACKTRACE=full" "-e" "RUSTFLAGS=--cap-lints=warn" "-e" "CARGO_HOME=/opt/rustwide/cargo-home" "-e" "RUSTUP_HOME=/opt/rustwide/rustup-home" "-w" "/opt/rustwide/workdir" "-m" "1610612736" "--user" "0:0" "--network" "none" "ghcr.io/rust-lang/crates-build-env/linux@sha256:34b6a614d2c27851fe6cbf88fbd1137609cefab8b10d0615aaeb6fd47975d74e" "/opt/rustwide/cargo-home/bin/cargo" "+beta-2021-08-01" "test" "--frozen", kill_on_drop: false }`
[INFO] [stdout] 34faf6892b858daca35a9d83989c8e57e35bf60f6d15c55a3b8265e3f152e2e1
[INFO] running `Command { std: "docker" "start" "-a" "34faf6892b858daca35a9d83989c8e57e35bf60f6d15c55a3b8265e3f152e2e1", kill_on_drop: false }`
[INFO] [stderr] warning: unused import: `std::str`
[INFO] [stderr]  --> src/aes/cbc_test.rs:3:5
[INFO] [stderr]   |
[INFO] [stderr] 3 | use std::str;
[INFO] [stderr]   |     ^^^^^^^^
[INFO] [stderr]   |
[INFO] [stderr]   = note: `#[warn(unused_imports)]` on by default
[INFO] [stderr] 
[INFO] [stderr] warning: `...` range patterns are deprecated
[INFO] [stderr]   --> src/base64.rs:94:16
[INFO] [stderr]    |
[INFO] [stderr] 94 |         UPPER_A...UPPER_Z => c - UPPER_A,
[INFO] [stderr]    |                ^^^ help: use `..=` for an inclusive range
[INFO] [stderr]    |
[INFO] [stderr]    = note: `#[warn(ellipsis_inclusive_range_patterns)]` on by default
[INFO] [stderr]    = warning: this is accepted in the current edition (Rust 2015) but is a hard error in Rust 2021!
[INFO] [stderr]    = note: for more information, see issue #80165 <https://github.com/rust-lang/rust/issues/80165>
[INFO] [stderr] 
[INFO] [stderr] warning: `...` range patterns are deprecated
[INFO] [stderr]   --> src/base64.rs:95:16
[INFO] [stderr]    |
[INFO] [stderr] 95 |         LOWER_A...LOWER_Z => (c - LOWER_A) + 26,
[INFO] [stderr]    |                ^^^ help: use `..=` for an inclusive range
[INFO] [stderr]    |
[INFO] [stderr]    = warning: this is accepted in the current edition (Rust 2015) but is a hard error in Rust 2021!
[INFO] [stderr]    = note: for more information, see issue #80165 <https://github.com/rust-lang/rust/issues/80165>
[INFO] [stderr] 
[INFO] [stderr] warning: `...` range patterns are deprecated
[INFO] [stderr]   --> src/base64.rs:96:16
[INFO] [stderr]    |
[INFO] [stderr] 96 |         DIGIT_0...DIGIT_9 => (c - DIGIT_0) + 52,
[INFO] [stderr]    |                ^^^ help: use `..=` for an inclusive range
[INFO] [stderr]    |
[INFO] [stderr]    = warning: this is accepted in the current edition (Rust 2015) but is a hard error in Rust 2021!
[INFO] [stderr]    = note: for more information, see issue #80165 <https://github.com/rust-lang/rust/issues/80165>
[INFO] [stderr] 
[INFO] [stderr] warning: unnecessary parentheses around assigned value
[INFO] [stderr]   --> src/mt19937.rs:16:25
[INFO] [stderr]    |
[INFO] [stderr] 16 | const MASK_UPPER: u32 = (1u32 << R);
[INFO] [stderr]    |                         ^^^^^^^^^^^ help: remove these parentheses
[INFO] [stderr]    |
[INFO] [stderr]    = note: `#[warn(unused_parens)]` on by default
[INFO] [stderr] 
[INFO] [stderr] warning: `...` range patterns are deprecated
[INFO] [stderr]    --> src/sha1.rs:231:18
[INFO] [stderr]     |
[INFO] [stderr] 231 |                 0...19 => (ff(b, c, d), 0x5a827999),
[INFO] [stderr]     |                  ^^^ help: use `..=` for an inclusive range
[INFO] [stderr]     |
[INFO] [stderr]     = warning: this is accepted in the current edition (Rust 2015) but is a hard error in Rust 2021!
[INFO] [stderr]     = note: for more information, see issue #80165 <https://github.com/rust-lang/rust/issues/80165>
[INFO] [stderr] 
[INFO] [stderr] warning: `...` range patterns are deprecated
[INFO] [stderr]    --> src/sha1.rs:232:19
[INFO] [stderr]     |
[INFO] [stderr] 232 |                 20...39 => (gg(b, c, d), 0x6ed9eba1),
[INFO] [stderr]     |                   ^^^ help: use `..=` for an inclusive range
[INFO] [stderr]     |
[INFO] [stderr]     = warning: this is accepted in the current edition (Rust 2015) but is a hard error in Rust 2021!
[INFO] [stderr]     = note: for more information, see issue #80165 <https://github.com/rust-lang/rust/issues/80165>
[INFO] [stderr] 
[INFO] [stderr] warning: `...` range patterns are deprecated
[INFO] [stderr]    --> src/sha1.rs:233:19
[INFO] [stderr]     |
[INFO] [stderr] 233 |                 40...59 => (hh(b, c, d), 0x8f1bbcdc),
[INFO] [stderr]     |                   ^^^ help: use `..=` for an inclusive range
[INFO] [stderr]     |
[INFO] [stderr]     = warning: this is accepted in the current edition (Rust 2015) but is a hard error in Rust 2021!
[INFO] [stderr]     = note: for more information, see issue #80165 <https://github.com/rust-lang/rust/issues/80165>
[INFO] [stderr] 
[INFO] [stderr] warning: `...` range patterns are deprecated
[INFO] [stderr]    --> src/sha1.rs:234:19
[INFO] [stderr]     |
[INFO] [stderr] 234 |                 60...79 => (ii(b, c, d), 0xca62c1d6),
[INFO] [stderr]     |                   ^^^ help: use `..=` for an inclusive range
[INFO] [stderr]     |
[INFO] [stderr]     = warning: this is accepted in the current edition (Rust 2015) but is a hard error in Rust 2021!
[INFO] [stderr]     = note: for more information, see issue #80165 <https://github.com/rust-lang/rust/issues/80165>
[INFO] [stderr] 
[INFO] [stderr] warning: use of deprecated macro `try`: use the `?` operator instead
[INFO] [stderr]    --> src/sha1.rs:267:13
[INFO] [stderr]     |
[INFO] [stderr] 267 |             try!(write!(f, "{:08x}", i));
[INFO] [stderr]     |             ^^^
[INFO] [stderr]     |
[INFO] [stderr]     = note: `#[warn(deprecated)]` on by default
[INFO] [stderr] 
[INFO] [stderr] warning: trait objects without an explicit `dyn` are deprecated
[INFO] [stderr]  --> src/ssv.rs:9:33
[INFO] [stderr]   |
[INFO] [stderr] 9 | pub fn ssv_aes_encrypt(cipher: &AESCipher, plaintext: &[u8]) -> Vec<u8> {
[INFO] [stderr]   |                                 ^^^^^^^^^ help: use `dyn`: `dyn AESCipher`
[INFO] [stderr]   |
[INFO] [stderr]   = note: `#[warn(bare_trait_objects)]` on by default
[INFO] [stderr]   = warning: this is accepted in the current edition (Rust 2015) but is a hard error in Rust 2021!
[INFO] [stderr]   = note: for more information, see issue #80165 <https://github.com/rust-lang/rust/issues/80165>
[INFO] [stderr] 
[INFO] [stderr] warning: trait objects without an explicit `dyn` are deprecated
[INFO] [stderr]   --> src/ssv.rs:17:33
[INFO] [stderr]    |
[INFO] [stderr] 17 | pub fn ssv_aes_decrypt(cipher: &AESCipher, ciphertext: &[u8]) -> Vec<u8> {
[INFO] [stderr]    |                                 ^^^^^^^^^ help: use `dyn`: `dyn AESCipher`
[INFO] [stderr]    |
[INFO] [stderr]    = warning: this is accepted in the current edition (Rust 2015) but is a hard error in Rust 2021!
[INFO] [stderr]    = note: for more information, see issue #80165 <https://github.com/rust-lang/rust/issues/80165>
[INFO] [stderr] 
[INFO] [stderr] warning: trait objects without an explicit `dyn` are deprecated
[INFO] [stderr]   --> src/ssv.rs:22:43
[INFO] [stderr]    |
[INFO] [stderr] 22 | pub fn ssv_aes_decrypt_and_check(cipher: &AESCipher,
[INFO] [stderr]    |                                           ^^^^^^^^^ help: use `dyn`: `dyn AESCipher`
[INFO] [stderr]    |
[INFO] [stderr]    = warning: this is accepted in the current edition (Rust 2015) but is a hard error in Rust 2021!
[INFO] [stderr]    = note: for more information, see issue #80165 <https://github.com/rust-lang/rust/issues/80165>
[INFO] [stderr] 
[INFO] [stderr] warning: unnecessary trailing semicolon
[INFO] [stderr]   --> src/url.rs:27:6
[INFO] [stderr]    |
[INFO] [stderr] 27 |     };
[INFO] [stderr]    |      ^ help: remove this semicolon
[INFO] [stderr]    |
[INFO] [stderr]    = note: `#[warn(redundant_semicolons)]` on by default
[INFO] [stderr] 
[INFO] [stderr] warning: trait objects without an explicit `dyn` are deprecated
[INFO] [stderr]   --> src/url.rs:57:33
[INFO] [stderr]    |
[INFO] [stderr] 57 | fn encrypt_profile_for(cipher: &AESCipher, email: &str) -> Vec<u8> {
[INFO] [stderr]    |                                 ^^^^^^^^^ help: use `dyn`: `dyn AESCipher`
[INFO] [stderr]    |
[INFO] [stderr]    = warning: this is accepted in the current edition (Rust 2015) but is a hard error in Rust 2021!
[INFO] [stderr]    = note: for more information, see issue #80165 <https://github.com/rust-lang/rust/issues/80165>
[INFO] [stderr] 
[INFO] [stderr] warning: trait objects without an explicit `dyn` are deprecated
[INFO] [stderr]   --> src/url.rs:61:33
[INFO] [stderr]    |
[INFO] [stderr] 61 | fn decrypt_profile_for(cipher: &AESCipher,
[INFO] [stderr]    |                                 ^^^^^^^^^ help: use `dyn`: `dyn AESCipher`
[INFO] [stderr]    |
[INFO] [stderr]    = warning: this is accepted in the current edition (Rust 2015) but is a hard error in Rust 2021!
[INFO] [stderr]    = note: for more information, see issue #80165 <https://github.com/rust-lang/rust/issues/80165>
[INFO] [stderr] 
[INFO] [stderr] warning: trait objects without an explicit `dyn` are deprecated
[INFO] [stderr]   --> src/url.rs:68:30
[INFO] [stderr]    |
[INFO] [stderr] 68 | fn trick_url_decode(cipher: &AESCipher) {
[INFO] [stderr]    |                              ^^^^^^^^^ help: use `dyn`: `dyn AESCipher`
[INFO] [stderr]    |
[INFO] [stderr]    = warning: this is accepted in the current edition (Rust 2015) but is a hard error in Rust 2021!
[INFO] [stderr]    = note: for more information, see issue #80165 <https://github.com/rust-lang/rust/issues/80165>
[INFO] [stderr] 
[INFO] [stderr] warning: trait objects without an explicit `dyn` are deprecated
[INFO] [stderr]   --> src/util.rs:10:26
[INFO] [stderr]    |
[INFO] [stderr] 10 | pub type EncryptOracle = Fn (&[u8]) -> Vec<u8>;
[INFO] [stderr]    |                          ^^^^^^^^^^^^^^^^^^^^^ help: use `dyn`: `dyn Fn (&[u8]) -> Vec<u8>`
[INFO] [stderr]    |
[INFO] [stderr]    = warning: this is accepted in the current edition (Rust 2015) but is a hard error in Rust 2021!
[INFO] [stderr]    = note: for more information, see issue #80165 <https://github.com/rust-lang/rust/issues/80165>
[INFO] [stderr] 
[INFO] [stderr] warning: trait objects without an explicit `dyn` are deprecated
[INFO] [stderr]   --> src/util.rs:11:26
[INFO] [stderr]    |
[INFO] [stderr] 11 | pub type DecryptOracle = Fn (&[u8]) -> Vec<u8>;
[INFO] [stderr]    |                          ^^^^^^^^^^^^^^^^^^^^^ help: use `dyn`: `dyn Fn (&[u8]) -> Vec<u8>`
[INFO] [stderr]    |
[INFO] [stderr]    = warning: this is accepted in the current edition (Rust 2015) but is a hard error in Rust 2021!
[INFO] [stderr]    = note: for more information, see issue #80165 <https://github.com/rust-lang/rust/issues/80165>
[INFO] [stderr] 
[INFO] [stderr] warning: panic message is not a string literal
[INFO] [stderr]   --> src/pkcs7.rs:19:26
[INFO] [stderr]    |
[INFO] [stderr] 19 |         Err(e) => panic!(e),
[INFO] [stderr]    |                          ^
[INFO] [stderr]    |
[INFO] [stderr]    = note: `#[warn(non_fmt_panics)]` on by default
[INFO] [stderr]    = note: this usage of panic!() is deprecated; it will be a hard error in Rust 2021
[INFO] [stderr]    = note: for more information, see <https://doc.rust-lang.org/nightly/edition-guide/rust-2021/panic-macro-consistency.html>
[INFO] [stderr] help: add a "{}" format string to Display the message
[INFO] [stderr]    |
[INFO] [stderr] 19 |         Err(e) => panic!("{}", e),
[INFO] [stderr]    |                          ^^^^^
[INFO] [stderr] help: or use std::panic::panic_any instead
[INFO] [stderr]    |
[INFO] [stderr] 19 |         Err(e) => std::panic::panic_any(e),
[INFO] [stderr]    |                   ^^^^^^^^^^^^^^^^^^^^^
[INFO] [stderr] 
[INFO] [stderr] warning: `cryptopals` (lib) generated 20 warnings
[INFO] [stderr] warning: `cryptopals` (lib test) generated 20 warnings (20 duplicates)
[INFO] [stderr]     Finished test [unoptimized + debuginfo] target(s) in 0.03s
[INFO] [stdout] 
[INFO] [stderr]      Running unittests (/opt/rustwide/target/debug/deps/cryptopals-d3e20b258e3b253e)
[INFO] [stdout] running 3 tests
[INFO] [stdout] test sha1::tests::test_simple ... ok
[INFO] [stdout] test sha1::tests::test_multiple_updates ... ok
[INFO] [stderr]      Running unittests (/opt/rustwide/target/debug/deps/cryptopals-c7c5033a2a492f93)
[INFO] [stdout] test sha1::tests::test_sha1_loop ... ok
[INFO] [stdout] 
[INFO] [stdout] test result: ok. 3 passed; 0 failed; 0 ignored; 0 measured; 0 filtered out; finished in 0.03s
[INFO] [stdout] 
[INFO] [stderr]    Doc-tests cryptopals
[INFO] [stdout] 
[INFO] [stdout] running 0 tests
[INFO] [stdout] 
[INFO] [stdout] test result: ok. 0 passed; 0 failed; 0 ignored; 0 measured; 0 filtered out; finished in 0.00s
[INFO] [stdout] 
[INFO] [stderr] warning: `...` range patterns are deprecated
[INFO] [stderr]   --> /opt/rustwide/workdir/src/base64.rs:94:16
[INFO] [stderr]    |
[INFO] [stderr] 94 |         UPPER_A...UPPER_Z => c - UPPER_A,
[INFO] [stderr]    |                ^^^ help: use `..=` for an inclusive range
[INFO] [stderr]    |
[INFO] [stderr]    = note: `#[warn(ellipsis_inclusive_range_patterns)]` on by default
[INFO] [stderr]    = warning: this is accepted in the current edition (Rust 2015) but is a hard error in Rust 2021!
[INFO] [stderr]    = note: for more information, see issue #80165 <https://github.com/rust-lang/rust/issues/80165>
[INFO] [stderr] 
[INFO] [stderr] warning: `...` range patterns are deprecated
[INFO] [stderr]   --> /opt/rustwide/workdir/src/base64.rs:95:16
[INFO] [stderr]    |
[INFO] [stderr] 95 |         LOWER_A...LOWER_Z => (c - LOWER_A) + 26,
[INFO] [stderr]    |                ^^^ help: use `..=` for an inclusive range
[INFO] [stderr]    |
[INFO] [stderr]    = warning: this is accepted in the current edition (Rust 2015) but is a hard error in Rust 2021!
[INFO] [stderr]    = note: for more information, see issue #80165 <https://github.com/rust-lang/rust/issues/80165>
[INFO] [stderr] 
[INFO] [stderr] warning: `...` range patterns are deprecated
[INFO] [stderr]   --> /opt/rustwide/workdir/src/base64.rs:96:16
[INFO] [stderr]    |
[INFO] [stderr] 96 |         DIGIT_0...DIGIT_9 => (c - DIGIT_0) + 52,
[INFO] [stderr]    |                ^^^ help: use `..=` for an inclusive range
[INFO] [stderr]    |
[INFO] [stderr]    = warning: this is accepted in the current edition (Rust 2015) but is a hard error in Rust 2021!
[INFO] [stderr]    = note: for more information, see issue #80165 <https://github.com/rust-lang/rust/issues/80165>
[INFO] [stderr] 
[INFO] [stderr] warning: unnecessary parentheses around assigned value
[INFO] [stderr]   --> /opt/rustwide/workdir/src/mt19937.rs:16:25
[INFO] [stderr]    |
[INFO] [stderr] 16 | const MASK_UPPER: u32 = (1u32 << R);
[INFO] [stderr]    |                         ^^^^^^^^^^^ help: remove these parentheses
[INFO] [stderr]    |
[INFO] [stderr]    = note: `#[warn(unused_parens)]` on by default
[INFO] [stderr] 
[INFO] [stderr] warning: `...` range patterns are deprecated
[INFO] [stderr]    --> /opt/rustwide/workdir/src/sha1.rs:231:18
[INFO] [stderr]     |
[INFO] [stderr] 231 |                 0...19 => (ff(b, c, d), 0x5a827999),
[INFO] [stderr]     |                  ^^^ help: use `..=` for an inclusive range
[INFO] [stderr]     |
[INFO] [stderr]     = warning: this is accepted in the current edition (Rust 2015) but is a hard error in Rust 2021!
[INFO] [stderr]     = note: for more information, see issue #80165 <https://github.com/rust-lang/rust/issues/80165>
[INFO] [stderr] 
[INFO] [stderr] warning: `...` range patterns are deprecated
[INFO] [stderr]    --> /opt/rustwide/workdir/src/sha1.rs:232:19
[INFO] [stderr]     |
[INFO] [stderr] 232 |                 20...39 => (gg(b, c, d), 0x6ed9eba1),
[INFO] [stderr]     |                   ^^^ help: use `..=` for an inclusive range
[INFO] [stderr]     |
[INFO] [stderr]     = warning: this is accepted in the current edition (Rust 2015) but is a hard error in Rust 2021!
[INFO] [stderr]     = note: for more information, see issue #80165 <https://github.com/rust-lang/rust/issues/80165>
[INFO] [stderr] 
[INFO] [stderr] warning: `...` range patterns are deprecated
[INFO] [stderr]    --> /opt/rustwide/workdir/src/sha1.rs:233:19
[INFO] [stderr]     |
[INFO] [stderr] 233 |                 40...59 => (hh(b, c, d), 0x8f1bbcdc),
[INFO] [stderr]     |                   ^^^ help: use `..=` for an inclusive range
[INFO] [stderr]     |
[INFO] [stderr]     = warning: this is accepted in the current edition (Rust 2015) but is a hard error in Rust 2021!
[INFO] [stderr]     = note: for more information, see issue #80165 <https://github.com/rust-lang/rust/issues/80165>
[INFO] [stderr] 
[INFO] [stderr] warning: `...` range patterns are deprecated
[INFO] [stderr]    --> /opt/rustwide/workdir/src/sha1.rs:234:19
[INFO] [stderr]     |
[INFO] [stderr] 234 |                 60...79 => (ii(b, c, d), 0xca62c1d6),
[INFO] [stderr]     |                   ^^^ help: use `..=` for an inclusive range
[INFO] [stderr]     |
[INFO] [stderr]     = warning: this is accepted in the current edition (Rust 2015) but is a hard error in Rust 2021!
[INFO] [stderr]     = note: for more information, see issue #80165 <https://github.com/rust-lang/rust/issues/80165>
[INFO] [stderr] 
[INFO] [stderr] warning: unnecessary trailing semicolon
[INFO] [stderr]   --> /opt/rustwide/workdir/src/url.rs:27:6
[INFO] [stderr]    |
[INFO] [stderr] 27 |     };
[INFO] [stderr]    |      ^ help: remove this semicolon
[INFO] [stderr]    |
[INFO] [stderr]    = note: `#[warn(redundant_semicolons)]` on by default
[INFO] [stderr] 
[INFO] [stderr] warning: 9 warnings emitted
[INFO] [stderr] 
[INFO] [stdout] 
[INFO] [stdout] running 1 test
[INFO] [stdout] test src/sha1.rs - sha1 (line 5) ... FAILED
[INFO] [stdout] 
[INFO] [stdout] failures:
[INFO] [stdout] 
[INFO] [stdout] ---- src/sha1.rs - sha1 (line 5) stdout ----
[INFO] [stdout] error[E0463]: can't find crate for `sha1`
[INFO] [stdout]  --> src/sha1.rs:6:1
[INFO] [stdout]   |
[INFO] [stdout] 2 | extern crate sha1;
[INFO] [stdout]   | ^^^^^^^^^^^^^^^^^^ can't find crate
[INFO] [stdout] 
[INFO] [stdout] error: aborting due to previous error
[INFO] [stdout] 
[INFO] [stdout] For more information about this error, try `rustc --explain E0463`.
[INFO] [stdout] Couldn't compile the test.
[INFO] [stdout] 
[INFO] [stdout] failures:
[INFO] [stdout]     src/sha1.rs - sha1 (line 5)
[INFO] [stdout] 
[INFO] [stdout] test result: FAILED. 0 passed; 1 failed; 0 ignored; 0 measured; 0 filtered out; finished in 0.06s
[INFO] [stdout] 
[INFO] [stderr] error: test failed, to rerun pass '--doc'
[INFO] running `Command { std: "docker" "inspect" "34faf6892b858daca35a9d83989c8e57e35bf60f6d15c55a3b8265e3f152e2e1", kill_on_drop: false }`
[INFO] running `Command { std: "docker" "rm" "-f" "34faf6892b858daca35a9d83989c8e57e35bf60f6d15c55a3b8265e3f152e2e1", kill_on_drop: false }`
[INFO] [stdout] 34faf6892b858daca35a9d83989c8e57e35bf60f6d15c55a3b8265e3f152e2e1
