[INFO] cloning repository https://github.com/ch8zer/ironnes
[INFO] running `Command { std: "git" "-c" "credential.helper=" "-c" "credential.helper=/workspace/cargo-home/bin/git-credential-null" "clone" "--bare" "https://github.com/ch8zer/ironnes" "/workspace/cache/git-repos/https%3A%2F%2Fgithub.com%2Fch8zer%2Fironnes", kill_on_drop: false }`
[INFO] [stderr] Cloning into bare repository '/workspace/cache/git-repos/https%3A%2F%2Fgithub.com%2Fch8zer%2Fironnes'...
[INFO] running `Command { std: "git" "rev-parse" "HEAD", kill_on_drop: false }`
[INFO] [stdout] 1ba0843d4a010e0bcd736fb6157d3b8d3e504c42
[INFO] testing ch8zer/ironnes against beta-2021-08-01 for beta-1.55-1
[INFO] running `Command { std: "git" "clone" "/workspace/cache/git-repos/https%3A%2F%2Fgithub.com%2Fch8zer%2Fironnes" "/workspace/builds/worker-86/source", kill_on_drop: false }`
[INFO] [stderr] Cloning into '/workspace/builds/worker-86/source'...
[INFO] [stderr] done.
[INFO] validating manifest of git repo https://github.com/ch8zer/ironnes on toolchain beta-2021-08-01
[INFO] running `Command { std: "/workspace/cargo-home/bin/cargo" "+beta-2021-08-01" "metadata" "--manifest-path" "Cargo.toml" "--no-deps", kill_on_drop: false }`
[INFO] started tweaking git repo https://github.com/ch8zer/ironnes
[INFO] finished tweaking git repo https://github.com/ch8zer/ironnes
[INFO] tweaked toml for git repo https://github.com/ch8zer/ironnes written to /workspace/builds/worker-86/source/Cargo.toml
[INFO] crate git repo https://github.com/ch8zer/ironnes already has a lockfile, it will not be regenerated
[INFO] running `Command { std: "/workspace/cargo-home/bin/cargo" "+beta-2021-08-01" "fetch" "--manifest-path" "Cargo.toml", kill_on_drop: false }`
[INFO] [stderr]     Blocking waiting for file lock on package cache
[INFO] [stderr]     Blocking waiting for file lock on package cache
[INFO] running `Command { std: "docker" "create" "-v" "/var/lib/crater-agent-workspace/builds/worker-86/target:/opt/rustwide/target:rw,Z" "-v" "/var/lib/crater-agent-workspace/builds/worker-86/source:/opt/rustwide/workdir:ro,Z" "-v" "/var/lib/crater-agent-workspace/cargo-home:/opt/rustwide/cargo-home:ro,Z" "-v" "/var/lib/crater-agent-workspace/rustup-home:/opt/rustwide/rustup-home:ro,Z" "-e" "SOURCE_DIR=/opt/rustwide/workdir" "-e" "CARGO_TARGET_DIR=/opt/rustwide/target" "-e" "CARGO_HOME=/opt/rustwide/cargo-home" "-e" "RUSTUP_HOME=/opt/rustwide/rustup-home" "-w" "/opt/rustwide/workdir" "-m" "1610612736" "--user" "0:0" "--network" "none" "ghcr.io/rust-lang/crates-build-env/linux@sha256:34b6a614d2c27851fe6cbf88fbd1137609cefab8b10d0615aaeb6fd47975d74e" "/opt/rustwide/cargo-home/bin/cargo" "+beta-2021-08-01" "metadata" "--no-deps" "--format-version=1", kill_on_drop: false }`
[INFO] [stdout] 084ff6ccec64f010c2b6f228af97c007365e2903f6df8ee85a73370bfbf52fe7
[INFO] running `Command { std: "docker" "start" "-a" "084ff6ccec64f010c2b6f228af97c007365e2903f6df8ee85a73370bfbf52fe7", kill_on_drop: false }`
[INFO] running `Command { std: "docker" "inspect" "084ff6ccec64f010c2b6f228af97c007365e2903f6df8ee85a73370bfbf52fe7", kill_on_drop: false }`
[INFO] running `Command { std: "docker" "rm" "-f" "084ff6ccec64f010c2b6f228af97c007365e2903f6df8ee85a73370bfbf52fe7", kill_on_drop: false }`
[INFO] [stdout] 084ff6ccec64f010c2b6f228af97c007365e2903f6df8ee85a73370bfbf52fe7
[INFO] running `Command { std: "docker" "create" "-v" "/var/lib/crater-agent-workspace/builds/worker-86/target:/opt/rustwide/target:rw,Z" "-v" "/var/lib/crater-agent-workspace/builds/worker-86/source:/opt/rustwide/workdir:ro,Z" "-v" "/var/lib/crater-agent-workspace/cargo-home:/opt/rustwide/cargo-home:ro,Z" "-v" "/var/lib/crater-agent-workspace/rustup-home:/opt/rustwide/rustup-home:ro,Z" "-e" "SOURCE_DIR=/opt/rustwide/workdir" "-e" "CARGO_TARGET_DIR=/opt/rustwide/target" "-e" "CARGO_INCREMENTAL=0" "-e" "RUST_BACKTRACE=full" "-e" "RUSTFLAGS=--cap-lints=warn" "-e" "CARGO_HOME=/opt/rustwide/cargo-home" "-e" "RUSTUP_HOME=/opt/rustwide/rustup-home" "-w" "/opt/rustwide/workdir" "-m" "1610612736" "--user" "0:0" "--network" "none" "ghcr.io/rust-lang/crates-build-env/linux@sha256:34b6a614d2c27851fe6cbf88fbd1137609cefab8b10d0615aaeb6fd47975d74e" "/opt/rustwide/cargo-home/bin/cargo" "+beta-2021-08-01" "build" "--frozen" "--message-format=json", kill_on_drop: false }`
[INFO] [stdout] 260c1b2b441815d03f0fd55463d92e8e56552b8a9608d3cb52cc1bfe89bd0e3a
[INFO] running `Command { std: "docker" "start" "-a" "260c1b2b441815d03f0fd55463d92e8e56552b8a9608d3cb52cc1bfe89bd0e3a", kill_on_drop: false }`
[INFO] [stderr]     Blocking waiting for file lock on package cache
[INFO] [stderr]    Compiling libc v0.2.80
[INFO] [stderr]    Compiling byteorder v1.3.4
[INFO] [stderr]    Compiling memchr v2.3.3
[INFO] [stderr]    Compiling serde v1.0.117
[INFO] [stderr]    Compiling ryu v1.0.5
[INFO] [stderr]    Compiling version-compare v0.0.10
[INFO] [stderr]    Compiling bitflags v1.2.1
[INFO] [stderr]    Compiling unicode-width v0.1.8
[INFO] [stderr]    Compiling syn v1.0.48
[INFO] [stderr]    Compiling log v0.4.11
[INFO] [stderr]    Compiling encode_unicode v0.3.6
[INFO] [stderr]    Compiling sdl2 v0.34.3
[INFO] [stderr]    Compiling yaml-rust v0.3.5
[INFO] [stderr]    Compiling strsim v0.8.0
[INFO] [stderr]    Compiling vec_map v0.8.2
[INFO] [stderr]    Compiling ansi_term v0.11.0
[INFO] [stderr]    Compiling num-traits v0.2.14
[INFO] [stderr]    Compiling num-integer v0.1.44
[INFO] [stderr]    Compiling textwrap v0.11.0
[INFO] [stderr]    Compiling thiserror-impl v1.0.21
[INFO] [stderr]    Compiling thiserror v1.0.21
[INFO] [stderr]    Compiling sdl2-sys v0.34.3
[INFO] [stderr]    Compiling csv-core v0.1.10
[INFO] [stderr]    Compiling regex-automata v0.1.9
[INFO] [stderr]    Compiling atty v0.2.14
[INFO] [stderr]    Compiling dirs v1.0.5
[INFO] [stderr]    Compiling dirs-sys v0.3.5
[INFO] [stderr]    Compiling time v0.1.44
[INFO] [stderr]    Compiling term v0.5.2
[INFO] [stderr]    Compiling dirs v2.0.2
[INFO] [stderr]    Compiling bstr v0.2.14
[INFO] [stderr]    Compiling csv v1.1.3
[INFO] [stderr]    Compiling clap v2.33.3
[INFO] [stderr]    Compiling chrono v0.4.19
[INFO] [stderr]    Compiling term v0.6.1
[INFO] [stderr]    Compiling prettytable-rs v0.8.0
[INFO] [stderr]    Compiling iron_nes v0.1.1 (/opt/rustwide/workdir)
[INFO] [stderr]    Compiling simplelog v0.7.6
[INFO] [stderr]    Compiling shrust v0.0.7
[INFO] [stdout] warning: unused variable: `ppu_rom`
[INFO] [stdout]   --> src/nes.rs:27:35
[INFO] [stdout]    |
[INFO] [stdout] 27 |         let (cartridge, prog_rom, ppu_rom) = cartridge::Cartridge::load(cartridge)?;
[INFO] [stdout]    |                                   ^^^^^^^ help: if this is intentional, prefix it with an underscore: `_ppu_rom`
[INFO] [stdout]    |
[INFO] [stdout]    = note: `#[warn(unused_variables)]` on by default
[INFO] [stdout] 
[INFO] [stdout] 
[INFO] [stdout] warning: unused variable: `num_cols`
[INFO] [stdout]   --> src/nes/ppu/mod.rs:36:13
[INFO] [stdout]    |
[INFO] [stdout] 36 |         let num_cols = Frame::HEIGHT / 8;
[INFO] [stdout]    |             ^^^^^^^^ help: if this is intentional, prefix it with an underscore: `_num_cols`
[INFO] [stdout] 
[INFO] [stdout] 
[INFO] [stdout] warning: 2 warnings emitted
[INFO] [stdout] 
[INFO] [stdout] 
[INFO] [stdout] warning: unused import: `sdl2::pixels::Color`
[INFO] [stdout]  --> src/bin/spritemap.rs:6:5
[INFO] [stdout]   |
[INFO] [stdout] 6 | use sdl2::pixels::Color;
[INFO] [stdout]   |     ^^^^^^^^^^^^^^^^^^^
[INFO] [stdout]   |
[INFO] [stdout]   = note: `#[warn(unused_imports)]` on by default
[INFO] [stdout] 
[INFO] [stdout] 
[INFO] [stdout] warning: unused import: `sdl2::EventPump`
[INFO] [stdout]  --> src/bin/spritemap.rs:8:5
[INFO] [stdout]   |
[INFO] [stdout] 8 | use sdl2::EventPump;
[INFO] [stdout]   |     ^^^^^^^^^^^^^^^
[INFO] [stdout] 
[INFO] [stdout] 
[INFO] [stdout] warning: unused import: `iron_nes::error::*`
[INFO] [stdout]   --> src/bin/spritemap.rs:12:5
[INFO] [stdout]    |
[INFO] [stdout] 12 | use iron_nes::error::*;
[INFO] [stdout]    |     ^^^^^^^^^^^^^^^^^^
[INFO] [stdout] 
[INFO] [stdout] 
[INFO] [stdout] warning: unused import: `Frame`
[INFO] [stdout]   --> src/bin/spritemap.rs:14:26
[INFO] [stdout]    |
[INFO] [stdout] 14 | use iron_nes::nes::ppu::{Frame, Ppu};
[INFO] [stdout]    |                          ^^^^^
[INFO] [stdout] 
[INFO] [stdout] 
[INFO] [stdout] warning: unused variable: `ticks`
[INFO] [stdout]   --> src/bin/spritemap.rs:89:13
[INFO] [stdout]    |
[INFO] [stdout] 89 |         let ticks = timer.ticks() as i32;
[INFO] [stdout]    |             ^^^^^ help: if this is intentional, prefix it with an underscore: `_ticks`
[INFO] [stdout]    |
[INFO] [stdout]    = note: `#[warn(unused_variables)]` on by default
[INFO] [stdout] 
[INFO] [stdout] 
[INFO] [stdout] warning: variable does not need to be mutable
[INFO] [stdout]   --> src/bin/spritemap.rs:45:9
[INFO] [stdout]    |
[INFO] [stdout] 45 |     let mut ppu = Ppu::new(ppu_vram);
[INFO] [stdout]    |         ----^^^
[INFO] [stdout]    |         |
[INFO] [stdout]    |         help: remove this `mut`
[INFO] [stdout]    |
[INFO] [stdout]    = note: `#[warn(unused_mut)]` on by default
[INFO] [stdout] 
[INFO] [stdout] 
[INFO] [stdout] warning: function is never used: `run_debugger`
[INFO] [stdout]  --> src/bin/debugger/mod.rs:8:8
[INFO] [stdout]   |
[INFO] [stdout] 8 | pub fn run_debugger<'a>(nes: &'a mut IronNes, debugger: &'a mut IronNesDebugger) {
[INFO] [stdout]   |        ^^^^^^^^^^^^
[INFO] [stdout]   |
[INFO] [stdout]   = note: `#[warn(dead_code)]` on by default
[INFO] [stdout] 
[INFO] [stdout] 
[INFO] [stdout] warning: enum is never used: `DebuggerState`
[INFO] [stdout]   --> src/bin/debugger/mod.rs:80:6
[INFO] [stdout]    |
[INFO] [stdout] 80 | enum DebuggerState {
[INFO] [stdout]    |      ^^^^^^^^^^^^^
[INFO] [stdout] 
[INFO] [stdout] 
[INFO] [stdout] warning: struct is never constructed: `IronNesDebugger`
[INFO] [stdout]   --> src/bin/debugger/mod.rs:86:12
[INFO] [stdout]    |
[INFO] [stdout] 86 | pub struct IronNesDebugger {
[INFO] [stdout]    |            ^^^^^^^^^^^^^^^
[INFO] [stdout] 
[INFO] [stdout] 
[INFO] [stdout] warning: associated function is never used: `new`
[INFO] [stdout]   --> src/bin/debugger/mod.rs:92:12
[INFO] [stdout]    |
[INFO] [stdout] 92 |     pub fn new() -> Self {
[INFO] [stdout]    |            ^^^
[INFO] [stdout] 
[INFO] [stdout] 
[INFO] [stdout] warning: associated function is never used: `step`
[INFO] [stdout]    --> src/bin/debugger/mod.rs:100:8
[INFO] [stdout]     |
[INFO] [stdout] 100 |     fn step<'a>(&mut self, nes: &'a mut IronNes) -> IronNesResult<DebuggerState> {
[INFO] [stdout]     |        ^^^^
[INFO] [stdout] 
[INFO] [stdout] 
[INFO] [stdout] warning: associated function is never used: `is_breakpoint_hit`
[INFO] [stdout]    --> src/bin/debugger/mod.rs:115:8
[INFO] [stdout]     |
[INFO] [stdout] 115 |     fn is_breakpoint_hit(&self, addr: Addr) -> bool {
[INFO] [stdout]     |        ^^^^^^^^^^^^^^^^^
[INFO] [stdout] 
[INFO] [stdout] 
[INFO] [stdout] warning: associated function is never used: `is_watch_cycle_hit`
[INFO] [stdout]    --> src/bin/debugger/mod.rs:119:8
[INFO] [stdout]     |
[INFO] [stdout] 119 |     fn is_watch_cycle_hit(&self, cycle: usize) -> bool {
[INFO] [stdout]     |        ^^^^^^^^^^^^^^^^^^
[INFO] [stdout] 
[INFO] [stdout] 
[INFO] [stdout] warning: associated function is never used: `add_breakpoint`
[INFO] [stdout]    --> src/bin/debugger/mod.rs:123:8
[INFO] [stdout]     |
[INFO] [stdout] 123 |     fn add_breakpoint(&mut self, addr: Addr) {
[INFO] [stdout]     |        ^^^^^^^^^^^^^^
[INFO] [stdout] 
[INFO] [stdout] 
[INFO] [stdout] warning: associated function is never used: `add_watch_cycle`
[INFO] [stdout]    --> src/bin/debugger/mod.rs:127:8
[INFO] [stdout]     |
[INFO] [stdout] 127 |     fn add_watch_cycle(&mut self, cycle: usize) {
[INFO] [stdout]     |        ^^^^^^^^^^^^^^^
[INFO] [stdout] 
[INFO] [stdout] 
[INFO] [stdout] warning: unused `Result` that must be used
[INFO] [stdout]   --> src/bin/spritemap.rs:92:9
[INFO] [stdout]    |
[INFO] [stdout] 92 |         texture.update(None, &frame.0, 256 * 2 * 3);
[INFO] [stdout]    |         ^^^^^^^^^^^^^^^^^^^^^^^^^^^^^^^^^^^^^^^^^^^^
[INFO] [stdout]    |
[INFO] [stdout]    = note: `#[warn(unused_must_use)]` on by default
[INFO] [stdout]    = note: this `Result` may be an `Err` variant, which should be handled
[INFO] [stdout] 
[INFO] [stdout] 
[INFO] [stdout] warning: 16 warnings emitted
[INFO] [stdout] 
[INFO] [stdout] 
[INFO] [stderr]     Finished dev [unoptimized + debuginfo] target(s) in 48.45s
[INFO] running `Command { std: "docker" "inspect" "260c1b2b441815d03f0fd55463d92e8e56552b8a9608d3cb52cc1bfe89bd0e3a", kill_on_drop: false }`
[INFO] running `Command { std: "docker" "rm" "-f" "260c1b2b441815d03f0fd55463d92e8e56552b8a9608d3cb52cc1bfe89bd0e3a", kill_on_drop: false }`
[INFO] [stdout] 260c1b2b441815d03f0fd55463d92e8e56552b8a9608d3cb52cc1bfe89bd0e3a
[INFO] running `Command { std: "docker" "create" "-v" "/var/lib/crater-agent-workspace/builds/worker-86/target:/opt/rustwide/target:rw,Z" "-v" "/var/lib/crater-agent-workspace/builds/worker-86/source:/opt/rustwide/workdir:ro,Z" "-v" "/var/lib/crater-agent-workspace/cargo-home:/opt/rustwide/cargo-home:ro,Z" "-v" "/var/lib/crater-agent-workspace/rustup-home:/opt/rustwide/rustup-home:ro,Z" "-e" "SOURCE_DIR=/opt/rustwide/workdir" "-e" "CARGO_TARGET_DIR=/opt/rustwide/target" "-e" "CARGO_INCREMENTAL=0" "-e" "RUST_BACKTRACE=full" "-e" "RUSTFLAGS=--cap-lints=warn" "-e" "CARGO_HOME=/opt/rustwide/cargo-home" "-e" "RUSTUP_HOME=/opt/rustwide/rustup-home" "-w" "/opt/rustwide/workdir" "-m" "1610612736" "--user" "0:0" "--network" "none" "ghcr.io/rust-lang/crates-build-env/linux@sha256:34b6a614d2c27851fe6cbf88fbd1137609cefab8b10d0615aaeb6fd47975d74e" "/opt/rustwide/cargo-home/bin/cargo" "+beta-2021-08-01" "test" "--frozen" "--no-run" "--message-format=json", kill_on_drop: false }`
[INFO] [stdout] f7d5983d04cf617e4add77ebfedfb36cff8421a43ee591191cf38e246ce87df2
[INFO] running `Command { std: "docker" "start" "-a" "f7d5983d04cf617e4add77ebfedfb36cff8421a43ee591191cf38e246ce87df2", kill_on_drop: false }`
[INFO] [stderr]     Blocking waiting for file lock on package cache
[INFO] [stderr]    Compiling regex-syntax v0.6.21
[INFO] [stderr]    Compiling thread_local v1.0.1
[INFO] [stderr]    Compiling aho-corasick v0.7.15
[INFO] [stdout] warning: unused variable: `ppu_rom`
[INFO] [stdout]   --> src/nes.rs:27:35
[INFO] [stdout]    |
[INFO] [stdout] 27 |         let (cartridge, prog_rom, ppu_rom) = cartridge::Cartridge::load(cartridge)?;
[INFO] [stdout]    |                                   ^^^^^^^ help: if this is intentional, prefix it with an underscore: `_ppu_rom`
[INFO] [stdout]    |
[INFO] [stdout]    = note: `#[warn(unused_variables)]` on by default
[INFO] [stdout] 
[INFO] [stdout] 
[INFO] [stdout] warning: unused variable: `num_cols`
[INFO] [stdout]   --> src/nes/ppu/mod.rs:36:13
[INFO] [stdout]    |
[INFO] [stdout] 36 |         let num_cols = Frame::HEIGHT / 8;
[INFO] [stdout]    |             ^^^^^^^^ help: if this is intentional, prefix it with an underscore: `_num_cols`
[INFO] [stdout] 
[INFO] [stdout] 
[INFO] [stdout] warning: 2 warnings emitted
[INFO] [stdout] 
[INFO] [stdout] 
[INFO] [stdout] warning: unused import: `sdl2::pixels::Color`
[INFO] [stdout]  --> src/bin/spritemap.rs:6:5
[INFO] [stdout]   |
[INFO] [stdout] 6 | use sdl2::pixels::Color;
[INFO] [stdout]   |     ^^^^^^^^^^^^^^^^^^^
[INFO] [stdout]   |
[INFO] [stdout]   = note: `#[warn(unused_imports)]` on by default
[INFO] [stdout] 
[INFO] [stdout] 
[INFO] [stdout] warning: unused import: `sdl2::EventPump`
[INFO] [stdout]  --> src/bin/spritemap.rs:8:5
[INFO] [stdout]   |
[INFO] [stdout] 8 | use sdl2::EventPump;
[INFO] [stdout]   |     ^^^^^^^^^^^^^^^
[INFO] [stdout] 
[INFO] [stdout] 
[INFO] [stdout] warning: unused import: `iron_nes::error::*`
[INFO] [stdout]   --> src/bin/spritemap.rs:12:5
[INFO] [stdout]    |
[INFO] [stdout] 12 | use iron_nes::error::*;
[INFO] [stdout]    |     ^^^^^^^^^^^^^^^^^^
[INFO] [stdout] 
[INFO] [stdout] 
[INFO] [stdout] warning: unused import: `Frame`
[INFO] [stdout]   --> src/bin/spritemap.rs:14:26
[INFO] [stdout]    |
[INFO] [stdout] 14 | use iron_nes::nes::ppu::{Frame, Ppu};
[INFO] [stdout]    |                          ^^^^^
[INFO] [stdout] 
[INFO] [stdout] 
[INFO] [stdout] warning: unused variable: `ticks`
[INFO] [stdout]   --> src/bin/spritemap.rs:89:13
[INFO] [stdout]    |
[INFO] [stdout] 89 |         let ticks = timer.ticks() as i32;
[INFO] [stdout]    |             ^^^^^ help: if this is intentional, prefix it with an underscore: `_ticks`
[INFO] [stdout]    |
[INFO] [stdout]    = note: `#[warn(unused_variables)]` on by default
[INFO] [stdout] 
[INFO] [stdout] 
[INFO] [stdout] warning: variable does not need to be mutable
[INFO] [stdout]   --> src/bin/spritemap.rs:45:9
[INFO] [stdout]    |
[INFO] [stdout] 45 |     let mut ppu = Ppu::new(ppu_vram);
[INFO] [stdout]    |         ----^^^
[INFO] [stdout]    |         |
[INFO] [stdout]    |         help: remove this `mut`
[INFO] [stdout]    |
[INFO] [stdout]    = note: `#[warn(unused_mut)]` on by default
[INFO] [stdout] 
[INFO] [stdout] 
[INFO] [stdout] warning: function is never used: `run_debugger`
[INFO] [stdout]  --> src/bin/debugger/mod.rs:8:8
[INFO] [stdout]   |
[INFO] [stdout] 8 | pub fn run_debugger<'a>(nes: &'a mut IronNes, debugger: &'a mut IronNesDebugger) {
[INFO] [stdout]   |        ^^^^^^^^^^^^
[INFO] [stdout]   |
[INFO] [stdout]   = note: `#[warn(dead_code)]` on by default
[INFO] [stdout] 
[INFO] [stdout] 
[INFO] [stdout] warning: enum is never used: `DebuggerState`
[INFO] [stdout]   --> src/bin/debugger/mod.rs:80:6
[INFO] [stdout]    |
[INFO] [stdout] 80 | enum DebuggerState {
[INFO] [stdout]    |      ^^^^^^^^^^^^^
[INFO] [stdout] 
[INFO] [stdout] 
[INFO] [stdout] warning: struct is never constructed: `IronNesDebugger`
[INFO] [stdout]   --> src/bin/debugger/mod.rs:86:12
[INFO] [stdout]    |
[INFO] [stdout] 86 | pub struct IronNesDebugger {
[INFO] [stdout]    |            ^^^^^^^^^^^^^^^
[INFO] [stdout] 
[INFO] [stdout] 
[INFO] [stdout] warning: associated function is never used: `new`
[INFO] [stdout]   --> src/bin/debugger/mod.rs:92:12
[INFO] [stdout]    |
[INFO] [stdout] 92 |     pub fn new() -> Self {
[INFO] [stdout]    |            ^^^
[INFO] [stdout] 
[INFO] [stdout] 
[INFO] [stdout] warning: associated function is never used: `step`
[INFO] [stdout]    --> src/bin/debugger/mod.rs:100:8
[INFO] [stdout]     |
[INFO] [stdout] 100 |     fn step<'a>(&mut self, nes: &'a mut IronNes) -> IronNesResult<DebuggerState> {
[INFO] [stdout]     |        ^^^^
[INFO] [stdout] 
[INFO] [stdout] 
[INFO] [stdout] warning: associated function is never used: `is_breakpoint_hit`
[INFO] [stdout]    --> src/bin/debugger/mod.rs:115:8
[INFO] [stdout]     |
[INFO] [stdout] 115 |     fn is_breakpoint_hit(&self, addr: Addr) -> bool {
[INFO] [stdout]     |        ^^^^^^^^^^^^^^^^^
[INFO] [stdout] 
[INFO] [stdout] 
[INFO] [stdout] warning: associated function is never used: `is_watch_cycle_hit`
[INFO] [stdout]    --> src/bin/debugger/mod.rs:119:8
[INFO] [stdout]     |
[INFO] [stdout] 119 |     fn is_watch_cycle_hit(&self, cycle: usize) -> bool {
[INFO] [stdout]     |        ^^^^^^^^^^^^^^^^^^
[INFO] [stdout] 
[INFO] [stdout] 
[INFO] [stdout] warning: associated function is never used: `add_breakpoint`
[INFO] [stdout]    --> src/bin/debugger/mod.rs:123:8
[INFO] [stdout]     |
[INFO] [stdout] 123 |     fn add_breakpoint(&mut self, addr: Addr) {
[INFO] [stdout]     |        ^^^^^^^^^^^^^^
[INFO] [stdout] 
[INFO] [stdout] 
[INFO] [stdout] warning: associated function is never used: `add_watch_cycle`
[INFO] [stdout]    --> src/bin/debugger/mod.rs:127:8
[INFO] [stdout]     |
[INFO] [stdout] 127 |     fn add_watch_cycle(&mut self, cycle: usize) {
[INFO] [stdout]     |        ^^^^^^^^^^^^^^^
[INFO] [stdout] 
[INFO] [stdout] 
[INFO] [stdout] warning: unused `Result` that must be used
[INFO] [stdout]   --> src/bin/spritemap.rs:92:9
[INFO] [stdout]    |
[INFO] [stdout] 92 |         texture.update(None, &frame.0, 256 * 2 * 3);
[INFO] [stdout]    |         ^^^^^^^^^^^^^^^^^^^^^^^^^^^^^^^^^^^^^^^^^^^^
[INFO] [stdout]    |
[INFO] [stdout]    = note: `#[warn(unused_must_use)]` on by default
[INFO] [stdout]    = note: this `Result` may be an `Err` variant, which should be handled
[INFO] [stdout] 
[INFO] [stdout] 
[INFO] [stdout] warning: 16 warnings emitted
[INFO] [stdout] 
[INFO] [stdout] 
[INFO] [stderr]    Compiling regex v1.4.2
[INFO] [stderr]    Compiling iron_nes v0.1.1 (/opt/rustwide/workdir)
[INFO] [stdout] warning: unused import: `sdl2::pixels::Color`
[INFO] [stdout]  --> src/bin/spritemap.rs:6:5
[INFO] [stdout]   |
[INFO] [stdout] 6 | use sdl2::pixels::Color;
[INFO] [stdout]   |     ^^^^^^^^^^^^^^^^^^^
[INFO] [stdout]   |
[INFO] [stdout]   = note: `#[warn(unused_imports)]` on by default
[INFO] [stdout] 
[INFO] [stdout] 
[INFO] [stdout] warning: unused import: `sdl2::EventPump`
[INFO] [stdout]  --> src/bin/spritemap.rs:8:5
[INFO] [stdout]   |
[INFO] [stdout] 8 | use sdl2::EventPump;
[INFO] [stdout]   |     ^^^^^^^^^^^^^^^
[INFO] [stdout] 
[INFO] [stdout] 
[INFO] [stdout] warning: unused import: `iron_nes::error::*`
[INFO] [stdout]   --> src/bin/spritemap.rs:12:5
[INFO] [stdout]    |
[INFO] [stdout] 12 | use iron_nes::error::*;
[INFO] [stdout]    |     ^^^^^^^^^^^^^^^^^^
[INFO] [stdout] 
[INFO] [stdout] 
[INFO] [stdout] warning: unused import: `Frame`
[INFO] [stdout]   --> src/bin/spritemap.rs:14:26
[INFO] [stdout]    |
[INFO] [stdout] 14 | use iron_nes::nes::ppu::{Frame, Ppu};
[INFO] [stdout]    |                          ^^^^^
[INFO] [stdout] 
[INFO] [stdout] 
[INFO] [stdout] warning: unused variable: `ticks`
[INFO] [stdout]   --> src/bin/spritemap.rs:89:13
[INFO] [stdout]    |
[INFO] [stdout] 89 |         let ticks = timer.ticks() as i32;
[INFO] [stdout]    |             ^^^^^ help: if this is intentional, prefix it with an underscore: `_ticks`
[INFO] [stdout]    |
[INFO] [stdout]    = note: `#[warn(unused_variables)]` on by default
[INFO] [stdout] 
[INFO] [stdout] 
[INFO] [stdout] warning: function is never used: `get_golden`
[INFO] [stdout]  --> tests/blargg/instr_test_v5/mod.rs:7:8
[INFO] [stdout]   |
[INFO] [stdout] 7 | pub fn get_golden<'a>(golden_file: &'a str) -> impl Iterator<Item = (usize, cpu::Registers)> {
[INFO] [stdout]   |        ^^^^^^^^^^
[INFO] [stdout]   |
[INFO] [stdout]   = note: `#[warn(dead_code)]` on by default
[INFO] [stdout] 
[INFO] [stdout] 
[INFO] [stdout] warning: function is never used: `run_blargg_test`
[INFO] [stdout]    --> tests/cpu.rs:124:4
[INFO] [stdout]     |
[INFO] [stdout] 124 | fn run_blargg_test(rom_file: String, golden_file: String) -> IronNesResult<()> {
[INFO] [stdout]     |    ^^^^^^^^^^^^^^^
[INFO] [stdout] 
[INFO] [stdout] 
[INFO] [stdout] warning: variable does not need to be mutable
[INFO] [stdout]   --> src/bin/spritemap.rs:45:9
[INFO] [stdout]    |
[INFO] [stdout] 45 |     let mut ppu = Ppu::new(ppu_vram);
[INFO] [stdout]    |         ----^^^
[INFO] [stdout]    |         |
[INFO] [stdout]    |         help: remove this `mut`
[INFO] [stdout]    |
[INFO] [stdout]    = note: `#[warn(unused_mut)]` on by default
[INFO] [stdout] 
[INFO] [stdout] 
[INFO] [stdout] warning: function is never used: `run_debugger`
[INFO] [stdout]  --> src/bin/debugger/mod.rs:8:8
[INFO] [stdout]   |
[INFO] [stdout] 8 | pub fn run_debugger<'a>(nes: &'a mut IronNes, debugger: &'a mut IronNesDebugger) {
[INFO] [stdout]   |        ^^^^^^^^^^^^
[INFO] [stdout]   |
[INFO] [stdout]   = note: `#[warn(dead_code)]` on by default
[INFO] [stdout] 
[INFO] [stdout] 
[INFO] [stdout] warning: enum is never used: `DebuggerState`
[INFO] [stdout]   --> src/bin/debugger/mod.rs:80:6
[INFO] [stdout]    |
[INFO] [stdout] 80 | enum DebuggerState {
[INFO] [stdout]    |      ^^^^^^^^^^^^^
[INFO] [stdout] 
[INFO] [stdout] 
[INFO] [stdout] warning: struct is never constructed: `IronNesDebugger`
[INFO] [stdout]   --> src/bin/debugger/mod.rs:86:12
[INFO] [stdout]    |
[INFO] [stdout] 86 | pub struct IronNesDebugger {
[INFO] [stdout]    |            ^^^^^^^^^^^^^^^
[INFO] [stdout] 
[INFO] [stdout] 
[INFO] [stdout] warning: associated function is never used: `new`
[INFO] [stdout]   --> src/bin/debugger/mod.rs:92:12
[INFO] [stdout]    |
[INFO] [stdout] 92 |     pub fn new() -> Self {
[INFO] [stdout]    |            ^^^
[INFO] [stdout] 
[INFO] [stdout] 
[INFO] [stdout] warning: associated function is never used: `step`
[INFO] [stdout]    --> src/bin/debugger/mod.rs:100:8
[INFO] [stdout]     |
[INFO] [stdout] 100 |     fn step<'a>(&mut self, nes: &'a mut IronNes) -> IronNesResult<DebuggerState> {
[INFO] [stdout]     |        ^^^^
[INFO] [stdout] 
[INFO] [stdout] 
[INFO] [stdout] warning: associated function is never used: `is_breakpoint_hit`
[INFO] [stdout]    --> src/bin/debugger/mod.rs:115:8
[INFO] [stdout]     |
[INFO] [stdout] 115 |     fn is_breakpoint_hit(&self, addr: Addr) -> bool {
[INFO] [stdout]     |        ^^^^^^^^^^^^^^^^^
[INFO] [stdout] 
[INFO] [stdout] 
[INFO] [stdout] warning: associated function is never used: `is_watch_cycle_hit`
[INFO] [stdout]    --> src/bin/debugger/mod.rs:119:8
[INFO] [stdout]     |
[INFO] [stdout] 119 |     fn is_watch_cycle_hit(&self, cycle: usize) -> bool {
[INFO] [stdout]     |        ^^^^^^^^^^^^^^^^^^
[INFO] [stdout] 
[INFO] [stdout] 
[INFO] [stdout] warning: associated function is never used: `add_breakpoint`
[INFO] [stdout]    --> src/bin/debugger/mod.rs:123:8
[INFO] [stdout]     |
[INFO] [stdout] 123 |     fn add_breakpoint(&mut self, addr: Addr) {
[INFO] [stdout]     |        ^^^^^^^^^^^^^^
[INFO] [stdout] 
[INFO] [stdout] 
[INFO] [stdout] warning: associated function is never used: `add_watch_cycle`
[INFO] [stdout]    --> src/bin/debugger/mod.rs:127:8
[INFO] [stdout]     |
[INFO] [stdout] 127 |     fn add_watch_cycle(&mut self, cycle: usize) {
[INFO] [stdout]     |        ^^^^^^^^^^^^^^^
[INFO] [stdout] 
[INFO] [stdout] 
[INFO] [stdout] warning: unused `Result` that must be used
[INFO] [stdout]   --> src/bin/spritemap.rs:92:9
[INFO] [stdout]    |
[INFO] [stdout] 92 |         texture.update(None, &frame.0, 256 * 2 * 3);
[INFO] [stdout]    |         ^^^^^^^^^^^^^^^^^^^^^^^^^^^^^^^^^^^^^^^^^^^^
[INFO] [stdout]    |
[INFO] [stdout]    = note: `#[warn(unused_must_use)]` on by default
[INFO] [stdout]    = note: this `Result` may be an `Err` variant, which should be handled
[INFO] [stdout] 
[INFO] [stdout] 
[INFO] [stdout] warning: unused variable: `ppu_rom`
[INFO] [stdout]   --> src/nes.rs:27:35
[INFO] [stdout]    |
[INFO] [stdout] 27 |         let (cartridge, prog_rom, ppu_rom) = cartridge::Cartridge::load(cartridge)?;
[INFO] [stdout]    |                                   ^^^^^^^ help: if this is intentional, prefix it with an underscore: `_ppu_rom`
[INFO] [stdout]    |
[INFO] [stdout]    = note: `#[warn(unused_variables)]` on by default
[INFO] [stdout] 
[INFO] [stdout] 
[INFO] [stdout] warning: unused variable: `num_cols`
[INFO] [stdout]   --> src/nes/ppu/mod.rs:36:13
[INFO] [stdout]    |
[INFO] [stdout] 36 |         let num_cols = Frame::HEIGHT / 8;
[INFO] [stdout]    |             ^^^^^^^^ help: if this is intentional, prefix it with an underscore: `_num_cols`
[INFO] [stdout] 
[INFO] [stdout] 
[INFO] [stdout] warning: 16 warnings emitted
[INFO] [stdout] 
[INFO] [stdout] 
[INFO] [stdout] warning: 2 warnings emitted
[INFO] [stdout] 
[INFO] [stdout] 
[INFO] [stdout] warning: 2 warnings emitted
[INFO] [stdout] 
[INFO] [stdout] 
[INFO] [stderr]     Finished test [unoptimized + debuginfo] target(s) in 47.62s
[INFO] running `Command { std: "docker" "inspect" "f7d5983d04cf617e4add77ebfedfb36cff8421a43ee591191cf38e246ce87df2", kill_on_drop: false }`
[INFO] running `Command { std: "docker" "rm" "-f" "f7d5983d04cf617e4add77ebfedfb36cff8421a43ee591191cf38e246ce87df2", kill_on_drop: false }`
[INFO] [stdout] f7d5983d04cf617e4add77ebfedfb36cff8421a43ee591191cf38e246ce87df2
[INFO] running `Command { std: "docker" "create" "-v" "/var/lib/crater-agent-workspace/builds/worker-86/target:/opt/rustwide/target:rw,Z" "-v" "/var/lib/crater-agent-workspace/builds/worker-86/source:/opt/rustwide/workdir:ro,Z" "-v" "/var/lib/crater-agent-workspace/cargo-home:/opt/rustwide/cargo-home:ro,Z" "-v" "/var/lib/crater-agent-workspace/rustup-home:/opt/rustwide/rustup-home:ro,Z" "-e" "SOURCE_DIR=/opt/rustwide/workdir" "-e" "CARGO_TARGET_DIR=/opt/rustwide/target" "-e" "CARGO_INCREMENTAL=0" "-e" "RUST_BACKTRACE=full" "-e" "RUSTFLAGS=--cap-lints=warn" "-e" "CARGO_HOME=/opt/rustwide/cargo-home" "-e" "RUSTUP_HOME=/opt/rustwide/rustup-home" "-w" "/opt/rustwide/workdir" "-m" "1610612736" "--user" "0:0" "--network" "none" "ghcr.io/rust-lang/crates-build-env/linux@sha256:34b6a614d2c27851fe6cbf88fbd1137609cefab8b10d0615aaeb6fd47975d74e" "/opt/rustwide/cargo-home/bin/cargo" "+beta-2021-08-01" "test" "--frozen", kill_on_drop: false }`
[INFO] [stdout] c6fbc6d25507c53475ccbee5ee22016689241fa096b662ab9f18233e0028c207
[INFO] running `Command { std: "docker" "start" "-a" "c6fbc6d25507c53475ccbee5ee22016689241fa096b662ab9f18233e0028c207", kill_on_drop: false }`
[INFO] [stderr] warning: unused variable: `ppu_rom`
[INFO] [stderr]   --> src/nes.rs:27:35
[INFO] [stderr]    |
[INFO] [stderr] 27 |         let (cartridge, prog_rom, ppu_rom) = cartridge::Cartridge::load(cartridge)?;
[INFO] [stderr]    |                                   ^^^^^^^ help: if this is intentional, prefix it with an underscore: `_ppu_rom`
[INFO] [stderr]    |
[INFO] [stderr]    = note: `#[warn(unused_variables)]` on by default
[INFO] [stderr] 
[INFO] [stderr] warning: unused variable: `num_cols`
[INFO] [stderr]   --> src/nes/ppu/mod.rs:36:13
[INFO] [stderr]    |
[INFO] [stderr] 36 |         let num_cols = Frame::HEIGHT / 8;
[INFO] [stderr]    |             ^^^^^^^^ help: if this is intentional, prefix it with an underscore: `_num_cols`
[INFO] [stderr] 
[INFO] [stderr] warning: `iron_nes` (lib) generated 2 warnings
[INFO] [stderr] warning: `iron_nes` (lib test) generated 2 warnings (2 duplicates)
[INFO] [stderr] warning: unused import: `sdl2::pixels::Color`
[INFO] [stderr]  --> src/bin/spritemap.rs:6:5
[INFO] [stderr]   |
[INFO] [stderr] 6 | use sdl2::pixels::Color;
[INFO] [stderr]   |     ^^^^^^^^^^^^^^^^^^^
[INFO] [stderr]   |
[INFO] [stderr]   = note: `#[warn(unused_imports)]` on by default
[INFO] [stderr] 
[INFO] [stderr] warning: unused import: `sdl2::EventPump`
[INFO] [stderr]  --> src/bin/spritemap.rs:8:5
[INFO] [stderr]   |
[INFO] [stderr] 8 | use sdl2::EventPump;
[INFO] [stderr]   |     ^^^^^^^^^^^^^^^
[INFO] [stderr] 
[INFO] [stderr] warning: unused import: `iron_nes::error::*`
[INFO] [stderr]   --> src/bin/spritemap.rs:12:5
[INFO] [stderr]    |
[INFO] [stderr] 12 | use iron_nes::error::*;
[INFO] [stderr]    |     ^^^^^^^^^^^^^^^^^^
[INFO] [stderr] 
[INFO] [stderr] warning: unused import: `Frame`
[INFO] [stderr]   --> src/bin/spritemap.rs:14:26
[INFO] [stderr]    |
[INFO] [stderr] 14 | use iron_nes::nes::ppu::{Frame, Ppu};
[INFO] [stderr]    |                          ^^^^^
[INFO] [stderr] 
[INFO] [stderr] warning: unused variable: `ticks`
[INFO] [stderr]   --> src/bin/spritemap.rs:89:13
[INFO] [stderr]    |
[INFO] [stderr] 89 |         let ticks = timer.ticks() as i32;
[INFO] [stderr]    |             ^^^^^ help: if this is intentional, prefix it with an underscore: `_ticks`
[INFO] [stderr]    |
[INFO] [stderr]    = note: `#[warn(unused_variables)]` on by default
[INFO] [stderr] 
[INFO] [stderr] warning: variable does not need to be mutable
[INFO] [stderr]   --> src/bin/spritemap.rs:45:9
[INFO] [stderr]    |
[INFO] [stderr] 45 |     let mut ppu = Ppu::new(ppu_vram);
[INFO] [stderr]    |         ----^^^
[INFO] [stderr]    |         |
[INFO] [stderr]    |         help: remove this `mut`
[INFO] [stderr]    |
[INFO] [stderr]    = note: `#[warn(unused_mut)]` on by default
[INFO] [stderr] 
[INFO] [stderr] warning: function is never used: `run_debugger`
[INFO] [stderr]  --> src/bin/debugger/mod.rs:8:8
[INFO] [stderr]   |
[INFO] [stderr] 8 | pub fn run_debugger<'a>(nes: &'a mut IronNes, debugger: &'a mut IronNesDebugger) {
[INFO] [stderr]   |        ^^^^^^^^^^^^
[INFO] [stderr]   |
[INFO] [stderr]   = note: `#[warn(dead_code)]` on by default
[INFO] [stderr] 
[INFO] [stderr] warning: enum is never used: `DebuggerState`
[INFO] [stderr]   --> src/bin/debugger/mod.rs:80:6
[INFO] [stderr]    |
[INFO] [stderr] 80 | enum DebuggerState {
[INFO] [stderr]    |      ^^^^^^^^^^^^^
[INFO] [stderr] 
[INFO] [stderr] warning: struct is never constructed: `IronNesDebugger`
[INFO] [stderr]   --> src/bin/debugger/mod.rs:86:12
[INFO] [stderr]    |
[INFO] [stderr] 86 | pub struct IronNesDebugger {
[INFO] [stderr]    |            ^^^^^^^^^^^^^^^
[INFO] [stderr] 
[INFO] [stderr] warning: associated function is never used: `new`
[INFO] [stderr]   --> src/bin/debugger/mod.rs:92:12
[INFO] [stderr]    |
[INFO] [stderr] 92 |     pub fn new() -> Self {
[INFO] [stderr]    |            ^^^
[INFO] [stderr] 
[INFO] [stderr] warning: associated function is never used: `step`
[INFO] [stderr]    --> src/bin/debugger/mod.rs:100:8
[INFO] [stderr]     |
[INFO] [stderr] 100 |     fn step<'a>(&mut self, nes: &'a mut IronNes) -> IronNesResult<DebuggerState> {
[INFO] [stderr]     |        ^^^^
[INFO] [stderr] 
[INFO] [stderr] warning: associated function is never used: `is_breakpoint_hit`
[INFO] [stderr]    --> src/bin/debugger/mod.rs:115:8
[INFO] [stderr]     |
[INFO] [stderr] 115 |     fn is_breakpoint_hit(&self, addr: Addr) -> bool {
[INFO] [stderr]     |        ^^^^^^^^^^^^^^^^^
[INFO] [stderr] 
[INFO] [stderr] warning: associated function is never used: `is_watch_cycle_hit`
[INFO] [stderr]    --> src/bin/debugger/mod.rs:119:8
[INFO] [stderr]     |
[INFO] [stderr] 119 |     fn is_watch_cycle_hit(&self, cycle: usize) -> bool {
[INFO] [stderr]     |        ^^^^^^^^^^^^^^^^^^
[INFO] [stderr] 
[INFO] [stderr] warning: associated function is never used: `add_breakpoint`
[INFO] [stderr]    --> src/bin/debugger/mod.rs:123:8
[INFO] [stderr]     |
[INFO] [stderr] 123 |     fn add_breakpoint(&mut self, addr: Addr) {
[INFO] [stderr]     |        ^^^^^^^^^^^^^^
[INFO] [stderr] 
[INFO] [stderr] warning: associated function is never used: `add_watch_cycle`
[INFO] [stderr]    --> src/bin/debugger/mod.rs:127:8
[INFO] [stderr]     |
[INFO] [stderr] 127 |     fn add_watch_cycle(&mut self, cycle: usize) {
[INFO] [stderr]     |        ^^^^^^^^^^^^^^^
[INFO] [stderr] 
[INFO] [stderr] warning: unused `Result` that must be used
[INFO] [stderr]   --> src/bin/spritemap.rs:92:9
[INFO] [stderr]    |
[INFO] [stderr] 92 |         texture.update(None, &frame.0, 256 * 2 * 3);
[INFO] [stderr]    |         ^^^^^^^^^^^^^^^^^^^^^^^^^^^^^^^^^^^^^^^^^^^^
[INFO] [stderr]    |
[INFO] [stderr]    = note: `#[warn(unused_must_use)]` on by default
[INFO] [stderr]    = note: this `Result` may be an `Err` variant, which should be handled
[INFO] [stderr] 
[INFO] [stderr] warning: function is never used: `get_golden`
[INFO] [stderr]  --> tests/blargg/instr_test_v5/mod.rs:7:8
[INFO] [stderr]   |
[INFO] [stderr] 7 | pub fn get_golden<'a>(golden_file: &'a str) -> impl Iterator<Item = (usize, cpu::Registers)> {
[INFO] [stderr]   |        ^^^^^^^^^^
[INFO] [stderr]   |
[INFO] [stderr]   = note: `#[warn(dead_code)]` on by default
[INFO] [stderr] 
[INFO] [stderr] warning: function is never used: `run_blargg_test`
[INFO] [stderr]    --> tests/cpu.rs:124:4
[INFO] [stderr]     |
[INFO] [stderr] 124 | fn run_blargg_test(rom_file: String, golden_file: String) -> IronNesResult<()> {
[INFO] [stderr]     |    ^^^^^^^^^^^^^^^
[INFO] [stderr] 
[INFO] [stderr] warning: `iron_nes` (bin "spritemap" test) generated 16 warnings
[INFO] [stderr] warning: `iron_nes` (test "cpu") generated 2 warnings
[INFO] [stderr] warning: `iron_nes` (bin "spritemap") generated 16 warnings (16 duplicates)
[INFO] [stderr]     Finished test [unoptimized + debuginfo] target(s) in 0.07s
[INFO] [stderr]      Running unittests (/opt/rustwide/target/debug/deps/iron_nes-1e1490a8d8e7dd0c)
[INFO] [stdout] 
[INFO] [stdout] running 12 tests
[INFO] [stdout] test bitset::tests::test_bitset_getset ... ok
[INFO] [stdout] test bitset::tests::test_bitset_sanity ... ok
[INFO] [stdout] test nes::cpu::addressing::tests::test_mode_relative_wrap ... ok
[INFO] [stdout] test nes::cpu::addressing::tests::test_mode_absolute ... ok
[INFO] [stdout] test nes::cpu::addressing::tests::test_mode_indirect ... ok
[INFO] [stdout] test nes::cpu::addressing::tests::test_mode_indirecty ... ok
[INFO] [stdout] test nes::cpu::addressing::tests::test_mode_indirectx ... ok
[INFO] [stdout] test nes::cpu::addressing::tests::test_mode_zeropage ... ok
[INFO] [stdout] test nes::cpu::addressing::tests::test_mode_relative ... ok
[INFO] [stdout] test nes::memory::tests::test_stack ... ok
[INFO] [stdout] test nes::memory::tests::test_stack_overflow - should panic ... ok
[INFO] [stdout] test nes::memory::tests::test_stack_underflow - should panic ... ok
[INFO] [stdout] 
[INFO] [stdout] test result: ok. 12 passed; 0 failed; 0 ignored; 0 measured; 0 filtered out; finished in 0.02s
[INFO] [stdout] 
[INFO] [stderr]      Running unittests (/opt/rustwide/target/debug/deps/disassembler-54121e4e4add3b45)
[INFO] [stdout] 
[INFO] [stdout] running 0 tests
[INFO] [stdout] 
[INFO] [stdout] test result: ok. 0 passed; 0 failed; 0 ignored; 0 measured; 0 filtered out; finished in 0.00s
[INFO] [stdout] 
[INFO] [stderr]      Running unittests (/opt/rustwide/target/debug/deps/emulator-f1c215ae587c1365)
[INFO] [stdout] 
[INFO] [stdout] running 0 tests
[INFO] [stdout] 
[INFO] [stdout] test result: ok. 0 passed; 0 failed; 0 ignored; 0 measured; 0 filtered out; finished in 0.00s
[INFO] [stdout] 
[INFO] [stderr]      Running unittests (/opt/rustwide/target/debug/deps/spritemap-d25fd0c386621fcc)
[INFO] [stdout] 
[INFO] [stdout] running 0 tests
[INFO] [stdout] 
[INFO] [stdout] test result: ok. 0 passed; 0 failed; 0 ignored; 0 measured; 0 filtered out; finished in 0.00s
[INFO] [stdout] 
[INFO] [stderr]      Running tests/cpu.rs (/opt/rustwide/target/debug/deps/cpu-a81f9122f0d5d76f)
[INFO] [stdout] 
[INFO] [stdout] running 1 test
[INFO] [stdout] test cpu_nestest ... FAILED
[INFO] [stdout] 
[INFO] [stdout] failures:
[INFO] [stdout] 
[INFO] [stdout] ---- cpu_nestest stdout ----
[INFO] [stdout] thread 'cpu_nestest' panicked at 'called `Option::unwrap()` on a `None` value', tests/cpu.rs:23:10
[INFO] [stdout] stack backtrace:
[INFO] [stdout]    0:     0x562da0114fd0 - std::backtrace_rs::backtrace::libunwind::trace::hff4d1766e93f64f1
[INFO] [stdout]                                at /rustc/53fd98ca776cb875bc9e5514f56b52eb74f9e7a9/library/std/src/../../backtrace/src/backtrace/libunwind.rs:90:5
[INFO] [stdout]    1:     0x562da0114fd0 - std::backtrace_rs::backtrace::trace_unsynchronized::h56bbc8eb78770bcb
[INFO] [stdout]                                at /rustc/53fd98ca776cb875bc9e5514f56b52eb74f9e7a9/library/std/src/../../backtrace/src/backtrace/mod.rs:66:5
[INFO] [stdout]    2:     0x562da0114fd0 - std::sys_common::backtrace::_print_fmt::h5c8e75464faca780
[INFO] [stdout]                                at /rustc/53fd98ca776cb875bc9e5514f56b52eb74f9e7a9/library/std/src/sys_common/backtrace.rs:67:5
[INFO] [stdout]    3:     0x562da0114fd0 - <std::sys_common::backtrace::_print::DisplayBacktrace as core::fmt::Display>::fmt::h48b88277def8b362
[INFO] [stdout]                                at /rustc/53fd98ca776cb875bc9e5514f56b52eb74f9e7a9/library/std/src/sys_common/backtrace.rs:46:22
[INFO] [stdout]    4:     0x562da0137ecc - core::fmt::write::h3381b3176fe2b3d3
[INFO] [stdout]                                at /rustc/53fd98ca776cb875bc9e5514f56b52eb74f9e7a9/library/core/src/fmt/mod.rs:1115:17
[INFO] [stdout]    5:     0x562da0111e45 - std::io::Write::write_fmt::h5f34a676f60246b5
[INFO] [stdout]                                at /rustc/53fd98ca776cb875bc9e5514f56b52eb74f9e7a9/library/std/src/io/mod.rs:1665:15
[INFO] [stdout]    6:     0x562da011728b - std::sys_common::backtrace::_print::ha537687d6c17dd0d
[INFO] [stdout]                                at /rustc/53fd98ca776cb875bc9e5514f56b52eb74f9e7a9/library/std/src/sys_common/backtrace.rs:49:5
[INFO] [stdout]    7:     0x562da011728b - std::sys_common::backtrace::print::h61376ae57d131d72
[INFO] [stdout]                                at /rustc/53fd98ca776cb875bc9e5514f56b52eb74f9e7a9/library/std/src/sys_common/backtrace.rs:36:9
[INFO] [stdout]    8:     0x562da011728b - std::panicking::default_hook::{{closure}}::h0f7208c0b9644a54
[INFO] [stdout]                                at /rustc/53fd98ca776cb875bc9e5514f56b52eb74f9e7a9/library/std/src/panicking.rs:208:50
[INFO] [stdout]    9:     0x562da0116d9c - std::panicking::default_hook::hdac7fc06578c14ce
[INFO] [stdout]                                at /rustc/53fd98ca776cb875bc9e5514f56b52eb74f9e7a9/library/std/src/panicking.rs:222:9
[INFO] [stdout]   10:     0x562da0117954 - std::panicking::rust_panic_with_hook::h72b21c283da3d1ef
[INFO] [stdout]                                at /rustc/53fd98ca776cb875bc9e5514f56b52eb74f9e7a9/library/std/src/panicking.rs:622:17
[INFO] [stdout]   11:     0x562da0117407 - std::panicking::begin_panic_handler::{{closure}}::he5778f1729cff84a
[INFO] [stdout]                                at /rustc/53fd98ca776cb875bc9e5514f56b52eb74f9e7a9/library/std/src/panicking.rs:517:13
[INFO] [stdout]   12:     0x562da01154ac - std::sys_common::backtrace::__rust_end_short_backtrace::h2d11ca8b453b4b1d
[INFO] [stdout]                                at /rustc/53fd98ca776cb875bc9e5514f56b52eb74f9e7a9/library/std/src/sys_common/backtrace.rs:141:18
[INFO] [stdout]   13:     0x562da0117399 - rust_begin_unwind
[INFO] [stdout]                                at /rustc/53fd98ca776cb875bc9e5514f56b52eb74f9e7a9/library/std/src/panicking.rs:515:5
[INFO] [stdout]   14:     0x562d9fe858c1 - core::panicking::panic_fmt::hf9de31d4acbce4db
[INFO] [stdout]                                at /rustc/53fd98ca776cb875bc9e5514f56b52eb74f9e7a9/library/core/src/panicking.rs:92:14
[INFO] [stdout]   15:     0x562d9fe8580d - core::panicking::panic::h8a6bc58a21c6c095
[INFO] [stdout]                                at /rustc/53fd98ca776cb875bc9e5514f56b52eb74f9e7a9/library/core/src/panicking.rs:50:5
[INFO] [stdout]   16:     0x562d9fe8890c - core::option::Option<T>::unwrap::hc4dddcf81f191b94
[INFO] [stdout]                                at /rustc/53fd98ca776cb875bc9e5514f56b52eb74f9e7a9/library/core/src/option.rs:722:21
[INFO] [stdout]   17:     0x562d9fe86227 - cpu::setup::{{closure}}::h8703279f4afa4522
[INFO] [stdout]                                at /opt/rustwide/workdir/tests/cpu.rs:18:35
[INFO] [stdout]   18:     0x562d9fe8bf05 - std::sync::once::Once::call_once::{{closure}}::h4e9c909049a7c14e
[INFO] [stdout]                                at /rustc/53fd98ca776cb875bc9e5514f56b52eb74f9e7a9/library/std/src/sync/once.rs:261:41
[INFO] [stdout]   19:     0x562d9fe84a8c - std::sync::once::Once::call_inner::h35a51d54c8f07530
[INFO] [stdout]                                at /rustc/53fd98ca776cb875bc9e5514f56b52eb74f9e7a9/library/std/src/sync/once.rs:418:21
[INFO] [stdout]   20:     0x562d9fe8be99 - std::sync::once::Once::call_once::h63bd233b50bc9402
[INFO] [stdout]                                at /rustc/53fd98ca776cb875bc9e5514f56b52eb74f9e7a9/library/std/src/sync/once.rs:261:9
[INFO] [stdout]   21:     0x562d9fe8618d - cpu::setup::h1e4db427325b2d15
[INFO] [stdout]                                at /opt/rustwide/workdir/tests/cpu.rs:17:5
[INFO] [stdout]   22:     0x562d9fe874bc - cpu::cpu_nestest::h93646d21bd8eb89f
[INFO] [stdout]                                at /opt/rustwide/workdir/tests/cpu.rs:111:5
[INFO] [stdout]   23:     0x562d9fe87481 - cpu::cpu_nestest::{{closure}}::hdece3cacce901da0
[INFO] [stdout]                                at /opt/rustwide/workdir/tests/cpu.rs:110:1
[INFO] [stdout]   24:     0x562d9fe8c17e - core::ops::function::FnOnce::call_once::h435362ed40050ce8
[INFO] [stdout]                                at /rustc/53fd98ca776cb875bc9e5514f56b52eb74f9e7a9/library/core/src/ops/function.rs:227:5
[INFO] [stdout]   25:     0x562d9febf8e3 - core::ops::function::FnOnce::call_once::hbb52c4519d3137b0
[INFO] [stdout]                                at /rustc/53fd98ca776cb875bc9e5514f56b52eb74f9e7a9/library/core/src/ops/function.rs:227:5
[INFO] [stdout]   26:     0x562d9febf8e3 - test::__rust_begin_short_backtrace::h86fe3a2a5a5121af
[INFO] [stdout]                                at /rustc/53fd98ca776cb875bc9e5514f56b52eb74f9e7a9/library/test/src/lib.rs:578:5
[INFO] [stdout]   27:     0x562d9febe398 - <alloc::boxed::Box<F,A> as core::ops::function::FnOnce<Args>>::call_once::hfd956bc3d57399be
[INFO] [stdout]                                at /rustc/53fd98ca776cb875bc9e5514f56b52eb74f9e7a9/library/alloc/src/boxed.rs:1572:9
[INFO] [stdout]   28:     0x562d9febe398 - <std::panic::AssertUnwindSafe<F> as core::ops::function::FnOnce<()>>::call_once::h40dc93e0ddb5938a
[INFO] [stdout]                                at /rustc/53fd98ca776cb875bc9e5514f56b52eb74f9e7a9/library/std/src/panic.rs:347:9
[INFO] [stdout]   29:     0x562d9febe398 - std::panicking::try::do_call::h90d07750cb47c562
[INFO] [stdout]                                at /rustc/53fd98ca776cb875bc9e5514f56b52eb74f9e7a9/library/std/src/panicking.rs:401:40
[INFO] [stdout]   30:     0x562d9febe398 - std::panicking::try::h063c84733ad2a629
[INFO] [stdout]                                at /rustc/53fd98ca776cb875bc9e5514f56b52eb74f9e7a9/library/std/src/panicking.rs:365:19
[INFO] [stdout]   31:     0x562d9febe398 - std::panic::catch_unwind::h0c464836a84e7c08
[INFO] [stdout]                                at /rustc/53fd98ca776cb875bc9e5514f56b52eb74f9e7a9/library/std/src/panic.rs:434:14
[INFO] [stdout]   32:     0x562d9febe398 - test::run_test_in_process::h5cb06ef620b157fc
[INFO] [stdout]                                at /rustc/53fd98ca776cb875bc9e5514f56b52eb74f9e7a9/library/test/src/lib.rs:601:18
[INFO] [stdout]   33:     0x562d9febe398 - test::run_test::run_test_inner::{{closure}}::h76f677f4b93f9828
[INFO] [stdout]                                at /rustc/53fd98ca776cb875bc9e5514f56b52eb74f9e7a9/library/test/src/lib.rs:493:39
[INFO] [stdout]   34:     0x562d9fe8cb2d - test::run_test::run_test_inner::{{closure}}::h366d01fe04f4d67a
[INFO] [stdout]                                at /rustc/53fd98ca776cb875bc9e5514f56b52eb74f9e7a9/library/test/src/lib.rs:520:37
[INFO] [stdout]   35:     0x562d9fe8cb2d - std::sys_common::backtrace::__rust_begin_short_backtrace::h7dfa0de4eb395af2
[INFO] [stdout]                                at /rustc/53fd98ca776cb875bc9e5514f56b52eb74f9e7a9/library/std/src/sys_common/backtrace.rs:125:18
[INFO] [stdout]   36:     0x562d9fe912f8 - std::thread::Builder::spawn_unchecked::{{closure}}::{{closure}}::hf0a74bb58798037f
[INFO] [stdout]                                at /rustc/53fd98ca776cb875bc9e5514f56b52eb74f9e7a9/library/std/src/thread/mod.rs:476:17
[INFO] [stdout]   37:     0x562d9fe912f8 - <std::panic::AssertUnwindSafe<F> as core::ops::function::FnOnce<()>>::call_once::hb024e854818586ac
[INFO] [stdout]                                at /rustc/53fd98ca776cb875bc9e5514f56b52eb74f9e7a9/library/std/src/panic.rs:347:9
[INFO] [stdout]   38:     0x562d9fe912f8 - std::panicking::try::do_call::hb2dd9f1d0d48e41d
[INFO] [stdout]                                at /rustc/53fd98ca776cb875bc9e5514f56b52eb74f9e7a9/library/std/src/panicking.rs:401:40
[INFO] [stdout]   39:     0x562d9fe912f8 - std::panicking::try::h4717ae7bac8b2bf3
[INFO] [stdout]                                at /rustc/53fd98ca776cb875bc9e5514f56b52eb74f9e7a9/library/std/src/panicking.rs:365:19
[INFO] [stdout]   40:     0x562d9fe912f8 - std::panic::catch_unwind::h0dc8a061326ce8d8
[INFO] [stdout]                                at /rustc/53fd98ca776cb875bc9e5514f56b52eb74f9e7a9/library/std/src/panic.rs:434:14
[INFO] [stdout]   41:     0x562d9fe912f8 - std::thread::Builder::spawn_unchecked::{{closure}}::haa369e2d6fd00aa1
[INFO] [stdout]                                at /rustc/53fd98ca776cb875bc9e5514f56b52eb74f9e7a9/library/std/src/thread/mod.rs:475:30
[INFO] [stdout]   42:     0x562d9fe912f8 - core::ops::function::FnOnce::call_once{{vtable.shim}}::h36dcf3de8b056f17
[INFO] [stdout]                                at /rustc/53fd98ca776cb875bc9e5514f56b52eb74f9e7a9/library/core/src/ops/function.rs:227:5
[INFO] [stdout]   43:     0x562da011c5b7 - <alloc::boxed::Box<F,A> as core::ops::function::FnOnce<Args>>::call_once::h65c29e4642be2358
[INFO] [stdout]                                at /rustc/53fd98ca776cb875bc9e5514f56b52eb74f9e7a9/library/alloc/src/boxed.rs:1572:9
[INFO] [stdout]   44:     0x562da011c5b7 - <alloc::boxed::Box<F,A> as core::ops::function::FnOnce<Args>>::call_once::hd0f8f7fbbd9fffbf
[INFO] [stdout]                                at /rustc/53fd98ca776cb875bc9e5514f56b52eb74f9e7a9/library/alloc/src/boxed.rs:1572:9
[INFO] [stdout]   45:     0x562da011c5b7 - std::sys::unix::thread::Thread::new::thread_start::h2fd22fee3ca77b65
[INFO] [stdout]                                at /rustc/53fd98ca776cb875bc9e5514f56b52eb74f9e7a9/library/std/src/sys/unix/thread.rs:74:17
[INFO] [stdout]   46:     0x7effdad02609 - start_thread
[INFO] [stdout]   47:     0x7effdaad4293 - clone
[INFO] [stdout]   48:                0x0 - <unknown>
[INFO] [stdout] 
[INFO] [stdout] 
[INFO] [stdout] failures:
[INFO] [stdout]     cpu_nestest
[INFO] [stdout] 
[INFO] [stdout] test result: FAILED. 0 passed; 1 failed; 0 ignored; 0 measured; 0 filtered out; finished in 0.02s
[INFO] [stdout] 
[INFO] [stderr] error: test failed, to rerun pass '--test cpu'
[INFO] running `Command { std: "docker" "inspect" "c6fbc6d25507c53475ccbee5ee22016689241fa096b662ab9f18233e0028c207", kill_on_drop: false }`
[INFO] running `Command { std: "docker" "rm" "-f" "c6fbc6d25507c53475ccbee5ee22016689241fa096b662ab9f18233e0028c207", kill_on_drop: false }`
[INFO] [stdout] c6fbc6d25507c53475ccbee5ee22016689241fa096b662ab9f18233e0028c207
