[INFO] cloning repository https://github.com/ceronman/loxido
[INFO] running `Command { std: "git" "-c" "credential.helper=" "-c" "credential.helper=/workspace/cargo-home/bin/git-credential-null" "clone" "--bare" "https://github.com/ceronman/loxido" "/workspace/cache/git-repos/https%3A%2F%2Fgithub.com%2Fceronman%2Floxido", kill_on_drop: false }`
[INFO] [stderr] Cloning into bare repository '/workspace/cache/git-repos/https%3A%2F%2Fgithub.com%2Fceronman%2Floxido'...
[INFO] running `Command { std: "git" "rev-parse" "HEAD", kill_on_drop: false }`
[INFO] [stdout] fc261305098c134cfc2d3c309d2d8439641956fa
[INFO] testing ceronman/loxido against beta-2021-08-01 for beta-1.55-1
[INFO] running `Command { std: "git" "clone" "/workspace/cache/git-repos/https%3A%2F%2Fgithub.com%2Fceronman%2Floxido" "/workspace/builds/worker-79/source", kill_on_drop: false }`
[INFO] [stderr] Cloning into '/workspace/builds/worker-79/source'...
[INFO] [stderr] done.
[INFO] validating manifest of git repo https://github.com/ceronman/loxido on toolchain beta-2021-08-01
[INFO] running `Command { std: "/workspace/cargo-home/bin/cargo" "+beta-2021-08-01" "metadata" "--manifest-path" "Cargo.toml" "--no-deps", kill_on_drop: false }`
[INFO] started tweaking git repo https://github.com/ceronman/loxido
[INFO] finished tweaking git repo https://github.com/ceronman/loxido
[INFO] tweaked toml for git repo https://github.com/ceronman/loxido written to /workspace/builds/worker-79/source/Cargo.toml
[INFO] crate git repo https://github.com/ceronman/loxido already has a lockfile, it will not be regenerated
[INFO] running `Command { std: "/workspace/cargo-home/bin/cargo" "+beta-2021-08-01" "fetch" "--manifest-path" "Cargo.toml", kill_on_drop: false }`
[INFO] [stderr]     Blocking waiting for file lock on package cache
[INFO] [stderr]     Blocking waiting for file lock on package cache
[INFO] running `Command { std: "docker" "create" "-v" "/var/lib/crater-agent-workspace/builds/worker-79/target:/opt/rustwide/target:rw,Z" "-v" "/var/lib/crater-agent-workspace/builds/worker-79/source:/opt/rustwide/workdir:ro,Z" "-v" "/var/lib/crater-agent-workspace/cargo-home:/opt/rustwide/cargo-home:ro,Z" "-v" "/var/lib/crater-agent-workspace/rustup-home:/opt/rustwide/rustup-home:ro,Z" "-e" "SOURCE_DIR=/opt/rustwide/workdir" "-e" "CARGO_TARGET_DIR=/opt/rustwide/target" "-e" "CARGO_HOME=/opt/rustwide/cargo-home" "-e" "RUSTUP_HOME=/opt/rustwide/rustup-home" "-w" "/opt/rustwide/workdir" "-m" "1610612736" "--user" "0:0" "--network" "none" "ghcr.io/rust-lang/crates-build-env/linux@sha256:34b6a614d2c27851fe6cbf88fbd1137609cefab8b10d0615aaeb6fd47975d74e" "/opt/rustwide/cargo-home/bin/cargo" "+beta-2021-08-01" "metadata" "--no-deps" "--format-version=1", kill_on_drop: false }`
[INFO] [stdout] ab21fc4b7f17d6a86b3fac4b8ef7c9fc134c6488b44dcbb529a7de37e6dfe023
[INFO] running `Command { std: "docker" "start" "-a" "ab21fc4b7f17d6a86b3fac4b8ef7c9fc134c6488b44dcbb529a7de37e6dfe023", kill_on_drop: false }`
[INFO] running `Command { std: "docker" "inspect" "ab21fc4b7f17d6a86b3fac4b8ef7c9fc134c6488b44dcbb529a7de37e6dfe023", kill_on_drop: false }`
[INFO] running `Command { std: "docker" "rm" "-f" "ab21fc4b7f17d6a86b3fac4b8ef7c9fc134c6488b44dcbb529a7de37e6dfe023", kill_on_drop: false }`
[INFO] [stdout] ab21fc4b7f17d6a86b3fac4b8ef7c9fc134c6488b44dcbb529a7de37e6dfe023
[INFO] running `Command { std: "docker" "create" "-v" "/var/lib/crater-agent-workspace/builds/worker-79/target:/opt/rustwide/target:rw,Z" "-v" "/var/lib/crater-agent-workspace/builds/worker-79/source:/opt/rustwide/workdir:ro,Z" "-v" "/var/lib/crater-agent-workspace/cargo-home:/opt/rustwide/cargo-home:ro,Z" "-v" "/var/lib/crater-agent-workspace/rustup-home:/opt/rustwide/rustup-home:ro,Z" "-e" "SOURCE_DIR=/opt/rustwide/workdir" "-e" "CARGO_TARGET_DIR=/opt/rustwide/target" "-e" "CARGO_INCREMENTAL=0" "-e" "RUST_BACKTRACE=full" "-e" "RUSTFLAGS=--cap-lints=warn" "-e" "CARGO_HOME=/opt/rustwide/cargo-home" "-e" "RUSTUP_HOME=/opt/rustwide/rustup-home" "-w" "/opt/rustwide/workdir" "-m" "1610612736" "--user" "0:0" "--network" "none" "ghcr.io/rust-lang/crates-build-env/linux@sha256:34b6a614d2c27851fe6cbf88fbd1137609cefab8b10d0615aaeb6fd47975d74e" "/opt/rustwide/cargo-home/bin/cargo" "+beta-2021-08-01" "build" "--frozen" "--message-format=json", kill_on_drop: false }`
[INFO] [stdout] 791f532fe0875f2f41c01ccd864d486b009011272b1437bbed5303320003b91e
[INFO] running `Command { std: "docker" "start" "-a" "791f532fe0875f2f41c01ccd864d486b009011272b1437bbed5303320003b91e", kill_on_drop: false }`
[INFO] [stderr]     Blocking waiting for file lock on package cache
[INFO] [stderr]    Compiling libc v0.2.93
[INFO] [stderr]    Compiling cpu-time v1.0.0
[INFO] [stderr]    Compiling loxido v0.1.0 (/opt/rustwide/workdir)
[INFO] [stderr]     Finished dev [unoptimized + debuginfo] target(s) in 51.44s
[INFO] running `Command { std: "docker" "inspect" "791f532fe0875f2f41c01ccd864d486b009011272b1437bbed5303320003b91e", kill_on_drop: false }`
[INFO] running `Command { std: "docker" "rm" "-f" "791f532fe0875f2f41c01ccd864d486b009011272b1437bbed5303320003b91e", kill_on_drop: false }`
[INFO] [stdout] 791f532fe0875f2f41c01ccd864d486b009011272b1437bbed5303320003b91e
[INFO] running `Command { std: "docker" "create" "-v" "/var/lib/crater-agent-workspace/builds/worker-79/target:/opt/rustwide/target:rw,Z" "-v" "/var/lib/crater-agent-workspace/builds/worker-79/source:/opt/rustwide/workdir:ro,Z" "-v" "/var/lib/crater-agent-workspace/cargo-home:/opt/rustwide/cargo-home:ro,Z" "-v" "/var/lib/crater-agent-workspace/rustup-home:/opt/rustwide/rustup-home:ro,Z" "-e" "SOURCE_DIR=/opt/rustwide/workdir" "-e" "CARGO_TARGET_DIR=/opt/rustwide/target" "-e" "CARGO_INCREMENTAL=0" "-e" "RUST_BACKTRACE=full" "-e" "RUSTFLAGS=--cap-lints=warn" "-e" "CARGO_HOME=/opt/rustwide/cargo-home" "-e" "RUSTUP_HOME=/opt/rustwide/rustup-home" "-w" "/opt/rustwide/workdir" "-m" "1610612736" "--user" "0:0" "--network" "none" "ghcr.io/rust-lang/crates-build-env/linux@sha256:34b6a614d2c27851fe6cbf88fbd1137609cefab8b10d0615aaeb6fd47975d74e" "/opt/rustwide/cargo-home/bin/cargo" "+beta-2021-08-01" "test" "--frozen" "--no-run" "--message-format=json", kill_on_drop: false }`
[INFO] [stdout] 0690cb737c0611fffdb12879af3f8c1c05ff5f7287e4d42e8a52c1d4cd46e12c
[INFO] running `Command { std: "docker" "start" "-a" "0690cb737c0611fffdb12879af3f8c1c05ff5f7287e4d42e8a52c1d4cd46e12c", kill_on_drop: false }`
[INFO] [stderr]     Blocking waiting for file lock on package cache
[INFO] [stderr]    Compiling memchr v2.3.4
[INFO] [stderr]    Compiling syn v0.15.44
[INFO] [stderr]    Compiling regex-syntax v0.6.23
[INFO] [stderr]    Compiling glob v0.3.0
[INFO] [stderr]    Compiling aho-corasick v0.7.15
[INFO] [stderr]    Compiling test-generator v0.3.0
[INFO] [stderr]    Compiling regex v1.4.5
[INFO] [stderr]    Compiling loxido v0.1.0 (/opt/rustwide/workdir)
[INFO] [stderr]     Finished test [unoptimized + debuginfo] target(s) in 31.80s
[INFO] running `Command { std: "docker" "inspect" "0690cb737c0611fffdb12879af3f8c1c05ff5f7287e4d42e8a52c1d4cd46e12c", kill_on_drop: false }`
[INFO] running `Command { std: "docker" "rm" "-f" "0690cb737c0611fffdb12879af3f8c1c05ff5f7287e4d42e8a52c1d4cd46e12c", kill_on_drop: false }`
[INFO] [stdout] 0690cb737c0611fffdb12879af3f8c1c05ff5f7287e4d42e8a52c1d4cd46e12c
[INFO] running `Command { std: "docker" "create" "-v" "/var/lib/crater-agent-workspace/builds/worker-79/target:/opt/rustwide/target:rw,Z" "-v" "/var/lib/crater-agent-workspace/builds/worker-79/source:/opt/rustwide/workdir:ro,Z" "-v" "/var/lib/crater-agent-workspace/cargo-home:/opt/rustwide/cargo-home:ro,Z" "-v" "/var/lib/crater-agent-workspace/rustup-home:/opt/rustwide/rustup-home:ro,Z" "-e" "SOURCE_DIR=/opt/rustwide/workdir" "-e" "CARGO_TARGET_DIR=/opt/rustwide/target" "-e" "CARGO_INCREMENTAL=0" "-e" "RUST_BACKTRACE=full" "-e" "RUSTFLAGS=--cap-lints=warn" "-e" "CARGO_HOME=/opt/rustwide/cargo-home" "-e" "RUSTUP_HOME=/opt/rustwide/rustup-home" "-w" "/opt/rustwide/workdir" "-m" "1610612736" "--user" "0:0" "--network" "none" "ghcr.io/rust-lang/crates-build-env/linux@sha256:34b6a614d2c27851fe6cbf88fbd1137609cefab8b10d0615aaeb6fd47975d74e" "/opt/rustwide/cargo-home/bin/cargo" "+beta-2021-08-01" "test" "--frozen", kill_on_drop: false }`
[INFO] [stdout] a8c9356950b0a7c8f91f3d4a164c145bb1ce152dddd38eda20e52fee0c0ecfca
[INFO] running `Command { std: "docker" "start" "-a" "a8c9356950b0a7c8f91f3d4a164c145bb1ce152dddd38eda20e52fee0c0ecfca", kill_on_drop: false }`
[INFO] [stdout] 
[INFO] [stderr]     Finished test [unoptimized + debuginfo] target(s) in 0.02s
[INFO] [stdout] running 0 tests
[INFO] [stderr]      Running unittests (/opt/rustwide/target/debug/deps/loxido-8be9822c3a48426d)
[INFO] [stdout] 
[INFO] [stdout] test result: ok. 0 passed; 0 failed; 0 ignored; 0 measured; 0 filtered out; finished in 0.00s
[INFO] [stdout] 
[INFO] [stderr]      Running tests/integration.rs (/opt/rustwide/target/debug/deps/integration-756d9c23e614a737)
[INFO] [stdout] 
[INFO] [stdout] running 243 tests
[INFO] [stdout] test run_file_test_tests_integration_assignment_grouping_lox ... ok
[INFO] [stdout] test run_file_test_tests_integration_assignment_infix_operator_lox ... ok
[INFO] [stdout] test run_file_test_tests_integration_assignment_syntax_lox ... ok
[INFO] [stdout] test run_file_test_tests_integration_assignment_local_lox ... ok
[INFO] [stdout] test run_file_test_tests_integration_assignment_prefix_operator_lox ... ok
[INFO] [stdout] test run_file_test_tests_integration_bool_equality_lox ... ok
[INFO] [stdout] test run_file_test_tests_integration_call_bool_lox ... ok
[INFO] [stdout] test run_file_test_tests_integration_assignment_associativity_lox ... ok
[INFO] [stdout] test run_file_test_tests_integration_assignment_to_this_lox ... ok
[INFO] [stdout] test run_file_test_tests_integration_assignment_undefined_lox ... ok
[INFO] [stdout] test run_file_test_tests_integration_bool_not_lox ... ok
[INFO] [stdout] test run_file_test_tests_integration_block_scope_lox ... ok
[INFO] [stdout] test run_file_test_tests_integration_assignment_global_lox ... ok
[INFO] [stdout] test run_file_test_tests_integration_class_inherited_method_lox ... ok
[INFO] [stdout] test run_file_test_tests_integration_block_empty_lox ... ok
[INFO] [stdout] test run_file_test_tests_integration_class_empty_lox ... ok
[INFO] [stdout] test run_file_test_tests_integration_call_nil_lox ... ok
[INFO] [stdout] test run_file_test_tests_integration_call_string_lox ... ok
[INFO] [stdout] test run_file_test_tests_integration_closure_reference_closure_multiple_times_lox ... ok
[INFO] [stdout] test run_file_test_tests_integration_class_local_inherit_other_lox ... ok
[INFO] [stdout] test run_file_test_tests_integration_class_inherit_self_lox ... ok
[INFO] [stdout] test run_file_test_tests_integration_call_object_lox ... ok
[INFO] [stdout] test run_file_test_tests_integration_call_num_lox ... ok
[INFO] [stdout] test run_file_test_tests_integration_closure_close_over_method_parameter_lox ... ok
[INFO] [stdout] test run_file_test_tests_integration_class_reference_self_lox ... ok
[INFO] [stdout] test run_file_test_tests_integration_closure_unused_closure_lox ... ok
[INFO] [stdout] test run_file_test_tests_integration_closure_close_over_function_parameter_lox ... ok
[INFO] [stdout] test run_file_test_tests_integration_closure_unused_later_closure_lox ... ok
[INFO] [stdout] test run_file_test_tests_integration_class_local_reference_self_lox ... ok
[INFO] [stdout] test run_file_test_tests_integration_class_local_inherit_self_lox ... ok
[INFO] [stdout] test run_file_test_tests_integration_constructor_default_lox ... ok
[INFO] [stdout] test run_file_test_tests_integration_closure_assign_to_closure_lox ... ok
[INFO] [stdout] test run_file_test_tests_integration_comments_line_at_eof_lox ... ok
[INFO] [stdout] test run_file_test_tests_integration_closure_reuse_closure_slot_lox ... ok
[INFO] [stdout] test run_file_test_tests_integration_closure_assign_to_shadowed_later_lox ... ok
[INFO] [stdout] test run_file_test_tests_integration_closure_shadow_closure_with_local_lox ... ok
[INFO] [stdout] test run_file_test_tests_integration_closure_closed_closure_in_function_lox ... ok
[INFO] [stdout] test run_file_test_tests_integration_comments_unicode_lox ... ok
[INFO] [stdout] test run_file_test_tests_integration_comments_only_line_comment_and_line_lox ... ok
[INFO] [stdout] test run_file_test_tests_integration_closure_nested_closure_lox ... ok
[INFO] [stdout] test run_file_test_tests_integration_closure_close_over_later_variable_lox ... ok
[INFO] [stdout] test run_file_test_tests_integration_constructor_return_value_lox ... ok
[INFO] [stdout] test run_file_test_tests_integration_constructor_arguments_lox ... ok
[INFO] [stdout] test run_file_test_tests_integration_constructor_call_init_early_return_lox ... ok
[INFO] [stdout] test run_file_test_tests_integration_field_call_function_field_lox ... ok
[INFO] [stdout] test run_file_test_tests_integration_comments_only_line_comment_lox ... ok
[INFO] [stdout] test run_file_test_tests_integration_closure_open_closure_in_function_lox ... ok
[INFO] [stdout] test run_file_test_tests_integration_constructor_default_arguments_lox ... ok
[INFO] [stdout] test run_file_test_tests_integration_constructor_call_init_explicitly_lox ... ok
[INFO] [stdout] test run_file_test_tests_integration_constructor_return_in_nested_function_lox ... ok
[INFO] [stdout] test run_file_test_tests_integration_constructor_extra_arguments_lox ... ok
[INFO] [stdout] test run_file_test_tests_integration_constructor_early_return_lox ... ok
[INFO] [stdout] test run_file_test_tests_integration_constructor_missing_arguments_lox ... ok
[INFO] [stdout] test run_file_test_tests_integration_field_call_nonfunction_field_lox ... ok
[INFO] [stdout] test run_file_test_tests_integration_constructor_init_not_method_lox ... ok
[INFO] [stdout] test run_file_test_tests_integration_field_get_and_set_method_lox ... ok
[INFO] [stdout] test run_file_test_tests_integration_field_get_on_nil_lox ... ok
[INFO] [stdout] test run_file_test_tests_integration_field_method_lox ... ok
[INFO] [stdout] test run_file_test_tests_integration_field_method_binds_this_lox ... ok
[INFO] [stdout] test run_file_test_tests_integration_field_get_on_function_lox ... ok
[INFO] [stdout] test run_file_test_tests_integration_field_get_on_class_lox ... ok
[INFO] [stdout] test run_file_test_tests_integration_field_get_on_bool_lox ... ok
[INFO] [stdout] test run_file_test_tests_integration_field_get_on_num_lox ... ok
[INFO] [stdout] test run_file_test_tests_integration_field_set_on_string_lox ... ok
[INFO] [stdout] test run_file_test_tests_integration_field_on_instance_lox ... ok
[INFO] [stdout] test run_file_test_tests_integration_field_set_on_nil_lox ... ok
[INFO] [stdout] test run_file_test_tests_integration_field_set_on_num_lox ... ok
[INFO] [stdout] test run_file_test_tests_integration_field_set_evaluation_order_lox ... ok
[INFO] [stdout] test run_file_test_tests_integration_field_set_on_bool_lox ... ok
[INFO] [stdout] test run_file_test_tests_integration_field_many_lox ... ok
[INFO] [stdout] test run_file_test_tests_integration_field_set_on_class_lox ... ok
[INFO] [stdout] test run_file_test_tests_integration_field_set_on_function_lox ... ok
[INFO] [stdout] test run_file_test_tests_integration_for_closure_in_body_lox ... ok
[INFO] [stdout] test run_file_test_tests_integration_for_class_in_body_lox ... ok
[INFO] [stdout] test run_file_test_tests_integration_field_get_on_string_lox ... ok
[INFO] [stdout] test run_file_test_tests_integration_field_undefined_lox ... ok
[INFO] [stdout] test run_file_test_tests_integration_for_statement_condition_lox ... ok
[INFO] [stdout] test run_file_test_tests_integration_for_fun_in_body_lox ... ok
[INFO] [stdout] test run_file_test_tests_integration_for_return_closure_lox ... ok
[INFO] [stdout] test run_file_test_tests_integration_function_body_must_be_block_lox ... ok
[INFO] [stdout] test run_file_test_tests_integration_for_statement_initializer_lox ... ok
[INFO] [stdout] test run_file_test_tests_integration_function_extra_arguments_lox ... ok
[INFO] [stdout] test run_file_test_tests_integration_for_syntax_lox ... ok
[INFO] [stdout] test run_file_test_tests_integration_for_statement_increment_lox ... ok
[INFO] [stdout] test run_file_test_tests_integration_function_local_mutual_recursion_lox ... ok
[INFO] [stdout] test run_file_test_tests_integration_function_missing_arguments_lox ... ok
[INFO] [stdout] test run_file_test_tests_integration_for_return_inside_lox ... ok
[INFO] [stdout] test run_file_test_tests_integration_function_mutual_recursion_lox ... ok
[INFO] [stdout] test run_file_test_tests_integration_for_scope_lox ... ok
[INFO] [stdout] test run_file_test_tests_integration_function_empty_body_lox ... ok
[INFO] [stdout] test run_file_test_tests_integration_function_nested_call_with_arguments_lox ... ok
[INFO] [stdout] test run_file_test_tests_integration_function_missing_comma_in_parameters_lox ... ok
[INFO] [stdout] test run_file_test_tests_integration_for_var_in_body_lox ... ok
[INFO] [stdout] test run_file_test_tests_integration_function_local_recursion_lox ... ok
[INFO] [stdout] test run_file_test_tests_integration_if_class_in_else_lox ... ok
[INFO] [stdout] test run_file_test_tests_integration_if_else_lox ... ok
[INFO] [stdout] test run_file_test_tests_integration_function_parameters_lox ... ok
[INFO] [stdout] test run_file_test_tests_integration_function_recursion_lox ... ok
[INFO] [stdout] test run_file_test_tests_integration_function_print_lox ... ok
[INFO] [stdout] test run_file_test_tests_integration_function_too_many_arguments_lox ... ok
[INFO] [stdout] test run_file_test_tests_integration_if_class_in_then_lox ... ok
[INFO] [stdout] test run_file_test_tests_integration_if_fun_in_then_lox ... ok
[INFO] [stdout] test run_file_test_tests_integration_if_dangling_else_lox ... ok
[INFO] [stdout] test run_file_test_tests_integration_inheritance_constructor_lox ... ok
[INFO] [stdout] test run_file_test_tests_integration_if_fun_in_else_lox ... ok
[INFO] [stdout] test run_file_test_tests_integration_if_truth_lox ... ok
[INFO] [stdout] test run_file_test_tests_integration_inheritance_inherit_from_nil_lox ... ok
[INFO] [stdout] test run_file_test_tests_integration_function_too_many_parameters_lox ... ok
[INFO] [stdout] test run_file_test_tests_integration_if_var_in_then_lox ... ok
[INFO] [stdout] test run_file_test_tests_integration_inheritance_inherit_from_number_lox ... ok
[INFO] [stdout] test run_file_test_tests_integration_inheritance_inherit_from_function_lox ... ok
[INFO] [stdout] test run_file_test_tests_integration_if_if_lox ... ok
[INFO] [stdout] test run_file_test_tests_integration_if_var_in_else_lox ... ok
[INFO] [stdout] test run_file_test_tests_integration_limit_too_many_locals_lox ... ok
[INFO] [stdout] test run_file_test_tests_integration_logical_operator_and_truth_lox ... ok
[INFO] [stdout] test run_file_test_tests_integration_limit_no_reuse_constants_lox ... ok
[INFO] [stdout] test run_file_test_tests_integration_inheritance_set_fields_from_base_class_lox ... ok
[INFO] [stdout] test run_file_test_tests_integration_limit_too_many_constants_lox ... ok
[INFO] [stdout] test run_file_test_tests_integration_inheritance_parenthesized_superclass_lox ... ok
[INFO] [stdout] test run_file_test_tests_integration_method_missing_arguments_lox ... ok
[INFO] [stdout] test run_file_test_tests_integration_limit_too_many_upvalues_lox ... ok
[INFO] [stdout] test run_file_test_tests_integration_inheritance_inherit_methods_lox ... ok
[INFO] [stdout] test run_file_test_tests_integration_logical_operator_or_lox ... ok
[INFO] [stdout] test run_file_test_tests_integration_operator_add_nil_nil_lox ... ok
[INFO] [stdout] test run_file_test_tests_integration_logical_operator_or_truth_lox ... ok
[INFO] [stdout] test run_file_test_tests_integration_limit_stack_overflow_lox ... ok
[INFO] [stdout] test run_file_test_tests_integration_method_too_many_arguments_lox ... ok
[INFO] [stdout] test run_file_test_tests_integration_super_no_superclass_bind_lox ... ok
[INFO] [stdout] test run_file_test_tests_integration_method_arity_lox ... ok
[INFO] [stdout] test run_file_test_tests_integration_nil_literal_lox ... ok
[INFO] [stdout] test run_file_test_tests_integration_logical_operator_and_lox ... ok
[INFO] [stdout] test run_file_test_tests_integration_method_empty_block_lox ... ok
[INFO] [stdout] test run_file_test_tests_integration_number_decimal_point_at_eof_lox ... ok
[INFO] [stdout] test run_file_test_tests_integration_operator_greater_nonnum_num_lox ... ok
[INFO] [stdout] test run_file_test_tests_integration_method_refer_to_name_lox ... ok
[INFO] [stdout] test run_file_test_tests_integration_this_nested_class_lox ... ok
[INFO] [stdout] test run_file_test_tests_integration_operator_add_lox ... ok
[INFO] [stdout] test run_file_test_tests_integration_operator_add_num_nil_lox ... ok
[INFO] [stdout] test run_file_test_tests_integration_super_constructor_lox ... ok
[INFO] [stdout] test run_file_test_tests_integration_operator_add_bool_nil_lox ... ok
[INFO] [stdout] test run_file_test_tests_integration_this_this_at_top_level_lox ... ok
[INFO] [stdout] test run_file_test_tests_integration_number_trailing_dot_lox ... ok
[INFO] [stdout] test run_file_test_tests_integration_method_not_found_lox ... ok
[INFO] [stdout] test run_file_test_tests_integration_method_extra_arguments_lox ... ok
[INFO] [stdout] test run_file_test_tests_integration_method_print_bound_method_lox ... ok
[INFO] [stdout] test run_file_test_tests_integration_operator_add_bool_num_lox ... ok
[INFO] [stdout] test run_file_test_tests_integration_method_too_many_parameters_lox ... ok
[INFO] [stdout] test run_file_test_tests_integration_operator_divide_lox ... ok
[INFO] [stdout] test run_file_test_tests_integration_operator_comparison_lox ... ok
[INFO] [stdout] test run_file_test_tests_integration_variable_redefine_global_lox ... ok
[INFO] [stdout] test run_file_test_tests_integration_number_leading_dot_lox ... ok
[INFO] [stdout] test run_file_test_tests_integration_variable_shadow_and_local_lox ... ok
[INFO] [stdout] test run_file_test_tests_integration_super_this_in_superclass_method_lox ... ok
[INFO] [stdout] test run_file_test_tests_integration_super_extra_arguments_lox ... ok
[INFO] [stdout] test run_file_test_tests_integration_super_no_superclass_call_lox ... ok
[INFO] [stdout] test run_file_test_tests_integration_super_parenthesized_lox ... ok
[INFO] [stdout] test run_file_test_tests_integration_variable_unreached_undefined_lox ... ok
[INFO] [stdout] test run_file_test_tests_integration_return_at_top_level_lox ... ok
[INFO] [stdout] test run_file_test_tests_integration_operator_not_equals_lox ... ok
[INFO] [stdout] test run_file_test_tests_integration_variable_scope_reuse_in_different_blocks_lox ... ok
[INFO] [stdout] test run_file_test_tests_integration_operator_greater_or_equal_nonnum_num_lox ... ok
[INFO] [stdout] test run_file_test_tests_integration_operator_add_bool_string_lox ... ok
[INFO] [stdout] test run_file_test_tests_integration_super_call_same_method_lox ... ok
[INFO] [stdout] test run_file_test_tests_integration_operator_subtract_lox ... ok
[INFO] [stdout] test run_file_test_tests_integration_string_multiline_lox ... ok
[INFO] [stdout] test run_file_test_tests_integration_return_return_nil_if_no_value_lox ... ok
[INFO] [stdout] test run_file_test_tests_integration_super_super_at_top_level_lox ... ok
[INFO] [stdout] test run_file_test_tests_integration_number_nan_equality_lox ... ok
[INFO] [stdout] test run_file_test_tests_integration_return_in_function_lox ... ok
[INFO] [stdout] test run_file_test_tests_integration_this_this_in_top_level_function_lox ... ok
[INFO] [stdout] test run_file_test_tests_integration_super_super_without_name_lox ... ok
[INFO] [stdout] test run_file_test_tests_integration_variable_collide_with_parameter_lox ... ok
[INFO] [stdout] test run_file_test_tests_integration_super_bound_method_lox ... ok
[INFO] [stdout] test run_file_test_tests_integration_operator_divide_nonnum_num_lox ... ok
[INFO] [stdout] test run_file_test_tests_integration_operator_subtract_num_nonnum_lox ... ok
[INFO] [stdout] test run_file_test_tests_integration_operator_multiply_num_nonnum_lox ... ok
[INFO] [stdout] test run_file_test_tests_integration_operator_multiply_lox ... ok
[INFO] [stdout] test run_file_test_tests_integration_operator_multiply_nonnum_num_lox ... ok
[INFO] [stdout] test run_file_test_tests_integration_while_var_in_body_lox ... ok
[INFO] [stdout] test run_file_test_tests_integration_operator_add_string_nil_lox ... ok
[INFO] [stdout] test run_file_test_tests_integration_operator_greater_or_equal_num_nonnum_lox ... ok
[INFO] [stdout] test run_file_test_tests_integration_regression_40_lox ... ok
[INFO] [stdout] test run_file_test_tests_integration_operator_less_nonnum_num_lox ... ok
[INFO] [stdout] test run_file_test_tests_integration_while_fun_in_body_lox ... ok
[INFO] [stdout] test run_file_test_tests_integration_operator_negate_nonnum_lox ... ok
[INFO] [stdout] test run_file_test_tests_integration_operator_less_or_equal_num_nonnum_lox ... ok
[INFO] [stdout] test run_file_test_tests_integration_operator_negate_lox ... ok
[INFO] [stdout] test run_file_test_tests_integration_while_syntax_lox ... ok
[INFO] [stdout] test run_file_test_tests_integration_variable_duplicate_local_lox ... ok
[INFO] [stdout] test run_file_test_tests_integration_string_literals_lox ... ok
[INFO] [stdout] test run_file_test_tests_integration_this_nested_closure_lox ... ok
[INFO] [stdout] test run_file_test_tests_integration_super_super_in_closure_in_inherited_method_lox ... ok
[INFO] [stdout] test run_file_test_tests_integration_this_this_in_method_lox ... ok
[INFO] [stdout] test run_file_test_tests_integration_print_missing_argument_lox ... ok
[INFO] [stdout] test run_file_test_tests_integration_variable_uninitialized_lox ... ok
[INFO] [stdout] test run_file_test_tests_integration_operator_subtract_nonnum_num_lox ... ok
[INFO] [stdout] test run_file_test_tests_integration_operator_not_class_lox ... ok
[INFO] [stdout] test run_file_test_tests_integration_return_after_if_lox ... ok
[INFO] [stdout] test run_file_test_tests_integration_limit_loop_too_large_lox ... ok
[INFO] [stdout] test run_file_test_tests_integration_string_error_after_multiline_lox ... ok
[INFO] [stdout] test run_file_test_tests_integration_super_call_other_method_lox ... ok
[INFO] [stdout] test run_file_test_tests_integration_operator_less_or_equal_nonnum_num_lox ... ok
[INFO] [stdout] test run_file_test_tests_integration_while_return_closure_lox ... ok
[INFO] [stdout] test run_file_test_tests_integration_super_reassign_superclass_lox ... ok
[INFO] [stdout] test run_file_test_tests_integration_super_missing_arguments_lox ... ok
[INFO] [stdout] test run_file_test_tests_integration_string_unterminated_lox ... ok
[INFO] [stdout] test run_file_test_tests_integration_variable_use_local_in_initializer_lox ... ok
[INFO] [stdout] test run_file_test_tests_integration_operator_greater_num_nonnum_lox ... ok
[INFO] [stdout] test run_file_test_tests_integration_variable_duplicate_parameter_lox ... ok
[INFO] [stdout] test run_file_test_tests_integration_return_after_while_lox ... ok
[INFO] [stdout] test run_file_test_tests_integration_regression_394_lox ... ok
[INFO] [stdout] test run_file_test_tests_integration_variable_in_nested_block_lox ... ok
[INFO] [stdout] test run_file_test_tests_integration_operator_divide_num_nonnum_lox ... ok
[INFO] [stdout] test run_file_test_tests_integration_return_in_method_lox ... ok
[INFO] [stdout] test run_file_test_tests_integration_operator_less_num_nonnum_lox ... ok
[INFO] [stdout] test run_file_test_tests_integration_variable_shadow_global_lox ... ok
[INFO] [stdout] test run_file_test_tests_integration_operator_equals_class_lox ... ok
[INFO] [stdout] test run_file_test_tests_integration_operator_equals_method_lox ... ok
[INFO] [stdout] test run_file_test_tests_integration_super_indirectly_inherited_lox ... ok
[INFO] [stdout] test run_file_test_tests_integration_variable_in_middle_of_block_lox ... ok
[INFO] [stdout] test run_file_test_tests_integration_variable_use_global_in_initializer_lox ... ok
[INFO] [stdout] test run_file_test_tests_integration_while_return_inside_lox ... ok
[INFO] [stdout] test run_file_test_tests_integration_super_closure_lox ... ok
[INFO] [stdout] test run_file_test_tests_integration_variable_use_this_as_var_lox ... ok
[INFO] [stdout] test run_file_test_tests_integration_operator_equals_lox ... ok
[INFO] [stdout] test run_file_test_tests_integration_operator_not_lox ... ok
[INFO] [stdout] test run_file_test_tests_integration_variable_early_bound_lox ... ok
[INFO] [stdout] test run_file_test_tests_integration_variable_local_from_method_lox ... ok
[INFO] [stdout] test run_file_test_tests_integration_super_no_superclass_method_lox ... ok
[INFO] [stdout] test run_file_test_tests_integration_super_super_in_top_level_function_lox ... ok
[INFO] [stdout] test run_file_test_tests_integration_super_super_in_inherited_method_lox ... ok
[INFO] [stdout] test run_file_test_tests_integration_super_super_without_dot_lox ... ok
[INFO] [stdout] test run_file_test_tests_integration_while_closure_in_body_lox ... ok
[INFO] [stdout] test run_file_test_tests_integration_return_after_else_lox ... ok
[INFO] [stdout] test run_file_test_tests_integration_variable_redeclare_global_lox ... ok
[INFO] [stdout] test run_file_test_tests_integration_variable_undefined_global_lox ... ok
[INFO] [stdout] test run_file_test_tests_integration_this_closure_lox ... ok
[INFO] [stdout] test run_file_test_tests_integration_variable_shadow_local_lox ... ok
[INFO] [stdout] test run_file_test_tests_integration_variable_undefined_local_lox ... ok
[INFO] [stdout] test run_file_test_tests_integration_variable_use_false_as_var_lox ... ok
[INFO] [stdout] test run_file_test_tests_integration_variable_use_nil_as_var_lox ... ok
[INFO] [stdout] test run_file_test_tests_integration_while_class_in_body_lox ... ok
[INFO] [stdout] test run_file_test_tests_integration_number_literals_lox ... FAILED
[INFO] [stdout] 
[INFO] [stdout] failures:
[INFO] [stdout] 
[INFO] [stdout] ---- run_file_test_tests_integration_number_literals_lox stdout ----
[INFO] [stdout] /opt/rustwide/workdir/tests/integration/number/literals.lox
[INFO] [stdout] thread 'run_file_test_tests_integration_number_literals_lox' panicked at 'assertion failed: `(left == right)`
[INFO] [stdout]   left: `["123", "987654", "0", "-0", "123.456", "-0.001"]`,
[INFO] [stdout]  right: `["123", "987654", "0", "--0", "123.456", "-0.001"]`: Output should match', tests/integration.rs:135:5
[INFO] [stdout] stack backtrace:
[INFO] [stdout]    0:     0x562768ea5ff0 - std::backtrace_rs::backtrace::libunwind::trace::hff4d1766e93f64f1
[INFO] [stdout]                                at /rustc/53fd98ca776cb875bc9e5514f56b52eb74f9e7a9/library/std/src/../../backtrace/src/backtrace/libunwind.rs:90:5
[INFO] [stdout]    1:     0x562768ea5ff0 - std::backtrace_rs::backtrace::trace_unsynchronized::h56bbc8eb78770bcb
[INFO] [stdout]                                at /rustc/53fd98ca776cb875bc9e5514f56b52eb74f9e7a9/library/std/src/../../backtrace/src/backtrace/mod.rs:66:5
[INFO] [stdout]    2:     0x562768ea5ff0 - std::sys_common::backtrace::_print_fmt::h5c8e75464faca780
[INFO] [stdout]                                at /rustc/53fd98ca776cb875bc9e5514f56b52eb74f9e7a9/library/std/src/sys_common/backtrace.rs:67:5
[INFO] [stdout]    3:     0x562768ea5ff0 - <std::sys_common::backtrace::_print::DisplayBacktrace as core::fmt::Display>::fmt::h48b88277def8b362
[INFO] [stdout]                                at /rustc/53fd98ca776cb875bc9e5514f56b52eb74f9e7a9/library/std/src/sys_common/backtrace.rs:46:22
[INFO] [stdout]    4:     0x562768ec8a5c - core::fmt::write::h3381b3176fe2b3d3
[INFO] [stdout]                                at /rustc/53fd98ca776cb875bc9e5514f56b52eb74f9e7a9/library/core/src/fmt/mod.rs:1115:17
[INFO] [stdout]    5:     0x562768ea2bb5 - std::io::Write::write_fmt::h5f34a676f60246b5
[INFO] [stdout]                                at /rustc/53fd98ca776cb875bc9e5514f56b52eb74f9e7a9/library/std/src/io/mod.rs:1665:15
[INFO] [stdout]    6:     0x562768ea816b - std::sys_common::backtrace::_print::ha537687d6c17dd0d
[INFO] [stdout]                                at /rustc/53fd98ca776cb875bc9e5514f56b52eb74f9e7a9/library/std/src/sys_common/backtrace.rs:49:5
[INFO] [stdout]    7:     0x562768ea816b - std::sys_common::backtrace::print::h61376ae57d131d72
[INFO] [stdout]                                at /rustc/53fd98ca776cb875bc9e5514f56b52eb74f9e7a9/library/std/src/sys_common/backtrace.rs:36:9
[INFO] [stdout]    8:     0x562768ea816b - std::panicking::default_hook::{{closure}}::h0f7208c0b9644a54
[INFO] [stdout]                                at /rustc/53fd98ca776cb875bc9e5514f56b52eb74f9e7a9/library/std/src/panicking.rs:208:50
[INFO] [stdout]    9:     0x562768ea7c7c - std::panicking::default_hook::hdac7fc06578c14ce
[INFO] [stdout]                                at /rustc/53fd98ca776cb875bc9e5514f56b52eb74f9e7a9/library/std/src/panicking.rs:222:9
[INFO] [stdout]   10:     0x562768ea8834 - std::panicking::rust_panic_with_hook::h72b21c283da3d1ef
[INFO] [stdout]                                at /rustc/53fd98ca776cb875bc9e5514f56b52eb74f9e7a9/library/std/src/panicking.rs:622:17
[INFO] [stdout]   11:     0x562768ea8317 - std::panicking::begin_panic_handler::{{closure}}::he5778f1729cff84a
[INFO] [stdout]                                at /rustc/53fd98ca776cb875bc9e5514f56b52eb74f9e7a9/library/std/src/panicking.rs:519:13
[INFO] [stdout]   12:     0x562768ea64cc - std::sys_common::backtrace::__rust_end_short_backtrace::h2d11ca8b453b4b1d
[INFO] [stdout]                                at /rustc/53fd98ca776cb875bc9e5514f56b52eb74f9e7a9/library/std/src/sys_common/backtrace.rs:141:18
[INFO] [stdout]   13:     0x562768ea8279 - rust_begin_unwind
[INFO] [stdout]                                at /rustc/53fd98ca776cb875bc9e5514f56b52eb74f9e7a9/library/std/src/panicking.rs:515:5
[INFO] [stdout]   14:     0x562768c9a8c1 - core::panicking::panic_fmt::hf9de31d4acbce4db
[INFO] [stdout]                                at /rustc/53fd98ca776cb875bc9e5514f56b52eb74f9e7a9/library/core/src/panicking.rs:92:14
[INFO] [stdout]   15:     0x562768ec745e - core::panicking::assert_failed_inner::h62e8cb2847a6e7ec
[INFO] [stdout]   16:     0x562768cad5fa - core::panicking::assert_failed::hd753dd0fa6032887
[INFO] [stdout]                                at /rustc/53fd98ca776cb875bc9e5514f56b52eb74f9e7a9/library/core/src/panicking.rs:117:5
[INFO] [stdout]   17:     0x562768c9d6ee - integration::run_file_test::hfbc1ea9aa08e90e0
[INFO] [stdout]                                at /opt/rustwide/workdir/tests/integration.rs:135:5
[INFO] [stdout]   18:     0x562768ca0d6e - integration::run_file_test_tests_integration_number_literals_lox::h29e2a25ffa49cd86
[INFO] [stdout]                                at /opt/rustwide/workdir/tests/integration.rs:77:1
[INFO] [stdout]   19:     0x562768ca0d2a - integration::run_file_test_tests_integration_number_literals_lox::{{closure}}::he448fe20992cfd25
[INFO] [stdout]                                at /opt/rustwide/workdir/tests/integration.rs:77:1
[INFO] [stdout]   20:     0x562768caac7e - core::ops::function::FnOnce::call_once::hd89503282ccb369a
[INFO] [stdout]                                at /rustc/53fd98ca776cb875bc9e5514f56b52eb74f9e7a9/library/core/src/ops/function.rs:227:5
[INFO] [stdout]   21:     0x562768ce1ad3 - core::ops::function::FnOnce::call_once::hbb52c4519d3137b0
[INFO] [stdout]                                at /rustc/53fd98ca776cb875bc9e5514f56b52eb74f9e7a9/library/core/src/ops/function.rs:227:5
[INFO] [stdout]   22:     0x562768ce1ad3 - test::__rust_begin_short_backtrace::h86fe3a2a5a5121af
[INFO] [stdout]                                at /rustc/53fd98ca776cb875bc9e5514f56b52eb74f9e7a9/library/test/src/lib.rs:578:5
[INFO] [stdout]   23:     0x562768ce0588 - <alloc::boxed::Box<F,A> as core::ops::function::FnOnce<Args>>::call_once::hfd956bc3d57399be
[INFO] [stdout]                                at /rustc/53fd98ca776cb875bc9e5514f56b52eb74f9e7a9/library/alloc/src/boxed.rs:1572:9
[INFO] [stdout]   24:     0x562768ce0588 - <std::panic::AssertUnwindSafe<F> as core::ops::function::FnOnce<()>>::call_once::h40dc93e0ddb5938a
[INFO] [stdout]                                at /rustc/53fd98ca776cb875bc9e5514f56b52eb74f9e7a9/library/std/src/panic.rs:347:9
[INFO] [stdout]   25:     0x562768ce0588 - std::panicking::try::do_call::h90d07750cb47c562
[INFO] [stdout]                                at /rustc/53fd98ca776cb875bc9e5514f56b52eb74f9e7a9/library/std/src/panicking.rs:401:40
[INFO] [stdout]   26:     0x562768ce0588 - std::panicking::try::h063c84733ad2a629
[INFO] [stdout]                                at /rustc/53fd98ca776cb875bc9e5514f56b52eb74f9e7a9/library/std/src/panicking.rs:365:19
[INFO] [stdout]   27:     0x562768ce0588 - std::panic::catch_unwind::h0c464836a84e7c08
[INFO] [stdout]                                at /rustc/53fd98ca776cb875bc9e5514f56b52eb74f9e7a9/library/std/src/panic.rs:434:14
[INFO] [stdout]   28:     0x562768ce0588 - test::run_test_in_process::h5cb06ef620b157fc
[INFO] [stdout]                                at /rustc/53fd98ca776cb875bc9e5514f56b52eb74f9e7a9/library/test/src/lib.rs:601:18
[INFO] [stdout]   29:     0x562768ce0588 - test::run_test::run_test_inner::{{closure}}::h76f677f4b93f9828
[INFO] [stdout]                                at /rustc/53fd98ca776cb875bc9e5514f56b52eb74f9e7a9/library/test/src/lib.rs:493:39
[INFO] [stdout]   30:     0x562768caed1d - test::run_test::run_test_inner::{{closure}}::h366d01fe04f4d67a
[INFO] [stdout]                                at /rustc/53fd98ca776cb875bc9e5514f56b52eb74f9e7a9/library/test/src/lib.rs:520:37
[INFO] [stdout]   31:     0x562768caed1d - std::sys_common::backtrace::__rust_begin_short_backtrace::h7dfa0de4eb395af2
[INFO] [stdout]                                at /rustc/53fd98ca776cb875bc9e5514f56b52eb74f9e7a9/library/std/src/sys_common/backtrace.rs:125:18
[INFO] [stdout]   32:     0x562768cb34e8 - std::thread::Builder::spawn_unchecked::{{closure}}::{{closure}}::hf0a74bb58798037f
[INFO] [stdout]                                at /rustc/53fd98ca776cb875bc9e5514f56b52eb74f9e7a9/library/std/src/thread/mod.rs:476:17
[INFO] [stdout]   33:     0x562768cb34e8 - <std::panic::AssertUnwindSafe<F> as core::ops::function::FnOnce<()>>::call_once::hb024e854818586ac
[INFO] [stdout]                                at /rustc/53fd98ca776cb875bc9e5514f56b52eb74f9e7a9/library/std/src/panic.rs:347:9
[INFO] [stdout]   34:     0x562768cb34e8 - std::panicking::try::do_call::hb2dd9f1d0d48e41d
[INFO] [stdout]                                at /rustc/53fd98ca776cb875bc9e5514f56b52eb74f9e7a9/library/std/src/panicking.rs:401:40
[INFO] [stdout]   35:     0x562768cb34e8 - std::panicking::try::h4717ae7bac8b2bf3
[INFO] [stdout]                                at /rustc/53fd98ca776cb875bc9e5514f56b52eb74f9e7a9/library/std/src/panicking.rs:365:19
[INFO] [stdout]   36:     0x562768cb34e8 - std::panic::catch_unwind::h0dc8a061326ce8d8
[INFO] [stdout]                                at /rustc/53fd98ca776cb875bc9e5514f56b52eb74f9e7a9/library/std/src/panic.rs:434:14
[INFO] [stdout]   37:     0x562768cb34e8 - std::thread::Builder::spawn_unchecked::{{closure}}::haa369e2d6fd00aa1
[INFO] [stdout]                                at /rustc/53fd98ca776cb875bc9e5514f56b52eb74f9e7a9/library/std/src/thread/mod.rs:475:30
[INFO] [stdout]   38:     0x562768cb34e8 - core::ops::function::FnOnce::call_once{{vtable.shim}}::h36dcf3de8b056f17
[INFO] [stdout]                                at /rustc/53fd98ca776cb875bc9e5514f56b52eb74f9e7a9/library/core/src/ops/function.rs:227:5
[INFO] [stdout]   39:     0x562768ead497 - <alloc::boxed::Box<F,A> as core::ops::function::FnOnce<Args>>::call_once::h65c29e4642be2358
[INFO] [stdout]                                at /rustc/53fd98ca776cb875bc9e5514f56b52eb74f9e7a9/library/alloc/src/boxed.rs:1572:9
[INFO] [stdout]   40:     0x562768ead497 - <alloc::boxed::Box<F,A> as core::ops::function::FnOnce<Args>>::call_once::hd0f8f7fbbd9fffbf
[INFO] [stdout]                                at /rustc/53fd98ca776cb875bc9e5514f56b52eb74f9e7a9/library/alloc/src/boxed.rs:1572:9
[INFO] [stdout]   41:     0x562768ead497 - std::sys::unix::thread::Thread::new::thread_start::h2fd22fee3ca77b65
[INFO] [stdout]                                at /rustc/53fd98ca776cb875bc9e5514f56b52eb74f9e7a9/library/std/src/sys/unix/thread.rs:74:17
[INFO] [stdout]   42:     0x7fa6a1cc0609 - start_thread
[INFO] [stdout]   43:     0x7fa6a1a92293 - clone
[INFO] [stdout]   44:                0x0 - <unknown>
[INFO] [stdout] 
[INFO] [stdout] 
[INFO] [stdout] failures:
[INFO] [stdout]     run_file_test_tests_integration_number_literals_lox
[INFO] [stdout] 
[INFO] [stdout] test result: FAILED. 242 passed; 1 failed; 0 ignored; 0 measured; 0 filtered out; finished in 0.45s
[INFO] [stdout] 
[INFO] [stderr] error: test failed, to rerun pass '--test integration'
[INFO] running `Command { std: "docker" "inspect" "a8c9356950b0a7c8f91f3d4a164c145bb1ce152dddd38eda20e52fee0c0ecfca", kill_on_drop: false }`
[INFO] running `Command { std: "docker" "rm" "-f" "a8c9356950b0a7c8f91f3d4a164c145bb1ce152dddd38eda20e52fee0c0ecfca", kill_on_drop: false }`
[INFO] [stdout] a8c9356950b0a7c8f91f3d4a164c145bb1ce152dddd38eda20e52fee0c0ecfca
