[INFO] cloning repository https://github.com/ccakes/trk
[INFO] running `Command { std: "git" "-c" "credential.helper=" "-c" "credential.helper=/workspace/cargo-home/bin/git-credential-null" "clone" "--bare" "https://github.com/ccakes/trk" "/workspace/cache/git-repos/https%3A%2F%2Fgithub.com%2Fccakes%2Ftrk", kill_on_drop: false }`
[INFO] [stderr] Cloning into bare repository '/workspace/cache/git-repos/https%3A%2F%2Fgithub.com%2Fccakes%2Ftrk'...
[INFO] running `Command { std: "git" "rev-parse" "HEAD", kill_on_drop: false }`
[INFO] [stdout] 548cb2ccd5fdb9c9af62526a5fce54d17193fc9c
[INFO] testing ccakes/trk against beta-2021-08-01 for beta-1.55-1
[INFO] running `Command { std: "git" "clone" "/workspace/cache/git-repos/https%3A%2F%2Fgithub.com%2Fccakes%2Ftrk" "/workspace/builds/worker-76/source", kill_on_drop: false }`
[INFO] [stderr] Cloning into '/workspace/builds/worker-76/source'...
[INFO] [stderr] done.
[INFO] validating manifest of git repo https://github.com/ccakes/trk on toolchain beta-2021-08-01
[INFO] running `Command { std: "/workspace/cargo-home/bin/cargo" "+beta-2021-08-01" "metadata" "--manifest-path" "Cargo.toml" "--no-deps", kill_on_drop: false }`
[INFO] started tweaking git repo https://github.com/ccakes/trk
[INFO] finished tweaking git repo https://github.com/ccakes/trk
[INFO] tweaked toml for git repo https://github.com/ccakes/trk written to /workspace/builds/worker-76/source/Cargo.toml
[INFO] crate git repo https://github.com/ccakes/trk already has a lockfile, it will not be regenerated
[INFO] running `Command { std: "/workspace/cargo-home/bin/cargo" "+beta-2021-08-01" "fetch" "--manifest-path" "Cargo.toml", kill_on_drop: false }`
[INFO] [stderr]     Blocking waiting for file lock on package cache
[INFO] [stderr]  Downloading crates ...
[INFO] [stderr]   Downloaded read_input v0.5.2
[INFO] running `Command { std: "docker" "create" "-v" "/var/lib/crater-agent-workspace/builds/worker-76/target:/opt/rustwide/target:rw,Z" "-v" "/var/lib/crater-agent-workspace/builds/worker-76/source:/opt/rustwide/workdir:ro,Z" "-v" "/var/lib/crater-agent-workspace/cargo-home:/opt/rustwide/cargo-home:ro,Z" "-v" "/var/lib/crater-agent-workspace/rustup-home:/opt/rustwide/rustup-home:ro,Z" "-e" "SOURCE_DIR=/opt/rustwide/workdir" "-e" "CARGO_TARGET_DIR=/opt/rustwide/target" "-e" "CARGO_HOME=/opt/rustwide/cargo-home" "-e" "RUSTUP_HOME=/opt/rustwide/rustup-home" "-w" "/opt/rustwide/workdir" "-m" "1610612736" "--user" "0:0" "--network" "none" "ghcr.io/rust-lang/crates-build-env/linux@sha256:34b6a614d2c27851fe6cbf88fbd1137609cefab8b10d0615aaeb6fd47975d74e" "/opt/rustwide/cargo-home/bin/cargo" "+beta-2021-08-01" "metadata" "--no-deps" "--format-version=1", kill_on_drop: false }`
[INFO] [stdout] b8815fd88d66778658f8b7ee17c63e71361d9f7d85625c12477efa0b7f322dc0
[INFO] running `Command { std: "docker" "start" "-a" "b8815fd88d66778658f8b7ee17c63e71361d9f7d85625c12477efa0b7f322dc0", kill_on_drop: false }`
[INFO] running `Command { std: "docker" "inspect" "b8815fd88d66778658f8b7ee17c63e71361d9f7d85625c12477efa0b7f322dc0", kill_on_drop: false }`
[INFO] running `Command { std: "docker" "rm" "-f" "b8815fd88d66778658f8b7ee17c63e71361d9f7d85625c12477efa0b7f322dc0", kill_on_drop: false }`
[INFO] [stdout] b8815fd88d66778658f8b7ee17c63e71361d9f7d85625c12477efa0b7f322dc0
[INFO] running `Command { std: "docker" "create" "-v" "/var/lib/crater-agent-workspace/builds/worker-76/target:/opt/rustwide/target:rw,Z" "-v" "/var/lib/crater-agent-workspace/builds/worker-76/source:/opt/rustwide/workdir:ro,Z" "-v" "/var/lib/crater-agent-workspace/cargo-home:/opt/rustwide/cargo-home:ro,Z" "-v" "/var/lib/crater-agent-workspace/rustup-home:/opt/rustwide/rustup-home:ro,Z" "-e" "SOURCE_DIR=/opt/rustwide/workdir" "-e" "CARGO_TARGET_DIR=/opt/rustwide/target" "-e" "CARGO_INCREMENTAL=0" "-e" "RUST_BACKTRACE=full" "-e" "RUSTFLAGS=--cap-lints=warn" "-e" "CARGO_HOME=/opt/rustwide/cargo-home" "-e" "RUSTUP_HOME=/opt/rustwide/rustup-home" "-w" "/opt/rustwide/workdir" "-m" "1610612736" "--user" "0:0" "--network" "none" "ghcr.io/rust-lang/crates-build-env/linux@sha256:34b6a614d2c27851fe6cbf88fbd1137609cefab8b10d0615aaeb6fd47975d74e" "/opt/rustwide/cargo-home/bin/cargo" "+beta-2021-08-01" "build" "--frozen" "--message-format=json", kill_on_drop: false }`
[INFO] [stdout] efd4dfb21d70a9dc4e9ef3ca1ae86399bf611c857cd4aa232287af9e6d425f9f
[INFO] running `Command { std: "docker" "start" "-a" "efd4dfb21d70a9dc4e9ef3ca1ae86399bf611c857cd4aa232287af9e6d425f9f", kill_on_drop: false }`
[INFO] [stderr]    Compiling libc v0.2.45
[INFO] [stderr]    Compiling version_check v0.1.5
[INFO] [stderr]    Compiling cfg-if v0.1.6
[INFO] [stderr]    Compiling proc-macro2 v0.4.20
[INFO] [stderr]    Compiling pkg-config v0.3.14
[INFO] [stderr]    Compiling num-traits v0.2.6
[INFO] [stderr]    Compiling unicode-width v0.1.5
[INFO] [stderr]    Compiling serde v1.0.82
[INFO] [stderr]    Compiling bitflags v1.0.4
[INFO] [stderr]    Compiling byteorder v1.2.7
[INFO] [stderr]    Compiling ansi_term v0.11.0
[INFO] [stderr]    Compiling vec_map v0.8.1
[INFO] [stderr]    Compiling linked-hash-map v0.4.2
[INFO] [stderr]    Compiling lazy_static v1.2.0
[INFO] [stderr]    Compiling encode_unicode v0.3.5
[INFO] [stderr]    Compiling read_input v0.5.2
[INFO] [stderr]    Compiling drawille v0.2.3
[INFO] [stderr]    Compiling log v0.4.6
[INFO] [stderr]    Compiling textwrap v0.10.0
[INFO] [stderr]    Compiling term v0.5.1
[INFO] [stderr]    Compiling lru-cache v0.1.1
[INFO] [stderr]    Compiling fern v0.5.7
[INFO] [stderr]    Compiling libsqlite3-sys v0.10.0
[INFO] [stderr]    Compiling memchr v2.1.2
[INFO] [stderr]    Compiling atty v0.2.11
[INFO] [stderr]    Compiling time v0.1.40
[INFO] [stderr]    Compiling termion v1.5.1
[INFO] [stderr]    Compiling quote v0.6.9
[INFO] [stderr]    Compiling clap v2.32.0
[INFO] [stderr]    Compiling num-integer v0.1.39
[INFO] [stderr]    Compiling csv-core v0.1.4
[INFO] [stderr]    Compiling syn v0.15.17
[INFO] [stderr]    Compiling rusqlite v0.15.0
[INFO] [stderr]    Compiling chrono v0.4.6
[INFO] [stderr]    Compiling structopt-derive v0.2.12
[INFO] [stderr]    Compiling csv v1.0.2
[INFO] [stderr]    Compiling prettytable-rs v0.8.0
[INFO] [stderr]    Compiling structopt v0.2.12
[INFO] [stderr]    Compiling trk v0.2.1 (/opt/rustwide/workdir)
[INFO] [stdout] warning: trait objects without an explicit `dyn` are deprecated
[INFO] [stdout]   --> src/data.rs:66:30
[INFO] [stdout]    |
[INFO] [stdout] 66 |             &[&series.id as &ToSql, &points],
[INFO] [stdout]    |                              ^^^^^ help: use `dyn`: `dyn ToSql`
[INFO] [stdout]    |
[INFO] [stdout]    = note: `#[warn(bare_trait_objects)]` on by default
[INFO] [stdout]    = warning: this is accepted in the current edition (Rust 2015) but is a hard error in Rust 2021!
[INFO] [stdout]    = note: for more information, see issue #80165 <https://github.com/rust-lang/rust/issues/80165>
[INFO] [stdout] 
[INFO] [stdout] 
[INFO] [stdout] warning: trait objects without an explicit `dyn` are deprecated
[INFO] [stdout]   --> src/data.rs:99:30
[INFO] [stdout]    |
[INFO] [stdout] 99 |             &[&series.id as &ToSql, &series.id, &value]
[INFO] [stdout]    |                              ^^^^^ help: use `dyn`: `dyn ToSql`
[INFO] [stdout]    |
[INFO] [stdout]    = warning: this is accepted in the current edition (Rust 2015) but is a hard error in Rust 2021!
[INFO] [stdout]    = note: for more information, see issue #80165 <https://github.com/rust-lang/rust/issues/80165>
[INFO] [stdout] 
[INFO] [stdout] 
[INFO] [stdout] warning: trait objects without an explicit `dyn` are deprecated
[INFO] [stdout]    --> src/data.rs:105:48
[INFO] [stdout]     |
[INFO] [stdout] 105 |         let series_id = ins.insert(&[&name as &ToSql, &unit])?;
[INFO] [stdout]     |                                                ^^^^^ help: use `dyn`: `dyn ToSql`
[INFO] [stdout]     |
[INFO] [stdout]     = warning: this is accepted in the current edition (Rust 2015) but is a hard error in Rust 2021!
[INFO] [stdout]     = note: for more information, see issue #80165 <https://github.com/rust-lang/rust/issues/80165>
[INFO] [stdout] 
[INFO] [stdout] 
[INFO] [stdout] warning: trait objects without an explicit `dyn` are deprecated
[INFO] [stdout]    --> src/data.rs:111:30
[INFO] [stdout]     |
[INFO] [stdout] 111 |             &[&series_id as &ToSql],
[INFO] [stdout]     |                              ^^^^^ help: use `dyn`: `dyn ToSql`
[INFO] [stdout]     |
[INFO] [stdout]     = warning: this is accepted in the current edition (Rust 2015) but is a hard error in Rust 2021!
[INFO] [stdout]     = note: for more information, see issue #80165 <https://github.com/rust-lang/rust/issues/80165>
[INFO] [stdout] 
[INFO] [stdout] 
[INFO] [stdout] warning: trait objects without an explicit `dyn` are deprecated
[INFO] [stdout]    --> src/data.rs:134:30
[INFO] [stdout]     |
[INFO] [stdout] 134 |             &[&series.id as &ToSql]
[INFO] [stdout]     |                              ^^^^^ help: use `dyn`: `dyn ToSql`
[INFO] [stdout]     |
[INFO] [stdout]     = warning: this is accepted in the current edition (Rust 2015) but is a hard error in Rust 2021!
[INFO] [stdout]     = note: for more information, see issue #80165 <https://github.com/rust-lang/rust/issues/80165>
[INFO] [stdout] 
[INFO] [stdout] 
[INFO] [stdout] warning: trait objects without an explicit `dyn` are deprecated
[INFO] [stdout]    --> src/data.rs:139:30
[INFO] [stdout]     |
[INFO] [stdout] 139 |             &[&series.id as &ToSql]
[INFO] [stdout]     |                              ^^^^^ help: use `dyn`: `dyn ToSql`
[INFO] [stdout]     |
[INFO] [stdout]     = warning: this is accepted in the current edition (Rust 2015) but is a hard error in Rust 2021!
[INFO] [stdout]     = note: for more information, see issue #80165 <https://github.com/rust-lang/rust/issues/80165>
[INFO] [stdout] 
[INFO] [stdout] 
[INFO] [stdout] warning: trait objects without an explicit `dyn` are deprecated
[INFO] [stdout]    --> src/data.rs:170:27
[INFO] [stdout]     |
[INFO] [stdout] 170 |             &[&series as &ToSql],
[INFO] [stdout]     |                           ^^^^^ help: use `dyn`: `dyn ToSql`
[INFO] [stdout]     |
[INFO] [stdout]     = warning: this is accepted in the current edition (Rust 2015) but is a hard error in Rust 2021!
[INFO] [stdout]     = note: for more information, see issue #80165 <https://github.com/rust-lang/rust/issues/80165>
[INFO] [stdout] 
[INFO] [stdout] 
[INFO] [stdout] warning: 7 warnings emitted
[INFO] [stdout] 
[INFO] [stdout] 
[INFO] [stderr]     Finished dev [unoptimized + debuginfo] target(s) in 19.94s
[INFO] running `Command { std: "docker" "inspect" "efd4dfb21d70a9dc4e9ef3ca1ae86399bf611c857cd4aa232287af9e6d425f9f", kill_on_drop: false }`
[INFO] running `Command { std: "docker" "rm" "-f" "efd4dfb21d70a9dc4e9ef3ca1ae86399bf611c857cd4aa232287af9e6d425f9f", kill_on_drop: false }`
[INFO] [stdout] efd4dfb21d70a9dc4e9ef3ca1ae86399bf611c857cd4aa232287af9e6d425f9f
[INFO] running `Command { std: "docker" "create" "-v" "/var/lib/crater-agent-workspace/builds/worker-76/target:/opt/rustwide/target:rw,Z" "-v" "/var/lib/crater-agent-workspace/builds/worker-76/source:/opt/rustwide/workdir:ro,Z" "-v" "/var/lib/crater-agent-workspace/cargo-home:/opt/rustwide/cargo-home:ro,Z" "-v" "/var/lib/crater-agent-workspace/rustup-home:/opt/rustwide/rustup-home:ro,Z" "-e" "SOURCE_DIR=/opt/rustwide/workdir" "-e" "CARGO_TARGET_DIR=/opt/rustwide/target" "-e" "CARGO_INCREMENTAL=0" "-e" "RUST_BACKTRACE=full" "-e" "RUSTFLAGS=--cap-lints=warn" "-e" "CARGO_HOME=/opt/rustwide/cargo-home" "-e" "RUSTUP_HOME=/opt/rustwide/rustup-home" "-w" "/opt/rustwide/workdir" "-m" "1610612736" "--user" "0:0" "--network" "none" "ghcr.io/rust-lang/crates-build-env/linux@sha256:34b6a614d2c27851fe6cbf88fbd1137609cefab8b10d0615aaeb6fd47975d74e" "/opt/rustwide/cargo-home/bin/cargo" "+beta-2021-08-01" "test" "--frozen" "--no-run" "--message-format=json", kill_on_drop: false }`
[INFO] [stdout] ef50cff4b1a7f8f00cf2669a51528daf78cf647d35dfcb85ab3c4e19e4845aaa
[INFO] running `Command { std: "docker" "start" "-a" "ef50cff4b1a7f8f00cf2669a51528daf78cf647d35dfcb85ab3c4e19e4845aaa", kill_on_drop: false }`
[INFO] [stderr]    Compiling trk v0.2.1 (/opt/rustwide/workdir)
[INFO] [stdout] warning: trait objects without an explicit `dyn` are deprecated
[INFO] [stdout]   --> src/data.rs:66:30
[INFO] [stdout]    |
[INFO] [stdout] 66 |             &[&series.id as &ToSql, &points],
[INFO] [stdout]    |                              ^^^^^ help: use `dyn`: `dyn ToSql`
[INFO] [stdout]    |
[INFO] [stdout]    = note: `#[warn(bare_trait_objects)]` on by default
[INFO] [stdout]    = warning: this is accepted in the current edition (Rust 2015) but is a hard error in Rust 2021!
[INFO] [stdout]    = note: for more information, see issue #80165 <https://github.com/rust-lang/rust/issues/80165>
[INFO] [stdout] 
[INFO] [stdout] 
[INFO] [stdout] warning: trait objects without an explicit `dyn` are deprecated
[INFO] [stdout]   --> src/data.rs:99:30
[INFO] [stdout]    |
[INFO] [stdout] 99 |             &[&series.id as &ToSql, &series.id, &value]
[INFO] [stdout]    |                              ^^^^^ help: use `dyn`: `dyn ToSql`
[INFO] [stdout]    |
[INFO] [stdout]    = warning: this is accepted in the current edition (Rust 2015) but is a hard error in Rust 2021!
[INFO] [stdout]    = note: for more information, see issue #80165 <https://github.com/rust-lang/rust/issues/80165>
[INFO] [stdout] 
[INFO] [stdout] 
[INFO] [stdout] warning: trait objects without an explicit `dyn` are deprecated
[INFO] [stdout]    --> src/data.rs:105:48
[INFO] [stdout]     |
[INFO] [stdout] 105 |         let series_id = ins.insert(&[&name as &ToSql, &unit])?;
[INFO] [stdout]     |                                                ^^^^^ help: use `dyn`: `dyn ToSql`
[INFO] [stdout]     |
[INFO] [stdout]     = warning: this is accepted in the current edition (Rust 2015) but is a hard error in Rust 2021!
[INFO] [stdout]     = note: for more information, see issue #80165 <https://github.com/rust-lang/rust/issues/80165>
[INFO] [stdout] 
[INFO] [stdout] 
[INFO] [stdout] warning: trait objects without an explicit `dyn` are deprecated
[INFO] [stdout]    --> src/data.rs:111:30
[INFO] [stdout]     |
[INFO] [stdout] 111 |             &[&series_id as &ToSql],
[INFO] [stdout]     |                              ^^^^^ help: use `dyn`: `dyn ToSql`
[INFO] [stdout]     |
[INFO] [stdout]     = warning: this is accepted in the current edition (Rust 2015) but is a hard error in Rust 2021!
[INFO] [stdout]     = note: for more information, see issue #80165 <https://github.com/rust-lang/rust/issues/80165>
[INFO] [stdout] 
[INFO] [stdout] 
[INFO] [stdout] warning: trait objects without an explicit `dyn` are deprecated
[INFO] [stdout]    --> src/data.rs:134:30
[INFO] [stdout]     |
[INFO] [stdout] 134 |             &[&series.id as &ToSql]
[INFO] [stdout]     |                              ^^^^^ help: use `dyn`: `dyn ToSql`
[INFO] [stdout]     |
[INFO] [stdout]     = warning: this is accepted in the current edition (Rust 2015) but is a hard error in Rust 2021!
[INFO] [stdout]     = note: for more information, see issue #80165 <https://github.com/rust-lang/rust/issues/80165>
[INFO] [stdout] 
[INFO] [stdout] 
[INFO] [stdout] warning: trait objects without an explicit `dyn` are deprecated
[INFO] [stdout]    --> src/data.rs:139:30
[INFO] [stdout]     |
[INFO] [stdout] 139 |             &[&series.id as &ToSql]
[INFO] [stdout]     |                              ^^^^^ help: use `dyn`: `dyn ToSql`
[INFO] [stdout]     |
[INFO] [stdout]     = warning: this is accepted in the current edition (Rust 2015) but is a hard error in Rust 2021!
[INFO] [stdout]     = note: for more information, see issue #80165 <https://github.com/rust-lang/rust/issues/80165>
[INFO] [stdout] 
[INFO] [stdout] 
[INFO] [stdout] warning: trait objects without an explicit `dyn` are deprecated
[INFO] [stdout]    --> src/data.rs:170:27
[INFO] [stdout]     |
[INFO] [stdout] 170 |             &[&series as &ToSql],
[INFO] [stdout]     |                           ^^^^^ help: use `dyn`: `dyn ToSql`
[INFO] [stdout]     |
[INFO] [stdout]     = warning: this is accepted in the current edition (Rust 2015) but is a hard error in Rust 2021!
[INFO] [stdout]     = note: for more information, see issue #80165 <https://github.com/rust-lang/rust/issues/80165>
[INFO] [stdout] 
[INFO] [stdout] 
[INFO] [stdout] warning: 7 warnings emitted
[INFO] [stdout] 
[INFO] [stdout] 
[INFO] [stdout] warning: trait objects without an explicit `dyn` are deprecated
[INFO] [stdout]   --> src/data.rs:66:30
[INFO] [stdout]    |
[INFO] [stdout] 66 |             &[&series.id as &ToSql, &points],
[INFO] [stdout]    |                              ^^^^^ help: use `dyn`: `dyn ToSql`
[INFO] [stdout]    |
[INFO] [stdout]    = note: `#[warn(bare_trait_objects)]` on by default
[INFO] [stdout]    = warning: this is accepted in the current edition (Rust 2015) but is a hard error in Rust 2021!
[INFO] [stdout]    = note: for more information, see issue #80165 <https://github.com/rust-lang/rust/issues/80165>
[INFO] [stdout] 
[INFO] [stdout] 
[INFO] [stdout] warning: trait objects without an explicit `dyn` are deprecated
[INFO] [stdout]   --> src/data.rs:99:30
[INFO] [stdout]    |
[INFO] [stdout] 99 |             &[&series.id as &ToSql, &series.id, &value]
[INFO] [stdout]    |                              ^^^^^ help: use `dyn`: `dyn ToSql`
[INFO] [stdout]    |
[INFO] [stdout]    = warning: this is accepted in the current edition (Rust 2015) but is a hard error in Rust 2021!
[INFO] [stdout]    = note: for more information, see issue #80165 <https://github.com/rust-lang/rust/issues/80165>
[INFO] [stdout] 
[INFO] [stdout] 
[INFO] [stdout] warning: trait objects without an explicit `dyn` are deprecated
[INFO] [stdout]    --> src/data.rs:105:48
[INFO] [stdout]     |
[INFO] [stdout] 105 |         let series_id = ins.insert(&[&name as &ToSql, &unit])?;
[INFO] [stdout]     |                                                ^^^^^ help: use `dyn`: `dyn ToSql`
[INFO] [stdout]     |
[INFO] [stdout]     = warning: this is accepted in the current edition (Rust 2015) but is a hard error in Rust 2021!
[INFO] [stdout]     = note: for more information, see issue #80165 <https://github.com/rust-lang/rust/issues/80165>
[INFO] [stdout] 
[INFO] [stdout] 
[INFO] [stdout] warning: trait objects without an explicit `dyn` are deprecated
[INFO] [stdout]    --> src/data.rs:111:30
[INFO] [stdout]     |
[INFO] [stdout] 111 |             &[&series_id as &ToSql],
[INFO] [stdout]     |                              ^^^^^ help: use `dyn`: `dyn ToSql`
[INFO] [stdout]     |
[INFO] [stdout]     = warning: this is accepted in the current edition (Rust 2015) but is a hard error in Rust 2021!
[INFO] [stdout]     = note: for more information, see issue #80165 <https://github.com/rust-lang/rust/issues/80165>
[INFO] [stdout] 
[INFO] [stdout] 
[INFO] [stdout] warning: trait objects without an explicit `dyn` are deprecated
[INFO] [stdout]    --> src/data.rs:134:30
[INFO] [stdout]     |
[INFO] [stdout] 134 |             &[&series.id as &ToSql]
[INFO] [stdout]     |                              ^^^^^ help: use `dyn`: `dyn ToSql`
[INFO] [stdout]     |
[INFO] [stdout]     = warning: this is accepted in the current edition (Rust 2015) but is a hard error in Rust 2021!
[INFO] [stdout]     = note: for more information, see issue #80165 <https://github.com/rust-lang/rust/issues/80165>
[INFO] [stdout] 
[INFO] [stdout] 
[INFO] [stdout] warning: trait objects without an explicit `dyn` are deprecated
[INFO] [stdout]    --> src/data.rs:139:30
[INFO] [stdout]     |
[INFO] [stdout] 139 |             &[&series.id as &ToSql]
[INFO] [stdout]     |                              ^^^^^ help: use `dyn`: `dyn ToSql`
[INFO] [stdout]     |
[INFO] [stdout]     = warning: this is accepted in the current edition (Rust 2015) but is a hard error in Rust 2021!
[INFO] [stdout]     = note: for more information, see issue #80165 <https://github.com/rust-lang/rust/issues/80165>
[INFO] [stdout] 
[INFO] [stdout] 
[INFO] [stdout] warning: trait objects without an explicit `dyn` are deprecated
[INFO] [stdout]    --> src/data.rs:170:27
[INFO] [stdout]     |
[INFO] [stdout] 170 |             &[&series as &ToSql],
[INFO] [stdout]     |                           ^^^^^ help: use `dyn`: `dyn ToSql`
[INFO] [stdout]     |
[INFO] [stdout]     = warning: this is accepted in the current edition (Rust 2015) but is a hard error in Rust 2021!
[INFO] [stdout]     = note: for more information, see issue #80165 <https://github.com/rust-lang/rust/issues/80165>
[INFO] [stdout] 
[INFO] [stdout] 
[INFO] [stdout] warning: 7 warnings emitted
[INFO] [stdout] 
[INFO] [stdout] 
[INFO] [stderr]     Finished test [unoptimized + debuginfo] target(s) in 1.09s
[INFO] running `Command { std: "docker" "inspect" "ef50cff4b1a7f8f00cf2669a51528daf78cf647d35dfcb85ab3c4e19e4845aaa", kill_on_drop: false }`
[INFO] running `Command { std: "docker" "rm" "-f" "ef50cff4b1a7f8f00cf2669a51528daf78cf647d35dfcb85ab3c4e19e4845aaa", kill_on_drop: false }`
[INFO] [stdout] ef50cff4b1a7f8f00cf2669a51528daf78cf647d35dfcb85ab3c4e19e4845aaa
[INFO] running `Command { std: "docker" "create" "-v" "/var/lib/crater-agent-workspace/builds/worker-76/target:/opt/rustwide/target:rw,Z" "-v" "/var/lib/crater-agent-workspace/builds/worker-76/source:/opt/rustwide/workdir:ro,Z" "-v" "/var/lib/crater-agent-workspace/cargo-home:/opt/rustwide/cargo-home:ro,Z" "-v" "/var/lib/crater-agent-workspace/rustup-home:/opt/rustwide/rustup-home:ro,Z" "-e" "SOURCE_DIR=/opt/rustwide/workdir" "-e" "CARGO_TARGET_DIR=/opt/rustwide/target" "-e" "CARGO_INCREMENTAL=0" "-e" "RUST_BACKTRACE=full" "-e" "RUSTFLAGS=--cap-lints=warn" "-e" "CARGO_HOME=/opt/rustwide/cargo-home" "-e" "RUSTUP_HOME=/opt/rustwide/rustup-home" "-w" "/opt/rustwide/workdir" "-m" "1610612736" "--user" "0:0" "--network" "none" "ghcr.io/rust-lang/crates-build-env/linux@sha256:34b6a614d2c27851fe6cbf88fbd1137609cefab8b10d0615aaeb6fd47975d74e" "/opt/rustwide/cargo-home/bin/cargo" "+beta-2021-08-01" "test" "--frozen", kill_on_drop: false }`
[INFO] [stdout] d731b3218927b4ee091a64fb50b6839669065e831d1382fc7b254df35b69c176
[INFO] running `Command { std: "docker" "start" "-a" "d731b3218927b4ee091a64fb50b6839669065e831d1382fc7b254df35b69c176", kill_on_drop: false }`
[INFO] [stderr]     Blocking waiting for file lock on package cache
[INFO] [stderr] warning: trait objects without an explicit `dyn` are deprecated
[INFO] [stderr]   --> src/data.rs:66:30
[INFO] [stderr]    |
[INFO] [stderr] 66 |             &[&series.id as &ToSql, &points],
[INFO] [stderr]    |                              ^^^^^ help: use `dyn`: `dyn ToSql`
[INFO] [stderr]    |
[INFO] [stderr]    = note: `#[warn(bare_trait_objects)]` on by default
[INFO] [stderr]    = warning: this is accepted in the current edition (Rust 2015) but is a hard error in Rust 2021!
[INFO] [stderr]    = note: for more information, see issue #80165 <https://github.com/rust-lang/rust/issues/80165>
[INFO] [stderr] 
[INFO] [stderr] warning: trait objects without an explicit `dyn` are deprecated
[INFO] [stderr]   --> src/data.rs:99:30
[INFO] [stderr]    |
[INFO] [stderr] 99 |             &[&series.id as &ToSql, &series.id, &value]
[INFO] [stderr]    |                              ^^^^^ help: use `dyn`: `dyn ToSql`
[INFO] [stderr]    |
[INFO] [stderr]    = warning: this is accepted in the current edition (Rust 2015) but is a hard error in Rust 2021!
[INFO] [stderr]    = note: for more information, see issue #80165 <https://github.com/rust-lang/rust/issues/80165>
[INFO] [stderr] 
[INFO] [stderr] warning: trait objects without an explicit `dyn` are deprecated
[INFO] [stderr]    --> src/data.rs:105:48
[INFO] [stderr]     |
[INFO] [stderr] 105 |         let series_id = ins.insert(&[&name as &ToSql, &unit])?;
[INFO] [stderr]     |                                                ^^^^^ help: use `dyn`: `dyn ToSql`
[INFO] [stderr]     |
[INFO] [stderr]     = warning: this is accepted in the current edition (Rust 2015) but is a hard error in Rust 2021!
[INFO] [stderr]     = note: for more information, see issue #80165 <https://github.com/rust-lang/rust/issues/80165>
[INFO] [stderr] 
[INFO] [stderr] warning: trait objects without an explicit `dyn` are deprecated
[INFO] [stderr]    --> src/data.rs:111:30
[INFO] [stderr]     |
[INFO] [stderr] 111 |             &[&series_id as &ToSql],
[INFO] [stderr]     |                              ^^^^^ help: use `dyn`: `dyn ToSql`
[INFO] [stderr]     |
[INFO] [stderr]     = warning: this is accepted in the current edition (Rust 2015) but is a hard error in Rust 2021!
[INFO] [stderr]     = note: for more information, see issue #80165 <https://github.com/rust-lang/rust/issues/80165>
[INFO] [stderr] 
[INFO] [stderr] warning: trait objects without an explicit `dyn` are deprecated
[INFO] [stderr]    --> src/data.rs:134:30
[INFO] [stderr]     |
[INFO] [stderr] 134 |             &[&series.id as &ToSql]
[INFO] [stderr]     |                              ^^^^^ help: use `dyn`: `dyn ToSql`
[INFO] [stderr]     |
[INFO] [stderr]     = warning: this is accepted in the current edition (Rust 2015) but is a hard error in Rust 2021!
[INFO] [stderr]     = note: for more information, see issue #80165 <https://github.com/rust-lang/rust/issues/80165>
[INFO] [stderr] 
[INFO] [stderr] warning: trait objects without an explicit `dyn` are deprecated
[INFO] [stderr]    --> src/data.rs:139:30
[INFO] [stderr]     |
[INFO] [stderr] 139 |             &[&series.id as &ToSql]
[INFO] [stderr]     |                              ^^^^^ help: use `dyn`: `dyn ToSql`
[INFO] [stderr]     |
[INFO] [stderr]     = warning: this is accepted in the current edition (Rust 2015) but is a hard error in Rust 2021!
[INFO] [stderr]     = note: for more information, see issue #80165 <https://github.com/rust-lang/rust/issues/80165>
[INFO] [stderr] 
[INFO] [stderr] warning: trait objects without an explicit `dyn` are deprecated
[INFO] [stderr]    --> src/data.rs:170:27
[INFO] [stderr]     |
[INFO] [stderr] 170 |             &[&series as &ToSql],
[INFO] [stderr]     |                           ^^^^^ help: use `dyn`: `dyn ToSql`
[INFO] [stderr]     |
[INFO] [stderr]     = warning: this is accepted in the current edition (Rust 2015) but is a hard error in Rust 2021!
[INFO] [stderr]     = note: for more information, see issue #80165 <https://github.com/rust-lang/rust/issues/80165>
[INFO] [stderr] 
[INFO] [stderr] warning: `trk` (lib) generated 7 warnings
[INFO] [stderr] warning: `trk` (lib test) generated 7 warnings (7 duplicates)
[INFO] [stderr]     Finished test [unoptimized + debuginfo] target(s) in 0.28s
[INFO] [stderr]      Running unittests (/opt/rustwide/target/debug/deps/trk-25a8ba5e0421e2a0)
[INFO] [stdout] 
[INFO] [stderr]      Running unittests (/opt/rustwide/target/debug/deps/trk-d1c39d4953b7776b)
[INFO] [stdout] running 0 tests
[INFO] [stdout] 
[INFO] [stdout] test result: ok. 0 passed; 0 failed; 0 ignored; 0 measured; 0 filtered out; finished in 0.00s
[INFO] [stdout] 
[INFO] [stderr]    Doc-tests trk
[INFO] [stdout] 
[INFO] [stdout] running 0 tests
[INFO] [stdout] 
[INFO] [stdout] test result: ok. 0 passed; 0 failed; 0 ignored; 0 measured; 0 filtered out; finished in 0.00s
[INFO] [stdout] 
[INFO] [stdout] 
[INFO] [stdout] running 5 tests
[INFO] [stdout] test src/textplots/scale.rs - textplots::scale::Scale::inv_linear (line 27) ... FAILED
[INFO] [stdout] test src/textplots/utils.rs - textplots::utils::histogram (line 6) ... FAILED
[INFO] [stdout] test src/textplots/scale.rs - textplots::scale::Scale::linear (line 13) ... FAILED
[INFO] [stdout] test src/textplots/mod.rs - textplots (line 22) ... FAILED
[INFO] [stdout] test src/textplots/mod.rs - textplots (line 39) ... FAILED
[INFO] [stdout] 
[INFO] [stdout] failures:
[INFO] [stdout] 
[INFO] [stdout] ---- src/textplots/scale.rs - textplots::scale::Scale::inv_linear (line 27) stdout ----
[INFO] [stdout] error[E0463]: can't find crate for `textplots`
[INFO] [stdout]  --> src/textplots/scale.rs:27:1
[INFO] [stdout]   |
[INFO] [stdout] 2 | extern crate textplots;
[INFO] [stdout]   | ^^^^^^^^^^^^^^^^^^^^^^^ can't find crate
[INFO] [stdout] 
[INFO] [stdout] error: aborting due to previous error
[INFO] [stdout] 
[INFO] [stdout] For more information about this error, try `rustc --explain E0463`.
[INFO] [stdout] Couldn't compile the test.
[INFO] [stdout] ---- src/textplots/utils.rs - textplots::utils::histogram (line 6) stdout ----
[INFO] [stdout] error[E0463]: can't find crate for `textplots`
[INFO] [stdout]  --> src/textplots/utils.rs:6:1
[INFO] [stdout]   |
[INFO] [stdout] 2 | extern crate textplots;
[INFO] [stdout]   | ^^^^^^^^^^^^^^^^^^^^^^^ can't find crate
[INFO] [stdout] 
[INFO] [stdout] error: aborting due to previous error
[INFO] [stdout] 
[INFO] [stdout] For more information about this error, try `rustc --explain E0463`.
[INFO] [stdout] Couldn't compile the test.
[INFO] [stdout] ---- src/textplots/scale.rs - textplots::scale::Scale::linear (line 13) stdout ----
[INFO] [stdout] error[E0463]: can't find crate for `textplots`
[INFO] [stdout]  --> src/textplots/scale.rs:13:1
[INFO] [stdout]   |
[INFO] [stdout] 2 | extern crate textplots;
[INFO] [stdout]   | ^^^^^^^^^^^^^^^^^^^^^^^ can't find crate
[INFO] [stdout] 
[INFO] [stdout] error: aborting due to previous error
[INFO] [stdout] 
[INFO] [stdout] For more information about this error, try `rustc --explain E0463`.
[INFO] [stdout] Couldn't compile the test.
[INFO] [stdout] ---- src/textplots/mod.rs - textplots (line 22) stdout ----
[INFO] [stdout] error[E0463]: can't find crate for `textplots`
[INFO] [stdout]  --> src/textplots/mod.rs:23:1
[INFO] [stdout]   |
[INFO] [stdout] 2 | extern crate textplots;
[INFO] [stdout]   | ^^^^^^^^^^^^^^^^^^^^^^^ can't find crate
[INFO] [stdout] 
[INFO] [stdout] error: aborting due to previous error
[INFO] [stdout] 
[INFO] [stdout] For more information about this error, try `rustc --explain E0463`.
[INFO] [stdout] Couldn't compile the test.
[INFO] [stdout] ---- src/textplots/mod.rs - textplots (line 39) stdout ----
[INFO] [stdout] error[E0432]: unresolved import `textplots`
[INFO] [stdout]  --> src/textplots/mod.rs:40:5
[INFO] [stdout]   |
[INFO] [stdout] 3 | use textplots::{Chart, Plot, Shape};
[INFO] [stdout]   |     ^^^^^^^^^ maybe a missing crate `textplots`?
[INFO] [stdout] 
[INFO] [stdout] error: aborting due to previous error
[INFO] [stdout] 
[INFO] [stdout] For more information about this error, try `rustc --explain E0432`.
[INFO] [stdout] Couldn't compile the test.
[INFO] [stdout] 
[INFO] [stdout] failures:
[INFO] [stdout]     src/textplots/mod.rs - textplots (line 22)
[INFO] [stdout]     src/textplots/mod.rs - textplots (line 39)
[INFO] [stdout]     src/textplots/scale.rs - textplots::scale::Scale::inv_linear (line 27)
[INFO] [stdout]     src/textplots/scale.rs - textplots::scale::Scale::linear (line 13)
[INFO] [stdout]     src/textplots/utils.rs - textplots::utils::histogram (line 6)
[INFO] [stdout] 
[INFO] [stdout] test result: FAILED. 0 passed; 5 failed; 0 ignored; 0 measured; 0 filtered out; finished in 0.28s
[INFO] [stdout] 
[INFO] [stderr] error: test failed, to rerun pass '--doc'
[INFO] running `Command { std: "docker" "inspect" "d731b3218927b4ee091a64fb50b6839669065e831d1382fc7b254df35b69c176", kill_on_drop: false }`
[INFO] running `Command { std: "docker" "rm" "-f" "d731b3218927b4ee091a64fb50b6839669065e831d1382fc7b254df35b69c176", kill_on_drop: false }`
[INFO] [stdout] d731b3218927b4ee091a64fb50b6839669065e831d1382fc7b254df35b69c176
