[INFO] cloning repository https://github.com/ccakes/bmp-client-rs
[INFO] running `Command { std: "git" "-c" "credential.helper=" "-c" "credential.helper=/workspace/cargo-home/bin/git-credential-null" "clone" "--bare" "https://github.com/ccakes/bmp-client-rs" "/workspace/cache/git-repos/https%3A%2F%2Fgithub.com%2Fccakes%2Fbmp-client-rs", kill_on_drop: false }`
[INFO] [stderr] Cloning into bare repository '/workspace/cache/git-repos/https%3A%2F%2Fgithub.com%2Fccakes%2Fbmp-client-rs'...
[INFO] running `Command { std: "git" "rev-parse" "HEAD", kill_on_drop: false }`
[INFO] [stdout] 6de8f27fffe5d61c4d8f7efdff25be3974daad29
[INFO] testing ccakes/bmp-client-rs against 1.54.0 for beta-1.55-1
[INFO] running `Command { std: "git" "clone" "/workspace/cache/git-repos/https%3A%2F%2Fgithub.com%2Fccakes%2Fbmp-client-rs" "/workspace/builds/worker-61/source", kill_on_drop: false }`
[INFO] [stderr] Cloning into '/workspace/builds/worker-61/source'...
[INFO] [stderr] done.
[INFO] validating manifest of git repo https://github.com/ccakes/bmp-client-rs on toolchain 1.54.0
[INFO] running `Command { std: "/workspace/cargo-home/bin/cargo" "+1.54.0" "metadata" "--manifest-path" "Cargo.toml" "--no-deps", kill_on_drop: false }`
[INFO] started tweaking git repo https://github.com/ccakes/bmp-client-rs
[INFO] finished tweaking git repo https://github.com/ccakes/bmp-client-rs
[INFO] tweaked toml for git repo https://github.com/ccakes/bmp-client-rs written to /workspace/builds/worker-61/source/Cargo.toml
[INFO] crate git repo https://github.com/ccakes/bmp-client-rs already has a lockfile, it will not be regenerated
[INFO] running `Command { std: "/workspace/cargo-home/bin/cargo" "+1.54.0" "fetch" "--manifest-path" "Cargo.toml", kill_on_drop: false }`
[INFO] [stderr]     Blocking waiting for file lock on package cache
[INFO] [stderr]     Updating crates.io index
[INFO] [stderr]     Blocking waiting for file lock on package cache
[INFO] running `Command { std: "docker" "create" "-v" "/var/lib/crater-agent-workspace/builds/worker-61/target:/opt/rustwide/target:rw,Z" "-v" "/var/lib/crater-agent-workspace/builds/worker-61/source:/opt/rustwide/workdir:ro,Z" "-v" "/var/lib/crater-agent-workspace/cargo-home:/opt/rustwide/cargo-home:ro,Z" "-v" "/var/lib/crater-agent-workspace/rustup-home:/opt/rustwide/rustup-home:ro,Z" "-e" "SOURCE_DIR=/opt/rustwide/workdir" "-e" "CARGO_TARGET_DIR=/opt/rustwide/target" "-e" "CARGO_HOME=/opt/rustwide/cargo-home" "-e" "RUSTUP_HOME=/opt/rustwide/rustup-home" "-w" "/opt/rustwide/workdir" "-m" "1610612736" "--user" "0:0" "--network" "none" "ghcr.io/rust-lang/crates-build-env/linux@sha256:34b6a614d2c27851fe6cbf88fbd1137609cefab8b10d0615aaeb6fd47975d74e" "/opt/rustwide/cargo-home/bin/cargo" "+1.54.0" "metadata" "--no-deps" "--format-version=1", kill_on_drop: false }`
[INFO] [stdout] 8b813958fcfcddedd0ff1eaced7ed588d3a8c4e3e32877a36c7cb126c73211ec
[INFO] running `Command { std: "docker" "start" "-a" "8b813958fcfcddedd0ff1eaced7ed588d3a8c4e3e32877a36c7cb126c73211ec", kill_on_drop: false }`
[INFO] running `Command { std: "docker" "inspect" "8b813958fcfcddedd0ff1eaced7ed588d3a8c4e3e32877a36c7cb126c73211ec", kill_on_drop: false }`
[INFO] running `Command { std: "docker" "rm" "-f" "8b813958fcfcddedd0ff1eaced7ed588d3a8c4e3e32877a36c7cb126c73211ec", kill_on_drop: false }`
[INFO] [stdout] 8b813958fcfcddedd0ff1eaced7ed588d3a8c4e3e32877a36c7cb126c73211ec
[INFO] running `Command { std: "docker" "create" "-v" "/var/lib/crater-agent-workspace/builds/worker-61/target:/opt/rustwide/target:rw,Z" "-v" "/var/lib/crater-agent-workspace/builds/worker-61/source:/opt/rustwide/workdir:ro,Z" "-v" "/var/lib/crater-agent-workspace/cargo-home:/opt/rustwide/cargo-home:ro,Z" "-v" "/var/lib/crater-agent-workspace/rustup-home:/opt/rustwide/rustup-home:ro,Z" "-e" "SOURCE_DIR=/opt/rustwide/workdir" "-e" "CARGO_TARGET_DIR=/opt/rustwide/target" "-e" "CARGO_INCREMENTAL=0" "-e" "RUST_BACKTRACE=full" "-e" "RUSTFLAGS=--cap-lints=warn" "-e" "CARGO_HOME=/opt/rustwide/cargo-home" "-e" "RUSTUP_HOME=/opt/rustwide/rustup-home" "-w" "/opt/rustwide/workdir" "-m" "1610612736" "--user" "0:0" "--network" "none" "ghcr.io/rust-lang/crates-build-env/linux@sha256:34b6a614d2c27851fe6cbf88fbd1137609cefab8b10d0615aaeb6fd47975d74e" "/opt/rustwide/cargo-home/bin/cargo" "+1.54.0" "build" "--frozen" "--message-format=json", kill_on_drop: false }`
[INFO] [stdout] d652308fa3aab4e8de54a6a2a1c1a28f52163b81cb398e7e1f61b7df475c50f2
[INFO] running `Command { std: "docker" "start" "-a" "d652308fa3aab4e8de54a6a2a1c1a28f52163b81cb398e7e1f61b7df475c50f2", kill_on_drop: false }`
[INFO] [stderr]    Compiling proc-macro2 v1.0.28
[INFO] [stderr]    Compiling libc v0.2.98
[INFO] [stderr]    Compiling unicode-xid v0.2.2
[INFO] [stderr]    Compiling syn v1.0.74
[INFO] [stderr]    Compiling cfg-if v0.1.9
[INFO] [stderr]    Compiling proc-macro2 v0.4.30
[INFO] [stderr]    Compiling slab v0.4.4
[INFO] [stderr]    Compiling futures-core v0.3.16
[INFO] [stderr]    Compiling byteorder v1.3.1
[INFO] [stderr]    Compiling syn v0.15.34
[INFO] [stderr]    Compiling bytes v0.5.6
[INFO] [stderr]    Compiling serde v1.0.91
[INFO] [stderr]    Compiling pin-project-lite v0.1.12
[INFO] [stderr]    Compiling ahash v0.3.8
[INFO] [stderr]    Compiling pin-project-lite v0.2.7
[INFO] [stderr]    Compiling futures-sink v0.3.16
[INFO] [stderr]    Compiling hashbrown v0.7.2
[INFO] [stderr]    Compiling tracing-core v0.1.18
[INFO] [stderr]    Compiling log v0.4.6
[INFO] [stderr]    Compiling quote v1.0.9
[INFO] [stderr]    Compiling iovec v0.1.4
[INFO] [stderr]    Compiling net2 v0.2.37
[INFO] [stderr]    Compiling bgp-rs v0.6.0
[INFO] [stderr]    Compiling mio v0.6.23
[INFO] [stderr]    Compiling mio-uds v0.6.8
[INFO] [stderr]    Compiling quote v0.6.12
[INFO] [stderr]    Compiling serde_derive v1.0.91
[INFO] [stderr]    Compiling tokio-macros v0.2.6
[INFO] [stderr]    Compiling tracing-attributes v0.1.15
[INFO] [stderr]    Compiling tokio v0.2.25
[INFO] [stderr]    Compiling tracing v0.1.26
[INFO] [stderr]    Compiling tokio-util v0.3.1
[INFO] [stderr]    Compiling bmp-protocol v0.1.3
[INFO] [stderr]    Compiling bmp-client v0.1.1 (/opt/rustwide/workdir)
[INFO] [stderr]     Finished dev [unoptimized + debuginfo] target(s) in 26.48s
[INFO] running `Command { std: "docker" "inspect" "d652308fa3aab4e8de54a6a2a1c1a28f52163b81cb398e7e1f61b7df475c50f2", kill_on_drop: false }`
[INFO] running `Command { std: "docker" "rm" "-f" "d652308fa3aab4e8de54a6a2a1c1a28f52163b81cb398e7e1f61b7df475c50f2", kill_on_drop: false }`
[INFO] [stdout] d652308fa3aab4e8de54a6a2a1c1a28f52163b81cb398e7e1f61b7df475c50f2
[INFO] running `Command { std: "docker" "create" "-v" "/var/lib/crater-agent-workspace/builds/worker-61/target:/opt/rustwide/target:rw,Z" "-v" "/var/lib/crater-agent-workspace/builds/worker-61/source:/opt/rustwide/workdir:ro,Z" "-v" "/var/lib/crater-agent-workspace/cargo-home:/opt/rustwide/cargo-home:ro,Z" "-v" "/var/lib/crater-agent-workspace/rustup-home:/opt/rustwide/rustup-home:ro,Z" "-e" "SOURCE_DIR=/opt/rustwide/workdir" "-e" "CARGO_TARGET_DIR=/opt/rustwide/target" "-e" "CARGO_INCREMENTAL=0" "-e" "RUST_BACKTRACE=full" "-e" "RUSTFLAGS=--cap-lints=warn" "-e" "CARGO_HOME=/opt/rustwide/cargo-home" "-e" "RUSTUP_HOME=/opt/rustwide/rustup-home" "-w" "/opt/rustwide/workdir" "-m" "1610612736" "--user" "0:0" "--network" "none" "ghcr.io/rust-lang/crates-build-env/linux@sha256:34b6a614d2c27851fe6cbf88fbd1137609cefab8b10d0615aaeb6fd47975d74e" "/opt/rustwide/cargo-home/bin/cargo" "+1.54.0" "test" "--frozen" "--no-run" "--message-format=json", kill_on_drop: false }`
[INFO] [stdout] 1b316ce28be50a28668ec5b1ad8f5dcfd3945435a0a4dc47a7b99ee7066b9983
[INFO] running `Command { std: "docker" "start" "-a" "1b316ce28be50a28668ec5b1ad8f5dcfd3945435a0a4dc47a7b99ee7066b9983", kill_on_drop: false }`
[INFO] [stderr]    Compiling bmp-client v0.1.1 (/opt/rustwide/workdir)
[INFO] [stderr]     Finished test [unoptimized + debuginfo] target(s) in 2.12s
[INFO] running `Command { std: "docker" "inspect" "1b316ce28be50a28668ec5b1ad8f5dcfd3945435a0a4dc47a7b99ee7066b9983", kill_on_drop: false }`
[INFO] running `Command { std: "docker" "rm" "-f" "1b316ce28be50a28668ec5b1ad8f5dcfd3945435a0a4dc47a7b99ee7066b9983", kill_on_drop: false }`
[INFO] [stdout] 1b316ce28be50a28668ec5b1ad8f5dcfd3945435a0a4dc47a7b99ee7066b9983
[INFO] running `Command { std: "docker" "create" "-v" "/var/lib/crater-agent-workspace/builds/worker-61/target:/opt/rustwide/target:rw,Z" "-v" "/var/lib/crater-agent-workspace/builds/worker-61/source:/opt/rustwide/workdir:ro,Z" "-v" "/var/lib/crater-agent-workspace/cargo-home:/opt/rustwide/cargo-home:ro,Z" "-v" "/var/lib/crater-agent-workspace/rustup-home:/opt/rustwide/rustup-home:ro,Z" "-e" "SOURCE_DIR=/opt/rustwide/workdir" "-e" "CARGO_TARGET_DIR=/opt/rustwide/target" "-e" "CARGO_INCREMENTAL=0" "-e" "RUST_BACKTRACE=full" "-e" "RUSTFLAGS=--cap-lints=warn" "-e" "CARGO_HOME=/opt/rustwide/cargo-home" "-e" "RUSTUP_HOME=/opt/rustwide/rustup-home" "-w" "/opt/rustwide/workdir" "-m" "1610612736" "--user" "0:0" "--network" "none" "ghcr.io/rust-lang/crates-build-env/linux@sha256:34b6a614d2c27851fe6cbf88fbd1137609cefab8b10d0615aaeb6fd47975d74e" "/opt/rustwide/cargo-home/bin/cargo" "+1.54.0" "test" "--frozen", kill_on_drop: false }`
[INFO] [stdout] ea535217edee9d89cc18854b40222fb81f5d61391f4ea68d6b09a7df1ceaf81d
[INFO] running `Command { std: "docker" "start" "-a" "ea535217edee9d89cc18854b40222fb81f5d61391f4ea68d6b09a7df1ceaf81d", kill_on_drop: false }`
[INFO] [stderr]     Finished test [unoptimized + debuginfo] target(s) in 0.16s
[INFO] [stderr]      Running unittests (/opt/rustwide/target/debug/deps/bmp_client-0e9c3cf82760ca42)
[INFO] [stdout] 
[INFO] [stdout] running 0 tests
[INFO] [stdout] 
[INFO] [stdout] test result: ok. 0 passed; 0 failed; 0 ignored; 0 measured; 0 filtered out; finished in 0.00s
[INFO] [stdout] 
[INFO] [stderr]    Doc-tests bmp-client
[INFO] [stdout] 
[INFO] [stdout] running 1 test
[INFO] [stdout] test src/client.rs - client::BmpClient (line 20) ... FAILED
[INFO] [stdout] 
[INFO] [stdout] failures:
[INFO] [stdout] 
[INFO] [stdout] ---- src/client.rs - client::BmpClient (line 20) stdout ----
[INFO] [stdout] error[E0433]: failed to resolve: use of undeclared type `BmpClient`
[INFO] [stdout]  --> src/client.rs:21:14
[INFO] [stdout]   |
[INFO] [stdout] 3 | let client = BmpClient::new(tcp_stream)?;
[INFO] [stdout]   |              ^^^^^^^^^ not found in this scope
[INFO] [stdout]   |
[INFO] [stdout] help: consider importing this struct
[INFO] [stdout]   |
[INFO] [stdout] 2 | use bmp_client::BmpClient;
[INFO] [stdout]   |
[INFO] [stdout] 
[INFO] [stdout] error[E0425]: cannot find value `tcp_stream` in this scope
[INFO] [stdout]  --> src/client.rs:21:29
[INFO] [stdout]   |
[INFO] [stdout] 3 | let client = BmpClient::new(tcp_stream)?;
[INFO] [stdout]   |                             ^^^^^^^^^^ not found in this scope
[INFO] [stdout] 
[INFO] [stdout] error[E0277]: the `?` operator can only be used in a function that returns `Result` or `Option` (or another type that implements `FromResidual`)
[INFO] [stdout]  --> src/client.rs:21:40
[INFO] [stdout]   |
[INFO] [stdout] 2 |   fn main() { #[allow(non_snake_case)] fn _doctest_main_src_client_rs_20_0() {
[INFO] [stdout]   |  ______________________________________-
[INFO] [stdout] 3 | | let client = BmpClient::new(tcp_stream)?;
[INFO] [stdout]   | |                                        ^ cannot use the `?` operator in a function that returns `()`
[INFO] [stdout] 4 | | let decoded_message = client.recv()?;
[INFO] [stdout] 5 | | } _doctest_main_src_client_rs_20_0() }
[INFO] [stdout]   | |_- this function should return `Result` or `Option` to accept `?`
[INFO] [stdout]   |
[INFO] [stdout]   = help: the trait `FromResidual<_>` is not implemented for `()`
[INFO] [stdout]   = note: required by `from_residual`
[INFO] [stdout] 
[INFO] [stdout] error[E0277]: the `?` operator can only be used in a function that returns `Result` or `Option` (or another type that implements `FromResidual`)
[INFO] [stdout]  --> src/client.rs:22:36
[INFO] [stdout]   |
[INFO] [stdout] 2 |   fn main() { #[allow(non_snake_case)] fn _doctest_main_src_client_rs_20_0() {
[INFO] [stdout]   |  ______________________________________-
[INFO] [stdout] 3 | | let client = BmpClient::new(tcp_stream)?;
[INFO] [stdout] 4 | | let decoded_message = client.recv()?;
[INFO] [stdout]   | |                                    ^ cannot use the `?` operator in a function that returns `()`
[INFO] [stdout] 5 | | } _doctest_main_src_client_rs_20_0() }
[INFO] [stdout]   | |_- this function should return `Result` or `Option` to accept `?`
[INFO] [stdout]   |
[INFO] [stdout]   = help: the trait `FromResidual<_>` is not implemented for `()`
[INFO] [stdout]   = note: required by `from_residual`
[INFO] [stdout] 
[INFO] [stdout] error: aborting due to 4 previous errors
[INFO] [stdout] 
[INFO] [stdout] Some errors have detailed explanations: E0277, E0425, E0433.
[INFO] [stdout] For more information about an error, try `rustc --explain E0277`.
[INFO] [stdout] Couldn't compile the test.
[INFO] [stdout] 
[INFO] [stdout] failures:
[INFO] [stdout]     src/client.rs - client::BmpClient (line 20)
[INFO] [stdout] 
[INFO] [stdout] test result: FAILED. 0 passed; 1 failed; 0 ignored; 0 measured; 0 filtered out; finished in 0.28s
[INFO] [stdout] 
[INFO] [stderr] error: test failed, to rerun pass '--doc'
[INFO] running `Command { std: "docker" "inspect" "ea535217edee9d89cc18854b40222fb81f5d61391f4ea68d6b09a7df1ceaf81d", kill_on_drop: false }`
[INFO] running `Command { std: "docker" "rm" "-f" "ea535217edee9d89cc18854b40222fb81f5d61391f4ea68d6b09a7df1ceaf81d", kill_on_drop: false }`
[INFO] [stdout] ea535217edee9d89cc18854b40222fb81f5d61391f4ea68d6b09a7df1ceaf81d
