[INFO] cloning repository https://github.com/casey/warpwallet-rs
[INFO] running `Command { std: "git" "-c" "credential.helper=" "-c" "credential.helper=/workspace/cargo-home/bin/git-credential-null" "clone" "--bare" "https://github.com/casey/warpwallet-rs" "/workspace/cache/git-repos/https%3A%2F%2Fgithub.com%2Fcasey%2Fwarpwallet-rs", kill_on_drop: false }`
[INFO] [stderr] Cloning into bare repository '/workspace/cache/git-repos/https%3A%2F%2Fgithub.com%2Fcasey%2Fwarpwallet-rs'...
[INFO] running `Command { std: "git" "rev-parse" "HEAD", kill_on_drop: false }`
[INFO] [stdout] 6f9c2fa0b8fc069f631aeee1cc7a360115609415
[INFO] testing casey/warpwallet-rs against 1.54.0 for beta-1.55-1
[INFO] running `Command { std: "git" "clone" "/workspace/cache/git-repos/https%3A%2F%2Fgithub.com%2Fcasey%2Fwarpwallet-rs" "/workspace/builds/worker-8/source", kill_on_drop: false }`
[INFO] [stderr] Cloning into '/workspace/builds/worker-8/source'...
[INFO] [stderr] done.
[INFO] validating manifest of git repo https://github.com/casey/warpwallet-rs on toolchain 1.54.0
[INFO] running `Command { std: "/workspace/cargo-home/bin/cargo" "+1.54.0" "metadata" "--manifest-path" "Cargo.toml" "--no-deps", kill_on_drop: false }`
[INFO] started tweaking git repo https://github.com/casey/warpwallet-rs
[INFO] finished tweaking git repo https://github.com/casey/warpwallet-rs
[INFO] tweaked toml for git repo https://github.com/casey/warpwallet-rs written to /workspace/builds/worker-8/source/Cargo.toml
[INFO] crate git repo https://github.com/casey/warpwallet-rs already has a lockfile, it will not be regenerated
[INFO] running `Command { std: "/workspace/cargo-home/bin/cargo" "+1.54.0" "fetch" "--manifest-path" "Cargo.toml", kill_on_drop: false }`
[INFO] [stderr]     Blocking waiting for file lock on package cache
[INFO] running `Command { std: "docker" "create" "-v" "/var/lib/crater-agent-workspace/builds/worker-8/target:/opt/rustwide/target:rw,Z" "-v" "/var/lib/crater-agent-workspace/builds/worker-8/source:/opt/rustwide/workdir:ro,Z" "-v" "/var/lib/crater-agent-workspace/cargo-home:/opt/rustwide/cargo-home:ro,Z" "-v" "/var/lib/crater-agent-workspace/rustup-home:/opt/rustwide/rustup-home:ro,Z" "-e" "SOURCE_DIR=/opt/rustwide/workdir" "-e" "CARGO_TARGET_DIR=/opt/rustwide/target" "-e" "CARGO_HOME=/opt/rustwide/cargo-home" "-e" "RUSTUP_HOME=/opt/rustwide/rustup-home" "-w" "/opt/rustwide/workdir" "-m" "1610612736" "--user" "0:0" "--network" "none" "ghcr.io/rust-lang/crates-build-env/linux@sha256:34b6a614d2c27851fe6cbf88fbd1137609cefab8b10d0615aaeb6fd47975d74e" "/opt/rustwide/cargo-home/bin/cargo" "+1.54.0" "metadata" "--no-deps" "--format-version=1", kill_on_drop: false }`
[INFO] [stdout] f698ade3ee863ac2770ceeb97b4e8a76c3ff3056f3f9f350aaf90f630a1d0806
[INFO] running `Command { std: "docker" "start" "-a" "f698ade3ee863ac2770ceeb97b4e8a76c3ff3056f3f9f350aaf90f630a1d0806", kill_on_drop: false }`
[INFO] running `Command { std: "docker" "inspect" "f698ade3ee863ac2770ceeb97b4e8a76c3ff3056f3f9f350aaf90f630a1d0806", kill_on_drop: false }`
[INFO] running `Command { std: "docker" "rm" "-f" "f698ade3ee863ac2770ceeb97b4e8a76c3ff3056f3f9f350aaf90f630a1d0806", kill_on_drop: false }`
[INFO] [stdout] f698ade3ee863ac2770ceeb97b4e8a76c3ff3056f3f9f350aaf90f630a1d0806
[INFO] running `Command { std: "docker" "create" "-v" "/var/lib/crater-agent-workspace/builds/worker-8/target:/opt/rustwide/target:rw,Z" "-v" "/var/lib/crater-agent-workspace/builds/worker-8/source:/opt/rustwide/workdir:ro,Z" "-v" "/var/lib/crater-agent-workspace/cargo-home:/opt/rustwide/cargo-home:ro,Z" "-v" "/var/lib/crater-agent-workspace/rustup-home:/opt/rustwide/rustup-home:ro,Z" "-e" "SOURCE_DIR=/opt/rustwide/workdir" "-e" "CARGO_TARGET_DIR=/opt/rustwide/target" "-e" "CARGO_INCREMENTAL=0" "-e" "RUST_BACKTRACE=full" "-e" "RUSTFLAGS=--cap-lints=warn" "-e" "CARGO_HOME=/opt/rustwide/cargo-home" "-e" "RUSTUP_HOME=/opt/rustwide/rustup-home" "-w" "/opt/rustwide/workdir" "-m" "1610612736" "--user" "0:0" "--network" "none" "ghcr.io/rust-lang/crates-build-env/linux@sha256:34b6a614d2c27851fe6cbf88fbd1137609cefab8b10d0615aaeb6fd47975d74e" "/opt/rustwide/cargo-home/bin/cargo" "+1.54.0" "build" "--frozen" "--message-format=json", kill_on_drop: false }`
[INFO] [stdout] 6ee4bfa7d77a19018b904efa50910575fd5ddc507f172840ce7a7ee215c38ba0
[INFO] running `Command { std: "docker" "start" "-a" "6ee4bfa7d77a19018b904efa50910575fd5ddc507f172840ce7a7ee215c38ba0", kill_on_drop: false }`
[INFO] [stderr]    Compiling libc v0.2.20
[INFO] [stderr]    Compiling rustc-serialize v0.3.22
[INFO] [stderr]    Compiling num-traits v0.1.36
[INFO] [stderr]    Compiling gcc v0.3.43
[INFO] [stderr]    Compiling winapi-build v0.1.1
[INFO] [stderr]    Compiling semver v0.1.20
[INFO] [stderr]    Compiling log v0.3.6
[INFO] [stderr]    Compiling matches v0.1.4
[INFO] [stderr]    Compiling winapi v0.2.8
[INFO] [stderr]    Compiling odds v0.2.25
[INFO] [stderr]    Compiling ring v0.6.3
[INFO] [stderr]    Compiling quote v0.3.12
[INFO] [stderr]    Compiling language-tags v0.0.7
[INFO] [stderr]    Compiling httparse v1.2.1
[INFO] [stderr]    Compiling backtrace v0.3.0
[INFO] [stderr]    Compiling traitobject v0.0.1
[INFO] [stderr]    Compiling rustc-demangle v0.1.3
[INFO] [stderr]    Compiling untrusted v0.3.2
[INFO] [stderr]    Compiling lazy_static v0.2.2
[INFO] [stderr]    Compiling cfg-if v0.1.0
[INFO] [stderr]    Compiling itoa v0.3.1
[INFO] [stderr]    Compiling dtoa v0.4.1
[INFO] [stderr]    Compiling serde v0.9.7
[INFO] [stderr]    Compiling vec_map v0.6.0
[INFO] [stderr]    Compiling byteorder v0.3.13
[INFO] [stderr]    Compiling unicode-segmentation v1.1.0
[INFO] [stderr]    Compiling regex-syntax v0.4.0
[INFO] [stderr]    Compiling hpack v0.2.0
[INFO] [stderr]    Compiling num-integer v0.1.32
[INFO] [stderr]    Compiling dbghelp-sys v0.2.0
[INFO] [stderr]    Compiling kernel32-sys v0.2.2
[INFO] [stderr]    Compiling syn v0.11.4
[INFO] [stderr]    Compiling nodrop v0.1.8
[INFO] [stderr]    Compiling rustc_version v0.1.7
[INFO] [stderr]    Compiling num-iter v0.1.32
[INFO] [stderr]    Compiling arrayvec v0.3.20
[INFO] [stderr]    Compiling solicit v0.4.4
[INFO] [stderr]    Compiling rand v0.3.15
[INFO] [stderr]    Compiling time v0.1.36
[INFO] [stderr]    Compiling num_cpus v0.2.13
[INFO] [stderr]    Compiling thread-id v3.0.0
[INFO] [stderr]    Compiling memchr v1.0.1
[INFO] [stderr]    Compiling term_size v0.2.2
[INFO] [stderr]    Compiling unicase v1.4.0
[INFO] [stderr]    Compiling backtrace-sys v0.1.8
[INFO] [stderr]    Compiling secp256k1 v0.6.0
[INFO] [stderr]    Compiling rust-crypto v0.2.36
[INFO] [stderr]    Compiling clap v2.20.3
[INFO] [stderr]    Compiling thread_local v0.3.2
[INFO] [stderr]    Compiling aho-corasick v0.6.2
[INFO] [stderr]    Compiling tempdir v0.3.5
[INFO] [stderr]    Compiling brev v0.1.7
[INFO] [stderr]    Compiling regex v0.2.1
[INFO] [stderr]    Compiling serde_codegen_internals v0.13.0
[INFO] [stderr]    Compiling serde_json v0.9.6
[INFO] [stderr]    Compiling serde_derive v0.9.7
[INFO] [stderr]    Compiling num-bigint v0.1.35
[INFO] [stderr]    Compiling num-complex v0.1.35
[INFO] [stderr]    Compiling uuid v0.1.18
[INFO] [stderr]    Compiling url v0.2.38
[INFO] [stderr]    Compiling ring-pwhash v0.1.2
[INFO] [stderr]    Compiling num-rational v0.1.35
[INFO] [stderr]    Compiling cookie v0.1.21
[INFO] [stderr]    Compiling num v0.1.36
[INFO] [stderr]    Compiling serde v0.6.15
[INFO] [stderr]    Compiling mime v0.1.3
[INFO] [stderr]    Compiling strason v0.3.4
[INFO] [stderr]    Compiling serde_json v0.6.1
[INFO] [stderr]    Compiling hyper v0.6.16
[INFO] [stderr]    Compiling jsonrpc v0.7.6
[INFO] [stderr]    Compiling bitcoin v0.9.0
[INFO] [stderr]    Compiling error-chain v0.9.0
[INFO] [stderr]    Compiling warpwallet v0.0.0 (/opt/rustwide/workdir)
[INFO] [stdout] warning: use of deprecated associated function `std::error::Error::description`: use the Display impl or to_string()
[INFO] [stdout]   --> src/main.rs:19:1
[INFO] [stdout]    |
[INFO] [stdout] 19 | / error_chain!{
[INFO] [stdout] 20 | |   types {
[INFO] [stdout] 21 | |     Error, ErrorKind, ResultExt;
[INFO] [stdout] 22 | |   }
[INFO] [stdout] ...  |
[INFO] [stdout] 34 | |   }
[INFO] [stdout] 35 | | }
[INFO] [stdout]    | |_^
[INFO] [stdout]    |
[INFO] [stdout]    = note: `#[warn(deprecated)]` on by default
[INFO] [stdout]    = note: this warning originates in the macro `error_chain_processed` (in Nightly builds, run with -Z macro-backtrace for more info)
[INFO] [stdout] 
[INFO] [stdout] 
[INFO] [stdout] warning: use of deprecated associated function `std::error::Error::cause`: replaced by Error::source, which can support downcasting
[INFO] [stdout]   --> src/main.rs:19:1
[INFO] [stdout]    |
[INFO] [stdout] 19 | / error_chain!{
[INFO] [stdout] 20 | |   types {
[INFO] [stdout] 21 | |     Error, ErrorKind, ResultExt;
[INFO] [stdout] 22 | |   }
[INFO] [stdout] ...  |
[INFO] [stdout] 34 | |   }
[INFO] [stdout] 35 | | }
[INFO] [stdout]    | |_^
[INFO] [stdout]    |
[INFO] [stdout]    = note: this warning originates in the macro `error_chain_processed` (in Nightly builds, run with -Z macro-backtrace for more info)
[INFO] [stdout] 
[INFO] [stdout] 
[INFO] [stdout] warning: field is never read: `s1`
[INFO] [stdout]   --> src/main.rs:60:3
[INFO] [stdout]    |
[INFO] [stdout] 60 |   s1:          Seed,
[INFO] [stdout]    |   ^^^^^^^^^^^^^^^^^
[INFO] [stdout]    |
[INFO] [stdout]    = note: `#[warn(dead_code)]` on by default
[INFO] [stdout] 
[INFO] [stdout] 
[INFO] [stdout] warning: field is never read: `s2`
[INFO] [stdout]   --> src/main.rs:61:3
[INFO] [stdout]    |
[INFO] [stdout] 61 |   s2:          Seed,
[INFO] [stdout]    |   ^^^^^^^^^^^^^^^^^
[INFO] [stdout] 
[INFO] [stdout] 
[INFO] [stdout] warning: field is never read: `s3`
[INFO] [stdout]   --> src/main.rs:62:3
[INFO] [stdout]    |
[INFO] [stdout] 62 |   s3:          Seed,
[INFO] [stdout]    |   ^^^^^^^^^^^^^^^^^
[INFO] [stdout] 
[INFO] [stdout] 
[INFO] [stdout] warning: field is never read: `address`
[INFO] [stdout]   --> src/main.rs:63:3
[INFO] [stdout]    |
[INFO] [stdout] 63 |   address:     String,
[INFO] [stdout]    |   ^^^^^^^^^^^^^^^^^^^
[INFO] [stdout] 
[INFO] [stdout] 
[INFO] [stdout] warning: field is never read: `private_key`
[INFO] [stdout]   --> src/main.rs:64:3
[INFO] [stdout]    |
[INFO] [stdout] 64 |   private_key: String,
[INFO] [stdout]    |   ^^^^^^^^^^^^^^^^^^^
[INFO] [stdout] 
[INFO] [stdout] 
[INFO] [stdout] warning: associated function is never used: `from_hex`
[INFO] [stdout]   --> src/main.rs:79:6
[INFO] [stdout]    |
[INFO] [stdout] 79 |   fn from_hex(hex: &str) -> Result<Seed, FromHexError> {
[INFO] [stdout]    |      ^^^^^^^^
[INFO] [stdout] 
[INFO] [stdout] 
[INFO] [stdout] warning: 8 warnings emitted
[INFO] [stdout] 
[INFO] [stdout] 
[INFO] [stderr]     Finished dev [unoptimized + debuginfo] target(s) in 42.18s
[INFO] running `Command { std: "docker" "inspect" "6ee4bfa7d77a19018b904efa50910575fd5ddc507f172840ce7a7ee215c38ba0", kill_on_drop: false }`
[INFO] running `Command { std: "docker" "rm" "-f" "6ee4bfa7d77a19018b904efa50910575fd5ddc507f172840ce7a7ee215c38ba0", kill_on_drop: false }`
[INFO] [stdout] 6ee4bfa7d77a19018b904efa50910575fd5ddc507f172840ce7a7ee215c38ba0
[INFO] running `Command { std: "docker" "create" "-v" "/var/lib/crater-agent-workspace/builds/worker-8/target:/opt/rustwide/target:rw,Z" "-v" "/var/lib/crater-agent-workspace/builds/worker-8/source:/opt/rustwide/workdir:ro,Z" "-v" "/var/lib/crater-agent-workspace/cargo-home:/opt/rustwide/cargo-home:ro,Z" "-v" "/var/lib/crater-agent-workspace/rustup-home:/opt/rustwide/rustup-home:ro,Z" "-e" "SOURCE_DIR=/opt/rustwide/workdir" "-e" "CARGO_TARGET_DIR=/opt/rustwide/target" "-e" "CARGO_INCREMENTAL=0" "-e" "RUST_BACKTRACE=full" "-e" "RUSTFLAGS=--cap-lints=warn" "-e" "CARGO_HOME=/opt/rustwide/cargo-home" "-e" "RUSTUP_HOME=/opt/rustwide/rustup-home" "-w" "/opt/rustwide/workdir" "-m" "1610612736" "--user" "0:0" "--network" "none" "ghcr.io/rust-lang/crates-build-env/linux@sha256:34b6a614d2c27851fe6cbf88fbd1137609cefab8b10d0615aaeb6fd47975d74e" "/opt/rustwide/cargo-home/bin/cargo" "+1.54.0" "test" "--frozen" "--no-run" "--message-format=json", kill_on_drop: false }`
[INFO] [stdout] 42d75c364aaa2f8b37f1dca01914cc3351732453373d0b5ec0965a7f6a4ae9ab
[INFO] running `Command { std: "docker" "start" "-a" "42d75c364aaa2f8b37f1dca01914cc3351732453373d0b5ec0965a7f6a4ae9ab", kill_on_drop: false }`
[INFO] [stderr]    Compiling warpwallet v0.0.0 (/opt/rustwide/workdir)
[INFO] [stdout] warning: use of deprecated associated function `std::error::Error::description`: use the Display impl or to_string()
[INFO] [stdout]   --> src/main.rs:19:1
[INFO] [stdout]    |
[INFO] [stdout] 19 | / error_chain!{
[INFO] [stdout] 20 | |   types {
[INFO] [stdout] 21 | |     Error, ErrorKind, ResultExt;
[INFO] [stdout] 22 | |   }
[INFO] [stdout] ...  |
[INFO] [stdout] 34 | |   }
[INFO] [stdout] 35 | | }
[INFO] [stdout]    | |_^
[INFO] [stdout]    |
[INFO] [stdout]    = note: `#[warn(deprecated)]` on by default
[INFO] [stdout]    = note: this warning originates in the macro `error_chain_processed` (in Nightly builds, run with -Z macro-backtrace for more info)
[INFO] [stdout] 
[INFO] [stdout] 
[INFO] [stdout] warning: use of deprecated associated function `std::error::Error::cause`: replaced by Error::source, which can support downcasting
[INFO] [stdout]   --> src/main.rs:19:1
[INFO] [stdout]    |
[INFO] [stdout] 19 | / error_chain!{
[INFO] [stdout] 20 | |   types {
[INFO] [stdout] 21 | |     Error, ErrorKind, ResultExt;
[INFO] [stdout] 22 | |   }
[INFO] [stdout] ...  |
[INFO] [stdout] 34 | |   }
[INFO] [stdout] 35 | | }
[INFO] [stdout]    | |_^
[INFO] [stdout]    |
[INFO] [stdout]    = note: this warning originates in the macro `error_chain_processed` (in Nightly builds, run with -Z macro-backtrace for more info)
[INFO] [stdout] 
[INFO] [stdout] 
[INFO] [stdout] warning: field is never read: `private_key`
[INFO] [stdout]   --> src/main.rs:64:3
[INFO] [stdout]    |
[INFO] [stdout] 64 |   private_key: String,
[INFO] [stdout]    |   ^^^^^^^^^^^^^^^^^^^
[INFO] [stdout]    |
[INFO] [stdout]    = note: `#[warn(dead_code)]` on by default
[INFO] [stdout] 
[INFO] [stdout] 
[INFO] [stdout] warning: 3 warnings emitted
[INFO] [stdout] 
[INFO] [stdout] 
[INFO] [stderr]     Finished test [unoptimized + debuginfo] target(s) in 3.47s
[INFO] running `Command { std: "docker" "inspect" "42d75c364aaa2f8b37f1dca01914cc3351732453373d0b5ec0965a7f6a4ae9ab", kill_on_drop: false }`
[INFO] running `Command { std: "docker" "rm" "-f" "42d75c364aaa2f8b37f1dca01914cc3351732453373d0b5ec0965a7f6a4ae9ab", kill_on_drop: false }`
[INFO] [stdout] 42d75c364aaa2f8b37f1dca01914cc3351732453373d0b5ec0965a7f6a4ae9ab
[INFO] running `Command { std: "docker" "create" "-v" "/var/lib/crater-agent-workspace/builds/worker-8/target:/opt/rustwide/target:rw,Z" "-v" "/var/lib/crater-agent-workspace/builds/worker-8/source:/opt/rustwide/workdir:ro,Z" "-v" "/var/lib/crater-agent-workspace/cargo-home:/opt/rustwide/cargo-home:ro,Z" "-v" "/var/lib/crater-agent-workspace/rustup-home:/opt/rustwide/rustup-home:ro,Z" "-e" "SOURCE_DIR=/opt/rustwide/workdir" "-e" "CARGO_TARGET_DIR=/opt/rustwide/target" "-e" "CARGO_INCREMENTAL=0" "-e" "RUST_BACKTRACE=full" "-e" "RUSTFLAGS=--cap-lints=warn" "-e" "CARGO_HOME=/opt/rustwide/cargo-home" "-e" "RUSTUP_HOME=/opt/rustwide/rustup-home" "-w" "/opt/rustwide/workdir" "-m" "1610612736" "--user" "0:0" "--network" "none" "ghcr.io/rust-lang/crates-build-env/linux@sha256:34b6a614d2c27851fe6cbf88fbd1137609cefab8b10d0615aaeb6fd47975d74e" "/opt/rustwide/cargo-home/bin/cargo" "+1.54.0" "test" "--frozen", kill_on_drop: false }`
[INFO] [stdout] 107adae3db01d382fc5c8581165aa0b7d2493ec8c37b3f98e4ef2c4fdd3893e2
[INFO] running `Command { std: "docker" "start" "-a" "107adae3db01d382fc5c8581165aa0b7d2493ec8c37b3f98e4ef2c4fdd3893e2", kill_on_drop: false }`
[INFO] [stderr] warning: use of deprecated associated function `std::error::Error::description`: use the Display impl or to_string()
[INFO] [stderr]   --> src/main.rs:19:1
[INFO] [stderr]    |
[INFO] [stderr] 19 | / error_chain!{
[INFO] [stderr] 20 | |   types {
[INFO] [stderr] 21 | |     Error, ErrorKind, ResultExt;
[INFO] [stderr] 22 | |   }
[INFO] [stderr] ...  |
[INFO] [stderr] 34 | |   }
[INFO] [stderr] 35 | | }
[INFO] [stderr]    | |_^
[INFO] [stderr]    |
[INFO] [stderr]    = note: `#[warn(deprecated)]` on by default
[INFO] [stderr]    = note: this warning originates in the macro `error_chain_processed` (in Nightly builds, run with -Z macro-backtrace for more info)
[INFO] [stderr] 
[INFO] [stderr] warning: use of deprecated associated function `std::error::Error::cause`: replaced by Error::source, which can support downcasting
[INFO] [stderr]   --> src/main.rs:19:1
[INFO] [stderr]    |
[INFO] [stderr] 19 | / error_chain!{
[INFO] [stderr] 20 | |   types {
[INFO] [stderr] 21 | |     Error, ErrorKind, ResultExt;
[INFO] [stderr] 22 | |   }
[INFO] [stderr] ...  |
[INFO] [stderr] 34 | |   }
[INFO] [stderr] 35 | | }
[INFO] [stderr]    | |_^
[INFO] [stderr]    |
[INFO] [stderr]    = note: this warning originates in the macro `error_chain_processed` (in Nightly builds, run with -Z macro-backtrace for more info)
[INFO] [stderr] 
[INFO] [stderr] warning: field is never read: `private_key`
[INFO] [stderr]   --> src/main.rs:64:3
[INFO] [stderr]    |
[INFO] [stderr] 64 |   private_key: String,
[INFO] [stderr]    |   ^^^^^^^^^^^^^^^^^^^
[INFO] [stderr]    |
[INFO] [stderr]    = note: `#[warn(dead_code)]` on by default
[INFO] [stderr] 
[INFO] [stderr] warning: 3 warnings emitted
[INFO] [stderr] 
[INFO] [stderr]     Finished test [unoptimized + debuginfo] target(s) in 0.06s
[INFO] [stderr]      Running unittests (/opt/rustwide/target/debug/deps/warpwallet-8e6b6b5357a30010)
[INFO] [stdout] 
[INFO] [stdout] running 5 tests
[INFO] [stdout] test parse_arguments_success ... ok
[INFO] [stdout] test empty_passphrase ... ok
[INFO] [stdout] test empty_salt ... ok
[INFO] [stdout] test bad_salt ... ok
[INFO] [stdout] test spec has been running for over 60 seconds
[INFO] [stdout] test spec ... FAILED
[INFO] [stdout] 
[INFO] [stdout] failures:
[INFO] [stdout] 
[INFO] [stdout] ---- spec stdout ----
[INFO] [stdout] testing vector 0:
[INFO] [stdout] passphrase: ER8FT+HFjk0
[INFO] [stdout] salt:       7DpniYifN6c
[INFO] [stdout] s1:         b58e47817de4d3901694b68bc8566ed5af9bec21e7a3bd56be114e204ac148b
[INFO] [stdout] s2:         daab156024167271f4f894e91213f6cd52cd243dd19c712675dc1debeef114
[INFO] [stdout] s3:         6f2552e159f2a1e1e26c2262da459818fd56c81c363fcc70b94c423def42e59f
[INFO] [stdout] thread 'spec' panicked at 'assertion failed: `(left == right)`
[INFO] [stdout]   left: `"1J32CmwScqhwnNQ77cKv9q41JGwoZe2JYQ"`,
[INFO] [stdout]  right: `"13bzP15gq6YJ3hQigCCEVeZRuiWS5"`', src/main.rs:405:5
[INFO] [stdout] stack backtrace:
[INFO] [stdout]    0:     0x561c1187a260 - std::backtrace_rs::backtrace::libunwind::trace::h34055254b57d8e79
[INFO] [stdout]                                at /rustc/a178d0322ce20e33eac124758e837cbd80a6f633/library/std/src/../../backtrace/src/backtrace/libunwind.rs:90:5
[INFO] [stdout]    1:     0x561c1187a260 - std::backtrace_rs::backtrace::trace_unsynchronized::h8f1e3fbd9afff6ec
[INFO] [stdout]                                at /rustc/a178d0322ce20e33eac124758e837cbd80a6f633/library/std/src/../../backtrace/src/backtrace/mod.rs:66:5
[INFO] [stdout]    2:     0x561c1187a260 - std::sys_common::backtrace::_print_fmt::h3a99a796b770c360
[INFO] [stdout]                                at /rustc/a178d0322ce20e33eac124758e837cbd80a6f633/library/std/src/sys_common/backtrace.rs:67:5
[INFO] [stdout]    3:     0x561c1187a260 - <std::sys_common::backtrace::_print::DisplayBacktrace as core::fmt::Display>::fmt::h32d1f94a80615d18
[INFO] [stdout]                                at /rustc/a178d0322ce20e33eac124758e837cbd80a6f633/library/std/src/sys_common/backtrace.rs:46:22
[INFO] [stdout]    4:     0x561c1189df9c - core::fmt::write::h306731c068f7162c
[INFO] [stdout]                                at /rustc/a178d0322ce20e33eac124758e837cbd80a6f633/library/core/src/fmt/mod.rs:1110:17
[INFO] [stdout]    5:     0x561c11877065 - std::io::Write::write_fmt::h87f19b0a2cd190bc
[INFO] [stdout]                                at /rustc/a178d0322ce20e33eac124758e837cbd80a6f633/library/std/src/io/mod.rs:1588:15
[INFO] [stdout]    6:     0x561c1187c3db - std::sys_common::backtrace::_print::h5abaa2601a852287
[INFO] [stdout]                                at /rustc/a178d0322ce20e33eac124758e837cbd80a6f633/library/std/src/sys_common/backtrace.rs:49:5
[INFO] [stdout]    7:     0x561c1187c3db - std::sys_common::backtrace::print::h8d81445442bb638f
[INFO] [stdout]                                at /rustc/a178d0322ce20e33eac124758e837cbd80a6f633/library/std/src/sys_common/backtrace.rs:36:9
[INFO] [stdout]    8:     0x561c1187c3db - std::panicking::default_hook::{{closure}}::hcfe804496a9fa747
[INFO] [stdout]                                at /rustc/a178d0322ce20e33eac124758e837cbd80a6f633/library/std/src/panicking.rs:208:50
[INFO] [stdout]    9:     0x561c1187beec - std::panicking::default_hook::hbea8e3ccf2ba8901
[INFO] [stdout]                                at /rustc/a178d0322ce20e33eac124758e837cbd80a6f633/library/std/src/panicking.rs:222:9
[INFO] [stdout]   10:     0x561c1187caa4 - std::panicking::rust_panic_with_hook::h7ee9e1a2d0f8975a
[INFO] [stdout]                                at /rustc/a178d0322ce20e33eac124758e837cbd80a6f633/library/std/src/panicking.rs:622:17
[INFO] [stdout]   11:     0x561c1187c587 - std::panicking::begin_panic_handler::{{closure}}::h8ab3b4491718b2c7
[INFO] [stdout]                                at /rustc/a178d0322ce20e33eac124758e837cbd80a6f633/library/std/src/panicking.rs:519:13
[INFO] [stdout]   12:     0x561c1187a75c - std::sys_common::backtrace::__rust_end_short_backtrace::hd489062ffa586a9f
[INFO] [stdout]                                at /rustc/a178d0322ce20e33eac124758e837cbd80a6f633/library/std/src/sys_common/backtrace.rs:141:18
[INFO] [stdout]   13:     0x561c1187c4e9 - rust_begin_unwind
[INFO] [stdout]                                at /rustc/a178d0322ce20e33eac124758e837cbd80a6f633/library/std/src/panicking.rs:515:5
[INFO] [stdout]   14:     0x561c115478c1 - core::panicking::panic_fmt::hca6330e3e14086b4
[INFO] [stdout]                                at /rustc/a178d0322ce20e33eac124758e837cbd80a6f633/library/core/src/panicking.rs:92:14
[INFO] [stdout]   15:     0x561c1189c8b8 - core::panicking::assert_failed_inner::h33b45280069a80ed
[INFO] [stdout]   16:     0x561c115a629a - core::panicking::assert_failed::hc442089a241241f0
[INFO] [stdout]                                at /rustc/a178d0322ce20e33eac124758e837cbd80a6f633/library/core/src/panicking.rs:117:5
[INFO] [stdout]   17:     0x561c11589456 - warpwallet::spec::h636d756f98780d5c
[INFO] [stdout]                                at /opt/rustwide/workdir/src/main.rs:405:5
[INFO] [stdout]   18:     0x561c115886ca - warpwallet::spec::{{closure}}::h504e0c298b142842
[INFO] [stdout]                                at /opt/rustwide/workdir/src/main.rs:374:1
[INFO] [stdout]   19:     0x561c1158a91e - core::ops::function::FnOnce::call_once::h5a38628395ff2b26
[INFO] [stdout]                                at /rustc/a178d0322ce20e33eac124758e837cbd80a6f633/library/core/src/ops/function.rs:227:5
[INFO] [stdout]   20:     0x561c115d1ba3 - core::ops::function::FnOnce::call_once::h152e7e439ff59e19
[INFO] [stdout]                                at /rustc/a178d0322ce20e33eac124758e837cbd80a6f633/library/core/src/ops/function.rs:227:5
[INFO] [stdout]   21:     0x561c115d1ba3 - test::__rust_begin_short_backtrace::h0908f3b1fdbb72ab
[INFO] [stdout]                                at /rustc/a178d0322ce20e33eac124758e837cbd80a6f633/library/test/src/lib.rs:577:5
[INFO] [stdout]   22:     0x561c115d0660 - <alloc::boxed::Box<F,A> as core::ops::function::FnOnce<Args>>::call_once::hf6d2a51e5587546c
[INFO] [stdout]                                at /rustc/a178d0322ce20e33eac124758e837cbd80a6f633/library/alloc/src/boxed.rs:1575:9
[INFO] [stdout]   23:     0x561c115d0660 - <std::panic::AssertUnwindSafe<F> as core::ops::function::FnOnce<()>>::call_once::h8af660f3a89ef593
[INFO] [stdout]                                at /rustc/a178d0322ce20e33eac124758e837cbd80a6f633/library/std/src/panic.rs:347:9
[INFO] [stdout]   24:     0x561c115d0660 - std::panicking::try::do_call::hd36aef60f84b6d36
[INFO] [stdout]                                at /rustc/a178d0322ce20e33eac124758e837cbd80a6f633/library/std/src/panicking.rs:401:40
[INFO] [stdout]   25:     0x561c115d0660 - std::panicking::try::h9932b4480e69817c
[INFO] [stdout]                                at /rustc/a178d0322ce20e33eac124758e837cbd80a6f633/library/std/src/panicking.rs:365:19
[INFO] [stdout]   26:     0x561c115d0660 - std::panic::catch_unwind::h6aa177099cfff5f8
[INFO] [stdout]                                at /rustc/a178d0322ce20e33eac124758e837cbd80a6f633/library/std/src/panic.rs:434:14
[INFO] [stdout]   27:     0x561c115d0660 - test::run_test_in_process::h5884d6f2d99e20c3
[INFO] [stdout]                                at /rustc/a178d0322ce20e33eac124758e837cbd80a6f633/library/test/src/lib.rs:600:18
[INFO] [stdout]   28:     0x561c115d0660 - test::run_test::run_test_inner::{{closure}}::h6fdc58c6d5f5b6e3
[INFO] [stdout]                                at /rustc/a178d0322ce20e33eac124758e837cbd80a6f633/library/test/src/lib.rs:492:39
[INFO] [stdout]   29:     0x561c115a9d12 - test::run_test::run_test_inner::{{closure}}::h408365d67a78ade8
[INFO] [stdout]                                at /rustc/a178d0322ce20e33eac124758e837cbd80a6f633/library/test/src/lib.rs:519:37
[INFO] [stdout]   30:     0x561c115a9d12 - std::sys_common::backtrace::__rust_begin_short_backtrace::hb560b77c4f701523
[INFO] [stdout]                                at /rustc/a178d0322ce20e33eac124758e837cbd80a6f633/library/std/src/sys_common/backtrace.rs:125:18
[INFO] [stdout]   31:     0x561c115ad8c8 - std::thread::Builder::spawn_unchecked::{{closure}}::{{closure}}::hf2e7831dad93c597
[INFO] [stdout]                                at /rustc/a178d0322ce20e33eac124758e837cbd80a6f633/library/std/src/thread/mod.rs:481:17
[INFO] [stdout]   32:     0x561c115ad8c8 - <std::panic::AssertUnwindSafe<F> as core::ops::function::FnOnce<()>>::call_once::hd2e08783d8be4d02
[INFO] [stdout]                                at /rustc/a178d0322ce20e33eac124758e837cbd80a6f633/library/std/src/panic.rs:347:9
[INFO] [stdout]   33:     0x561c115ad8c8 - std::panicking::try::do_call::h062597b7acfd6b82
[INFO] [stdout]                                at /rustc/a178d0322ce20e33eac124758e837cbd80a6f633/library/std/src/panicking.rs:401:40
[INFO] [stdout]   34:     0x561c115ad8c8 - std::panicking::try::h0d7b79db04c14552
[INFO] [stdout]                                at /rustc/a178d0322ce20e33eac124758e837cbd80a6f633/library/std/src/panicking.rs:365:19
[INFO] [stdout]   35:     0x561c115ad8c8 - std::panic::catch_unwind::hb01a0b5e7c8cd43b
[INFO] [stdout]                                at /rustc/a178d0322ce20e33eac124758e837cbd80a6f633/library/std/src/panic.rs:434:14
[INFO] [stdout]   36:     0x561c115ad8c8 - std::thread::Builder::spawn_unchecked::{{closure}}::h5bde48cc887e0d1e
[INFO] [stdout]                                at /rustc/a178d0322ce20e33eac124758e837cbd80a6f633/library/std/src/thread/mod.rs:480:30
[INFO] [stdout]   37:     0x561c115ad8c8 - core::ops::function::FnOnce::call_once{{vtable.shim}}::h745ea30807a29e55
[INFO] [stdout]                                at /rustc/a178d0322ce20e33eac124758e837cbd80a6f633/library/core/src/ops/function.rs:227:5
[INFO] [stdout]   38:     0x561c11881577 - <alloc::boxed::Box<F,A> as core::ops::function::FnOnce<Args>>::call_once::h7ece6cfefaff1005
[INFO] [stdout]                                at /rustc/a178d0322ce20e33eac124758e837cbd80a6f633/library/alloc/src/boxed.rs:1575:9
[INFO] [stdout]   39:     0x561c11881577 - <alloc::boxed::Box<F,A> as core::ops::function::FnOnce<Args>>::call_once::hb8b48e55c21f193e
[INFO] [stdout]                                at /rustc/a178d0322ce20e33eac124758e837cbd80a6f633/library/alloc/src/boxed.rs:1575:9
[INFO] [stdout]   40:     0x561c11881577 - std::sys::unix::thread::Thread::new::thread_start::h8c7c4450dba62914
[INFO] [stdout]                                at /rustc/a178d0322ce20e33eac124758e837cbd80a6f633/library/std/src/sys/unix/thread.rs:71:17
[INFO] [stdout]   41:     0x7f9b4ea7e609 - start_thread
[INFO] [stdout]   42:     0x7f9b4e850293 - clone
[INFO] [stdout]   43:                0x0 - <unknown>
[INFO] [stdout] 
[INFO] [stdout] 
[INFO] [stdout] failures:
[INFO] [stdout]     spec
[INFO] [stdout] 
[INFO] [stdout] test result: FAILED. 4 passed; 1 failed; 0 ignored; 0 measured; 0 filtered out; finished in 104.26s
[INFO] [stdout] 
[INFO] [stderr] error: test failed, to rerun pass '--bin warpwallet'
[INFO] running `Command { std: "docker" "inspect" "107adae3db01d382fc5c8581165aa0b7d2493ec8c37b3f98e4ef2c4fdd3893e2", kill_on_drop: false }`
[INFO] running `Command { std: "docker" "rm" "-f" "107adae3db01d382fc5c8581165aa0b7d2493ec8c37b3f98e4ef2c4fdd3893e2", kill_on_drop: false }`
[INFO] [stdout] 107adae3db01d382fc5c8581165aa0b7d2493ec8c37b3f98e4ef2c4fdd3893e2
