[INFO] cloning repository https://github.com/casey/odin
[INFO] running `Command { std: "git" "-c" "credential.helper=" "-c" "credential.helper=/workspace/cargo-home/bin/git-credential-null" "clone" "--bare" "https://github.com/casey/odin" "/workspace/cache/git-repos/https%3A%2F%2Fgithub.com%2Fcasey%2Fodin", kill_on_drop: false }`
[INFO] [stderr] Cloning into bare repository '/workspace/cache/git-repos/https%3A%2F%2Fgithub.com%2Fcasey%2Fodin'...
[INFO] running `Command { std: "git" "rev-parse" "HEAD", kill_on_drop: false }`
[INFO] [stdout] acebf3656b648e26d36a1a1dc41aabe52356b5cc
[INFO] testing casey/odin against 1.54.0 for beta-1.55-1
[INFO] running `Command { std: "git" "clone" "/workspace/cache/git-repos/https%3A%2F%2Fgithub.com%2Fcasey%2Fodin" "/workspace/builds/worker-12/source", kill_on_drop: false }`
[INFO] [stderr] Cloning into '/workspace/builds/worker-12/source'...
[INFO] [stderr] done.
[INFO] validating manifest of git repo https://github.com/casey/odin on toolchain 1.54.0
[INFO] running `Command { std: "/workspace/cargo-home/bin/cargo" "+1.54.0" "metadata" "--manifest-path" "Cargo.toml" "--no-deps", kill_on_drop: false }`
[INFO] started tweaking git repo https://github.com/casey/odin
[INFO] finished tweaking git repo https://github.com/casey/odin
[INFO] tweaked toml for git repo https://github.com/casey/odin written to /workspace/builds/worker-12/source/Cargo.toml
[INFO] crate git repo https://github.com/casey/odin already has a lockfile, it will not be regenerated
[INFO] running `Command { std: "/workspace/cargo-home/bin/cargo" "+1.54.0" "fetch" "--manifest-path" "Cargo.toml", kill_on_drop: false }`
[INFO] [stderr]     Blocking waiting for file lock on package cache
[INFO] [stderr]     Blocking waiting for file lock on package cache
[INFO] running `Command { std: "docker" "create" "-v" "/var/lib/crater-agent-workspace/builds/worker-12/target:/opt/rustwide/target:rw,Z" "-v" "/var/lib/crater-agent-workspace/builds/worker-12/source:/opt/rustwide/workdir:ro,Z" "-v" "/var/lib/crater-agent-workspace/cargo-home:/opt/rustwide/cargo-home:ro,Z" "-v" "/var/lib/crater-agent-workspace/rustup-home:/opt/rustwide/rustup-home:ro,Z" "-e" "SOURCE_DIR=/opt/rustwide/workdir" "-e" "CARGO_TARGET_DIR=/opt/rustwide/target" "-e" "CARGO_HOME=/opt/rustwide/cargo-home" "-e" "RUSTUP_HOME=/opt/rustwide/rustup-home" "-w" "/opt/rustwide/workdir" "-m" "1610612736" "--user" "0:0" "--network" "none" "ghcr.io/rust-lang/crates-build-env/linux@sha256:34b6a614d2c27851fe6cbf88fbd1137609cefab8b10d0615aaeb6fd47975d74e" "/opt/rustwide/cargo-home/bin/cargo" "+1.54.0" "metadata" "--no-deps" "--format-version=1", kill_on_drop: false }`
[INFO] [stdout] 418ab8e779d3dc1528d817e74c4293490f81d31ce8fc7cd9c56db55bdb48f054
[INFO] running `Command { std: "docker" "start" "-a" "418ab8e779d3dc1528d817e74c4293490f81d31ce8fc7cd9c56db55bdb48f054", kill_on_drop: false }`
[INFO] running `Command { std: "docker" "inspect" "418ab8e779d3dc1528d817e74c4293490f81d31ce8fc7cd9c56db55bdb48f054", kill_on_drop: false }`
[INFO] running `Command { std: "docker" "rm" "-f" "418ab8e779d3dc1528d817e74c4293490f81d31ce8fc7cd9c56db55bdb48f054", kill_on_drop: false }`
[INFO] [stdout] 418ab8e779d3dc1528d817e74c4293490f81d31ce8fc7cd9c56db55bdb48f054
[INFO] running `Command { std: "docker" "create" "-v" "/var/lib/crater-agent-workspace/builds/worker-12/target:/opt/rustwide/target:rw,Z" "-v" "/var/lib/crater-agent-workspace/builds/worker-12/source:/opt/rustwide/workdir:ro,Z" "-v" "/var/lib/crater-agent-workspace/cargo-home:/opt/rustwide/cargo-home:ro,Z" "-v" "/var/lib/crater-agent-workspace/rustup-home:/opt/rustwide/rustup-home:ro,Z" "-e" "SOURCE_DIR=/opt/rustwide/workdir" "-e" "CARGO_TARGET_DIR=/opt/rustwide/target" "-e" "CARGO_INCREMENTAL=0" "-e" "RUST_BACKTRACE=full" "-e" "RUSTFLAGS=--cap-lints=warn" "-e" "CARGO_HOME=/opt/rustwide/cargo-home" "-e" "RUSTUP_HOME=/opt/rustwide/rustup-home" "-w" "/opt/rustwide/workdir" "-m" "1610612736" "--user" "0:0" "--network" "none" "ghcr.io/rust-lang/crates-build-env/linux@sha256:34b6a614d2c27851fe6cbf88fbd1137609cefab8b10d0615aaeb6fd47975d74e" "/opt/rustwide/cargo-home/bin/cargo" "+1.54.0" "build" "--frozen" "--message-format=json", kill_on_drop: false }`
[INFO] [stdout] 1f5dd399dab1f14c47bde9e26e66a74448407b9175f0fe5701f1dd28d7000ec3
[INFO] running `Command { std: "docker" "start" "-a" "1f5dd399dab1f14c47bde9e26e66a74448407b9175f0fe5701f1dd28d7000ec3", kill_on_drop: false }`
[INFO] [stderr]    Compiling proc-macro2 v1.0.1
[INFO] [stderr]    Compiling syn v0.15.44
[INFO] [stderr]    Compiling syn v1.0.3
[INFO] [stderr]    Compiling serde v1.0.99
[INFO] [stderr]    Compiling maplit v1.0.1
[INFO] [stderr]    Compiling same-file v1.0.5
[INFO] [stderr]    Compiling deunicode v0.4.3
[INFO] [stderr]    Compiling unindent v0.1.4
[INFO] [stderr]    Compiling webbrowser v0.5.1
[INFO] [stderr]    Compiling ansi_term v0.12.0
[INFO] [stderr]    Compiling pest v2.1.1
[INFO] [stderr]    Compiling crossbeam-utils v0.6.6
[INFO] [stderr]    Compiling unic-char-property v0.9.0
[INFO] [stderr]    Compiling unic-ucd-version v0.9.0
[INFO] [stderr]    Compiling yaml-rust v0.4.3
[INFO] [stderr]    Compiling log v0.4.8
[INFO] [stderr]    Compiling itertools v0.8.0
[INFO] [stderr]    Compiling bstr v0.2.7
[INFO] [stderr]    Compiling time v0.1.42
[INFO] [stderr]    Compiling atty v0.2.13
[INFO] [stderr]    Compiling url v1.7.2
[INFO] [stderr]    Compiling url v2.1.0
[INFO] [stderr]    Compiling slug v0.1.4
[INFO] [stderr]    Compiling unic-ucd-segment v0.9.0
[INFO] [stderr]    Compiling walkdir v2.2.9
[INFO] [stderr]    Compiling clap v2.33.0
[INFO] [stderr]    Compiling chrono v0.4.7
[INFO] [stderr]    Compiling globset v0.4.4
[INFO] [stderr]    Compiling crossbeam-channel v0.3.9
[INFO] [stderr]    Compiling unic-segment v0.9.0
[INFO] [stderr]    Compiling quote v1.0.2
[INFO] [stderr]    Compiling pest_meta v2.1.1
[INFO] [stderr]    Compiling ignore v0.4.10
[INFO] [stderr]    Compiling globwalk v0.7.1
[INFO] [stderr]    Compiling pest_generator v2.1.0
[INFO] [stderr]    Compiling structopt-derive v0.2.18
[INFO] [stderr]    Compiling pest_derive v2.1.0
[INFO] [stderr]    Compiling proc-macro-hack v0.5.9
[INFO] [stderr]    Compiling serde_derive v1.0.99
[INFO] [stderr]    Compiling serde_json v1.0.40
[INFO] [stderr]    Compiling serde_yaml v0.8.9
[INFO] [stderr]    Compiling indoc-impl v0.3.4
[INFO] [stderr]    Compiling tera v1.0.0-beta.14
[INFO] [stderr]    Compiling structopt v0.2.18
[INFO] [stderr]    Compiling indoc v0.3.4
[INFO] [stderr]    Compiling odin v0.1.0 (/opt/rustwide/workdir)
[INFO] [stderr]     Finished dev [unoptimized + debuginfo] target(s) in 39.33s
[INFO] running `Command { std: "docker" "inspect" "1f5dd399dab1f14c47bde9e26e66a74448407b9175f0fe5701f1dd28d7000ec3", kill_on_drop: false }`
[INFO] running `Command { std: "docker" "rm" "-f" "1f5dd399dab1f14c47bde9e26e66a74448407b9175f0fe5701f1dd28d7000ec3", kill_on_drop: false }`
[INFO] [stdout] 1f5dd399dab1f14c47bde9e26e66a74448407b9175f0fe5701f1dd28d7000ec3
[INFO] running `Command { std: "docker" "create" "-v" "/var/lib/crater-agent-workspace/builds/worker-12/target:/opt/rustwide/target:rw,Z" "-v" "/var/lib/crater-agent-workspace/builds/worker-12/source:/opt/rustwide/workdir:ro,Z" "-v" "/var/lib/crater-agent-workspace/cargo-home:/opt/rustwide/cargo-home:ro,Z" "-v" "/var/lib/crater-agent-workspace/rustup-home:/opt/rustwide/rustup-home:ro,Z" "-e" "SOURCE_DIR=/opt/rustwide/workdir" "-e" "CARGO_TARGET_DIR=/opt/rustwide/target" "-e" "CARGO_INCREMENTAL=0" "-e" "RUST_BACKTRACE=full" "-e" "RUSTFLAGS=--cap-lints=warn" "-e" "CARGO_HOME=/opt/rustwide/cargo-home" "-e" "RUSTUP_HOME=/opt/rustwide/rustup-home" "-w" "/opt/rustwide/workdir" "-m" "1610612736" "--user" "0:0" "--network" "none" "ghcr.io/rust-lang/crates-build-env/linux@sha256:34b6a614d2c27851fe6cbf88fbd1137609cefab8b10d0615aaeb6fd47975d74e" "/opt/rustwide/cargo-home/bin/cargo" "+1.54.0" "test" "--frozen" "--no-run" "--message-format=json", kill_on_drop: false }`
[INFO] [stdout] 6de46d20b11f7f8100f2b944b65f63788215aa3e1ffe44dca40c7b02b0692c0c
[INFO] running `Command { std: "docker" "start" "-a" "6de46d20b11f7f8100f2b944b65f63788215aa3e1ffe44dca40c7b02b0692c0c", kill_on_drop: false }`
[INFO] [stderr]    Compiling getrandom v0.1.10
[INFO] [stderr]    Compiling executable-path v1.0.0
[INFO] [stderr]    Compiling c2-chacha v0.2.2
[INFO] [stderr]    Compiling rand_core v0.5.0
[INFO] [stderr]    Compiling rand_chacha v0.2.1
[INFO] [stderr]    Compiling rand v0.7.0
[INFO] [stderr]    Compiling tempfile v3.1.0
[INFO] [stderr]    Compiling odin v0.1.0 (/opt/rustwide/workdir)
[INFO] [stderr]     Finished test [unoptimized + debuginfo] target(s) in 8.73s
[INFO] running `Command { std: "docker" "inspect" "6de46d20b11f7f8100f2b944b65f63788215aa3e1ffe44dca40c7b02b0692c0c", kill_on_drop: false }`
[INFO] running `Command { std: "docker" "rm" "-f" "6de46d20b11f7f8100f2b944b65f63788215aa3e1ffe44dca40c7b02b0692c0c", kill_on_drop: false }`
[INFO] [stdout] 6de46d20b11f7f8100f2b944b65f63788215aa3e1ffe44dca40c7b02b0692c0c
[INFO] running `Command { std: "docker" "create" "-v" "/var/lib/crater-agent-workspace/builds/worker-12/target:/opt/rustwide/target:rw,Z" "-v" "/var/lib/crater-agent-workspace/builds/worker-12/source:/opt/rustwide/workdir:ro,Z" "-v" "/var/lib/crater-agent-workspace/cargo-home:/opt/rustwide/cargo-home:ro,Z" "-v" "/var/lib/crater-agent-workspace/rustup-home:/opt/rustwide/rustup-home:ro,Z" "-e" "SOURCE_DIR=/opt/rustwide/workdir" "-e" "CARGO_TARGET_DIR=/opt/rustwide/target" "-e" "CARGO_INCREMENTAL=0" "-e" "RUST_BACKTRACE=full" "-e" "RUSTFLAGS=--cap-lints=warn" "-e" "CARGO_HOME=/opt/rustwide/cargo-home" "-e" "RUSTUP_HOME=/opt/rustwide/rustup-home" "-w" "/opt/rustwide/workdir" "-m" "1610612736" "--user" "0:0" "--network" "none" "ghcr.io/rust-lang/crates-build-env/linux@sha256:34b6a614d2c27851fe6cbf88fbd1137609cefab8b10d0615aaeb6fd47975d74e" "/opt/rustwide/cargo-home/bin/cargo" "+1.54.0" "test" "--frozen", kill_on_drop: false }`
[INFO] [stdout] 39e0debc58572a734aec628ae38bd36466938f235208346cdcc259ac605140e3
[INFO] running `Command { std: "docker" "start" "-a" "39e0debc58572a734aec628ae38bd36466938f235208346cdcc259ac605140e3", kill_on_drop: false }`
[INFO] [stderr]     Finished test [unoptimized + debuginfo] target(s) in 0.10s
[INFO] [stderr]      Running unittests (/opt/rustwide/target/debug/deps/odin-51d953ca212d939d)
[INFO] [stdout] 
[INFO] [stdout] running 20 tests
[INFO] [stdout] test fn_env::tests::simple ... ok
[INFO] [stdout] test location::tests::display_path ... ok
[INFO] [stdout] test config::tests::root_has_no_parent ... ok
[INFO] [stdout] test config::tests::alias_in_parent_does_not_find_target_in_child ... ok
[INFO] [stdout] test config::tests::unknown_alias ... ok
[INFO] [stdout] test config::tests::child_inherits_from_default ... ok
[INFO] [stdout] test fn_env::tests::missing ... ok
[INFO] [stdout] test context::tests::simple ... ok
[INFO] [stdout] test context::tests::child_alias_resolves_to_parent_target ... ok
[INFO] [stdout] test error::test::display_alias_target_unknown ... ok
[INFO] [stdout] test location::tests::display_name ... ok
[INFO] [stdout] test config::tests::child_has_parent ... ok
[INFO] [stdout] test context::tests::child_alias_finds_child_target ... ok
[INFO] [stdout] test context::tests::child_template_shadows_parent ... ok
[INFO] [stdout] test fn_env::tests::not_unicode ... ok
[INFO] [stdout] test error::test::display_config_deserialize ... ok
[INFO] [stdout] test context::tests::parent_template_resolves ... ok
[INFO] [stdout] test context::tests::alias_in_parent_ignores_targets_in_child ... ok
[INFO] [stdout] test subcommand::dump::tests::templates ... FAILED
[INFO] [stderr] error: test failed, to rerun pass '--bin odin'
[INFO] [stdout] test subcommand::dump::tests::templates_and_aliases ... FAILED
[INFO] [stdout] 
[INFO] [stdout] failures:
[INFO] [stdout] 
[INFO] [stdout] ---- subcommand::dump::tests::templates stdout ----
[INFO] [stdout] thread 'subcommand::dump::tests::templates' panicked at 'attempted to leave type `linked_hash_map::Node<yaml::Yaml, yaml::Yaml>` uninitialized, which is invalid', /rustc/a178d0322ce20e33eac124758e837cbd80a6f633/library/core/src/mem/mod.rs:660:9
[INFO] [stdout] stack backtrace:
[INFO] [stdout]    0:     0x56502814a460 - std::backtrace_rs::backtrace::libunwind::trace::h34055254b57d8e79
[INFO] [stdout]                                at /rustc/a178d0322ce20e33eac124758e837cbd80a6f633/library/std/src/../../backtrace/src/backtrace/libunwind.rs:90:5
[INFO] [stdout]    1:     0x56502814a460 - std::backtrace_rs::backtrace::trace_unsynchronized::h8f1e3fbd9afff6ec
[INFO] [stdout]                                at /rustc/a178d0322ce20e33eac124758e837cbd80a6f633/library/std/src/../../backtrace/src/backtrace/mod.rs:66:5
[INFO] [stdout]    2:     0x56502814a460 - std::sys_common::backtrace::_print_fmt::h3a99a796b770c360
[INFO] [stdout]                                at /rustc/a178d0322ce20e33eac124758e837cbd80a6f633/library/std/src/sys_common/backtrace.rs:67:5
[INFO] [stdout]    3:     0x56502814a460 - <std::sys_common::backtrace::_print::DisplayBacktrace as core::fmt::Display>::fmt::h32d1f94a80615d18
[INFO] [stdout]                                at /rustc/a178d0322ce20e33eac124758e837cbd80a6f633/library/std/src/sys_common/backtrace.rs:46:22
[INFO] [stdout]    4:     0x56502816f19c - core::fmt::write::h306731c068f7162c
[INFO] [stdout]                                at /rustc/a178d0322ce20e33eac124758e837cbd80a6f633/library/core/src/fmt/mod.rs:1110:17
[INFO] [stdout]    5:     0x565028146ef5 - std::io::Write::write_fmt::h87f19b0a2cd190bc
[INFO] [stdout]                                at /rustc/a178d0322ce20e33eac124758e837cbd80a6f633/library/std/src/io/mod.rs:1588:15
[INFO] [stdout]    6:     0x56502814c5db - std::sys_common::backtrace::_print::h5abaa2601a852287
[INFO] [stdout]                                at /rustc/a178d0322ce20e33eac124758e837cbd80a6f633/library/std/src/sys_common/backtrace.rs:49:5
[INFO] [stdout]    7:     0x56502814c5db - std::sys_common::backtrace::print::h8d81445442bb638f
[INFO] [stdout]                                at /rustc/a178d0322ce20e33eac124758e837cbd80a6f633/library/std/src/sys_common/backtrace.rs:36:9
[INFO] [stdout]    8:     0x56502814c5db - std::panicking::default_hook::{{closure}}::hcfe804496a9fa747
[INFO] [stdout]                                at /rustc/a178d0322ce20e33eac124758e837cbd80a6f633/library/std/src/panicking.rs:208:50
[INFO] [stdout]    9:     0x56502814c0ec - std::panicking::default_hook::hbea8e3ccf2ba8901
[INFO] [stdout]                                at /rustc/a178d0322ce20e33eac124758e837cbd80a6f633/library/std/src/panicking.rs:222:9
[INFO] [stdout]   10:     0x56502814cca4 - std::panicking::rust_panic_with_hook::h7ee9e1a2d0f8975a
[INFO] [stdout]                                at /rustc/a178d0322ce20e33eac124758e837cbd80a6f633/library/std/src/panicking.rs:622:17
[INFO] [stdout]   11:     0x56502814c757 - std::panicking::begin_panic_handler::{{closure}}::h8ab3b4491718b2c7
[INFO] [stdout]                                at /rustc/a178d0322ce20e33eac124758e837cbd80a6f633/library/std/src/panicking.rs:517:13
[INFO] [stdout]   12:     0x56502814a95c - std::sys_common::backtrace::__rust_end_short_backtrace::hd489062ffa586a9f
[INFO] [stdout]                                at /rustc/a178d0322ce20e33eac124758e837cbd80a6f633/library/std/src/sys_common/backtrace.rs:141:18
[INFO] [stdout]   13:     0x56502814c6e9 - rust_begin_unwind
[INFO] [stdout]                                at /rustc/a178d0322ce20e33eac124758e837cbd80a6f633/library/std/src/panicking.rs:515:5
[INFO] [stdout]   14:     0x565027ba5bb1 - core::panicking::panic_fmt::hca6330e3e14086b4
[INFO] [stdout]                                at /rustc/a178d0322ce20e33eac124758e837cbd80a6f633/library/core/src/panicking.rs:92:14
[INFO] [stdout]   15:     0x565027ba5afd - core::panicking::panic::h1a48d878ff3dcd40
[INFO] [stdout]                                at /rustc/a178d0322ce20e33eac124758e837cbd80a6f633/library/core/src/panicking.rs:50:5
[INFO] [stdout]   16:     0x565027c190da - core::mem::uninitialized::h32818301dbfb5861
[INFO] [stdout]                                at /rustc/a178d0322ce20e33eac124758e837cbd80a6f633/library/core/src/mem/mod.rs:660:9
[INFO] [stdout]   17:     0x565027c190da - linked_hash_map::LinkedHashMap<K,V,S>::ensure_guard_node::ha6610ce41106ad21
[INFO] [stdout]                                at /opt/rustwide/cargo-home/registry/src/github.com-1ecc6299db9ec823/linked-hash-map-0.5.2/src/lib.rs:174:52
[INFO] [stdout]   18:     0x565027c1930c - linked_hash_map::LinkedHashMap<K,V,S>::insert::haa458d324b13468a
[INFO] [stdout]                                at /opt/rustwide/cargo-home/registry/src/github.com-1ecc6299db9ec823/linked-hash-map-0.5.2/src/lib.rs:304:9
[INFO] [stdout]   19:     0x565027bbce77 - <serde_yaml::ser::SerializeMap as serde::ser::SerializeMap>::serialize_entry::h37cbda4889b8605a
[INFO] [stdout]                                at /opt/rustwide/cargo-home/registry/src/github.com-1ecc6299db9ec823/serde_yaml-0.8.9/src/ser.rs:346:9
[INFO] [stdout]   20:     0x565027bbc970 - serde::ser::Serializer::collect_map::h6dc03e1b49b4ca56
[INFO] [stdout]                                at /opt/rustwide/cargo-home/registry/src/github.com-1ecc6299db9ec823/serde-1.0.99/src/ser/mod.rs:1315:18
[INFO] [stdout]   21:     0x565027bb4475 - serde::ser::impls::<impl serde::ser::Serialize for alloc::collections::btree::map::BTreeMap<K,V>>::serialize::hdad62c105f7a5674
[INFO] [stdout]                                at /opt/rustwide/cargo-home/registry/src/github.com-1ecc6299db9ec823/serde-1.0.99/src/ser/impls.rs:364:17
[INFO] [stdout]   22:     0x565027bb4498 - serde::ser::impls::<impl serde::ser::Serialize for &T>::serialize::he1812e556b6991f5
[INFO] [stdout]                                at /opt/rustwide/cargo-home/registry/src/github.com-1ecc6299db9ec823/serde-1.0.99/src/ser/impls.rs:390:17
[INFO] [stdout]   23:     0x565027bbcbf5 - <serde_yaml::ser::Serializer as serde::ser::Serializer>::serialize_some::he9bcf09caca1b6fa
[INFO] [stdout]                                at /opt/rustwide/cargo-home/registry/src/github.com-1ecc6299db9ec823/serde_yaml-0.8.9/src/ser.rs:165:9
[INFO] [stdout]   24:     0x565027bcc1ad - serde::ser::impls::<impl serde::ser::Serialize for core::option::Option<T>>::serialize::h9e3e311e5e499cb9
[INFO] [stdout]                                at /opt/rustwide/cargo-home/registry/src/github.com-1ecc6299db9ec823/serde-1.0.99/src/ser/impls.rs:109:32
[INFO] [stdout]   25:     0x565027bcc048 - serde::ser::impls::<impl serde::ser::Serialize for &T>::serialize::h066a8b6f60bbe220
[INFO] [stdout]                                at /opt/rustwide/cargo-home/registry/src/github.com-1ecc6299db9ec823/serde-1.0.99/src/ser/impls.rs:390:17
[INFO] [stdout]   26:     0x565027bb944b - serde_yaml::ser::to_yaml::h9c053ca32fab5595
[INFO] [stdout]                                at /opt/rustwide/cargo-home/registry/src/github.com-1ecc6299db9ec823/serde_yaml-0.8.9/src/ser.rs:452:5
[INFO] [stdout]   27:     0x565027bbe50a - <serde_yaml::ser::SerializeStruct as serde::ser::SerializeStruct>::serialize_field::ha4d3b6700d7bda82
[INFO] [stdout]                                at /opt/rustwide/cargo-home/registry/src/github.com-1ecc6299db9ec823/serde_yaml-0.8.9/src/ser.rs:363:41
[INFO] [stdout]   28:     0x565027bce1ea - odin::subcommand::dump::Dump::format::_IMPL_SERIALIZE_FOR_Pretty::<impl serde::ser::Serialize for odin::subcommand::dump::Dump::format::Pretty>::serialize::he6eb243e2e1d1a3c
[INFO] [stdout]                                at /opt/rustwide/workdir/src/subcommand/dump.rs:13:14
[INFO] [stdout]   29:     0x565027bcc018 - serde::ser::impls::<impl serde::ser::Serialize for &T>::serialize::h0055edcd27b2f356
[INFO] [stdout]                                at /opt/rustwide/cargo-home/registry/src/github.com-1ecc6299db9ec823/serde-1.0.99/src/ser/impls.rs:390:17
[INFO] [stdout]   30:     0x565027bb93ab - serde_yaml::ser::to_yaml::h490ae4b6806b044b
[INFO] [stdout]                                at /opt/rustwide/cargo-home/registry/src/github.com-1ecc6299db9ec823/serde_yaml-0.8.9/src/ser.rs:452:5
[INFO] [stdout]   31:     0x565027bb9669 - serde_yaml::ser::to_writer::h8fefe87dc3afe0ed
[INFO] [stdout]                                at /opt/rustwide/cargo-home/registry/src/github.com-1ecc6299db9ec823/serde_yaml-0.8.9/src/ser.rs:398:15
[INFO] [stdout]   32:     0x565027bb928a - serde_yaml::ser::to_vec::h010f0dbc3d29ef2c
[INFO] [stdout]                                at /opt/rustwide/cargo-home/registry/src/github.com-1ecc6299db9ec823/serde_yaml-0.8.9/src/ser.rs:415:5
[INFO] [stdout]   33:     0x565027bb94a5 - serde_yaml::ser::to_string::h4936f7096e7df9d2
[INFO] [stdout]                                at /opt/rustwide/cargo-home/registry/src/github.com-1ecc6299db9ec823/serde_yaml-0.8.9/src/ser.rs:427:26
[INFO] [stdout]   34:     0x565027bcd449 - odin::subcommand::dump::Dump::format::h39a5fb5c5162913f
[INFO] [stdout]                                at /opt/rustwide/workdir/src/subcommand/dump.rs:26:7
[INFO] [stdout]   35:     0x565027bdebbe - odin::subcommand::dump::tests::templates::he190c095224e53db
[INFO] [stdout]                                at /opt/rustwide/workdir/src/subcommand/dump.rs:48:7
[INFO] [stdout]   36:     0x565027bdeac7 - odin::subcommand::dump::tests::templates::{{closure}}::h774ea6c0ae76ab50
[INFO] [stdout]                                at /opt/rustwide/workdir/src/subcommand/dump.rs:39:3
[INFO] [stdout]   37:     0x565027bba48e - core::ops::function::FnOnce::call_once::h5cf8099febb6e220
[INFO] [stdout]                                at /rustc/a178d0322ce20e33eac124758e837cbd80a6f633/library/core/src/ops/function.rs:227:5
[INFO] [stdout]   38:     0x565027c6ac53 - core::ops::function::FnOnce::call_once::h152e7e439ff59e19
[INFO] [stdout]                                at /rustc/a178d0322ce20e33eac124758e837cbd80a6f633/library/core/src/ops/function.rs:227:5
[INFO] [stdout]   39:     0x565027c6ac53 - test::__rust_begin_short_backtrace::h0908f3b1fdbb72ab
[INFO] [stdout]                                at /rustc/a178d0322ce20e33eac124758e837cbd80a6f633/library/test/src/lib.rs:577:5
[INFO] [stdout]   40:     0x565027c69710 - <alloc::boxed::Box<F,A> as core::ops::function::FnOnce<Args>>::call_once::hf6d2a51e5587546c
[INFO] [stdout]                                at /rustc/a178d0322ce20e33eac124758e837cbd80a6f633/library/alloc/src/boxed.rs:1575:9
[INFO] [stdout]   41:     0x565027c69710 - <std::panic::AssertUnwindSafe<F> as core::ops::function::FnOnce<()>>::call_once::h8af660f3a89ef593
[INFO] [stdout]                                at /rustc/a178d0322ce20e33eac124758e837cbd80a6f633/library/std/src/panic.rs:347:9
[INFO] [stdout]   42:     0x565027c69710 - std::panicking::try::do_call::hd36aef60f84b6d36
[INFO] [stdout]                                at /rustc/a178d0322ce20e33eac124758e837cbd80a6f633/library/std/src/panicking.rs:401:40
[INFO] [stdout]   43:     0x565027c69710 - std::panicking::try::h9932b4480e69817c
[INFO] [stdout]                                at /rustc/a178d0322ce20e33eac124758e837cbd80a6f633/library/std/src/panicking.rs:365:19
[INFO] [stdout]   44:     0x565027c69710 - std::panic::catch_unwind::h6aa177099cfff5f8
[INFO] [stdout]                                at /rustc/a178d0322ce20e33eac124758e837cbd80a6f633/library/std/src/panic.rs:434:14
[INFO] [stdout]   45:     0x565027c69710 - test::run_test_in_process::h5884d6f2d99e20c3
[INFO] [stdout]                                at /rustc/a178d0322ce20e33eac124758e837cbd80a6f633/library/test/src/lib.rs:600:18
[INFO] [stdout]   46:     0x565027c69710 - test::run_test::run_test_inner::{{closure}}::h6fdc58c6d5f5b6e3
[INFO] [stdout]                                at /rustc/a178d0322ce20e33eac124758e837cbd80a6f633/library/test/src/lib.rs:492:39
[INFO] [stdout]   47:     0x565027c42dc2 - test::run_test::run_test_inner::{{closure}}::h408365d67a78ade8
[INFO] [stdout]                                at /rustc/a178d0322ce20e33eac124758e837cbd80a6f633/library/test/src/lib.rs:519:37
[INFO] [stdout]   48:     0x565027c42dc2 - std::sys_common::backtrace::__rust_begin_short_backtrace::hb560b77c4f701523
[INFO] [stdout]                                at /rustc/a178d0322ce20e33eac124758e837cbd80a6f633/library/std/src/sys_common/backtrace.rs:125:18
[INFO] [stdout]   49:     0x565027c46978 - std::thread::Builder::spawn_unchecked::{{closure}}::{{closure}}::hf2e7831dad93c597
[INFO] [stdout]                                at /rustc/a178d0322ce20e33eac124758e837cbd80a6f633/library/std/src/thread/mod.rs:481:17
[INFO] [stdout]   50:     0x565027c46978 - <std::panic::AssertUnwindSafe<F> as core::ops::function::FnOnce<()>>::call_once::hd2e08783d8be4d02
[INFO] [stdout]                                at /rustc/a178d0322ce20e33eac124758e837cbd80a6f633/library/std/src/panic.rs:347:9
[INFO] [stdout]   51:     0x565027c46978 - std::panicking::try::do_call::h062597b7acfd6b82
[INFO] [stdout]                                at /rustc/a178d0322ce20e33eac124758e837cbd80a6f633/library/std/src/panicking.rs:401:40
[INFO] [stdout]   52:     0x565027c46978 - std::panicking::try::h0d7b79db04c14552
[INFO] [stdout]                                at /rustc/a178d0322ce20e33eac124758e837cbd80a6f633/library/std/src/panicking.rs:365:19
[INFO] [stdout]   53:     0x565027c46978 - std::panic::catch_unwind::hb01a0b5e7c8cd43b
[INFO] [stdout]                                at /rustc/a178d0322ce20e33eac124758e837cbd80a6f633/library/std/src/panic.rs:434:14
[INFO] [stdout]   54:     0x565027c46978 - std::thread::Builder::spawn_unchecked::{{closure}}::h5bde48cc887e0d1e
[INFO] [stdout]                                at /rustc/a178d0322ce20e33eac124758e837cbd80a6f633/library/std/src/thread/mod.rs:480:30
[INFO] [stdout]   55:     0x565027c46978 - core::ops::function::FnOnce::call_once{{vtable.shim}}::h745ea30807a29e55
[INFO] [stdout]                                at /rustc/a178d0322ce20e33eac124758e837cbd80a6f633/library/core/src/ops/function.rs:227:5
[INFO] [stdout]   56:     0x5650281518b7 - <alloc::boxed::Box<F,A> as core::ops::function::FnOnce<Args>>::call_once::h7ece6cfefaff1005
[INFO] [stdout]                                at /rustc/a178d0322ce20e33eac124758e837cbd80a6f633/library/alloc/src/boxed.rs:1575:9
[INFO] [stdout]   57:     0x5650281518b7 - <alloc::boxed::Box<F,A> as core::ops::function::FnOnce<Args>>::call_once::hb8b48e55c21f193e
[INFO] [stdout]                                at /rustc/a178d0322ce20e33eac124758e837cbd80a6f633/library/alloc/src/boxed.rs:1575:9
[INFO] [stdout]   58:     0x5650281518b7 - std::sys::unix::thread::Thread::new::thread_start::h8c7c4450dba62914
[INFO] [stdout]                                at /rustc/a178d0322ce20e33eac124758e837cbd80a6f633/library/std/src/sys/unix/thread.rs:71:17
[INFO] [stdout]   59:     0x7f75309d8609 - start_thread
[INFO] [stdout]   60:     0x7f75307aa293 - clone
[INFO] [stdout]   61:                0x0 - <unknown>
[INFO] [stdout] 
[INFO] [stdout] ---- subcommand::dump::tests::templates_and_aliases stdout ----
[INFO] [stdout] thread 'subcommand::dump::tests::templates_and_aliases' panicked at 'attempted to leave type `linked_hash_map::Node<yaml::Yaml, yaml::Yaml>` uninitialized, which is invalid', /rustc/a178d0322ce20e33eac124758e837cbd80a6f633/library/core/src/mem/mod.rs:660:9
[INFO] [stdout] stack backtrace:
[INFO] [stdout]    0:     0x56502814a460 - std::backtrace_rs::backtrace::libunwind::trace::h34055254b57d8e79
[INFO] [stdout]                                at /rustc/a178d0322ce20e33eac124758e837cbd80a6f633/library/std/src/../../backtrace/src/backtrace/libunwind.rs:90:5
[INFO] [stdout]    1:     0x56502814a460 - std::backtrace_rs::backtrace::trace_unsynchronized::h8f1e3fbd9afff6ec
[INFO] [stdout]                                at /rustc/a178d0322ce20e33eac124758e837cbd80a6f633/library/std/src/../../backtrace/src/backtrace/mod.rs:66:5
[INFO] [stdout]    2:     0x56502814a460 - std::sys_common::backtrace::_print_fmt::h3a99a796b770c360
[INFO] [stdout]                                at /rustc/a178d0322ce20e33eac124758e837cbd80a6f633/library/std/src/sys_common/backtrace.rs:67:5
[INFO] [stdout]    3:     0x56502814a460 - <std::sys_common::backtrace::_print::DisplayBacktrace as core::fmt::Display>::fmt::h32d1f94a80615d18
[INFO] [stdout]                                at /rustc/a178d0322ce20e33eac124758e837cbd80a6f633/library/std/src/sys_common/backtrace.rs:46:22
[INFO] [stdout]    4:     0x56502816f19c - core::fmt::write::h306731c068f7162c
[INFO] [stdout]                                at /rustc/a178d0322ce20e33eac124758e837cbd80a6f633/library/core/src/fmt/mod.rs:1110:17
[INFO] [stdout]    5:     0x565028146ef5 - std::io::Write::write_fmt::h87f19b0a2cd190bc
[INFO] [stdout]                                at /rustc/a178d0322ce20e33eac124758e837cbd80a6f633/library/std/src/io/mod.rs:1588:15
[INFO] [stdout]    6:     0x56502814c5db - std::sys_common::backtrace::_print::h5abaa2601a852287
[INFO] [stdout]                                at /rustc/a178d0322ce20e33eac124758e837cbd80a6f633/library/std/src/sys_common/backtrace.rs:49:5
[INFO] [stdout]    7:     0x56502814c5db - std::sys_common::backtrace::print::h8d81445442bb638f
[INFO] [stdout]                                at /rustc/a178d0322ce20e33eac124758e837cbd80a6f633/library/std/src/sys_common/backtrace.rs:36:9
[INFO] [stdout]    8:     0x56502814c5db - std::panicking::default_hook::{{closure}}::hcfe804496a9fa747
[INFO] [stdout]                                at /rustc/a178d0322ce20e33eac124758e837cbd80a6f633/library/std/src/panicking.rs:208:50
[INFO] [stdout]    9:     0x56502814c0ec - std::panicking::default_hook::hbea8e3ccf2ba8901
[INFO] [stdout]                                at /rustc/a178d0322ce20e33eac124758e837cbd80a6f633/library/std/src/panicking.rs:222:9
[INFO] [stdout]   10:     0x56502814cca4 - std::panicking::rust_panic_with_hook::h7ee9e1a2d0f8975a
[INFO] [stdout]                                at /rustc/a178d0322ce20e33eac124758e837cbd80a6f633/library/std/src/panicking.rs:622:17
[INFO] [stdout]   11:     0x56502814c757 - std::panicking::begin_panic_handler::{{closure}}::h8ab3b4491718b2c7
[INFO] [stdout]                                at /rustc/a178d0322ce20e33eac124758e837cbd80a6f633/library/std/src/panicking.rs:517:13
[INFO] [stdout]   12:     0x56502814a95c - std::sys_common::backtrace::__rust_end_short_backtrace::hd489062ffa586a9f
[INFO] [stdout]                                at /rustc/a178d0322ce20e33eac124758e837cbd80a6f633/library/std/src/sys_common/backtrace.rs:141:18
[INFO] [stdout]   13:     0x56502814c6e9 - rust_begin_unwind
[INFO] [stdout]                                at /rustc/a178d0322ce20e33eac124758e837cbd80a6f633/library/std/src/panicking.rs:515:5
[INFO] [stdout]   14:     0x565027ba5bb1 - core::panicking::panic_fmt::hca6330e3e14086b4
[INFO] [stdout]                                at /rustc/a178d0322ce20e33eac124758e837cbd80a6f633/library/core/src/panicking.rs:92:14
[INFO] [stdout]   15:     0x565027ba5afd - core::panicking::panic::h1a48d878ff3dcd40
[INFO] [stdout]                                at /rustc/a178d0322ce20e33eac124758e837cbd80a6f633/library/core/src/panicking.rs:50:5
[INFO] [stdout]   16:     0x565027c190da - core::mem::uninitialized::h32818301dbfb5861
[INFO] [stdout]                                at /rustc/a178d0322ce20e33eac124758e837cbd80a6f633/library/core/src/mem/mod.rs:660:9
[INFO] [stdout]   17:     0x565027c190da - linked_hash_map::LinkedHashMap<K,V,S>::ensure_guard_node::ha6610ce41106ad21
[INFO] [stdout]                                at /opt/rustwide/cargo-home/registry/src/github.com-1ecc6299db9ec823/linked-hash-map-0.5.2/src/lib.rs:174:52
[INFO] [stdout]   18:     0x565027c1930c - linked_hash_map::LinkedHashMap<K,V,S>::insert::haa458d324b13468a
[INFO] [stdout]                                at /opt/rustwide/cargo-home/registry/src/github.com-1ecc6299db9ec823/linked-hash-map-0.5.2/src/lib.rs:304:9
[INFO] [stdout]   19:     0x565027bbce77 - <serde_yaml::ser::SerializeMap as serde::ser::SerializeMap>::serialize_entry::h37cbda4889b8605a
[INFO] [stdout]                                at /opt/rustwide/cargo-home/registry/src/github.com-1ecc6299db9ec823/serde_yaml-0.8.9/src/ser.rs:346:9
[INFO] [stdout]   20:     0x565027bbc970 - serde::ser::Serializer::collect_map::h6dc03e1b49b4ca56
[INFO] [stdout]                                at /opt/rustwide/cargo-home/registry/src/github.com-1ecc6299db9ec823/serde-1.0.99/src/ser/mod.rs:1315:18
[INFO] [stdout]   21:     0x565027bb4475 - serde::ser::impls::<impl serde::ser::Serialize for alloc::collections::btree::map::BTreeMap<K,V>>::serialize::hdad62c105f7a5674
[INFO] [stdout]                                at /opt/rustwide/cargo-home/registry/src/github.com-1ecc6299db9ec823/serde-1.0.99/src/ser/impls.rs:364:17
[INFO] [stdout]   22:     0x565027bb4498 - serde::ser::impls::<impl serde::ser::Serialize for &T>::serialize::he1812e556b6991f5
[INFO] [stdout]                                at /opt/rustwide/cargo-home/registry/src/github.com-1ecc6299db9ec823/serde-1.0.99/src/ser/impls.rs:390:17
[INFO] [stdout]   23:     0x565027bbcbf5 - <serde_yaml::ser::Serializer as serde::ser::Serializer>::serialize_some::he9bcf09caca1b6fa
[INFO] [stdout]                                at /opt/rustwide/cargo-home/registry/src/github.com-1ecc6299db9ec823/serde_yaml-0.8.9/src/ser.rs:165:9
[INFO] [stdout]   24:     0x565027bcc1ad - serde::ser::impls::<impl serde::ser::Serialize for core::option::Option<T>>::serialize::h9e3e311e5e499cb9
[INFO] [stdout]                                at /opt/rustwide/cargo-home/registry/src/github.com-1ecc6299db9ec823/serde-1.0.99/src/ser/impls.rs:109:32
[INFO] [stdout]   25:     0x565027bcc048 - serde::ser::impls::<impl serde::ser::Serialize for &T>::serialize::h066a8b6f60bbe220
[INFO] [stdout]                                at /opt/rustwide/cargo-home/registry/src/github.com-1ecc6299db9ec823/serde-1.0.99/src/ser/impls.rs:390:17
[INFO] [stdout]   26:     0x565027bb944b - serde_yaml::ser::to_yaml::h9c053ca32fab5595
[INFO] [stdout]                                at /opt/rustwide/cargo-home/registry/src/github.com-1ecc6299db9ec823/serde_yaml-0.8.9/src/ser.rs:452:5
[INFO] [stdout]   27:     0x565027bbe50a - <serde_yaml::ser::SerializeStruct as serde::ser::SerializeStruct>::serialize_field::ha4d3b6700d7bda82
[INFO] [stdout]                                at /opt/rustwide/cargo-home/registry/src/github.com-1ecc6299db9ec823/serde_yaml-0.8.9/src/ser.rs:363:41
[INFO] [stdout]   28:     0x565027bce1ea - odin::subcommand::dump::Dump::format::_IMPL_SERIALIZE_FOR_Pretty::<impl serde::ser::Serialize for odin::subcommand::dump::Dump::format::Pretty>::serialize::he6eb243e2e1d1a3c
[INFO] [stdout]                                at /opt/rustwide/workdir/src/subcommand/dump.rs:13:14
[INFO] [stdout]   29:     0x565027bcc018 - serde::ser::impls::<impl serde::ser::Serialize for &T>::serialize::h0055edcd27b2f356
[INFO] [stdout]                                at /opt/rustwide/cargo-home/registry/src/github.com-1ecc6299db9ec823/serde-1.0.99/src/ser/impls.rs:390:17
[INFO] [stdout]   30:     0x565027bb93ab - serde_yaml::ser::to_yaml::h490ae4b6806b044b
[INFO] [stdout]                                at /opt/rustwide/cargo-home/registry/src/github.com-1ecc6299db9ec823/serde_yaml-0.8.9/src/ser.rs:452:5
[INFO] [stdout]   31:     0x565027bb9669 - serde_yaml::ser::to_writer::h8fefe87dc3afe0ed
[INFO] [stdout]                                at /opt/rustwide/cargo-home/registry/src/github.com-1ecc6299db9ec823/serde_yaml-0.8.9/src/ser.rs:398:15
[INFO] [stdout]   32:     0x565027bb928a - serde_yaml::ser::to_vec::h010f0dbc3d29ef2c
[INFO] [stdout]                                at /opt/rustwide/cargo-home/registry/src/github.com-1ecc6299db9ec823/serde_yaml-0.8.9/src/ser.rs:415:5
[INFO] [stdout]   33:     0x565027bb94a5 - serde_yaml::ser::to_string::h4936f7096e7df9d2
[INFO] [stdout]                                at /opt/rustwide/cargo-home/registry/src/github.com-1ecc6299db9ec823/serde_yaml-0.8.9/src/ser.rs:427:26
[INFO] [stdout]   34:     0x565027bcd449 - odin::subcommand::dump::Dump::format::h39a5fb5c5162913f
[INFO] [stdout]                                at /opt/rustwide/workdir/src/subcommand/dump.rs:26:7
[INFO] [stdout]   35:     0x565027bdef3e - odin::subcommand::dump::tests::templates_and_aliases::h40ba5050e80aa25d
[INFO] [stdout]                                at /opt/rustwide/workdir/src/subcommand/dump.rs:68:7
[INFO] [stdout]   36:     0x565027bdee47 - odin::subcommand::dump::tests::templates_and_aliases::{{closure}}::hf70725e4cfd30f37
[INFO] [stdout]                                at /opt/rustwide/workdir/src/subcommand/dump.rs:56:3
[INFO] [stdout]   37:     0x565027bba83e - core::ops::function::FnOnce::call_once::hb1f36de8ffc06732
[INFO] [stdout]                                at /rustc/a178d0322ce20e33eac124758e837cbd80a6f633/library/core/src/ops/function.rs:227:5
[INFO] [stdout]   38:     0x565027c6ac53 - core::ops::function::FnOnce::call_once::h152e7e439ff59e19
[INFO] [stdout]                                at /rustc/a178d0322ce20e33eac124758e837cbd80a6f633/library/core/src/ops/function.rs:227:5
[INFO] [stdout]   39:     0x565027c6ac53 - test::__rust_begin_short_backtrace::h0908f3b1fdbb72ab
[INFO] [stdout]                                at /rustc/a178d0322ce20e33eac124758e837cbd80a6f633/library/test/src/lib.rs:577:5
[INFO] [stdout]   40:     0x565027c69710 - <alloc::boxed::Box<F,A> as core::ops::function::FnOnce<Args>>::call_once::hf6d2a51e5587546c
[INFO] [stdout]                                at /rustc/a178d0322ce20e33eac124758e837cbd80a6f633/library/alloc/src/boxed.rs:1575:9
[INFO] [stdout]   41:     0x565027c69710 - <std::panic::AssertUnwindSafe<F> as core::ops::function::FnOnce<()>>::call_once::h8af660f3a89ef593
[INFO] [stdout]                                at /rustc/a178d0322ce20e33eac124758e837cbd80a6f633/library/std/src/panic.rs:347:9
[INFO] [stdout]   42:     0x565027c69710 - std::panicking::try::do_call::hd36aef60f84b6d36
[INFO] [stdout]                                at /rustc/a178d0322ce20e33eac124758e837cbd80a6f633/library/std/src/panicking.rs:401:40
[INFO] [stdout]   43:     0x565027c69710 - std::panicking::try::h9932b4480e69817c
[INFO] [stdout]                                at /rustc/a178d0322ce20e33eac124758e837cbd80a6f633/library/std/src/panicking.rs:365:19
[INFO] [stdout]   44:     0x565027c69710 - std::panic::catch_unwind::h6aa177099cfff5f8
[INFO] [stdout]                                at /rustc/a178d0322ce20e33eac124758e837cbd80a6f633/library/std/src/panic.rs:434:14
[INFO] [stdout]   45:     0x565027c69710 - test::run_test_in_process::h5884d6f2d99e20c3
[INFO] [stdout]                                at /rustc/a178d0322ce20e33eac124758e837cbd80a6f633/library/test/src/lib.rs:600:18
[INFO] [stdout]   46:     0x565027c69710 - test::run_test::run_test_inner::{{closure}}::h6fdc58c6d5f5b6e3
[INFO] [stdout]                                at /rustc/a178d0322ce20e33eac124758e837cbd80a6f633/library/test/src/lib.rs:492:39
[INFO] [stdout]   47:     0x565027c42dc2 - test::run_test::run_test_inner::{{closure}}::h408365d67a78ade8
[INFO] [stdout]                                at /rustc/a178d0322ce20e33eac124758e837cbd80a6f633/library/test/src/lib.rs:519:37
[INFO] [stdout]   48:     0x565027c42dc2 - std::sys_common::backtrace::__rust_begin_short_backtrace::hb560b77c4f701523
[INFO] [stdout]                                at /rustc/a178d0322ce20e33eac124758e837cbd80a6f633/library/std/src/sys_common/backtrace.rs:125:18
[INFO] [stdout]   49:     0x565027c46978 - std::thread::Builder::spawn_unchecked::{{closure}}::{{closure}}::hf2e7831dad93c597
[INFO] [stdout]                                at /rustc/a178d0322ce20e33eac124758e837cbd80a6f633/library/std/src/thread/mod.rs:481:17
[INFO] [stdout]   50:     0x565027c46978 - <std::panic::AssertUnwindSafe<F> as core::ops::function::FnOnce<()>>::call_once::hd2e08783d8be4d02
[INFO] [stdout]                                at /rustc/a178d0322ce20e33eac124758e837cbd80a6f633/library/std/src/panic.rs:347:9
[INFO] [stdout]   51:     0x565027c46978 - std::panicking::try::do_call::h062597b7acfd6b82
[INFO] [stdout]                                at /rustc/a178d0322ce20e33eac124758e837cbd80a6f633/library/std/src/panicking.rs:401:40
[INFO] [stdout]   52:     0x565027c46978 - std::panicking::try::h0d7b79db04c14552
[INFO] [stdout]                                at /rustc/a178d0322ce20e33eac124758e837cbd80a6f633/library/std/src/panicking.rs:365:19
[INFO] [stdout]   53:     0x565027c46978 - std::panic::catch_unwind::hb01a0b5e7c8cd43b
[INFO] [stdout]                                at /rustc/a178d0322ce20e33eac124758e837cbd80a6f633/library/std/src/panic.rs:434:14
[INFO] [stdout]   54:     0x565027c46978 - std::thread::Builder::spawn_unchecked::{{closure}}::h5bde48cc887e0d1e
[INFO] [stdout]                                at /rustc/a178d0322ce20e33eac124758e837cbd80a6f633/library/std/src/thread/mod.rs:480:30
[INFO] [stdout]   55:     0x565027c46978 - core::ops::function::FnOnce::call_once{{vtable.shim}}::h745ea30807a29e55
[INFO] [stdout]                                at /rustc/a178d0322ce20e33eac124758e837cbd80a6f633/library/core/src/ops/function.rs:227:5
[INFO] [stdout]   56:     0x5650281518b7 - <alloc::boxed::Box<F,A> as core::ops::function::FnOnce<Args>>::call_once::h7ece6cfefaff1005
[INFO] [stdout]                                at /rustc/a178d0322ce20e33eac124758e837cbd80a6f633/library/alloc/src/boxed.rs:1575:9
[INFO] [stdout]   57:     0x5650281518b7 - <alloc::boxed::Box<F,A> as core::ops::function::FnOnce<Args>>::call_once::hb8b48e55c21f193e
[INFO] [stdout]                                at /rustc/a178d0322ce20e33eac124758e837cbd80a6f633/library/alloc/src/boxed.rs:1575:9
[INFO] [stdout]   58:     0x5650281518b7 - std::sys::unix::thread::Thread::new::thread_start::h8c7c4450dba62914
[INFO] [stdout]                                at /rustc/a178d0322ce20e33eac124758e837cbd80a6f633/library/std/src/sys/unix/thread.rs:71:17
[INFO] [stdout]   59:     0x7f75309d8609 - start_thread
[INFO] [stdout]   60:     0x7f75307aa293 - clone
[INFO] [stdout]   61:                0x0 - <unknown>
[INFO] [stdout] 
[INFO] [stdout] 
[INFO] [stdout] failures:
[INFO] [stdout]     subcommand::dump::tests::templates
[INFO] [stdout]     subcommand::dump::tests::templates_and_aliases
[INFO] [stdout] 
[INFO] [stdout] test result: FAILED. 18 passed; 2 failed; 0 ignored; 0 measured; 0 filtered out; finished in 0.08s
[INFO] [stdout] 
[INFO] running `Command { std: "docker" "inspect" "39e0debc58572a734aec628ae38bd36466938f235208346cdcc259ac605140e3", kill_on_drop: false }`
[INFO] running `Command { std: "docker" "rm" "-f" "39e0debc58572a734aec628ae38bd36466938f235208346cdcc259ac605140e3", kill_on_drop: false }`
[INFO] [stdout] 39e0debc58572a734aec628ae38bd36466938f235208346cdcc259ac605140e3
