[INFO] cloning repository https://github.com/casey/just
[INFO] running `Command { std: "git" "-c" "credential.helper=" "-c" "credential.helper=/workspace/cargo-home/bin/git-credential-null" "clone" "--bare" "https://github.com/casey/just" "/workspace/cache/git-repos/https%3A%2F%2Fgithub.com%2Fcasey%2Fjust", kill_on_drop: false }`
[INFO] [stderr] Cloning into bare repository '/workspace/cache/git-repos/https%3A%2F%2Fgithub.com%2Fcasey%2Fjust'...
[INFO] running `Command { std: "git" "rev-parse" "HEAD", kill_on_drop: false }`
[INFO] [stdout] f5689617f46b8e9c49d1de1f236452126d074310
[INFO] testing casey/just against 1.54.0 for beta-1.55-1
[INFO] running `Command { std: "git" "clone" "/workspace/cache/git-repos/https%3A%2F%2Fgithub.com%2Fcasey%2Fjust" "/workspace/builds/worker-0/source", kill_on_drop: false }`
[INFO] [stderr] Cloning into '/workspace/builds/worker-0/source'...
[INFO] [stderr] done.
[INFO] validating manifest of git repo https://github.com/casey/just on toolchain 1.54.0
[INFO] running `Command { std: "/workspace/cargo-home/bin/cargo" "+1.54.0" "metadata" "--manifest-path" "Cargo.toml" "--no-deps", kill_on_drop: false }`
[INFO] removed /workspace/builds/worker-0/source/.cargo/config
[INFO] removed /workspace/builds/worker-0/source/rust-toolchain
[INFO] started tweaking git repo https://github.com/casey/just
[INFO] removed 0 missing tests
[INFO] finished tweaking git repo https://github.com/casey/just
[INFO] tweaked toml for git repo https://github.com/casey/just written to /workspace/builds/worker-0/source/Cargo.toml
[INFO] crate git repo https://github.com/casey/just already has a lockfile, it will not be regenerated
[INFO] running `Command { std: "/workspace/cargo-home/bin/cargo" "+1.54.0" "fetch" "--manifest-path" "Cargo.toml", kill_on_drop: false }`
[INFO] [stderr]     Blocking waiting for file lock on package cache
[INFO] running `Command { std: "docker" "create" "-v" "/var/lib/crater-agent-workspace/builds/worker-0/target:/opt/rustwide/target:rw,Z" "-v" "/var/lib/crater-agent-workspace/builds/worker-0/source:/opt/rustwide/workdir:ro,Z" "-v" "/var/lib/crater-agent-workspace/cargo-home:/opt/rustwide/cargo-home:ro,Z" "-v" "/var/lib/crater-agent-workspace/rustup-home:/opt/rustwide/rustup-home:ro,Z" "-e" "SOURCE_DIR=/opt/rustwide/workdir" "-e" "CARGO_TARGET_DIR=/opt/rustwide/target" "-e" "CARGO_HOME=/opt/rustwide/cargo-home" "-e" "RUSTUP_HOME=/opt/rustwide/rustup-home" "-w" "/opt/rustwide/workdir" "-m" "1610612736" "--user" "0:0" "--network" "none" "ghcr.io/rust-lang/crates-build-env/linux@sha256:34b6a614d2c27851fe6cbf88fbd1137609cefab8b10d0615aaeb6fd47975d74e" "/opt/rustwide/cargo-home/bin/cargo" "+1.54.0" "metadata" "--no-deps" "--format-version=1", kill_on_drop: false }`
[INFO] [stdout] 33261d38a25856b40d3368e5775cade81990e6fcadb33bdd9c22f11dad6ca685
[INFO] running `Command { std: "docker" "start" "-a" "33261d38a25856b40d3368e5775cade81990e6fcadb33bdd9c22f11dad6ca685", kill_on_drop: false }`
[INFO] running `Command { std: "docker" "inspect" "33261d38a25856b40d3368e5775cade81990e6fcadb33bdd9c22f11dad6ca685", kill_on_drop: false }`
[INFO] running `Command { std: "docker" "rm" "-f" "33261d38a25856b40d3368e5775cade81990e6fcadb33bdd9c22f11dad6ca685", kill_on_drop: false }`
[INFO] [stdout] 33261d38a25856b40d3368e5775cade81990e6fcadb33bdd9c22f11dad6ca685
[INFO] running `Command { std: "docker" "create" "-v" "/var/lib/crater-agent-workspace/builds/worker-0/target:/opt/rustwide/target:rw,Z" "-v" "/var/lib/crater-agent-workspace/builds/worker-0/source:/opt/rustwide/workdir:ro,Z" "-v" "/var/lib/crater-agent-workspace/cargo-home:/opt/rustwide/cargo-home:ro,Z" "-v" "/var/lib/crater-agent-workspace/rustup-home:/opt/rustwide/rustup-home:ro,Z" "-e" "SOURCE_DIR=/opt/rustwide/workdir" "-e" "CARGO_TARGET_DIR=/opt/rustwide/target" "-e" "CARGO_INCREMENTAL=0" "-e" "RUST_BACKTRACE=full" "-e" "RUSTFLAGS=--cap-lints=warn" "-e" "CARGO_HOME=/opt/rustwide/cargo-home" "-e" "RUSTUP_HOME=/opt/rustwide/rustup-home" "-w" "/opt/rustwide/workdir" "-m" "1610612736" "--user" "0:0" "--network" "none" "ghcr.io/rust-lang/crates-build-env/linux@sha256:34b6a614d2c27851fe6cbf88fbd1137609cefab8b10d0615aaeb6fd47975d74e" "/opt/rustwide/cargo-home/bin/cargo" "+1.54.0" "build" "--frozen" "--message-format=json", kill_on_drop: false }`
[INFO] [stdout] dff7500c269b711504ae8e5c3a7faeada9e8a0481cfcff87fd4c92766ede566f
[INFO] running `Command { std: "docker" "start" "-a" "dff7500c269b711504ae8e5c3a7faeada9e8a0481cfcff87fd4c92766ede566f", kill_on_drop: false }`
[INFO] [stderr]     Blocking waiting for file lock on package cache
[INFO] [stderr]    Compiling syn v1.0.74
[INFO] [stderr]    Compiling camino v1.0.5
[INFO] [stderr]    Compiling regex-syntax v0.6.25
[INFO] [stderr]    Compiling typed-arena v2.0.1
[INFO] [stderr]    Compiling lexiclean v0.0.1
[INFO] [stderr]    Compiling target v1.1.0
[INFO] [stderr]    Compiling term_size v0.3.2
[INFO] [stderr]    Compiling atty v0.2.14
[INFO] [stderr]    Compiling nix v0.20.0
[INFO] [stderr]    Compiling tempfile v3.2.0
[INFO] [stderr]    Compiling textwrap v0.11.0
[INFO] [stderr]    Compiling clap v2.33.3
[INFO] [stderr]    Compiling regex v1.5.4
[INFO] [stderr]    Compiling env_logger v0.9.0
[INFO] [stderr]    Compiling ctrlc v3.1.9
[INFO] [stderr]    Compiling strum_macros v0.21.1
[INFO] [stderr]    Compiling snafu-derive v0.6.10
[INFO] [stderr]    Compiling derivative v2.2.0
[INFO] [stderr]    Compiling strum v0.21.0
[INFO] [stderr]    Compiling snafu v0.6.10
[INFO] [stderr]    Compiling just v0.10.0 (/opt/rustwide/workdir)
[INFO] [stderr]     Finished dev [unoptimized + debuginfo] target(s) in 34.33s
[INFO] running `Command { std: "docker" "inspect" "dff7500c269b711504ae8e5c3a7faeada9e8a0481cfcff87fd4c92766ede566f", kill_on_drop: false }`
[INFO] running `Command { std: "docker" "rm" "-f" "dff7500c269b711504ae8e5c3a7faeada9e8a0481cfcff87fd4c92766ede566f", kill_on_drop: false }`
[INFO] [stdout] dff7500c269b711504ae8e5c3a7faeada9e8a0481cfcff87fd4c92766ede566f
[INFO] running `Command { std: "docker" "create" "-v" "/var/lib/crater-agent-workspace/builds/worker-0/target:/opt/rustwide/target:rw,Z" "-v" "/var/lib/crater-agent-workspace/builds/worker-0/source:/opt/rustwide/workdir:ro,Z" "-v" "/var/lib/crater-agent-workspace/cargo-home:/opt/rustwide/cargo-home:ro,Z" "-v" "/var/lib/crater-agent-workspace/rustup-home:/opt/rustwide/rustup-home:ro,Z" "-e" "SOURCE_DIR=/opt/rustwide/workdir" "-e" "CARGO_TARGET_DIR=/opt/rustwide/target" "-e" "CARGO_INCREMENTAL=0" "-e" "RUST_BACKTRACE=full" "-e" "RUSTFLAGS=--cap-lints=warn" "-e" "CARGO_HOME=/opt/rustwide/cargo-home" "-e" "RUSTUP_HOME=/opt/rustwide/rustup-home" "-w" "/opt/rustwide/workdir" "-m" "1610612736" "--user" "0:0" "--network" "none" "ghcr.io/rust-lang/crates-build-env/linux@sha256:34b6a614d2c27851fe6cbf88fbd1137609cefab8b10d0615aaeb6fd47975d74e" "/opt/rustwide/cargo-home/bin/cargo" "+1.54.0" "test" "--frozen" "--no-run" "--message-format=json", kill_on_drop: false }`
[INFO] [stdout] d6ca212e2c7aca87aa5ce13dffcfd3f3d7100120383d7e7e521c87fab3d52dd1
[INFO] running `Command { std: "docker" "start" "-a" "d6ca212e2c7aca87aa5ce13dffcfd3f3d7100120383d7e7e521c87fab3d52dd1", kill_on_drop: false }`
[INFO] [stderr]    Compiling rustversion v1.0.5
[INFO] [stderr]    Compiling diff v0.1.12
[INFO] [stderr]    Compiling executable-path v1.0.0
[INFO] [stderr]    Compiling yaml-rust v0.4.5
[INFO] [stderr]    Compiling which v4.2.2
[INFO] [stderr]    Compiling env_logger v0.9.0
[INFO] [stderr]    Compiling temptree v0.2.0
[INFO] [stderr]    Compiling pretty_assertions v0.7.2
[INFO] [stderr]    Compiling just v0.10.0 (/opt/rustwide/workdir)
[INFO] [stderr]    Compiling cradle v0.0.16
[INFO] [stderr]     Finished test [unoptimized + debuginfo] target(s) in 15.20s
[INFO] running `Command { std: "docker" "inspect" "d6ca212e2c7aca87aa5ce13dffcfd3f3d7100120383d7e7e521c87fab3d52dd1", kill_on_drop: false }`
[INFO] running `Command { std: "docker" "rm" "-f" "d6ca212e2c7aca87aa5ce13dffcfd3f3d7100120383d7e7e521c87fab3d52dd1", kill_on_drop: false }`
[INFO] [stdout] d6ca212e2c7aca87aa5ce13dffcfd3f3d7100120383d7e7e521c87fab3d52dd1
[INFO] running `Command { std: "docker" "create" "-v" "/var/lib/crater-agent-workspace/builds/worker-0/target:/opt/rustwide/target:rw,Z" "-v" "/var/lib/crater-agent-workspace/builds/worker-0/source:/opt/rustwide/workdir:ro,Z" "-v" "/var/lib/crater-agent-workspace/cargo-home:/opt/rustwide/cargo-home:ro,Z" "-v" "/var/lib/crater-agent-workspace/rustup-home:/opt/rustwide/rustup-home:ro,Z" "-e" "SOURCE_DIR=/opt/rustwide/workdir" "-e" "CARGO_TARGET_DIR=/opt/rustwide/target" "-e" "CARGO_INCREMENTAL=0" "-e" "RUST_BACKTRACE=full" "-e" "RUSTFLAGS=--cap-lints=warn" "-e" "CARGO_HOME=/opt/rustwide/cargo-home" "-e" "RUSTUP_HOME=/opt/rustwide/rustup-home" "-w" "/opt/rustwide/workdir" "-m" "1610612736" "--user" "0:0" "--network" "none" "ghcr.io/rust-lang/crates-build-env/linux@sha256:34b6a614d2c27851fe6cbf88fbd1137609cefab8b10d0615aaeb6fd47975d74e" "/opt/rustwide/cargo-home/bin/cargo" "+1.54.0" "test" "--frozen", kill_on_drop: false }`
[INFO] [stdout] 3675879ac36a8d70417892589bc8dabd3d35b78ebc28210da5984859e0554e86
[INFO] running `Command { std: "docker" "start" "-a" "3675879ac36a8d70417892589bc8dabd3d35b78ebc28210da5984859e0554e86", kill_on_drop: false }`
[INFO] [stderr]     Blocking waiting for file lock on package cache
[INFO] [stderr]     Blocking waiting for file lock on package cache
[INFO] [stderr]     Finished test [unoptimized + debuginfo] target(s) in 1.03s
[INFO] [stderr]      Running unittests (/opt/rustwide/target/debug/deps/just-38bff5da507eb825)
[INFO] [stdout] 
[INFO] [stdout] running 438 tests
[INFO] [stdout] test analyzer::tests::duplicate_parameter ... ok
[INFO] [stdout] test assignment_resolver::tests::unknown_expression_variable ... ok
[INFO] [stdout] test analyzer::tests::unknown_alias_target ... ok
[INFO] [stdout] test assignment_resolver::tests::unknown_function_parameter_binary_second ... ok
[INFO] [stdout] test config::tests::completions_arguments ... ok
[INFO] [stdout] test analyzer::tests::duplicate_alias ... ok
[INFO] [stdout] test assignment_resolver::tests::circular_variable_dependency ... ok
[INFO] [stdout] test assignment_resolver::tests::self_variable_dependency ... ok
[INFO] [stdout] test config::tests::edit_arguments ... ok
[INFO] [stdout] test assignment_resolver::tests::unknown_function_parameter ... ok
[INFO] [stdout] test analyzer::tests::duplicate_variadic_parameter ... ok
[INFO] [stdout] test analyzer::tests::alias_shadows_recipe_before ... ok
[INFO] [stdout] test analyzer::tests::duplicate_variable ... ok
[INFO] [stdout] test analyzer::tests::extra_whitespace ... ok
[INFO] [stdout] test analyzer::tests::duplicate_recipe ... ok
[INFO] [stdout] test analyzer::tests::alias_shadows_recipe_after ... ok
[INFO] [stdout] test analyzer::tests::parameter_shadows_varible ... ok
[INFO] [stdout] test analyzer::tests::required_after_default ... ok
[INFO] [stdout] test config::tests::quiet_short ... ok
[INFO] [stdout] test config::tests::overrides ... ok
[INFO] [stdout] test config::tests::quiet_default ... ok
[INFO] [stdout] test config::tests::dry_run_quiet ... ok
[INFO] [stdout] test assignment_resolver::tests::unknown_function_parameter_binary_first ... ok
[INFO] [stdout] test config::tests::highlight_no_yes ... ok
[INFO] [stdout] test config::tests::overrides_override_sets ... ok
[INFO] [stdout] test config::tests::overrides_empty ... ok
[INFO] [stdout] test config::tests::init_arguments ... ok
[INFO] [stdout] test config::tests::search_config_default ... ok
[INFO] [stdout] test config::tests::search_config_justfile_short ... ok
[INFO] [stdout] test config::tests::color_bad_value ... ok
[INFO] [stdout] test config::tests::search_directory_conflict_working_directory ... ok
[INFO] [stdout] test config::tests::highlight_yes ... ok
[INFO] [stdout] test config::tests::search_directory_deep ... ok
[INFO] [stdout] test config::tests::set_bad ... ok
[INFO] [stdout] test config::tests::search_directory_parent ... ok
[INFO] [stdout] test config::tests::search_directory_child_with_recipe ... ok
[INFO] [stdout] test config::tests::search_directory_parent_with_recipe ... ok
[INFO] [stdout] test config::tests::changelog_arguments ... ok
[INFO] [stdout] test config::tests::shell_args_default ... ok
[INFO] [stdout] test config::tests::highlight_default ... ok
[INFO] [stdout] test config::tests::highlight_no_yes_no ... ok
[INFO] [stdout] test config::tests::arguments_leading_equals ... ok
[INFO] [stdout] test config::tests::arguments ... ok
[INFO] [stdout] test config::tests::help ... ok
[INFO] [stdout] test config::tests::color_auto ... ok
[INFO] [stdout] test config::tests::set_empty ... ok
[INFO] [stdout] test config::tests::show_arguments ... ok
[INFO] [stdout] test config::tests::shell_args_clear ... ok
[INFO] [stdout] test config::tests::shell_args_set_hyphen ... ok
[INFO] [stdout] test config::tests::subcommand_completions ... ok
[INFO] [stdout] test config::tests::shell_args_set_word ... ok
[INFO] [stdout] test config::tests::shell_default ... ok
[INFO] [stdout] test config::tests::subcommand_completions_invalid ... ok
[INFO] [stdout] test config::tests::shell_set ... ok
[INFO] [stdout] test config::tests::default_config ... ok
[INFO] [stdout] test config::tests::highlight_yes_no ... ok
[INFO] [stdout] test config::tests::dry_run_default ... ok
[INFO] [stdout] test config::tests::subcommand_conflict_dump ... ok
[INFO] [stdout] test config::tests::subcommand_conflict_choose ... ok
[INFO] [stdout] test config::tests::search_directory_child ... ok
[INFO] [stdout] test config::tests::subcommand_conflict_fmt ... ok
[INFO] [stdout] test config::tests::subcommand_conflict_init ... ok
[INFO] [stdout] test config::tests::subcommand_conflict_show ... ok
[INFO] [stdout] test config::tests::subcommand_conflict_summary ... ok
[INFO] [stdout] test config::tests::subcommand_conflict_evaluate ... ok
[INFO] [stdout] test config::tests::subcommand_conflict_changelog ... ok
[INFO] [stdout] test config::tests::fmt_arguments ... ok
[INFO] [stdout] test config::tests::quiet_long ... ok
[INFO] [stdout] test config::tests::list_arguments ... ok
[INFO] [stdout] test config::tests::shell_args_set_multiple ... ok
[INFO] [stdout] test config::tests::search_directory_conflict_justfile ... ok
[INFO] [stdout] test config::tests::search_config_justfile_long ... ok
[INFO] [stdout] test config::tests::dump_arguments ... ok
[INFO] [stdout] test config::tests::set_default ... ok
[INFO] [stdout] test config::tests::search_config_from_working_directory_and_justfile ... ok
[INFO] [stdout] test config::tests::color_default ... ok
[INFO] [stdout] test config::tests::subcommand_dump ... ok
[INFO] [stdout] test config::tests::subcommand_evaluate_overrides ... ok
[INFO] [stdout] test config::tests::subcommand_overrides_and_arguments ... ok
[INFO] [stdout] test config::tests::subcommand_show_long ... ok
[INFO] [stdout] test config::tests::subcommand_show_short ... ok
[INFO] [stdout] test config::tests::summary_arguments ... ok
[INFO] [stdout] test config::tests::subcommand_summary ... ok
[INFO] [stdout] test config::tests::subcommand_show_no_arg ... ok
[INFO] [stdout] test count::tests::count ... ok
[INFO] [stdout] test config::tests::color_always ... ok
[INFO] [stdout] test config::tests::dry_run_true ... ok
[INFO] [stdout] test config::tests::verbosity_grandiloquent ... ok
[INFO] [stdout] test config::tests::unsorted_short ... ok
[INFO] [stdout] test enclosure::tests::tick ... ok
[INFO] [stdout] test config::tests::subcommand_evaluate_overrides_with_argument ... ok
[INFO] [stdout] test config::tests::unsorted_long ... ok
[INFO] [stdout] test justfile::tests::code_error ... ok
[INFO] [stdout] test justfile::tests::env_functions ... ok
[INFO] [stdout] test evaluator::tests::export_assignment_backtick ... ok
[INFO] [stdout] test config::tests::verbosity_great_grandiloquent ... ok
[INFO] [stdout] test config::tests::set_two ... ok
[INFO] [stdout] test config::tests::subcommand_edit ... ok
[INFO] [stdout] test config::tests::verbosity_loquacious ... ok
[INFO] [stdout] test config::tests::shell_args_set_and_clear ... ok
[INFO] [stdout] test config::tests::shell_args_clear_and_set ... ok
[INFO] [stdout] test justfile::tests::missing_some_arguments ... ok
[INFO] [stdout] test justfile::tests::missing_all_arguments ... ok
[INFO] [stdout] test justfile::tests::missing_some_defaults ... ok
[INFO] [stdout] test justfile::tests::eof_test ... ok
[INFO] [stdout] test justfile::tests::export_failure ... ok
[INFO] [stdout] test config::tests::highlight_no ... ok
[INFO] [stdout] test justfile::tests::parameter_default_concatination_string ... ok
[INFO] [stdout] test justfile::tests::parameter_default_multiple ... ok
[INFO] [stdout] test justfile::tests::parameter_default_string ... ok
[INFO] [stdout] test justfile::tests::parameter_default_raw_string ... ok
[INFO] [stdout] test justfile::tests::parameters ... ok
[INFO] [stdout] test justfile::tests::parse_alias_after_target ... ok
[INFO] [stdout] test justfile::tests::parse_alias_before_target ... ok
[INFO] [stdout] test justfile::tests::escaped_dos_newlines ... ok
[INFO] [stdout] test config::tests::color_never ... ok
[INFO] [stdout] test justfile::tests::parse_assignment_backticks ... ok
[INFO] [stdout] test justfile::tests::parse_complex ... ok
[INFO] [stdout] test justfile::tests::parse_empty ... ok
[INFO] [stdout] test justfile::tests::parse_export ... ok
[INFO] [stdout] test justfile::tests::parse_interpolation_backticks ... ok
[INFO] [stdout] test justfile::tests::parse_assignments ... ok
[INFO] [stdout] test justfile::tests::parse_multiple ... ok
[INFO] [stdout] test justfile::tests::parse_raw_string_default ... ok
[INFO] [stdout] test justfile::tests::missing_all_defaults ... ok
[INFO] [stdout] test justfile::tests::missing_some_arguments_variadic ... ok
[INFO] [stdout] test config::tests::shell_args_set_multiple_and_clear ... ok
[INFO] [stdout] test justfile::tests::concatination_in_group ... ok
[INFO] [stdout] test config::tests::subcommand_list_long ... ok
[INFO] [stdout] test justfile::tests::parameter_default_backtick ... ok
[INFO] [stdout] test justfile::tests::parse_alias_with_comment ... ok
[INFO] [stdout] test justfile::tests::string_quote_escape ... ok
[INFO] [stdout] test evaluator::tests::backtick_code ... ok
[INFO] [stdout] test justfile::tests::parse_variadic ... ok
[INFO] [stdout] test justfile::tests::parse_string_default ... ok
[INFO] [stdout] test justfile::tests::unary_functions ... ok
[INFO] [stdout] test justfile::tests::parse_variadic_string_default ... ok
[INFO] [stdout] test justfile::tests::string_escapes ... ok
[INFO] [stdout] test justfile::tests::string_in_group ... ok
[INFO] [stdout] test justfile::tests::run_args ... ok
[INFO] [stdout] test justfile::tests::parse_simple_shebang ... ok
[INFO] [stdout] test config::tests::subcommand_evaluate ... ok
[INFO] [stdout] test justfile::tests::run_shebang ... ok
[INFO] [stdout] test lexer::tests::ampersand_ampersand ... ok
[INFO] [stdout] test justfile::tests::unknown_recipes_show_alias_suggestion ... ok
[INFO] [stdout] test config::tests::summary_overrides ... ok
[INFO] [stdout] test config::tests::unsorted_default ... ok
[INFO] [stdout] test justfile::tests::parameter_default_concatination_variable ... ok
[INFO] [stdout] test config::tests::verbosity_long ... ok
[INFO] [stdout] test justfile::tests::parse_shebang ... ok
[INFO] [stdout] test config::tests::set_one ... ok
[INFO] [stdout] test lexer::tests::ampersand_eof ... ok
[INFO] [stdout] test lexer::tests::brace_rrr ... ok
[INFO] [stdout] test lexer::tests::ampersand_unexpected ... ok
[INFO] [stdout] test lexer::tests::brackets ... ok
[INFO] [stdout] test lexer::tests::backtick_multi_line ... ok
[INFO] [stdout] test lexer::tests::comment ... ok
[INFO] [stdout] test lexer::tests::dollar ... ok
[INFO] [stdout] test lexer::tests::bang_eof ... ok
[INFO] [stdout] test config::tests::subcommand_default ... ok
[INFO] [stdout] test lexer::tests::brace_lll ... ok
[INFO] [stdout] test config::tests::subcommand_list_short ... ok
[INFO] [stdout] test lexer::tests::cooked_string_multi_line ... ok
[INFO] [stdout] test lexer::tests::brace_escape ... ok
[INFO] [stdout] test lexer::tests::crlf_newline ... ok
[INFO] [stdout] test lexer::tests::eol_carriage_return_linefeed ... ok
[INFO] [stdout] test lexer::tests::cooked_multiline_string ... ok
[INFO] [stdout] test lexer::tests::bang_equals ... ok
[INFO] [stdout] test lexer::tests::brace_l ... ok
[INFO] [stdout] test lexer::tests::cooked_string ... ok
[INFO] [stdout] test lexer::tests::bang_unexpected ... ok
[INFO] [stdout] test lexer::tests::brace_r ... ok
[INFO] [stdout] test lexer::tests::bad_dedent ... ok
[INFO] [stdout] test lexer::tests::backtick ... ok
[INFO] [stdout] test config::tests::set_override ... ok
[INFO] [stdout] test config::tests::subcommand_completions_uppercase ... ok
[INFO] [stdout] test lexer::tests::eol_linefeed ... ok
[INFO] [stdout] test lexer::tests::equals_equals ... ok
[INFO] [stdout] test lexer::tests::export_concatination ... ok
[INFO] [stdout] test lexer::tests::equals ... ok
[INFO] [stdout] test lexer::tests::indent_indent_dedent_indent ... ok
[INFO] [stdout] test lexer::tests::indent_recipe_dedent_indent ... ok
[INFO] [stdout] test lexer::tests::export_complex ... ok
[INFO] [stdout] test lexer::tests::indented_block ... ok
[INFO] [stdout] test lexer::tests::indented_block_followed_by_item ... ok
[INFO] [stdout] test lexer::tests::indented_blocks ... ok
[INFO] [stdout] test lexer::tests::indented_line ... ok
[INFO] [stdout] test lexer::tests::indented_line_containing_unpaired_carriage_return ... ok
[INFO] [stdout] test lexer::tests::indented_normal ... ok
[INFO] [stdout] test lexer::tests::indented_normal_multiple ... ok
[INFO] [stdout] test lexer::tests::indented_normal_nonempty_blank ... ok
[INFO] [stdout] test lexer::tests::indented_block_followed_by_blank ... ok
[INFO] [stdout] test lexer::tests::mixed_leading_whitespace_normal ... ok
[INFO] [stdout] test lexer::tests::interpolation_expression ... ok
[INFO] [stdout] test lexer::tests::interpolation_raw_multiline_string ... ok
[INFO] [stdout] test lexer::tests::invalid_name_start_dash ... ok
[INFO] [stdout] test lexer::tests::mismatched_closing_brace ... ok
[INFO] [stdout] test lexer::tests::interpolation_empty ... ok
[INFO] [stdout] test lexer::tests::invalid_name_start_digit ... ok
[INFO] [stdout] test lexer::tests::mixed_leading_whitespace_recipe ... ok
[INFO] [stdout] test lexer::tests::mixed_leading_whitespace_indent ... ok
[INFO] [stdout] test lexer::tests::multiple_recipes ... ok
[INFO] [stdout] test lexer::tests::raw_string_multi_line ... ok
[INFO] [stdout] test lexer::tests::name_new ... ok
[INFO] [stdout] test lexer::tests::open_delimiter_eol ... ok
[INFO] [stdout] test lexer::tests::tokenize_order ... ok
[INFO] [stdout] test lexer::tests::raw_string ... ok
[INFO] [stdout] test lexer::tests::presume_error ... ok
[INFO] [stdout] test lexer::tests::tokenize_recipe_interpolation_eol ... ok
[INFO] [stdout] test lexer::tests::tokenize_recipe_complex_interpolation_expression ... ok
[INFO] [stdout] test lexer::tests::tokenize_comment_with_bang ... ok
[INFO] [stdout] test lexer::tests::tokenize_comment_before_variable ... ok
[INFO] [stdout] test lexer::tests::tokenize_assignment_backticks ... ok
[INFO] [stdout] test lexer::tests::tokenize_empty_lines ... ok
[INFO] [stdout] test lexer::tests::tokenize_empty_interpolation ... ok
[INFO] [stdout] test lexer::tests::tokenize_indented_block ... ok
[INFO] [stdout] test lexer::tests::tokenize_indented_line ... ok
[INFO] [stdout] test lexer::tests::tokenize_interpolation_backticks ... ok
[INFO] [stdout] test lexer::tests::tokenize_multiple ... ok
[INFO] [stdout] test lexer::tests::tokenize_junk ... ok
[INFO] [stdout] test lexer::tests::tokenize_names ... ok
[INFO] [stdout] test lexer::tests::tokenize_unknown ... ok
[INFO] [stdout] test lexer::tests::unexpected_character_after_bang ... ok
[INFO] [stdout] test lexer::tests::unknown_start_of_token_tilde ... ok
[INFO] [stdout] test lexer::tests::unterminated_backtick ... ok
[INFO] [stdout] test lexer::tests::unpaired_carriage_return ... ok
[INFO] [stdout] test lexer::tests::unclosed_interpolation_delimiter ... ok
[INFO] [stdout] test lexer::tests::unterminated_raw_string ... ok
[INFO] [stdout] test lexer::tests::tokenize_parens ... ok
[INFO] [stdout] test lexer::tests::unterminated_interpolation ... ok
[INFO] [stdout] test lexer::tests::tokenize_recipe_multiple_interpolations ... ok
[INFO] [stdout] test lexer::tests::tokenize_recipe_interpolation_eof ... ok
[INFO] [stdout] test lexer::tests::tokenize_comment ... ok
[INFO] [stdout] test lexer::tests::tokenize_strings ... ok
[INFO] [stdout] test lexer::tests::tokenize_tabs_then_tab_space ... ok
[INFO] [stdout] test parser::tests::assignment ... ok
[INFO] [stdout] test lexer::tests::tokenize_space_then_tab ... ok
[INFO] [stdout] test list::tests::and_ticked ... ok
[INFO] [stdout] test lexer::tests::unterminated_string ... ok
[INFO] [stdout] test parser::tests::addition_single ... ok
[INFO] [stdout] test parser::tests::alias_single ... ok
[INFO] [stdout] test list::tests::or_ticked ... ok
[INFO] [stdout] test parser::tests::alias_syntax_no_rhs ... ok
[INFO] [stdout] test parser::tests::alias_syntax_multiple_rhs ... ok
[INFO] [stdout] test parser::tests::aliases_multiple ... ok
[INFO] [stdout] test parser::tests::assignment_equals ... ok
[INFO] [stdout] test list::tests::and ... ok
[INFO] [stdout] test parser::tests::addition_chained ... ok
[INFO] [stdout] test parser::tests::alias_equals ... ok
[INFO] [stdout] test list::tests::or ... ok
[INFO] [stdout] test config::tests::subcommand_conflict_completions ... ok
[INFO] [stdout] test lexer::tests::unterminated_string_with_escapes ... ok
[INFO] [stdout] test parser::tests::call_one_arg ... ok
[INFO] [stdout] test parser::tests::doc_comment_recipe_clear ... ok
[INFO] [stdout] test parser::tests::comment_after_alias ... ok
[INFO] [stdout] test parser::tests::comment_before_alias ... ok
[INFO] [stdout] test parser::tests::comment_export ... ok
[INFO] [stdout] test parser::tests::comment_assignment ... ok
[INFO] [stdout] test parser::tests::comment_recipe ... ok
[INFO] [stdout] test parser::tests::comment_recipe_dependencies ... ok
[INFO] [stdout] test parser::tests::backtick ... ok
[INFO] [stdout] test parser::tests::conditional_nested_lhs ... ok
[INFO] [stdout] test parser::tests::conditional_inverted ... ok
[INFO] [stdout] test parser::tests::conditional_nested_otherwise ... ok
[INFO] [stdout] test parser::tests::conditional_concatinations ... ok
[INFO] [stdout] test parser::tests::conditional_nested_rhs ... ok
[INFO] [stdout] test parser::tests::call_multiple_args ... ok
[INFO] [stdout] test parser::tests::comment ... ok
[INFO] [stdout] test parser::tests::empty ... ok
[INFO] [stdout] test parser::tests::doc_comment_single ... ok
[INFO] [stdout] test parser::tests::empty_multiline ... ok
[INFO] [stdout] test parser::tests::empty_body ... ok
[INFO] [stdout] test config::tests::verbosity_default ... ok
[INFO] [stdout] test parser::tests::eof_test ... ok
[INFO] [stdout] test parser::tests::env_functions ... ok
[INFO] [stdout] test parser::tests::doc_comment_middle ... ok
[INFO] [stdout] test parser::tests::function_argument_count_binary ... ok
[INFO] [stdout] test parser::tests::function_argument_count_nullary ... ok
[INFO] [stdout] test parser::tests::function_argument_count_unary ... ok
[INFO] [stdout] test parser::tests::missing_default_eol ... ok
[INFO] [stdout] test parser::tests::missing_default_eof ... ok
[INFO] [stdout] test parser::tests::missing_colon ... ok
[INFO] [stdout] test parser::tests::export_equals ... ok
[INFO] [stdout] test parser::tests::invalid_escape_sequence ... ok
[INFO] [stdout] test parser::tests::doc_comment_empty_line_clear ... ok
[INFO] [stdout] test parser::tests::concatination_in_default ... ok
[INFO] [stdout] test parser::tests::doc_comment_assignment_clear ... ok
[INFO] [stdout] test parser::tests::bad_export ... ok
[INFO] [stdout] test parser::tests::conditional_nested_then ... ok
[INFO] [stdout] test parser::tests::conditional ... ok
[INFO] [stdout] test parser::tests::group ... ok
[INFO] [stdout] test parser::tests::missing_eol ... ok
[INFO] [stdout] test parser::tests::call_trailing_comma ... ok
[INFO] [stdout] test parser::tests::export ... ok
[INFO] [stdout] test parser::tests::parse_alias_after_target ... ok
[INFO] [stdout] test parser::tests::parse_alias_before_target ... ok
[INFO] [stdout] test config::tests::subcommand_conflict_variables ... ok
[INFO] [stdout] test parser::tests::indented_string_raw_no_dedent ... ok
[INFO] [stdout] test parser::tests::indented_string_raw_with_dedent ... ok
[INFO] [stdout] test parser::tests::indented_string_cooked ... ok
[INFO] [stdout] test parser::tests::concatination_in_group ... ok
[INFO] [stdout] test parser::tests::escaped_dos_newlines ... ok
[INFO] [stdout] test parser::tests::parameter_default_concatination_string ... ok
[INFO] [stdout] test parser::tests::parse_alias_with_comment ... ok
[INFO] [stdout] test parser::tests::parameter_default_backtick ... ok
[INFO] [stdout] test parser::tests::parse_assignment_backticks ... ok
[INFO] [stdout] test parser::tests::parse_assignment_with_comment ... ok
[INFO] [stdout] test parser::tests::parse_assignments ... ok
[INFO] [stdout] test parser::tests::parse_interpolation_backticks ... ok
[INFO] [stdout] test parser::tests::parse_raw_string_default ... ok
[INFO] [stdout] test parser::tests::parse_shebang ... ok
[INFO] [stdout] test parser::tests::parse_complex ... ok
[INFO] [stdout] test parser::tests::parameter_follows_variadic_parameter ... ok
[INFO] [stdout] test parser::tests::indented_string_cooked_no_dedent ... ok
[INFO] [stdout] test parser::tests::indented_backtick_no_dedent ... ok
[INFO] [stdout] test parser::tests::indented_backtick ... ok
[INFO] [stdout] test parser::tests::plus_following_parameter ... ok
[INFO] [stdout] test parser::tests::parameter_after_variadic ... ok
[INFO] [stdout] test parser::tests::recipe_subsequent ... ok
[INFO] [stdout] test parser::tests::recipe ... ok
[INFO] [stdout] test parser::tests::recipe_variadic_addition_group_default ... ok
[INFO] [stdout] test parser::tests::recipe_default_multiple ... ok
[INFO] [stdout] test parser::tests::recipe_default_single ... ok
[INFO] [stdout] test parser::tests::recipe_variadic_string_default ... ok
[INFO] [stdout] test parser::tests::recipe_line_interpolation ... ok
[INFO] [stdout] test parser::tests::recipe_dependency_multiple ... ok
[INFO] [stdout] test parser::tests::recipe_dependency_parenthesis ... ok
[INFO] [stdout] test parser::tests::recipe_dependency_single ... ok
[INFO] [stdout] test justfile::tests::unknown_recipes ... ok
[INFO] [stdout] test justfile::tests::unknown_overrides ... ok
[INFO] [stdout] test parser::tests::recipe_line_single ... ok
[INFO] [stdout] test parser::tests::recipe_dependency_argument_identifier ... ok
[INFO] [stdout] test parser::tests::recipe_variadic_variable_default ... ok
[INFO] [stdout] test parser::tests::recipe_variadic_with_default_after_default ... ok
[INFO] [stdout] test parser::tests::set_dotenv_load_false ... ok
[INFO] [stdout] test parser::tests::set_dotenv_load_implicit ... ok
[INFO] [stdout] test parser::tests::set_dotenv_load_true ... ok
[INFO] [stdout] test parser::tests::set_export_false ... ok
[INFO] [stdout] test parser::tests::set_export_implicit ... ok
[INFO] [stdout] test parser::tests::set_export_true ... ok
[INFO] [stdout] test parser::tests::set_positional_arguments_false ... ok
[INFO] [stdout] test parser::tests::recipe_multiple ... ok
[INFO] [stdout] test parser::tests::recipe_parameter_single ... ok
[INFO] [stdout] test parser::tests::recipe_parameter_multiple ... ok
[INFO] [stdout] test parser::tests::recipe_star_variadic ... ok
[INFO] [stdout] test parser::tests::parameters ... ok
[INFO] [stdout] test parser::tests::recipe_quiet ... ok
[INFO] [stdout] test parser::tests::parse_simple_shebang ... ok
[INFO] [stdout] test parser::tests::recipe_plus_variadic ... ok
[INFO] [stdout] test parser::tests::set_positional_arguments_true ... ok
[INFO] [stdout] test parser::tests::set_shell_bad ... ok
[INFO] [stdout] test parser::tests::set_shell_bad_comma ... ok
[INFO] [stdout] test parser::tests::parameter_default_raw_string ... ok
[INFO] [stdout] test parser::tests::recipe_line_multiple ... ok
[INFO] [stdout] test parser::tests::set_shell_no_arguments ... ok
[INFO] [stdout] test parser::tests::set_shell_non_literal_first ... ok
[INFO] [stdout] test parser::tests::set_shell_no_arguments_trailing_comma ... ok
[INFO] [stdout] test parser::tests::set_shell_non_string ... ok
[INFO] [stdout] test parser::tests::set_shell_with_one_argument ... ok
[INFO] [stdout] test parser::tests::set_shell_with_two_arguments ... ok
[INFO] [stdout] test parser::tests::set_shell_non_literal_second ... ok
[INFO] [stdout] test parser::tests::set_unknown ... ok
[INFO] [stdout] test parser::tests::set_shell_with_one_argument_trailing_comma ... ok
[INFO] [stdout] test parser::tests::single_line_body ... ok
[INFO] [stdout] test parser::tests::string_escape_newline ... ok
[INFO] [stdout] test parser::tests::string_escape_quote ... ok
[INFO] [stdout] test parser::tests::string_escape_slash ... ok
[INFO] [stdout] test parser::tests::string_escapes ... ok
[INFO] [stdout] test parser::tests::string_escape_suppress_newline ... ok
[INFO] [stdout] test parser::tests::string_escape_tab ... ok
[INFO] [stdout] test parser::tests::string_escape_carriage_return ... ok
[INFO] [stdout] test parser::tests::parameter_default_concatination_variable ... ok
[INFO] [stdout] test parser::tests::parameter_default_string ... ok
[INFO] [stdout] test positional::tests::all_slash ... ok
[INFO] [stdout] test positional::tests::all_dot_dot ... ok
[INFO] [stdout] test parser::tests::whitespace ... ok
[INFO] [stdout] test positional::tests::override_after_argument ... ok
[INFO] [stdout] test positional::tests::no_arguments ... ok
[INFO] [stdout] test parser::tests::string_in_group ... ok
[INFO] [stdout] test parser::tests::string_quote_escape ... ok
[INFO] [stdout] test parser::tests::set_positional_arguments_implicit ... ok
[INFO] [stdout] test parser::tests::trimmed_body ... ok
[INFO] [stdout] test parser::tests::unclosed_parenthesis_in_expression ... ok
[INFO] [stdout] test parser::tests::unexpected_brace ... ok
[INFO] [stdout] test parser::tests::unknown_function ... ok
[INFO] [stdout] test parser::tests::unknown_function_in_default ... ok
[INFO] [stdout] test parser::tests::variable ... ok
[INFO] [stdout] test positional::tests::all_dot ... ok
[INFO] [stdout] test positional::tests::all_overrides ... ok
[INFO] [stdout] test parser::tests::set_shell_no_arguments_cooked ... ok
[INFO] [stdout] test positional::tests::arguments_only ... ok
[INFO] [stdout] test positional::tests::no_overrides ... ok
[INFO] [stdout] test positional::tests::no_values ... ok
[INFO] [stdout] test positional::tests::override_after_search_directory ... ok
[INFO] [stdout] test parser::tests::unclosed_parenthesis_in_interpolation ... ok
[INFO] [stdout] test positional::tests::no_search_directory ... ok
[INFO] [stdout] test positional::tests::override_not_name ... ok
[INFO] [stdout] test parser::tests::set_shell_empty ... ok
[INFO] [stdout] test parser::tests::parameter_default_multiple ... ok
[INFO] [stdout] test parser::tests::recipe_dependency_argument_concatination ... ok
[INFO] [stdout] test recipe_resolver::tests::unknown_dependency ... ok
[INFO] [stdout] test range_ext::tests::inclusive ... ok
[INFO] [stdout] test positional::tests::search_directory_after_argument ... ok
[INFO] [stdout] test parser::tests::recipe_dependency_argument_string ... ok
[INFO] [stdout] test search::tests::not_found ... ok
[INFO] [stdout] test recipe_resolver::tests::self_recipe_dependency ... ok
[INFO] [stdout] test recipe_resolver::tests::unknown_interpolation_variable ... ok
[INFO] [stdout] test recipe_resolver::tests::unknown_second_interpolation_variable ... ok
[INFO] [stdout] test search::tests::found_spongebob_case ... ok
[INFO] [stdout] test range_ext::tests::exclusive ... ok
[INFO] [stdout] test search::tests::found_from_inner_dir ... ok
[INFO] [stdout] test recipe_resolver::tests::circular_recipe_dependency ... ok
[INFO] [stdout] test shebang::tests::cmd_exe_script_filename ... ok
[INFO] [stdout] test search::tests::found ... ok
[INFO] [stdout] test search::tests::found_and_stopped_at_first_justfile ... ok
[INFO] [stdout] test shebang::tests::cmd_script_filename ... ok
[INFO] [stdout] test recipe_resolver::tests::unknown_variable_in_default ... ok
[INFO] [stdout] test search::tests::clean ... ok
[INFO] [stdout] test search::tests::multiple_candidates ... ok
[INFO] [stdout] test parser::tests::unknown_function_in_interpolation ... ok
[INFO] [stdout] test shebang::tests::include_shebang_line_other ... ok
[INFO] [stdout] test shebang::tests::interpreter_filename_with_forward_slash ... ok
[INFO] [stdout] test shebang::tests::powershell_exe_script_filename ... ok
[INFO] [stdout] test search::tests::justfile_symlink_parent ... ok
[INFO] [stdout] test unindent::tests::unindents ... ok
[INFO] [stdout] test shebang::tests::plain_script_filename ... ok
[INFO] [stdout] test search_error::tests::multiple_candidates_formatting ... ok
[INFO] [stdout] test subcommand::tests::init_justfile ... ok
[INFO] [stdout] test shebang::tests::dont_include_shebang_line_cmd ... ok
[INFO] [stdout] test unindent::tests::blanks ... ok
[INFO] [stdout] test unindent::tests::commons ... ok
[INFO] [stdout] test unindent::tests::indentations ... ok
[INFO] [stdout] test shebang::tests::split_shebang ... ok
[INFO] [stdout] test shebang::tests::interpreter_filename_with_backslash ... ok
[INFO] [stdout] test shebang::tests::powershell_script_filename ... ok
[INFO] [stdout] test recipe_resolver::tests::unknown_variable_in_dependency_argument ... ok
[INFO] [stdout] test parser::tests::unary_functions ... ok
[INFO] [stdout] test shebang::tests::dont_include_shebang_line_cmd_exe ... ok
[INFO] [stdout] 
[INFO] [stdout] test result: ok. 438 passed; 0 failed; 0 ignored; 0 measured; 0 filtered out; finished in 0.44s
[INFO] [stdout] 
[INFO] [stderr]      Running unittests (/opt/rustwide/target/debug/deps/just-9206299508a445a2)
[INFO] [stdout] 
[INFO] [stdout] running 0 tests
[INFO] [stdout] 
[INFO] [stdout] test result: ok. 0 passed; 0 failed; 0 ignored; 0 measured; 0 filtered out; finished in 0.00s
[INFO] [stdout] 
[INFO] [stderr]      Running tests/lib.rs (/opt/rustwide/target/debug/deps/integration-360ac265f9bc975d)
[INFO] [stdout] 
[INFO] [stdout] running 416 tests
[INFO] [stdout] test conditional::undefined_otherwise ... ok
[INFO] [stdout] test choose::no_choosable_recipes ... ok
[INFO] [stdout] test completions::output ... ok
[INFO] [stdout] test conditional::complex_expressions ... ok
[INFO] [stdout] test conditional::undefined_lhs ... ok
[INFO] [stdout] test command::command_not_found ... ok
[INFO] [stdout] test delimiters::mismatched_delimiter ... ok
[INFO] [stdout] test conditional::undefined_rhs ... ok
[INFO] [stdout] test command::exports_are_available ... ok
[INFO] [stdout] test delimiters::no_interpolation_continuation ... ok
[INFO] [stdout] test conditional::then_branch_unevaluated_inverted ... ok
[INFO] [stdout] test conditional::undefined_then ... ok
[INFO] [stdout] test choose::invoke_error_function ... ok
[INFO] [stdout] test conditional::unexpected_op ... ok
[INFO] [stdout] test choose::default ... ok
[INFO] [stdout] test command::no_binary ... ok
[INFO] [stdout] test delimiters::unexpected_delimiter ... ok
[INFO] [stdout] test choose::chooser ... ok
[INFO] [stdout] test command::env_is_loaded ... ok
[INFO] [stdout] test command::long ... ok
[INFO] [stdout] test choose::skip_private_recipes ... ok
[INFO] [stdout] test delimiters::paren_continuation ... ok
[INFO] [stdout] test choose::env ... ok
[INFO] [stdout] test conditional::if_else ... ok
[INFO] [stdout] test choose::multiple_recipes ... ok
[INFO] [stdout] test command::run_in_shell ... ok
[INFO] [stdout] test conditional::dump ... ok
[INFO] [stdout] test command::set_overrides_work ... ok
[INFO] [stdout] test command::working_directory_is_correct ... ok
[INFO] [stdout] test dotenv::dotenv ... ok
[INFO] [stdout] test command::short ... ok
[INFO] [stdout] test conditional::otherwise_branch_unevaluated ... ok
[INFO] [stdout] test conditional::otherwise_branch_unevaluated_inverted ... ok
[INFO] [stdout] test error_messages::argument_count_mismatch ... ok
[INFO] [stdout] test delimiters::dependency_continuation ... ok
[INFO] [stdout] test delimiters::brace_continuation ... ok
[INFO] [stdout] test conditional::then_branch_unevaluated ... ok
[INFO] [stdout] test delimiters::bracket_continuation ... ok
[INFO] [stdout] test evaluate::evaluate_multiple ... ok
[INFO] [stdout] test choose::override_variable ... ok
[INFO] [stdout] test edit::invalid_justfile ... ok
[INFO] [stdout] test dotenv::set_true ... ok
[INFO] [stdout] test edit::invoke_error ... ok
[INFO] [stdout] test dotenv::set_implicit ... ok
[INFO] [stdout] test evaluate::evaluate_no_suggestion ... ok
[INFO] [stdout] test error_messages::unexpected_character ... ok
[INFO] [stdout] test dotenv::warning ... ok
[INFO] [stdout] test evaluate::evaluate ... ok
[INFO] [stdout] test evaluate::evaluate_single ... ok
[INFO] [stdout] test changelog::print_changelog ... ok
[INFO] [stdout] test export::parameter_not_visible_to_backtick ... ok
[INFO] [stdout] test edit::editor_precedence ... ok
[INFO] [stdout] test choose::skip_recipes_that_require_arguments ... ok
[INFO] [stdout] test dotenv::set_false ... ok
[INFO] [stdout] test examples::examples ... ok
[INFO] [stdout] test evaluate::evaluate_suggestion ... ok
[INFO] [stdout] test export::setting_override_undefined ... ok
[INFO] [stdout] test fmt::alias_good ... ok
[INFO] [stdout] test error_messages::expected_keyword ... ok
[INFO] [stdout] test evaluate::evaluate_empty ... ok
[INFO] [stdout] test export::shebang ... ok
[INFO] [stdout] test export::setting_variable_not_visible ... ok
[INFO] [stdout] test export::recipe_backtick ... ok
[INFO] [stdout] test fmt::assignment_indented_doublequote ... ok
[INFO] [stdout] test export::setting_implicit ... ok
[INFO] [stdout] test export::override_variable ... ok
[INFO] [stdout] test export::parameter ... ok
[INFO] [stdout] test export::setting_false ... ok
[INFO] [stdout] test fmt::assignment_concat_values ... ok
[INFO] [stdout] test edit::editor_working_directory ... ok
[INFO] [stdout] test fmt::alias_fix_indent ... ok
[INFO] [stdout] test fmt::assignment_binary_function ... ok
[INFO] [stdout] test export::setting_true ... ok
[INFO] [stdout] test export::setting_shebang ... ok
[INFO] [stdout] test fmt::assignment_backtick ... ok
[INFO] [stdout] test fmt::assignment_if_oneline ... ok
[INFO] [stdout] test fmt::comment_before_recipe ... ok
[INFO] [stdout] test fmt::assignment_export ... ok
[INFO] [stdout] test fmt::assignment_unary_function ... ok
[INFO] [stdout] test fmt::assignment_indented_backtick ... ok
[INFO] [stdout] test fmt::assignment_singlequote ... ok
[INFO] [stdout] test fmt::comment ... ok
[INFO] [stdout] test fmt::assignment_indented_singlequote ... ok
[INFO] [stdout] test fmt::assignment_parenthized_expression ... ok
[INFO] [stdout] test fmt::assignment_doublequote ... ok
[INFO] [stdout] test fmt::assignment_nullary_function ... ok
[INFO] [stdout] test export::success ... ok
[INFO] [stdout] test fmt::group_comments ... ok
[INFO] [stdout] test fmt::assignment_path_functions ... ok
[INFO] [stdout] test fmt::comment_multiline ... ok
[INFO] [stdout] test fmt::comment_before_docstring_recipe ... ok
[INFO] [stdout] test fmt::assignment_if_multiline ... ok
[INFO] [stdout] test fmt::group_recipies ... ok
[INFO] [stdout] test fmt::group_aliases ... ok
[INFO] [stdout] test fmt::recipe_dependencies_params ... ok
[INFO] [stdout] test fmt::group_assignments ... ok
[INFO] [stdout] test fmt::comment_leading ... ok
[INFO] [stdout] test fmt::recipe_body_is_comment ... ok
[INFO] [stdout] test fmt::assignment_name ... ok
[INFO] [stdout] test fmt::no_trailing_newline ... ok
[INFO] [stdout] test fmt::recipe_ordinary ... ok
[INFO] [stdout] test fmt::recipe_assignment_in_body ... ok
[INFO] [stdout] test fmt::recipe_quiet_comment ... ok
[INFO] [stdout] test fmt::recipe_dependency_param ... ok
[INFO] [stdout] test fmt::recipe_escaped_braces ... ok
[INFO] [stdout] test fmt::recipe_parameter_default ... ok
[INFO] [stdout] test fmt::comment_trailing ... ok
[INFO] [stdout] test fmt::group_sets ... ok
[INFO] [stdout] test fmt::recipe_parameter_in_body ... ok
[INFO] [stdout] test fmt::recipe_positional_variadic ... ok
[INFO] [stdout] test fmt::recipe_dependency ... ok
[INFO] [stdout] test fmt::recipe_dependency_params ... ok
[INFO] [stdout] test fmt::recipe_ignore_errors ... ok
[INFO] [stdout] test fmt::recipe_parameter_default_envar ... ok
[INFO] [stdout] test fmt::recipe_quiet ... ok
[INFO] [stdout] test fmt::recipe_parameter_conditional ... ok
[INFO] [stdout] test fmt::recipe_parameter_concat ... ok
[INFO] [stdout] test fmt::recipe_dependencies ... ok
[INFO] [stdout] test fmt::recipe_quiet_command ... ok
[INFO] [stdout] test fmt::recipe_parameter_envar ... ok
[INFO] [stdout] test fmt::recipe_variadic_default ... ok
[INFO] [stdout] test fmt::unstable_not_passed ... ok
[INFO] [stdout] test fmt::recipe_parameters ... ok
[INFO] [stdout] test fmt::recipe_parameter ... ok
[INFO] [stdout] test functions::broken_extension_function ... ok
[INFO] [stdout] test fmt::unstable_passed ... ok
[INFO] [stdout] test functions::broken_directory_function2 ... ok
[INFO] [stdout] test fmt::recipe_several_commands ... ok
[INFO] [stdout] test fmt::recipe_parameters_envar ... ok
[INFO] [stdout] test functions::broken_extension_function2 ... ok
[INFO] [stdout] test fmt::recipe_variadic_plus ... ok
[INFO] [stdout] test functions::broken_file_stem_function ... ok
[INFO] [stdout] test fmt::separate_recipes_aliases ... ok
[INFO] [stdout] test fmt::recipe_with_comments_in_body ... ok
[INFO] [stdout] test functions::env_var_failure ... ok
[INFO] [stdout] test functions::broken_without_extension_function ... ok
[INFO] [stdout] test fmt::recipe_variadic_star ... ok
[INFO] [stdout] test fmt::set_shell ... ok
[INFO] [stdout] test fmt::recipe_with_docstring ... ok
[INFO] [stdout] test fmt::subsequent ... ok
[INFO] [stdout] test fmt::set_true_implicit ... ok
[INFO] [stdout] test interrupts::unix::interrupt_backtick ... ignored
[INFO] [stdout] test interrupts::unix::interrupt_command ... ignored
[INFO] [stdout] test fmt::set_false ... ok
[INFO] [stdout] test functions::broken_directory_function ... ok
[INFO] [stdout] test init::justfile ... ok
[INFO] [stdout] test init::justfile_and_working_directory ... ok
[INFO] [stdout] test init::current_dir ... ok
[INFO] [stdout] test init::alternate_marker ... ok
[INFO] [stdout] test interrupts::unix::interrupt_line ... ignored
[INFO] [stdout] test interrupts::unix::interrupt_shebang ... ignored
[INFO] [stdout] test functions::broken_file_name_function ... ok
[INFO] [stdout] test functions::replace ... ok
[INFO] [stdout] test fmt::set_true_explicit ... ok
[INFO] [stdout] test functions::trim ... ok
[INFO] [stdout] test functions::path_functions ... ok
[INFO] [stdout] test init::invocation_directory ... ok
[INFO] [stdout] test init::search_directory ... ok
[INFO] [stdout] test invocation_directory::test_invocation_directory ... ok
[INFO] [stdout] test init::parent_dir ... ok
[INFO] [stdout] test functions::test_os_arch_functions_in_default ... ok
[INFO] [stdout] test functions::test_os_arch_functions_in_expression ... ok
[INFO] [stdout] test functions::test_just_executable_function ... ok
[INFO] [stdout] test functions::lowercase ... ok
[INFO] [stdout] test functions::uppercase ... ok
[INFO] [stdout] test functions::test_os_arch_functions_in_interpolation ... ok
[INFO] [stdout] test misc::argument_mismatch_fewer ... ok
[INFO] [stdout] test misc::argument_mismatch_more_with_default ... ok
[INFO] [stdout] test misc::alias_listing_parameters ... ok
[INFO] [stdout] test misc::argument_mismatch_more ... ok
[INFO] [stdout] test functions::clean ... ok
[INFO] [stdout] test functions::path_functions2 ... ok
[INFO] [stdout] test misc::backtick_code_interpolation_tabs ... ok
[INFO] [stdout] test misc::backtick_code_interpolation_tab ... ok
[INFO] [stdout] test misc::backtick_code_interpolation_unicode_hell ... ok
[INFO] [stdout] test misc::backtick_code_long ... ok
[INFO] [stdout] test misc::backtick_code_assignment ... ok
[INFO] [stdout] test misc::backtick_code_interpolation ... ok
[INFO] [stdout] test misc::alias_listing_multiple_aliases ... ok
[INFO] [stdout] test misc::alias ... ok
[INFO] [stdout] test misc::alias_listing_private ... ok
[INFO] [stdout] test misc::backtick_code_interpolation_inner_tab ... ok
[INFO] [stdout] test misc::alias_shadows_recipe ... ok
[INFO] [stdout] test misc::alias_with_dependencies ... ok
[INFO] [stdout] test misc::argument_mismatch_fewer_with_default ... ok
[INFO] [stdout] test misc::argument_single ... ok
[INFO] [stdout] test misc::alias_with_parameters ... ok
[INFO] [stdout] test misc::bad_setting ... ok
[INFO] [stdout] test misc::assignment_backtick_failure ... ok
[INFO] [stdout] test misc::alias_listing ... ok
[INFO] [stdout] test init::exists ... ok
[INFO] [stdout] test misc::color_auto ... ok
[INFO] [stdout] test misc::color_never ... ok
[INFO] [stdout] test misc::brace_escape ... ok
[INFO] [stdout] test misc::command_backtick_failure ... ok
[INFO] [stdout] test misc::colors_no_context ... ok
[INFO] [stdout] test misc::color_always ... ok
[INFO] [stdout] test misc::brace_escape_extra ... ok
[INFO] [stdout] test misc::backtick_code_interpolation_leading_emoji ... ok
[INFO] [stdout] test misc::backtick_default_cat_justfile ... ok
[INFO] [stdout] test misc::backtick_code_interpolation_mod ... ok
[INFO] [stdout] test misc::argument_multiple ... ok
[INFO] [stdout] test misc::comment_before_variable ... ok
[INFO] [stdout] test misc::backtick_default_read_multiple ... ok
[INFO] [stdout] test misc::dependency_takes_arguments_exact ... ok
[INFO] [stdout] test misc::default_variable ... ok
[INFO] [stdout] test misc::backtick_default_cat_stdin ... ok
[INFO] [stdout] test misc::backtick_success ... ok
[INFO] [stdout] test misc::backtick_variable_read_single ... ok
[INFO] [stdout] test misc::backtick_trimming ... ok
[INFO] [stdout] test misc::default_concatination ... ok
[INFO] [stdout] test misc::argument_grouping ... ok
[INFO] [stdout] test misc::dependency_takes_arguments_at_most ... ok
[INFO] [stdout] test misc::backtick_variable_cat ... ok
[INFO] [stdout] test misc::default_string ... ok
[INFO] [stdout] test misc::dependency_takes_arguments_at_least ... ok
[INFO] [stdout] test misc::default ... ok
[INFO] [stdout] test misc::dependency_argument_plus_variadic ... ok
[INFO] [stdout] test misc::backtick_variable_read_multiple ... ok
[INFO] [stdout] test misc::duplicate_alias ... ok
[INFO] [stdout] test misc::complex_dependencies ... ok
[INFO] [stdout] test misc::dependency_argument_string ... ok
[INFO] [stdout] test misc::dependency_argument_backtick ... ok
[INFO] [stdout] test init::write_error ... ok
[INFO] [stdout] test misc::dependency_argument_parameter ... ok
[INFO] [stdout] test misc::default_backtick ... ok
[INFO] [stdout] test misc::duplicate_recipe ... ok
[INFO] [stdout] test misc::duplicate_parameter ... ok
[INFO] [stdout] test misc::dotenv_env_var_override ... ok
[INFO] [stdout] test misc::inconsistent_leading_whitespace ... ok
[INFO] [stdout] test misc::extra_leading_whitespace ... ok
[INFO] [stdout] test misc::interpolation_evaluation_ignore_quiet_continuation ... ok
[INFO] [stdout] test misc::interpolation_evaluation_ignore_quiet ... ok
[INFO] [stdout] test misc::equals_deprecated_export ... ok
[INFO] [stdout] test misc::dotenv_variable_in_recipe ... ok
[INFO] [stdout] test misc::dependency_argument_function ... ok
[INFO] [stdout] test misc::infallable_with_failing ... ok
[INFO] [stdout] test misc::equals_deprecated_assignment ... ok
[INFO] [stdout] test misc::duplicate_dependency_argument ... ok
[INFO] [stdout] test misc::duplicate_variable ... ok
[INFO] [stdout] test misc::dependency_argument_assignment ... ok
[INFO] [stdout] test misc::equals_deprecated_alias ... ok
[INFO] [stdout] test misc::dotenv_variable_in_function_in_recipe ... ok
[INFO] [stdout] test misc::dotenv_variable_in_backtick ... ok
[INFO] [stdout] test misc::invalid_escape_sequence_message ... ok
[INFO] [stdout] test misc::dotenv_variable_in_function_in_backtick ... ok
[INFO] [stdout] test misc::duplicate_dependency_no_args ... ok
[INFO] [stdout] test misc::line_error_spacing ... ok
[INFO] [stdout] test misc::dump ... ok
[INFO] [stdout] test misc::infallable_command ... ok
[INFO] [stdout] test misc::dry_run ... ok
[INFO] [stdout] test misc::list_empty_prefix_and_heading ... ok
[INFO] [stdout] test misc::list_colors ... ok
[INFO] [stdout] test misc::line_continuation_no_space ... ok
[INFO] [stdout] test misc::list_prefix ... ok
[INFO] [stdout] test misc::long_circular_recipe_dependency ... ok
[INFO] [stdout] test misc::no_highlight ... ok
[INFO] [stdout] test misc::list_alignment ... ok
[INFO] [stdout] test misc::parameter_shadows_variable ... ok
[INFO] [stdout] test misc::list ... ok
[INFO] [stdout] test misc::line_continuation_with_quoted_space ... ok
[INFO] [stdout] test misc::missing_second_dependency ... ok
[INFO] [stdout] test misc::list_alignment_long ... ok
[INFO] [stdout] test misc::line_continuation_with_space ... ok
[INFO] [stdout] test misc::list_heading ... ok
[INFO] [stdout] test misc::mixed_whitespace ... ok
[INFO] [stdout] test misc::plus_then_star_variadic ... ok
[INFO] [stdout] test misc::parameter_cross_reference_error ... ok
[INFO] [stdout] test misc::no_dotenv ... ok
[INFO] [stdout] test misc::required_after_star_variadic ... ok
[INFO] [stdout] test misc::star_then_plus_variadic ... ok
[INFO] [stdout] test misc::shebang_backtick_failure ... ok
[INFO] [stdout] test misc::required_after_plus_variadic ... ok
[INFO] [stdout] test misc::self_dependency ... ok
[INFO] [stdout] test misc::list_sorted ... ok
[INFO] [stdout] test misc::multi_line_string_in_interpolation ... ok
[INFO] [stdout] test misc::list_unsorted ... ok
[INFO] [stdout] test misc::plus_variadic_ignore_default ... ok
[INFO] [stdout] test misc::plus_variadic_use_default ... ok
[INFO] [stdout] test misc::overrides_first ... ok
[INFO] [stdout] test misc::run_suggestion ... ok
[INFO] [stdout] test misc::plus_variadic_recipe ... ok
[INFO] [stdout] test misc::plus_variadic_too_few ... ok
[INFO] [stdout] test misc::required_after_default ... ok
[INFO] [stdout] test misc::status_passthrough ... ok
[INFO] [stdout] test misc::overrides_not_evaluated ... ok
[INFO] [stdout] test misc::quiet ... ok
[INFO] [stdout] test misc::quiet_recipe ... ok
[INFO] [stdout] test misc::shebang_line_numbers ... ok
[INFO] [stdout] test misc::order ... ok
[INFO] [stdout] test misc::unexpected_token_after_name ... ok
[INFO] [stdout] test misc::summary_sorted ... ok
[INFO] [stdout] test misc::unknown_function_in_assignment ... ok
[INFO] [stdout] test misc::print ... ok
[INFO] [stdout] test misc::star_variadic_recipe ... ok
[INFO] [stdout] test misc::unknown_dependency ... ok
[INFO] [stdout] test misc::unknown_override_arg ... ok
[INFO] [stdout] test misc::unknown_function_in_default ... ok
[INFO] [stdout] test misc::select ... ok
[INFO] [stdout] test misc::supply_defaults ... ok
[INFO] [stdout] test misc::unknown_override_args ... ok
[INFO] [stdout] test misc::unknown_recipe ... ok
[INFO] [stdout] test misc::summary ... ok
[INFO] [stdout] test misc::run_colors ... ok
[INFO] [stdout] test misc::star_variadic_use_default ... ok
[INFO] [stdout] test misc::quiet_shebang_recipe ... ok
[INFO] [stdout] test misc::star_variadic_ignore_default ... ok
[INFO] [stdout] test misc::trailing_flags ... ok
[INFO] [stdout] test misc::variable_circular_dependency ... ok
[INFO] [stdout] test misc::unterminated_interpolation_eof ... ok
[INFO] [stdout] test misc::unknown_start_of_token ... ok
[INFO] [stdout] test misc::unexpected_token_in_dependency_position ... ok
[INFO] [stdout] test misc::supply_use_default ... ok
[INFO] [stdout] test misc::star_variadic_none ... ok
[INFO] [stdout] test misc::variable_circular_dependency_with_additional_variable ... ok
[INFO] [stdout] test misc::unterminated_interpolation_eol ... ok
[INFO] [stdout] test quiet::error_messages ... ok
[INFO] [stdout] test misc::unknown_alias_target ... ok
[INFO] [stdout] test quiet::choose_invocation ... ok
[INFO] [stdout] test misc::summary_unsorted ... ok
[INFO] [stdout] test quiet::choose_status ... ok
[INFO] [stdout] test misc::unknown_recipes ... ok
[INFO] [stdout] test misc::unknown_variable_in_default ... ok
[INFO] [stdout] test quiet::assignment_backtick_stderr ... ok
[INFO] [stdout] test misc::variable_self_dependency ... ok
[INFO] [stdout] test quiet::choose_none ... ok
[INFO] [stdout] test misc::unknown_override_options ... ok
[INFO] [stdout] test quiet::show_missing ... ok
[INFO] [stdout] test misc::use_raw_string_default ... ok
[INFO] [stdout] test quiet::edit_invocation ... ok
[INFO] [stdout] test positional_arguments::empty_variadic_is_undefined ... ok
[INFO] [stdout] test quiet::edit_status ... ok
[INFO] [stdout] test misc::verbose ... ok
[INFO] [stdout] test quiet::command_echoing ... ok
[INFO] [stdout] test positional_arguments::shebang ... ok
[INFO] [stdout] test positional_arguments::default_arguments ... ok
[INFO] [stdout] test positional_arguments::variadic_shebang ... ok
[INFO] [stdout] test shell::cmd ... ignored
[INFO] [stdout] test shell::powershell ... ignored
[INFO] [stdout] test positional_arguments::variadic_arguments_are_separate ... ok
[INFO] [stdout] test positional_arguments::linewise ... ok
[INFO] [stdout] test misc::use_string_default ... ok
[INFO] [stdout] test misc::variables ... ok
[INFO] [stdout] test choose::status_error ... FAILED
[INFO] [stdout] test search::test_justfile_search ... ok
[INFO] [stdout] test edit::status_error ... FAILED
[INFO] [stdout] test functions::env_var_functions ... FAILED
[INFO] [stdout] test fmt::write_error ... FAILED
[INFO] [stdout] test show::show_no_alias_suggestion ... ok
[INFO] [stdout] test search::test_capitalized_justfile_search ... ok
[INFO] [stdout] test positional_arguments::variadic_linewise ... ok
[INFO] [stdout] test search::dot_justfile_conflicts_with_justfile ... ok
[INFO] [stdout] test show::show_no_suggestion ... ok
[INFO] [stdout] test shell::flag ... ok
[INFO] [stdout] test search::test_upwards_multiple_path_argument ... ok
[INFO] [stdout] test show::show_alias_suggestion ... ok
[INFO] [stdout] test quiet::stderr ... ok
[INFO] [stdout] test show::alias_show_missing_target ... ok
[INFO] [stdout] test quiet::init_exists ... ok
[INFO] [stdout] test quiet::interpolation_backtick_stderr ... ok
[INFO] [stdout] test search::single_upwards ... ok
[INFO] [stdout] test quiet::quiet_shebang ... ok
[INFO] [stdout] test show::show_suggestion ... ok
[INFO] [stdout] test search::single_downards ... ok
[INFO] [stdout] test show::show ... ok
[INFO] [stdout] test quiet::no_stdout ... ok
[INFO] [stdout] test shell::shell_override ... ok
[INFO] [stdout] test show::alias_show ... ok
[INFO] [stdout] test shell::shell_arg_override ... ok
[INFO] [stdout] test string::error_line_after_multiline_raw_string ... ok
[INFO] [stdout] test command::exit_status ... FAILED
[INFO] [stdout] test search::test_upwards_path_argument ... ok
[INFO] [stdout] test string::cooked_string_suppress_newline ... ok
[INFO] [stdout] test search::find_dot_justfile ... ok
[INFO] [stdout] test quiet::summary_none ... ok
[INFO] [stdout] test shell::shell_args ... ok
[INFO] [stdout] test shell::set_shell ... ok
[INFO] [stdout] test string::shebang_backtick ... ok
[INFO] [stdout] test string::unterminated_backtick ... ok
[INFO] [stdout] test string::error_column_after_multiline_raw_string ... ok
[INFO] [stdout] test string::unterminated_indented_backtick ... ok
[INFO] [stdout] test string::error_line_after_multiline_raw_string_in_interpolation ... ok
[INFO] [stdout] test string::invalid_escape_sequence ... ok
[INFO] [stdout] test string::indented_raw_string_contents_indentation_removed ... ok
[INFO] [stdout] test sublime_syntax::parse ... ok
[INFO] [stdout] test string::unterminated_string ... ok
[INFO] [stdout] test string::unterminated_indented_string ... ok
[INFO] [stdout] test string::unterminated_raw_string ... ok
[INFO] [stdout] test string::multiline_backtick ... ok
[INFO] [stdout] test subsequents::circular_dependency ... ok
[INFO] [stdout] test subsequents::unknown ... ok
[INFO] [stdout] test string::unterminated_indented_raw_string ... ok
[INFO] [stdout] test subsequents::unknown_argument ... ok
[INFO] [stdout] test search::test_downwards_path_argument ... ok
[INFO] [stdout] test string::multiline_raw_string_in_interpolation ... ok
[INFO] [stdout] test string::indented_backtick_string_escapes ... ok
[INFO] [stdout] test string::raw_string ... ok
[INFO] [stdout] test search::test_downwards_multiple_path_argument ... ok
[INFO] [stdout] test string::indented_raw_string_escapes ... ok
[INFO] [stdout] test string::multiline_cooked_string ... ok
[INFO] [stdout] test string::multiline_raw_string ... ok
[INFO] [stdout] test string::indented_cooked_string_contents_indentation_removed ... ok
[INFO] [stdout] test string::indented_backtick_string_contents_indentation_removed ... ok
[INFO] [stdout] test subsequents::failure ... ok
[INFO] [stdout] test subsequents::argument ... ok
[INFO] [stdout] test string::indented_cooked_string_escapes ... ok
[INFO] [stdout] test subsequents::duplicate_subsequents_dont_run ... ok
[INFO] [stdout] test working_directory::justfile_without_working_directory ... ok
[INFO] [stdout] test working_directory::change_working_directory_to_search_justfile_parent ... ok
[INFO] [stdout] test working_directory::search_dir_child ... ok
[INFO] [stdout] test working_directory::justfile_and_working_directory ... ok
[INFO] [stdout] test working_directory::justfile_without_working_directory_relative ... ok
[INFO] [stdout] test subsequents::success ... ok
[INFO] [stdout] test working_directory::search_dir_parent ... ok
[INFO] [stdout] test subsequents::subsequents_run_even_if_already_ran_as_prior ... ok
[INFO] [stdout] test readme::readme ... ok
[INFO] [stdout] 
[INFO] [stdout] failures:
[INFO] [stdout] 
[INFO] [stdout] ---- choose::status_error stdout ----
[INFO] [stdout] thread 'choose::status_error' panicked at 'assertion failed: `(left == right)`
[INFO] [stdout]   left: `"error: Chooser `exit-2` failed: exit status: 2\n"`,
[INFO] [stdout]  right: `"error: Chooser `exit-2` failed: exit code: 2\n"`', tests/choose.rs:163:3
[INFO] [stdout] stack backtrace:
[INFO] [stdout]    0:     0x55f78ff16580 - std::backtrace_rs::backtrace::libunwind::trace::h34055254b57d8e79
[INFO] [stdout]                                at /rustc/a178d0322ce20e33eac124758e837cbd80a6f633/library/std/src/../../backtrace/src/backtrace/libunwind.rs:90:5
[INFO] [stdout]    1:     0x55f78ff16580 - std::backtrace_rs::backtrace::trace_unsynchronized::h8f1e3fbd9afff6ec
[INFO] [stdout]                                at /rustc/a178d0322ce20e33eac124758e837cbd80a6f633/library/std/src/../../backtrace/src/backtrace/mod.rs:66:5
[INFO] [stdout]    2:     0x55f78ff16580 - std::sys_common::backtrace::_print_fmt::h3a99a796b770c360
[INFO] [stdout]                                at /rustc/a178d0322ce20e33eac124758e837cbd80a6f633/library/std/src/sys_common/backtrace.rs:67:5
[INFO] [stdout]    3:     0x55f78ff16580 - <std::sys_common::backtrace::_print::DisplayBacktrace as core::fmt::Display>::fmt::h32d1f94a80615d18
[INFO] [stdout]                                at /rustc/a178d0322ce20e33eac124758e837cbd80a6f633/library/std/src/sys_common/backtrace.rs:46:22
[INFO] [stdout]    4:     0x55f78ff3c66c - core::fmt::write::h306731c068f7162c
[INFO] [stdout]                                at /rustc/a178d0322ce20e33eac124758e837cbd80a6f633/library/core/src/fmt/mod.rs:1110:17
[INFO] [stdout]    5:     0x55f78ff12e35 - std::io::Write::write_fmt::h87f19b0a2cd190bc
[INFO] [stdout]                                at /rustc/a178d0322ce20e33eac124758e837cbd80a6f633/library/std/src/io/mod.rs:1588:15
[INFO] [stdout]    6:     0x55f78ff1928b - std::sys_common::backtrace::_print::h5abaa2601a852287
[INFO] [stdout]                                at /rustc/a178d0322ce20e33eac124758e837cbd80a6f633/library/std/src/sys_common/backtrace.rs:49:5
[INFO] [stdout]    7:     0x55f78ff1928b - std::sys_common::backtrace::print::h8d81445442bb638f
[INFO] [stdout]                                at /rustc/a178d0322ce20e33eac124758e837cbd80a6f633/library/std/src/sys_common/backtrace.rs:36:9
[INFO] [stdout]    8:     0x55f78ff1928b - std::panicking::default_hook::{{closure}}::hcfe804496a9fa747
[INFO] [stdout]                                at /rustc/a178d0322ce20e33eac124758e837cbd80a6f633/library/std/src/panicking.rs:208:50
[INFO] [stdout]    9:     0x55f78ff18d9c - std::panicking::default_hook::hbea8e3ccf2ba8901
[INFO] [stdout]                                at /rustc/a178d0322ce20e33eac124758e837cbd80a6f633/library/std/src/panicking.rs:222:9
[INFO] [stdout]   10:     0x55f78ff19954 - std::panicking::rust_panic_with_hook::h7ee9e1a2d0f8975a
[INFO] [stdout]                                at /rustc/a178d0322ce20e33eac124758e837cbd80a6f633/library/std/src/panicking.rs:622:17
[INFO] [stdout]   11:     0x55f78ff19437 - std::panicking::begin_panic_handler::{{closure}}::h8ab3b4491718b2c7
[INFO] [stdout]                                at /rustc/a178d0322ce20e33eac124758e837cbd80a6f633/library/std/src/panicking.rs:519:13
[INFO] [stdout]   12:     0x55f78ff16a7c - std::sys_common::backtrace::__rust_end_short_backtrace::hd489062ffa586a9f
[INFO] [stdout]                                at /rustc/a178d0322ce20e33eac124758e837cbd80a6f633/library/std/src/sys_common/backtrace.rs:141:18
[INFO] [stdout]   13:     0x55f78ff19399 - rust_begin_unwind
[INFO] [stdout]                                at /rustc/a178d0322ce20e33eac124758e837cbd80a6f633/library/std/src/panicking.rs:515:5
[INFO] [stdout]   14:     0x55f78fbc0b51 - core::panicking::panic_fmt::hca6330e3e14086b4
[INFO] [stdout]                                at /rustc/a178d0322ce20e33eac124758e837cbd80a6f633/library/core/src/panicking.rs:92:14
[INFO] [stdout]   15:     0x55f78ff3af88 - core::panicking::assert_failed_inner::h33b45280069a80ed
[INFO] [stdout]   16:     0x55f78fbe176e - core::panicking::assert_failed::h14b447a1b876af5c
[INFO] [stdout]                                at /rustc/a178d0322ce20e33eac124758e837cbd80a6f633/library/core/src/panicking.rs:117:5
[INFO] [stdout]   17:     0x55f78fc224da - integration::choose::status_error::h91db00069934786c
[INFO] [stdout]                                at /opt/rustwide/workdir/tests/choose.rs:163:3
[INFO] [stdout]   18:     0x55f78fc21d7a - integration::choose::status_error::{{closure}}::h7a13d84d441cf878
[INFO] [stdout]                                at /opt/rustwide/workdir/tests/choose.rs:141:1
[INFO] [stdout]   19:     0x55f78fbda04e - core::ops::function::FnOnce::call_once::h0bba70198dbde41b
[INFO] [stdout]                                at /rustc/a178d0322ce20e33eac124758e837cbd80a6f633/library/core/src/ops/function.rs:227:5
[INFO] [stdout]   20:     0x55f78fc4b533 - core::ops::function::FnOnce::call_once::h152e7e439ff59e19
[INFO] [stdout]                                at /rustc/a178d0322ce20e33eac124758e837cbd80a6f633/library/core/src/ops/function.rs:227:5
[INFO] [stdout]   21:     0x55f78fc4b533 - test::__rust_begin_short_backtrace::h0908f3b1fdbb72ab
[INFO] [stdout]                                at /rustc/a178d0322ce20e33eac124758e837cbd80a6f633/library/test/src/lib.rs:577:5
[INFO] [stdout]   22:     0x55f78fc49ff0 - <alloc::boxed::Box<F,A> as core::ops::function::FnOnce<Args>>::call_once::hf6d2a51e5587546c
[INFO] [stdout]                                at /rustc/a178d0322ce20e33eac124758e837cbd80a6f633/library/alloc/src/boxed.rs:1575:9
[INFO] [stdout]   23:     0x55f78fc49ff0 - <std::panic::AssertUnwindSafe<F> as core::ops::function::FnOnce<()>>::call_once::h8af660f3a89ef593
[INFO] [stdout]                                at /rustc/a178d0322ce20e33eac124758e837cbd80a6f633/library/std/src/panic.rs:347:9
[INFO] [stdout]   24:     0x55f78fc49ff0 - std::panicking::try::do_call::hd36aef60f84b6d36
[INFO] [stdout]                                at /rustc/a178d0322ce20e33eac124758e837cbd80a6f633/library/std/src/panicking.rs:401:40
[INFO] [stdout]   25:     0x55f78fc49ff0 - std::panicking::try::h9932b4480e69817c
[INFO] [stdout]                                at /rustc/a178d0322ce20e33eac124758e837cbd80a6f633/library/std/src/panicking.rs:365:19
[INFO] [stdout]   26:     0x55f78fc49ff0 - std::panic::catch_unwind::h6aa177099cfff5f8
[INFO] [stdout]                                at /rustc/a178d0322ce20e33eac124758e837cbd80a6f633/library/std/src/panic.rs:434:14
[INFO] [stdout]   27:     0x55f78fc49ff0 - test::run_test_in_process::h5884d6f2d99e20c3
[INFO] [stdout]                                at /rustc/a178d0322ce20e33eac124758e837cbd80a6f633/library/test/src/lib.rs:600:18
[INFO] [stdout]   28:     0x55f78fc49ff0 - test::run_test::run_test_inner::{{closure}}::h6fdc58c6d5f5b6e3
[INFO] [stdout]                                at /rustc/a178d0322ce20e33eac124758e837cbd80a6f633/library/test/src/lib.rs:492:39
[INFO] [stdout]   29:     0x55f78fc236a2 - test::run_test::run_test_inner::{{closure}}::h408365d67a78ade8
[INFO] [stdout]                                at /rustc/a178d0322ce20e33eac124758e837cbd80a6f633/library/test/src/lib.rs:519:37
[INFO] [stdout]   30:     0x55f78fc236a2 - std::sys_common::backtrace::__rust_begin_short_backtrace::hb560b77c4f701523
[INFO] [stdout]                                at /rustc/a178d0322ce20e33eac124758e837cbd80a6f633/library/std/src/sys_common/backtrace.rs:125:18
[INFO] [stdout]   31:     0x55f78fc27258 - std::thread::Builder::spawn_unchecked::{{closure}}::{{closure}}::hf2e7831dad93c597
[INFO] [stdout]                                at /rustc/a178d0322ce20e33eac124758e837cbd80a6f633/library/std/src/thread/mod.rs:481:17
[INFO] [stdout]   32:     0x55f78fc27258 - <std::panic::AssertUnwindSafe<F> as core::ops::function::FnOnce<()>>::call_once::hd2e08783d8be4d02
[INFO] [stdout]                                at /rustc/a178d0322ce20e33eac124758e837cbd80a6f633/library/std/src/panic.rs:347:9
[INFO] [stdout]   33:     0x55f78fc27258 - std::panicking::try::do_call::h062597b7acfd6b82
[INFO] [stdout]                                at /rustc/a178d0322ce20e33eac124758e837cbd80a6f633/library/std/src/panicking.rs:401:40
[INFO] [stdout]   34:     0x55f78fc27258 - std::panicking::try::h0d7b79db04c14552
[INFO] [stdout]                                at /rustc/a178d0322ce20e33eac124758e837cbd80a6f633/library/std/src/panicking.rs:365:19
[INFO] [stdout]   35:     0x55f78fc27258 - std::panic::catch_unwind::hb01a0b5e7c8cd43b
[INFO] [stdout]                                at /rustc/a178d0322ce20e33eac124758e837cbd80a6f633/library/std/src/panic.rs:434:14
[INFO] [stdout]   36:     0x55f78fc27258 - std::thread::Builder::spawn_unchecked::{{closure}}::h5bde48cc887e0d1e
[INFO] [stdout]                                at /rustc/a178d0322ce20e33eac124758e837cbd80a6f633/library/std/src/thread/mod.rs:480:30
[INFO] [stdout]   37:     0x55f78fc27258 - core::ops::function::FnOnce::call_once{{vtable.shim}}::h745ea30807a29e55
[INFO] [stdout]                                at /rustc/a178d0322ce20e33eac124758e837cbd80a6f633/library/core/src/ops/function.rs:227:5
[INFO] [stdout]   38:     0x55f78ff1f9d7 - <alloc::boxed::Box<F,A> as core::ops::function::FnOnce<Args>>::call_once::h7ece6cfefaff1005
[INFO] [stdout]                                at /rustc/a178d0322ce20e33eac124758e837cbd80a6f633/library/alloc/src/boxed.rs:1575:9
[INFO] [stdout]   39:     0x55f78ff1f9d7 - <alloc::boxed::Box<F,A> as core::ops::function::FnOnce<Args>>::call_once::hb8b48e55c21f193e
[INFO] [stdout]                                at /rustc/a178d0322ce20e33eac124758e837cbd80a6f633/library/alloc/src/boxed.rs:1575:9
[INFO] [stdout]   40:     0x55f78ff1f9d7 - std::sys::unix::thread::Thread::new::thread_start::h8c7c4450dba62914
[INFO] [stdout]                                at /rustc/a178d0322ce20e33eac124758e837cbd80a6f633/library/std/src/sys/unix/thread.rs:71:17
[INFO] [stdout]   41:     0x7f8db1f81609 - start_thread
[INFO] [stdout]   42:     0x7f8db1d53293 - clone
[INFO] [stdout]   43:                0x0 - <unknown>
[INFO] [stdout] 
[INFO] [stdout] ---- edit::status_error stdout ----
[INFO] [stdout] thread 'edit::status_error' panicked at 'assertion failed: `(left == right)`
[INFO] [stdout]   left: `"error: Editor `exit-2` failed: exit status: 2\n"`,
[INFO] [stdout]  right: `"error: Editor `exit-2` failed: exit code: 2\n"`', tests/edit.rs:82:3
[INFO] [stdout] stack backtrace:
[INFO] [stdout]    0:     0x55f78ff16580 - std::backtrace_rs::backtrace::libunwind::trace::h34055254b57d8e79
[INFO] [stdout]                                at /rustc/a178d0322ce20e33eac124758e837cbd80a6f633/library/std/src/../../backtrace/src/backtrace/libunwind.rs:90:5
[INFO] [stdout]    1:     0x55f78ff16580 - std::backtrace_rs::backtrace::trace_unsynchronized::h8f1e3fbd9afff6ec
[INFO] [stdout]                                at /rustc/a178d0322ce20e33eac124758e837cbd80a6f633/library/std/src/../../backtrace/src/backtrace/mod.rs:66:5
[INFO] [stdout]    2:     0x55f78ff16580 - std::sys_common::backtrace::_print_fmt::h3a99a796b770c360
[INFO] [stdout]                                at /rustc/a178d0322ce20e33eac124758e837cbd80a6f633/library/std/src/sys_common/backtrace.rs:67:5
[INFO] [stdout]    3:     0x55f78ff16580 - <std::sys_common::backtrace::_print::DisplayBacktrace as core::fmt::Display>::fmt::h32d1f94a80615d18
[INFO] [stdout]                                at /rustc/a178d0322ce20e33eac124758e837cbd80a6f633/library/std/src/sys_common/backtrace.rs:46:22
[INFO] [stdout]    4:     0x55f78ff3c66c - core::fmt::write::h306731c068f7162c
[INFO] [stdout]                                at /rustc/a178d0322ce20e33eac124758e837cbd80a6f633/library/core/src/fmt/mod.rs:1110:17
[INFO] [stdout]    5:     0x55f78ff12e35 - std::io::Write::write_fmt::h87f19b0a2cd190bc
[INFO] [stdout]                                at /rustc/a178d0322ce20e33eac124758e837cbd80a6f633/library/std/src/io/mod.rs:1588:15
[INFO] [stdout]    6:     0x55f78ff1928b - std::sys_common::backtrace::_print::h5abaa2601a852287
[INFO] [stdout]                                at /rustc/a178d0322ce20e33eac124758e837cbd80a6f633/library/std/src/sys_common/backtrace.rs:49:5
[INFO] [stdout]    7:     0x55f78ff1928b - std::sys_common::backtrace::print::h8d81445442bb638f
[INFO] [stdout]                                at /rustc/a178d0322ce20e33eac124758e837cbd80a6f633/library/std/src/sys_common/backtrace.rs:36:9
[INFO] [stdout]    8:     0x55f78ff1928b - std::panicking::default_hook::{{closure}}::hcfe804496a9fa747
[INFO] [stdout]                                at /rustc/a178d0322ce20e33eac124758e837cbd80a6f633/library/std/src/panicking.rs:208:50
[INFO] [stdout]    9:     0x55f78ff18d9c - std::panicking::default_hook::hbea8e3ccf2ba8901
[INFO] [stdout]                                at /rustc/a178d0322ce20e33eac124758e837cbd80a6f633/library/std/src/panicking.rs:222:9
[INFO] [stdout]   10:     0x55f78ff19954 - std::panicking::rust_panic_with_hook::h7ee9e1a2d0f8975a
[INFO] [stdout]                                at /rustc/a178d0322ce20e33eac124758e837cbd80a6f633/library/std/src/panicking.rs:622:17
[INFO] [stdout]   11:     0x55f78ff19437 - std::panicking::begin_panic_handler::{{closure}}::h8ab3b4491718b2c7
[INFO] [stdout]                                at /rustc/a178d0322ce20e33eac124758e837cbd80a6f633/library/std/src/panicking.rs:519:13
[INFO] [stdout]   12:     0x55f78ff16a7c - std::sys_common::backtrace::__rust_end_short_backtrace::hd489062ffa586a9f
[INFO] [stdout]                                at /rustc/a178d0322ce20e33eac124758e837cbd80a6f633/library/std/src/sys_common/backtrace.rs:141:18
[INFO] [stdout]   13:     0x55f78ff19399 - rust_begin_unwind
[INFO] [stdout]                                at /rustc/a178d0322ce20e33eac124758e837cbd80a6f633/library/std/src/panicking.rs:515:5
[INFO] [stdout]   14:     0x55f78fbc0b51 - core::panicking::panic_fmt::hca6330e3e14086b4
[INFO] [stdout]                                at /rustc/a178d0322ce20e33eac124758e837cbd80a6f633/library/core/src/panicking.rs:92:14
[INFO] [stdout]   15:     0x55f78ff3af88 - core::panicking::assert_failed_inner::h33b45280069a80ed
[INFO] [stdout]   16:     0x55f78fbe176e - core::panicking::assert_failed::h14b447a1b876af5c
[INFO] [stdout]                                at /rustc/a178d0322ce20e33eac124758e837cbd80a6f633/library/core/src/panicking.rs:117:5
[INFO] [stdout]   17:     0x55f78fbc91d1 - integration::edit::status_error::hd19adfdd02a8ef95
[INFO] [stdout]                                at /opt/rustwide/workdir/tests/edit.rs:82:3
[INFO] [stdout]   18:     0x55f78fbc8a9a - integration::edit::status_error::{{closure}}::hd53a3ffec26dce45
[INFO] [stdout]                                at /opt/rustwide/workdir/tests/edit.rs:61:1
[INFO] [stdout]   19:     0x55f78fbdfb1e - core::ops::function::FnOnce::call_once::he887239a40045f06
[INFO] [stdout]                                at /rustc/a178d0322ce20e33eac124758e837cbd80a6f633/library/core/src/ops/function.rs:227:5
[INFO] [stdout]   20:     0x55f78fc4b533 - core::ops::function::FnOnce::call_once::h152e7e439ff59e19
[INFO] [stdout]                                at /rustc/a178d0322ce20e33eac124758e837cbd80a6f633/library/core/src/ops/function.rs:227:5
[INFO] [stdout]   21:     0x55f78fc4b533 - test::__rust_begin_short_backtrace::h0908f3b1fdbb72ab
[INFO] [stdout]                                at /rustc/a178d0322ce20e33eac124758e837cbd80a6f633/library/test/src/lib.rs:577:5
[INFO] [stdout]   22:     0x55f78fc49ff0 - <alloc::boxed::Box<F,A> as core::ops::function::FnOnce<Args>>::call_once::hf6d2a51e5587546c
[INFO] [stdout]                                at /rustc/a178d0322ce20e33eac124758e837cbd80a6f633/library/alloc/src/boxed.rs:1575:9
[INFO] [stdout]   23:     0x55f78fc49ff0 - <std::panic::AssertUnwindSafe<F> as core::ops::function::FnOnce<()>>::call_once::h8af660f3a89ef593
[INFO] [stdout]                                at /rustc/a178d0322ce20e33eac124758e837cbd80a6f633/library/std/src/panic.rs:347:9
[INFO] [stdout]   24:     0x55f78fc49ff0 - std::panicking::try::do_call::hd36aef60f84b6d36
[INFO] [stdout]                                at /rustc/a178d0322ce20e33eac124758e837cbd80a6f633/library/std/src/panicking.rs:401:40
[INFO] [stdout]   25:     0x55f78fc49ff0 - std::panicking::try::h9932b4480e69817c
[INFO] [stdout]                                at /rustc/a178d0322ce20e33eac124758e837cbd80a6f633/library/std/src/panicking.rs:365:19
[INFO] [stdout]   26:     0x55f78fc49ff0 - std::panic::catch_unwind::h6aa177099cfff5f8
[INFO] [stdout]                                at /rustc/a178d0322ce20e33eac124758e837cbd80a6f633/library/std/src/panic.rs:434:14
[INFO] [stdout]   27:     0x55f78fc49ff0 - test::run_test_in_process::h5884d6f2d99e20c3
[INFO] [stdout]                                at /rustc/a178d0322ce20e33eac124758e837cbd80a6f633/library/test/src/lib.rs:600:18
[INFO] [stdout]   28:     0x55f78fc49ff0 - test::run_test::run_test_inner::{{closure}}::h6fdc58c6d5f5b6e3
[INFO] [stdout]                                at /rustc/a178d0322ce20e33eac124758e837cbd80a6f633/library/test/src/lib.rs:492:39
[INFO] [stdout]   29:     0x55f78fc236a2 - test::run_test::run_test_inner::{{closure}}::h408365d67a78ade8
[INFO] [stdout]                                at /rustc/a178d0322ce20e33eac124758e837cbd80a6f633/library/test/src/lib.rs:519:37
[INFO] [stdout]   30:     0x55f78fc236a2 - std::sys_common::backtrace::__rust_begin_short_backtrace::hb560b77c4f701523
[INFO] [stdout]                                at /rustc/a178d0322ce20e33eac124758e837cbd80a6f633/library/std/src/sys_common/backtrace.rs:125:18
[INFO] [stdout]   31:     0x55f78fc27258 - std::thread::Builder::spawn_unchecked::{{closure}}::{{closure}}::hf2e7831dad93c597
[INFO] [stdout]                                at /rustc/a178d0322ce20e33eac124758e837cbd80a6f633/library/std/src/thread/mod.rs:481:17
[INFO] [stdout]   32:     0x55f78fc27258 - <std::panic::AssertUnwindSafe<F> as core::ops::function::FnOnce<()>>::call_once::hd2e08783d8be4d02
[INFO] [stdout]                                at /rustc/a178d0322ce20e33eac124758e837cbd80a6f633/library/std/src/panic.rs:347:9
[INFO] [stdout]   33:     0x55f78fc27258 - std::panicking::try::do_call::h062597b7acfd6b82
[INFO] [stdout]                                at /rustc/a178d0322ce20e33eac124758e837cbd80a6f633/library/std/src/panicking.rs:401:40
[INFO] [stdout]   34:     0x55f78fc27258 - std::panicking::try::h0d7b79db04c14552
[INFO] [stdout]                                at /rustc/a178d0322ce20e33eac124758e837cbd80a6f633/library/std/src/panicking.rs:365:19
[INFO] [stdout]   35:     0x55f78fc27258 - std::panic::catch_unwind::hb01a0b5e7c8cd43b
[INFO] [stdout]                                at /rustc/a178d0322ce20e33eac124758e837cbd80a6f633/library/std/src/panic.rs:434:14
[INFO] [stdout]   36:     0x55f78fc27258 - std::thread::Builder::spawn_unchecked::{{closure}}::h5bde48cc887e0d1e
[INFO] [stdout]                                at /rustc/a178d0322ce20e33eac124758e837cbd80a6f633/library/std/src/thread/mod.rs:480:30
[INFO] [stdout]   37:     0x55f78fc27258 - core::ops::function::FnOnce::call_once{{vtable.shim}}::h745ea30807a29e55
[INFO] [stdout]                                at /rustc/a178d0322ce20e33eac124758e837cbd80a6f633/library/core/src/ops/function.rs:227:5
[INFO] [stdout]   38:     0x55f78ff1f9d7 - <alloc::boxed::Box<F,A> as core::ops::function::FnOnce<Args>>::call_once::h7ece6cfefaff1005
[INFO] [stdout]                                at /rustc/a178d0322ce20e33eac124758e837cbd80a6f633/library/alloc/src/boxed.rs:1575:9
[INFO] [stdout]   39:     0x55f78ff1f9d7 - <alloc::boxed::Box<F,A> as core::ops::function::FnOnce<Args>>::call_once::hb8b48e55c21f193e
[INFO] [stdout]                                at /rustc/a178d0322ce20e33eac124758e837cbd80a6f633/library/alloc/src/boxed.rs:1575:9
[INFO] [stdout]   40:     0x55f78ff1f9d7 - std::sys::unix::thread::Thread::new::thread_start::h8c7c4450dba62914
[INFO] [stdout]                                at /rustc/a178d0322ce20e33eac124758e837cbd80a6f633/library/std/src/sys/unix/thread.rs:71:17
[INFO] [stdout]   41:     0x7f8db1f81609 - start_thread
[INFO] [stdout]   42:     0x7f8db1d53293 - clone
[INFO] [stdout]   43:                0x0 - <unknown>
[INFO] [stdout] 
[INFO] [stdout] ---- functions::env_var_functions stdout ----
[INFO] [stdout] thread 'functions::env_var_functions' panicked at 'called `Result::unwrap()` on an `Err` value: NotPresent', tests/functions.rs:39:71
[INFO] [stdout] stack backtrace:
[INFO] [stdout]    0:     0x55f78ff16580 - std::backtrace_rs::backtrace::libunwind::trace::h34055254b57d8e79
[INFO] [stdout]                                at /rustc/a178d0322ce20e33eac124758e837cbd80a6f633/library/std/src/../../backtrace/src/backtrace/libunwind.rs:90:5
[INFO] [stdout]    1:     0x55f78ff16580 - std::backtrace_rs::backtrace::trace_unsynchronized::h8f1e3fbd9afff6ec
[INFO] [stdout]                                at /rustc/a178d0322ce20e33eac124758e837cbd80a6f633/library/std/src/../../backtrace/src/backtrace/mod.rs:66:5
[INFO] [stdout]    2:     0x55f78ff16580 - std::sys_common::backtrace::_print_fmt::h3a99a796b770c360
[INFO] [stdout]                                at /rustc/a178d0322ce20e33eac124758e837cbd80a6f633/library/std/src/sys_common/backtrace.rs:67:5
[INFO] [stdout]    3:     0x55f78ff16580 - <std::sys_common::backtrace::_print::DisplayBacktrace as core::fmt::Display>::fmt::h32d1f94a80615d18
[INFO] [stdout]                                at /rustc/a178d0322ce20e33eac124758e837cbd80a6f633/library/std/src/sys_common/backtrace.rs:46:22
[INFO] [stdout]    4:     0x55f78ff3c66c - core::fmt::write::h306731c068f7162c
[INFO] [stdout]                                at /rustc/a178d0322ce20e33eac124758e837cbd80a6f633/library/core/src/fmt/mod.rs:1110:17
[INFO] [stdout]    5:     0x55f78ff12e35 - std::io::Write::write_fmt::h87f19b0a2cd190bc
[INFO] [stdout]                                at /rustc/a178d0322ce20e33eac124758e837cbd80a6f633/library/std/src/io/mod.rs:1588:15
[INFO] [stdout]    6:     0x55f78ff1928b - std::sys_common::backtrace::_print::h5abaa2601a852287
[INFO] [stdout]                                at /rustc/a178d0322ce20e33eac124758e837cbd80a6f633/library/std/src/sys_common/backtrace.rs:49:5
[INFO] [stdout]    7:     0x55f78ff1928b - std::sys_common::backtrace::print::h8d81445442bb638f
[INFO] [stdout]                                at /rustc/a178d0322ce20e33eac124758e837cbd80a6f633/library/std/src/sys_common/backtrace.rs:36:9
[INFO] [stdout]    8:     0x55f78ff1928b - std::panicking::default_hook::{{closure}}::hcfe804496a9fa747
[INFO] [stdout]                                at /rustc/a178d0322ce20e33eac124758e837cbd80a6f633/library/std/src/panicking.rs:208:50
[INFO] [stdout]    9:     0x55f78ff18d9c - std::panicking::default_hook::hbea8e3ccf2ba8901
[INFO] [stdout]                                at /rustc/a178d0322ce20e33eac124758e837cbd80a6f633/library/std/src/panicking.rs:222:9
[INFO] [stdout]   10:     0x55f78ff19954 - std::panicking::rust_panic_with_hook::h7ee9e1a2d0f8975a
[INFO] [stdout]                                at /rustc/a178d0322ce20e33eac124758e837cbd80a6f633/library/std/src/panicking.rs:622:17
[INFO] [stdout]   11:     0x55f78ff19437 - std::panicking::begin_panic_handler::{{closure}}::h8ab3b4491718b2c7
[INFO] [stdout]                                at /rustc/a178d0322ce20e33eac124758e837cbd80a6f633/library/std/src/panicking.rs:519:13
[INFO] [stdout]   12:     0x55f78ff16a7c - std::sys_common::backtrace::__rust_end_short_backtrace::hd489062ffa586a9f
[INFO] [stdout]                                at /rustc/a178d0322ce20e33eac124758e837cbd80a6f633/library/std/src/sys_common/backtrace.rs:141:18
[INFO] [stdout]   13:     0x55f78ff19399 - rust_begin_unwind
[INFO] [stdout]                                at /rustc/a178d0322ce20e33eac124758e837cbd80a6f633/library/std/src/panicking.rs:515:5
[INFO] [stdout]   14:     0x55f78fbc0b51 - core::panicking::panic_fmt::hca6330e3e14086b4
[INFO] [stdout]                                at /rustc/a178d0322ce20e33eac124758e837cbd80a6f633/library/core/src/panicking.rs:92:14
[INFO] [stdout]   15:     0x55f78fbc0c43 - core::result::unwrap_failed::h6160d2b4bfbb0e87
[INFO] [stdout]                                at /rustc/a178d0322ce20e33eac124758e837cbd80a6f633/library/core/src/result.rs:1355:5
[INFO] [stdout]   16:     0x55f78fbc1cfd - core::result::Result<T,E>::unwrap::h3922da816148c0bc
[INFO] [stdout]                                at /rustc/a178d0322ce20e33eac124758e837cbd80a6f633/library/core/src/result.rs:1037:23
[INFO] [stdout]   17:     0x55f78fbf237a - integration::functions::env_var_functions::h48964767a0934d30
[INFO] [stdout]                                at /opt/rustwide/workdir/tests/functions.rs:39:54
[INFO] [stdout]   18:     0x55f78fbf229a - integration::functions::env_var_functions::{{closure}}::h4ee78ae83bc403f8
[INFO] [stdout]                                at /opt/rustwide/workdir/tests/test.rs:18:5
[INFO] [stdout]   19:     0x55f78fbde51e - core::ops::function::FnOnce::call_once::haf42a3b3d688b00d
[INFO] [stdout]                                at /rustc/a178d0322ce20e33eac124758e837cbd80a6f633/library/core/src/ops/function.rs:227:5
[INFO] [stdout]   20:     0x55f78fc4b533 - core::ops::function::FnOnce::call_once::h152e7e439ff59e19
[INFO] [stdout]                                at /rustc/a178d0322ce20e33eac124758e837cbd80a6f633/library/core/src/ops/function.rs:227:5
[INFO] [stdout]   21:     0x55f78fc4b533 - test::__rust_begin_short_backtrace::h0908f3b1fdbb72ab
[INFO] [stdout]                                at /rustc/a178d0322ce20e33eac124758e837cbd80a6f633/library/test/src/lib.rs:577:5
[INFO] [stdout]   22:     0x55f78fc49ff0 - <alloc::boxed::Box<F,A> as core::ops::function::FnOnce<Args>>::call_once::hf6d2a51e5587546c
[INFO] [stdout]                                at /rustc/a178d0322ce20e33eac124758e837cbd80a6f633/library/alloc/src/boxed.rs:1575:9
[INFO] [stdout]   23:     0x55f78fc49ff0 - <std::panic::AssertUnwindSafe<F> as core::ops::function::FnOnce<()>>::call_once::h8af660f3a89ef593
[INFO] [stdout]                                at /rustc/a178d0322ce20e33eac124758e837cbd80a6f633/library/std/src/panic.rs:347:9
[INFO] [stdout]   24:     0x55f78fc49ff0 - std::panicking::try::do_call::hd36aef60f84b6d36
[INFO] [stdout]                                at /rustc/a178d0322ce20e33eac124758e837cbd80a6f633/library/std/src/panicking.rs:401:40
[INFO] [stdout]   25:     0x55f78fc49ff0 - std::panicking::try::h9932b4480e69817c
[INFO] [stdout]                                at /rustc/a178d0322ce20e33eac124758e837cbd80a6f633/library/std/src/panicking.rs:365:19
[INFO] [stdout]   26:     0x55f78fc49ff0 - std::panic::catch_unwind::h6aa177099cfff5f8
[INFO] [stdout]                                at /rustc/a178d0322ce20e33eac124758e837cbd80a6f633/library/std/src/panic.rs:434:14
[INFO] [stdout]   27:     0x55f78fc49ff0 - test::run_test_in_process::h5884d6f2d99e20c3
[INFO] [stdout]                                at /rustc/a178d0322ce20e33eac124758e837cbd80a6f633/library/test/src/lib.rs:600:18
[INFO] [stdout]   28:     0x55f78fc49ff0 - test::run_test::run_test_inner::{{closure}}::h6fdc58c6d5f5b6e3
[INFO] [stdout]                                at /rustc/a178d0322ce20e33eac124758e837cbd80a6f633/library/test/src/lib.rs:492:39
[INFO] [stdout]   29:     0x55f78fc236a2 - test::run_test::run_test_inner::{{closure}}::h408365d67a78ade8
[INFO] [stdout]                                at /rustc/a178d0322ce20e33eac124758e837cbd80a6f633/library/test/src/lib.rs:519:37
[INFO] [stdout]   30:     0x55f78fc236a2 - std::sys_common::backtrace::__rust_begin_short_backtrace::hb560b77c4f701523
[INFO] [stdout]                                at /rustc/a178d0322ce20e33eac124758e837cbd80a6f633/library/std/src/sys_common/backtrace.rs:125:18
[INFO] [stdout]   31:     0x55f78fc27258 - std::thread::Builder::spawn_unchecked::{{closure}}::{{closure}}::hf2e7831dad93c597
[INFO] [stdout]                                at /rustc/a178d0322ce20e33eac124758e837cbd80a6f633/library/std/src/thread/mod.rs:481:17
[INFO] [stdout]   32:     0x55f78fc27258 - <std::panic::AssertUnwindSafe<F> as core::ops::function::FnOnce<()>>::call_once::hd2e08783d8be4d02
[INFO] [stdout]                                at /rustc/a178d0322ce20e33eac124758e837cbd80a6f633/library/std/src/panic.rs:347:9
[INFO] [stdout]   33:     0x55f78fc27258 - std::panicking::try::do_call::h062597b7acfd6b82
[INFO] [stdout]                                at /rustc/a178d0322ce20e33eac124758e837cbd80a6f633/library/std/src/panicking.rs:401:40
[INFO] [stdout]   34:     0x55f78fc27258 - std::panicking::try::h0d7b79db04c14552
[INFO] [stdout]                                at /rustc/a178d0322ce20e33eac124758e837cbd80a6f633/library/std/src/panicking.rs:365:19
[INFO] [stdout]   35:     0x55f78fc27258 - std::panic::catch_unwind::hb01a0b5e7c8cd43b
[INFO] [stdout]                                at /rustc/a178d0322ce20e33eac124758e837cbd80a6f633/library/std/src/panic.rs:434:14
[INFO] [stdout]   36:     0x55f78fc27258 - std::thread::Builder::spawn_unchecked::{{closure}}::h5bde48cc887e0d1e
[INFO] [stdout]                                at /rustc/a178d0322ce20e33eac124758e837cbd80a6f633/library/std/src/thread/mod.rs:480:30
[INFO] [stdout]   37:     0x55f78fc27258 - core::ops::function::FnOnce::call_once{{vtable.shim}}::h745ea30807a29e55
[INFO] [stdout]                                at /rustc/a178d0322ce20e33eac124758e837cbd80a6f633/library/core/src/ops/function.rs:227:5
[INFO] [stdout]   38:     0x55f78ff1f9d7 - <alloc::boxed::Box<F,A> as core::ops::function::FnOnce<Args>>::call_once::h7ece6cfefaff1005
[INFO] [stdout]                                at /rustc/a178d0322ce20e33eac124758e837cbd80a6f633/library/alloc/src/boxed.rs:1575:9
[INFO] [stdout]   39:     0x55f78ff1f9d7 - <alloc::boxed::Box<F,A> as core::ops::function::FnOnce<Args>>::call_once::hb8b48e55c21f193e
[INFO] [stdout]                                at /rustc/a178d0322ce20e33eac124758e837cbd80a6f633/library/alloc/src/boxed.rs:1575:9
[INFO] [stdout]   40:     0x55f78ff1f9d7 - std::sys::unix::thread::Thread::new::thread_start::h8c7c4450dba62914
[INFO] [stdout]                                at /rustc/a178d0322ce20e33eac124758e837cbd80a6f633/library/std/src/sys/unix/thread.rs:71:17
[INFO] [stdout]   41:     0x7f8db1f81609 - start_thread
[INFO] [stdout]   42:     0x7f8db1d53293 - clone
[INFO] [stdout]   43:                0x0 - <unknown>
[INFO] [stdout] 
[INFO] [stdout] ---- fmt::write_error stdout ----
[INFO] [stdout] thread 'fmt::write_error' panicked at 'Stderr regex mismatch: Wrote justfile to `/tmp/temptreesQ4FKy/justfile`
[INFO] [stdout]  !~= /^error: Failed to write justfile to `.*`: Permission denied \(os error 13\)\n$/', tests/test.rs:212:9
[INFO] [stdout] stack backtrace:
[INFO] [stdout]    0:     0x55f78ff16580 - std::backtrace_rs::backtrace::libunwind::trace::h34055254b57d8e79
[INFO] [stdout]                                at /rustc/a178d0322ce20e33eac124758e837cbd80a6f633/library/std/src/../../backtrace/src/backtrace/libunwind.rs:90:5
[INFO] [stdout]    1:     0x55f78ff16580 - std::backtrace_rs::backtrace::trace_unsynchronized::h8f1e3fbd9afff6ec
[INFO] [stdout]                                at /rustc/a178d0322ce20e33eac124758e837cbd80a6f633/library/std/src/../../backtrace/src/backtrace/mod.rs:66:5
[INFO] [stdout]    2:     0x55f78ff16580 - std::sys_common::backtrace::_print_fmt::h3a99a796b770c360
[INFO] [stdout]                                at /rustc/a178d0322ce20e33eac124758e837cbd80a6f633/library/std/src/sys_common/backtrace.rs:67:5
[INFO] [stdout]    3:     0x55f78ff16580 - <std::sys_common::backtrace::_print::DisplayBacktrace as core::fmt::Display>::fmt::h32d1f94a80615d18
[INFO] [stdout]                                at /rustc/a178d0322ce20e33eac124758e837cbd80a6f633/library/std/src/sys_common/backtrace.rs:46:22
[INFO] [stdout]    4:     0x55f78ff3c66c - core::fmt::write::h306731c068f7162c
[INFO] [stdout]                                at /rustc/a178d0322ce20e33eac124758e837cbd80a6f633/library/core/src/fmt/mod.rs:1110:17
[INFO] [stdout]    5:     0x55f78ff12e35 - std::io::Write::write_fmt::h87f19b0a2cd190bc
[INFO] [stdout]                                at /rustc/a178d0322ce20e33eac124758e837cbd80a6f633/library/std/src/io/mod.rs:1588:15
[INFO] [stdout]    6:     0x55f78ff1928b - std::sys_common::backtrace::_print::h5abaa2601a852287
[INFO] [stdout]                                at /rustc/a178d0322ce20e33eac124758e837cbd80a6f633/library/std/src/sys_common/backtrace.rs:49:5
[INFO] [stdout]    7:     0x55f78ff1928b - std::sys_common::backtrace::print::h8d81445442bb638f
[INFO] [stdout]                                at /rustc/a178d0322ce20e33eac124758e837cbd80a6f633/library/std/src/sys_common/backtrace.rs:36:9
[INFO] [stdout]    8:     0x55f78ff1928b - std::panicking::default_hook::{{closure}}::hcfe804496a9fa747
[INFO] [stdout]                                at /rustc/a178d0322ce20e33eac124758e837cbd80a6f633/library/std/src/panicking.rs:208:50
[INFO] [stdout]    9:     0x55f78ff18d9c - std::panicking::default_hook::hbea8e3ccf2ba8901
[INFO] [stdout]                                at /rustc/a178d0322ce20e33eac124758e837cbd80a6f633/library/std/src/panicking.rs:222:9
[INFO] [stdout]   10:     0x55f78ff19954 - std::panicking::rust_panic_with_hook::h7ee9e1a2d0f8975a
[INFO] [stdout]                                at /rustc/a178d0322ce20e33eac124758e837cbd80a6f633/library/std/src/panicking.rs:622:17
[INFO] [stdout]   11:     0x55f78ff19437 - std::panicking::begin_panic_handler::{{closure}}::h8ab3b4491718b2c7
[INFO] [stdout]                                at /rustc/a178d0322ce20e33eac124758e837cbd80a6f633/library/std/src/panicking.rs:519:13
[INFO] [stdout]   12:     0x55f78ff16a7c - std::sys_common::backtrace::__rust_end_short_backtrace::hd489062ffa586a9f
[INFO] [stdout]                                at /rustc/a178d0322ce20e33eac124758e837cbd80a6f633/library/std/src/sys_common/backtrace.rs:141:18
[INFO] [stdout]   13:     0x55f78ff19399 - rust_begin_unwind
[INFO] [stdout]                                at /rustc/a178d0322ce20e33eac124758e837cbd80a6f633/library/std/src/panicking.rs:515:5
[INFO] [stdout]   14:     0x55f78fbbff4b - std::panicking::begin_panic_fmt::h5479575e112541f8
[INFO] [stdout]                                at /rustc/a178d0322ce20e33eac124758e837cbd80a6f633/library/std/src/panicking.rs:457:5
[INFO] [stdout]   15:     0x55f78fbe3f93 - integration::test::Test::run::hcf971f261371a40f
[INFO] [stdout]                                at /opt/rustwide/workdir/tests/test.rs:212:9
[INFO] [stdout]   16:     0x55f78fc16dcc - integration::fmt::write_error::hb8062ba88f62659e
[INFO] [stdout]                                at /opt/rustwide/workdir/tests/fmt.rs:58:18
[INFO] [stdout]   17:     0x55f78fc16a8a - integration::fmt::write_error::{{closure}}::h828fbb70c5b27a11
[INFO] [stdout]                                at /opt/rustwide/workdir/tests/fmt.rs:39:1
[INFO] [stdout]   18:     0x55f78fbda70e - core::ops::function::FnOnce::call_once::h1aa7332c801cb61e
[INFO] [stdout]                                at /rustc/a178d0322ce20e33eac124758e837cbd80a6f633/library/core/src/ops/function.rs:227:5
[INFO] [stdout]   19:     0x55f78fc4b533 - core::ops::function::FnOnce::call_once::h152e7e439ff59e19
[INFO] [stdout]                                at /rustc/a178d0322ce20e33eac124758e837cbd80a6f633/library/core/src/ops/function.rs:227:5
[INFO] [stdout]   20:     0x55f78fc4b533 - test::__rust_begin_short_backtrace::h0908f3b1fdbb72ab
[INFO] [stdout]                                at /rustc/a178d0322ce20e33eac124758e837cbd80a6f633/library/test/src/lib.rs:577:5
[INFO] [stdout]   21:     0x55f78fc49ff0 - <alloc::boxed::Box<F,A> as core::ops::function::FnOnce<Args>>::call_once::hf6d2a51e5587546c
[INFO] [stdout]                                at /rustc/a178d0322ce20e33eac124758e837cbd80a6f633/library/alloc/src/boxed.rs:1575:9
[INFO] [stdout]   22:     0x55f78fc49ff0 - <std::panic::AssertUnwindSafe<F> as core::ops::function::FnOnce<()>>::call_once::h8af660f3a89ef593
[INFO] [stdout]                                at /rustc/a178d0322ce20e33eac124758e837cbd80a6f633/library/std/src/panic.rs:347:9
[INFO] [stdout]   23:     0x55f78fc49ff0 - std::panicking::try::do_call::hd36aef60f84b6d36
[INFO] [stdout]                                at /rustc/a178d0322ce20e33eac124758e837cbd80a6f633/library/std/src/panicking.rs:401:40
[INFO] [stdout]   24:     0x55f78fc49ff0 - std::panicking::try::h9932b4480e69817c
[INFO] [stdout]                                at /rustc/a178d0322ce20e33eac124758e837cbd80a6f633/library/std/src/panicking.rs:365:19
[INFO] [stdout]   25:     0x55f78fc49ff0 - std::panic::catch_unwind::h6aa177099cfff5f8
[INFO] [stdout]                                at /rustc/a178d0322ce20e33eac124758e837cbd80a6f633/library/std/src/panic.rs:434:14
[INFO] [stdout]   26:     0x55f78fc49ff0 - test::run_test_in_process::h5884d6f2d99e20c3
[INFO] [stdout]                                at /rustc/a178d0322ce20e33eac124758e837cbd80a6f633/library/test/src/lib.rs:600:18
[INFO] [stdout]   27:     0x55f78fc49ff0 - test::run_test::run_test_inner::{{closure}}::h6fdc58c6d5f5b6e3
[INFO] [stdout]                                at /rustc/a178d0322ce20e33eac124758e837cbd80a6f633/library/test/src/lib.rs:492:39
[INFO] [stdout]   28:     0x55f78fc236a2 - test::run_test::run_test_inner::{{closure}}::h408365d67a78ade8
[INFO] [stdout]                                at /rustc/a178d0322ce20e33eac124758e837cbd80a6f633/library/test/src/lib.rs:519:37
[INFO] [stdout]   29:     0x55f78fc236a2 - std::sys_common::backtrace::__rust_begin_short_backtrace::hb560b77c4f701523
[INFO] [stdout]                                at /rustc/a178d0322ce20e33eac124758e837cbd80a6f633/library/std/src/sys_common/backtrace.rs:125:18
[INFO] [stdout]   30:     0x55f78fc27258 - std::thread::Builder::spawn_unchecked::{{closure}}::{{closure}}::hf2e7831dad93c597
[INFO] [stdout]                                at /rustc/a178d0322ce20e33eac124758e837cbd80a6f633/library/std/src/thread/mod.rs:481:17
[INFO] [stdout]   31:     0x55f78fc27258 - <std::panic::AssertUnwindSafe<F> as core::ops::function::FnOnce<()>>::call_once::hd2e08783d8be4d02
[INFO] [stdout]                                at /rustc/a178d0322ce20e33eac124758e837cbd80a6f633/library/std/src/panic.rs:347:9
[INFO] [stdout]   32:     0x55f78fc27258 - std::panicking::try::do_call::h062597b7acfd6b82
[INFO] [stdout]                                at /rustc/a178d0322ce20e33eac124758e837cbd80a6f633/library/std/src/panicking.rs:401:40
[INFO] [stdout]   33:     0x55f78fc27258 - std::panicking::try::h0d7b79db04c14552
[INFO] [stdout]                                at /rustc/a178d0322ce20e33eac124758e837cbd80a6f633/library/std/src/panicking.rs:365:19
[INFO] [stdout]   34:     0x55f78fc27258 - std::panic::catch_unwind::hb01a0b5e7c8cd43b
[INFO] [stdout]                                at /rustc/a178d0322ce20e33eac124758e837cbd80a6f633/library/std/src/panic.rs:434:14
[INFO] [stdout]   35:     0x55f78fc27258 - std::thread::Builder::spawn_unchecked::{{closure}}::h5bde48cc887e0d1e
[INFO] [stdout]                                at /rustc/a178d0322ce20e33eac124758e837cbd80a6f633/library/std/src/thread/mod.rs:480:30
[INFO] [stdout]   36:     0x55f78fc27258 - core::ops::function::FnOnce::call_once{{vtable.shim}}::h745ea30807a29e55
[INFO] [stdout]                                at /rustc/a178d0322ce20e33eac124758e837cbd80a6f633/library/core/src/ops/function.rs:227:5
[INFO] [stdout]   37:     0x55f78ff1f9d7 - <alloc::boxed::Box<F,A> as core::ops::function::FnOnce<Args>>::call_once::h7ece6cfefaff1005
[INFO] [stdout]                                at /rustc/a178d0322ce20e33eac124758e837cbd80a6f633/library/alloc/src/boxed.rs:1575:9
[INFO] [stdout]   38:     0x55f78ff1f9d7 - <alloc::boxed::Box<F,A> as core::ops::function::FnOnce<Args>>::call_once::hb8b48e55c21f193e
[INFO] [stdout]                                at /rustc/a178d0322ce20e33eac124758e837cbd80a6f633/library/alloc/src/boxed.rs:1575:9
[INFO] [stdout]   39:     0x55f78ff1f9d7 - std::sys::unix::thread::Thread::new::thread_start::h8c7c4450dba62914
[INFO] [stdout]                                at /rustc/a178d0322ce20e33eac124758e837cbd80a6f633/library/std/src/sys/unix/thread.rs:71:17
[INFO] [stdout]   40:     0x7f8db1f81609 - start_thread
[INFO] [stdout]   41:     0x7f8db1d53293 - clone
[INFO] [stdout]   42:                0x0 - <unknown>
[INFO] [stdout] 
[INFO] [stdout] ---- command::exit_status stdout ----
[INFO] [stdout] Bad stderr: [1mDiff[0m [31m< left[0m / [32mright >[0m :
[INFO] [stdout] [31m<"error: Command `false` failed: exit [0m[1;48;5;52;31mstatus[0m[31m: 1\n"[0m
[INFO] [stdout] [32m>"error: Command `false` failed: exit [0m[1;48;5;22;32mcode[0m[32m: 1\n"[0m
[INFO] [stdout] 
[INFO] [stdout] thread 'command::exit_status' panicked at 'Output mismatch.', tests/test.rs:223:7
[INFO] [stdout] stack backtrace:
[INFO] [stdout]    0:     0x55f78ff16580 - std::backtrace_rs::backtrace::libunwind::trace::h34055254b57d8e79
[INFO] [stdout]                                at /rustc/a178d0322ce20e33eac124758e837cbd80a6f633/library/std/src/../../backtrace/src/backtrace/libunwind.rs:90:5
[INFO] [stdout]    1:     0x55f78ff16580 - std::backtrace_rs::backtrace::trace_unsynchronized::h8f1e3fbd9afff6ec
[INFO] [stdout]                                at /rustc/a178d0322ce20e33eac124758e837cbd80a6f633/library/std/src/../../backtrace/src/backtrace/mod.rs:66:5
[INFO] [stdout]    2:     0x55f78ff16580 - std::sys_common::backtrace::_print_fmt::h3a99a796b770c360
[INFO] [stdout]                                at /rustc/a178d0322ce20e33eac124758e837cbd80a6f633/library/std/src/sys_common/backtrace.rs:67:5
[INFO] [stdout]    3:     0x55f78ff16580 - <std::sys_common::backtrace::_print::DisplayBacktrace as core::fmt::Display>::fmt::h32d1f94a80615d18
[INFO] [stdout]                                at /rustc/a178d0322ce20e33eac124758e837cbd80a6f633/library/std/src/sys_common/backtrace.rs:46:22
[INFO] [stdout]    4:     0x55f78ff3c66c - core::fmt::write::h306731c068f7162c
[INFO] [stdout]                                at /rustc/a178d0322ce20e33eac124758e837cbd80a6f633/library/core/src/fmt/mod.rs:1110:17
[INFO] [stdout]    5:     0x55f78ff12e35 - std::io::Write::write_fmt::h87f19b0a2cd190bc
[INFO] [stdout]                                at /rustc/a178d0322ce20e33eac124758e837cbd80a6f633/library/std/src/io/mod.rs:1588:15
[INFO] [stdout]    6:     0x55f78ff1928b - std::sys_common::backtrace::_print::h5abaa2601a852287
[INFO] [stdout]                                at /rustc/a178d0322ce20e33eac124758e837cbd80a6f633/library/std/src/sys_common/backtrace.rs:49:5
[INFO] [stdout]    7:     0x55f78ff1928b - std::sys_common::backtrace::print::h8d81445442bb638f
[INFO] [stdout]                                at /rustc/a178d0322ce20e33eac124758e837cbd80a6f633/library/std/src/sys_common/backtrace.rs:36:9
[INFO] [stdout]    8:     0x55f78ff1928b - std::panicking::default_hook::{{closure}}::hcfe804496a9fa747
[INFO] [stdout]                                at /rustc/a178d0322ce20e33eac124758e837cbd80a6f633/library/std/src/panicking.rs:208:50
[INFO] [stdout]    9:     0x55f78ff18d9c - std::panicking::default_hook::hbea8e3ccf2ba8901
[INFO] [stdout]                                at /rustc/a178d0322ce20e33eac124758e837cbd80a6f633/library/std/src/panicking.rs:222:9
[INFO] [stdout]   10:     0x55f78ff19954 - std::panicking::rust_panic_with_hook::h7ee9e1a2d0f8975a
[INFO] [stdout]                                at /rustc/a178d0322ce20e33eac124758e837cbd80a6f633/library/std/src/panicking.rs:622:17
[INFO] [stdout]   11:     0x55f78feb7f83 - std::panicking::begin_panic::{{closure}}::h6ccfae147657264c
[INFO] [stdout]                                at /rustc/a178d0322ce20e33eac124758e837cbd80a6f633/library/std/src/panicking.rs:542:9
[INFO] [stdout]   12:     0x55f78febb209 - std::sys_common::backtrace::__rust_end_short_backtrace::h3d1170ed8f70fdf3
[INFO] [stdout]                                at /rustc/a178d0322ce20e33eac124758e837cbd80a6f633/library/std/src/sys_common/backtrace.rs:141:18
[INFO] [stdout]   13:     0x55f78feb7eb9 - std::panicking::begin_panic::hcd5693c7f382a0f8
[INFO] [stdout]                                at /rustc/a178d0322ce20e33eac124758e837cbd80a6f633/library/std/src/panicking.rs:541:12
[INFO] [stdout]   14:     0x55f78fbe41bf - integration::test::Test::run::hcf971f261371a40f
[INFO] [stdout]                                at /opt/rustwide/workdir/tests/test.rs:223:7
[INFO] [stdout]   15:     0x55f78fbe6429 - integration::command::exit_status::h0fb7ed5630ca75ed
[INFO] [stdout]                                at /opt/rustwide/workdir/tests/test.rs:30:7
[INFO] [stdout]   16:     0x55f78fbe62ba - integration::command::exit_status::{{closure}}::h3a1d96ae21e06463
[INFO] [stdout]                                at /opt/rustwide/workdir/tests/test.rs:18:5
[INFO] [stdout]   17:     0x55f78fbdbc8e - core::ops::function::FnOnce::call_once::h51bc65cbb10d17c8
[INFO] [stdout]                                at /rustc/a178d0322ce20e33eac124758e837cbd80a6f633/library/core/src/ops/function.rs:227:5
[INFO] [stdout]   18:     0x55f78fc4b533 - core::ops::function::FnOnce::call_once::h152e7e439ff59e19
[INFO] [stdout]                                at /rustc/a178d0322ce20e33eac124758e837cbd80a6f633/library/core/src/ops/function.rs:227:5
[INFO] [stdout]   19:     0x55f78fc4b533 - test::__rust_begin_short_backtrace::h0908f3b1fdbb72ab
[INFO] [stdout]                                at /rustc/a178d0322ce20e33eac124758e837cbd80a6f633/library/test/src/lib.rs:577:5
[INFO] [stdout]   20:     0x55f78fc49ff0 - <alloc::boxed::Box<F,A> as core::ops::function::FnOnce<Args>>::call_once::hf6d2a51e5587546c
[INFO] [stdout]                                at /rustc/a178d0322ce20e33eac124758e837cbd80a6f633/library/alloc/src/boxed.rs:1575:9
[INFO] [stdout]   21:     0x55f78fc49ff0 - <std::panic::AssertUnwindSafe<F> as core::ops::function::FnOnce<()>>::call_once::h8af660f3a89ef593
[INFO] [stdout]                                at /rustc/a178d0322ce20e33eac124758e837cbd80a6f633/library/std/src/panic.rs:347:9
[INFO] [stdout]   22:     0x55f78fc49ff0 - std::panicking::try::do_call::hd36aef60f84b6d36
[INFO] [stdout]                                at /rustc/a178d0322ce20e33eac124758e837cbd80a6f633/library/std/src/panicking.rs:401:40
[INFO] [stdout]   23:     0x55f78fc49ff0 - std::panicking::try::h9932b4480e69817c
[INFO] [stdout]                                at /rustc/a178d0322ce20e33eac124758e837cbd80a6f633/library/std/src/panicking.rs:365:19
[INFO] [stdout]   24:     0x55f78fc49ff0 - std::panic::catch_unwind::h6aa177099cfff5f8
[INFO] [stdout]                                at /rustc/a178d0322ce20e33eac124758e837cbd80a6f633/library/std/src/panic.rs:434:14
[INFO] [stdout]   25:     0x55f78fc49ff0 - test::run_test_in_process::h5884d6f2d99e20c3
[INFO] [stdout]                                at /rustc/a178d0322ce20e33eac124758e837cbd80a6f633/library/test/src/lib.rs:600:18
[INFO] [stdout]   26:     0x55f78fc49ff0 - test::run_test::run_test_inner::{{closure}}::h6fdc58c6d5f5b6e3
[INFO] [stdout]                                at /rustc/a178d0322ce20e33eac124758e837cbd80a6f633/library/test/src/lib.rs:492:39
[INFO] [stdout]   27:     0x55f78fc236a2 - test::run_test::run_test_inner::{{closure}}::h408365d67a78ade8
[INFO] [stdout]                                at /rustc/a178d0322ce20e33eac124758e837cbd80a6f633/library/test/src/lib.rs:519:37
[INFO] [stdout]   28:     0x55f78fc236a2 - std::sys_common::backtrace::__rust_begin_short_backtrace::hb560b77c4f701523
[INFO] [stdout]                                at /rustc/a178d0322ce20e33eac124758e837cbd80a6f633/library/std/src/sys_common/backtrace.rs:125:18
[INFO] [stdout]   29:     0x55f78fc27258 - std::thread::Builder::spawn_unchecked::{{closure}}::{{closure}}::hf2e7831dad93c597
[INFO] [stdout]                                at /rustc/a178d0322ce20e33eac124758e837cbd80a6f633/library/std/src/thread/mod.rs:481:17
[INFO] [stdout]   30:     0x55f78fc27258 - <std::panic::AssertUnwindSafe<F> as core::ops::function::FnOnce<()>>::call_once::hd2e08783d8be4d02
[INFO] [stdout]                                at /rustc/a178d0322ce20e33eac124758e837cbd80a6f633/library/std/src/panic.rs:347:9
[INFO] [stdout]   31:     0x55f78fc27258 - std::panicking::try::do_call::h062597b7acfd6b82
[INFO] [stdout]                                at /rustc/a178d0322ce20e33eac124758e837cbd80a6f633/library/std/src/panicking.rs:401:40
[INFO] [stdout]   32:     0x55f78fc27258 - std::panicking::try::h0d7b79db04c14552
[INFO] [stdout]                                at /rustc/a178d0322ce20e33eac124758e837cbd80a6f633/library/std/src/panicking.rs:365:19
[INFO] [stdout]   33:     0x55f78fc27258 - std::panic::catch_unwind::hb01a0b5e7c8cd43b
[INFO] [stdout]                                at /rustc/a178d0322ce20e33eac124758e837cbd80a6f633/library/std/src/panic.rs:434:14
[INFO] [stdout]   34:     0x55f78fc27258 - std::thread::Builder::spawn_unchecked::{{closure}}::h5bde48cc887e0d1e
[INFO] [stdout]                                at /rustc/a178d0322ce20e33eac124758e837cbd80a6f633/library/std/src/thread/mod.rs:480:30
[INFO] [stdout]   35:     0x55f78fc27258 - core::ops::function::FnOnce::call_once{{vtable.shim}}::h745ea30807a29e55
[INFO] [stdout]                                at /rustc/a178d0322ce20e33eac124758e837cbd80a6f633/library/core/src/ops/function.rs:227:5
[INFO] [stdout]   36:     0x55f78ff1f9d7 - <alloc::boxed::Box<F,A> as core::ops::function::FnOnce<Args>>::call_once::h7ece6cfefaff1005
[INFO] [stdout]                                at /rustc/a178d0322ce20e33eac124758e837cbd80a6f633/library/alloc/src/boxed.rs:1575:9
[INFO] [stdout]   37:     0x55f78ff1f9d7 - <alloc::boxed::Box<F,A> as core::ops::function::FnOnce<Args>>::call_once::hb8b48e55c21f193e
[INFO] [stdout]                                at /rustc/a178d0322ce20e33eac124758e837cbd80a6f633/library/alloc/src/boxed.rs:1575:9
[INFO] [stdout]   38:     0x55f78ff1f9d7 - std::sys::unix::thread::Thread::new::thread_start::h8c7c4450dba62914
[INFO] [stdout]                                at /rustc/a178d0322ce20e33eac124758e837cbd80a6f633/library/std/src/sys/unix/thread.rs:71:17
[INFO] [stdout]   39:     0x7f8db1f81609 - start_thread
[INFO] [stdout]   40:     0x7f8db1d53293 - clone
[INFO] [stdout]   41:                0x0 - <unknown>
[INFO] [stdout] 
[INFO] [stdout] 
[INFO] [stdout] failures:
[INFO] [stdout]     choose::status_error
[INFO] [stdout]     command::exit_status
[INFO] [stdout]     edit::status_error
[INFO] [stdout]     fmt::write_error
[INFO] [stdout]     functions::env_var_functions
[INFO] [stdout] 
[INFO] [stdout] test result: FAILED. 405 passed; 5 failed; 6 ignored; 0 measured; 0 filtered out; finished in 1.34s
[INFO] [stdout] 
[INFO] [stderr] error: test failed, to rerun pass '--test integration'
[INFO] running `Command { std: "docker" "inspect" "3675879ac36a8d70417892589bc8dabd3d35b78ebc28210da5984859e0554e86", kill_on_drop: false }`
[INFO] running `Command { std: "docker" "rm" "-f" "3675879ac36a8d70417892589bc8dabd3d35b78ebc28210da5984859e0554e86", kill_on_drop: false }`
[INFO] [stdout] 3675879ac36a8d70417892589bc8dabd3d35b78ebc28210da5984859e0554e86
