[INFO] cloning repository https://github.com/cartoon-raccoon/cogsy
[INFO] running `Command { std: "git" "-c" "credential.helper=" "-c" "credential.helper=/workspace/cargo-home/bin/git-credential-null" "clone" "--bare" "https://github.com/cartoon-raccoon/cogsy" "/workspace/cache/git-repos/https%3A%2F%2Fgithub.com%2Fcartoon-raccoon%2Fcogsy", kill_on_drop: false }`
[INFO] [stderr] Cloning into bare repository '/workspace/cache/git-repos/https%3A%2F%2Fgithub.com%2Fcartoon-raccoon%2Fcogsy'...
[INFO] running `Command { std: "git" "rev-parse" "HEAD", kill_on_drop: false }`
[INFO] [stdout] 0b1edaf73bf9d7dacd6f3ee04d6229ec3af4059a
[INFO] testing cartoon-raccoon/cogsy against beta-2021-08-01 for beta-1.55-1
[INFO] running `Command { std: "git" "clone" "/workspace/cache/git-repos/https%3A%2F%2Fgithub.com%2Fcartoon-raccoon%2Fcogsy" "/workspace/builds/worker-8/source", kill_on_drop: false }`
[INFO] [stderr] Cloning into '/workspace/builds/worker-8/source'...
[INFO] [stderr] done.
[INFO] validating manifest of git repo https://github.com/cartoon-raccoon/cogsy on toolchain beta-2021-08-01
[INFO] running `Command { std: "/workspace/cargo-home/bin/cargo" "+beta-2021-08-01" "metadata" "--manifest-path" "Cargo.toml" "--no-deps", kill_on_drop: false }`
[INFO] started tweaking git repo https://github.com/cartoon-raccoon/cogsy
[INFO] finished tweaking git repo https://github.com/cartoon-raccoon/cogsy
[INFO] tweaked toml for git repo https://github.com/cartoon-raccoon/cogsy written to /workspace/builds/worker-8/source/Cargo.toml
[INFO] crate git repo https://github.com/cartoon-raccoon/cogsy already has a lockfile, it will not be regenerated
[INFO] running `Command { std: "/workspace/cargo-home/bin/cargo" "+beta-2021-08-01" "fetch" "--manifest-path" "Cargo.toml", kill_on_drop: false }`
[INFO] [stderr]     Blocking waiting for file lock on package cache
[INFO] [stderr]  Downloading crates ...
[INFO] [stderr]   Downloaded pin-project-internal v1.0.5
[INFO] [stderr]   Downloaded socket2 v0.3.19
[INFO] [stderr]   Downloaded hyper v0.13.10
[INFO] [stderr]   Downloaded openssl v0.10.32
[INFO] [stderr]   Downloaded tinyvec v1.1.1
[INFO] [stderr]   Downloaded terminal_size v0.1.16
[INFO] [stderr]   Downloaded owning_ref v0.4.1
[INFO] [stderr]   Downloaded stable_deref_trait v1.2.0
[INFO] [stderr]   Downloaded indicatif v0.15.0
[INFO] [stderr]   Downloaded futures-util v0.3.13
[INFO] [stderr]   Downloaded signal-hook-registry v1.3.0
[INFO] [stderr]   Downloaded futures-sink v0.3.13
[INFO] [stderr]   Downloaded futures-core v0.3.13
[INFO] [stderr]   Downloaded signal-hook v0.3.6
[INFO] [stderr]   Downloaded futures-io v0.3.13
[INFO] [stderr]   Downloaded ahash v0.6.3
[INFO] [stderr]   Downloaded security-framework v2.1.2
[INFO] [stderr]   Downloaded pin-project-lite v0.1.12
[INFO] [stderr]   Downloaded httparse v1.3.5
[INFO] [stderr]   Downloaded wasmer_enumset v1.0.1
[INFO] [stderr]   Downloaded tracing-futures v0.2.5
[INFO] [stderr]   Downloaded wasmer_enumset_derive v0.5.0
[INFO] [stderr]   Downloaded security-framework-sys v2.1.1
[INFO] [stderr]   Downloaded pin-project v1.0.5
[INFO] [stderr]   Downloaded wasm-bindgen-futures v0.4.21
[INFO] [stderr]   Downloaded directories v3.0.1
[INFO] [stderr]   Downloaded cursive v0.16.3
[INFO] [stderr]   Downloaded enum-map v0.6.4
[INFO] [stderr]   Downloaded console v0.14.0
[INFO] [stderr]   Downloaded ansi_term v0.6.3
[INFO] [stderr]   Downloaded openssl-sys v0.9.60
[INFO] [stderr]   Downloaded cursive_core v0.2.2
[INFO] [stderr]   Downloaded enum-map-derive v0.4.6
[INFO] [stderr]   Downloaded ncurses v5.101.0
[INFO] [stderr]   Downloaded futures-channel v0.3.13
[INFO] [stderr]   Downloaded libsqlite3-sys v0.18.0
[INFO] [stderr]   Downloaded array-macro v1.0.5
[INFO] [stderr]   Downloaded unidecode v0.3.0
[INFO] [stderr]   Downloaded fallible-streaming-iterator v0.1.9
[INFO] [stderr]   Downloaded encoding_rs v0.8.28
[INFO] [stderr]   Downloaded h2 v0.2.7
[INFO] [stderr]   Downloaded ipnet v2.3.0
[INFO] [stderr]   Downloaded reqwest v0.10.10
[INFO] [stderr]   Downloaded rusqlite v0.23.1
[INFO] [stderr]   Downloaded futures-task v0.3.13
[INFO] [stderr]   Downloaded fallible-iterator v0.2.0
[INFO] [stderr]   Downloaded http v0.2.3
[INFO] [stderr]   Downloaded hyper-tls v0.4.3
[INFO] [stderr]   Downloaded tokio v0.2.25
[INFO] running `Command { std: "docker" "create" "-v" "/var/lib/crater-agent-workspace/builds/worker-8/target:/opt/rustwide/target:rw,Z" "-v" "/var/lib/crater-agent-workspace/builds/worker-8/source:/opt/rustwide/workdir:ro,Z" "-v" "/var/lib/crater-agent-workspace/cargo-home:/opt/rustwide/cargo-home:ro,Z" "-v" "/var/lib/crater-agent-workspace/rustup-home:/opt/rustwide/rustup-home:ro,Z" "-e" "SOURCE_DIR=/opt/rustwide/workdir" "-e" "CARGO_TARGET_DIR=/opt/rustwide/target" "-e" "CARGO_HOME=/opt/rustwide/cargo-home" "-e" "RUSTUP_HOME=/opt/rustwide/rustup-home" "-w" "/opt/rustwide/workdir" "-m" "1610612736" "--user" "0:0" "--network" "none" "ghcr.io/rust-lang/crates-build-env/linux@sha256:34b6a614d2c27851fe6cbf88fbd1137609cefab8b10d0615aaeb6fd47975d74e" "/opt/rustwide/cargo-home/bin/cargo" "+beta-2021-08-01" "metadata" "--no-deps" "--format-version=1", kill_on_drop: false }`
[INFO] [stdout] 1478ebff4c69933b1c14b144ff86dcd972e62e401ffa794243f1ba72877890cb
[INFO] running `Command { std: "docker" "start" "-a" "1478ebff4c69933b1c14b144ff86dcd972e62e401ffa794243f1ba72877890cb", kill_on_drop: false }`
[INFO] running `Command { std: "docker" "inspect" "1478ebff4c69933b1c14b144ff86dcd972e62e401ffa794243f1ba72877890cb", kill_on_drop: false }`
[INFO] running `Command { std: "docker" "rm" "-f" "1478ebff4c69933b1c14b144ff86dcd972e62e401ffa794243f1ba72877890cb", kill_on_drop: false }`
[INFO] [stdout] 1478ebff4c69933b1c14b144ff86dcd972e62e401ffa794243f1ba72877890cb
[INFO] running `Command { std: "docker" "create" "-v" "/var/lib/crater-agent-workspace/builds/worker-8/target:/opt/rustwide/target:rw,Z" "-v" "/var/lib/crater-agent-workspace/builds/worker-8/source:/opt/rustwide/workdir:ro,Z" "-v" "/var/lib/crater-agent-workspace/cargo-home:/opt/rustwide/cargo-home:ro,Z" "-v" "/var/lib/crater-agent-workspace/rustup-home:/opt/rustwide/rustup-home:ro,Z" "-e" "SOURCE_DIR=/opt/rustwide/workdir" "-e" "CARGO_TARGET_DIR=/opt/rustwide/target" "-e" "CARGO_INCREMENTAL=0" "-e" "RUST_BACKTRACE=full" "-e" "RUSTFLAGS=--cap-lints=warn" "-e" "CARGO_HOME=/opt/rustwide/cargo-home" "-e" "RUSTUP_HOME=/opt/rustwide/rustup-home" "-w" "/opt/rustwide/workdir" "-m" "1610612736" "--user" "0:0" "--network" "none" "ghcr.io/rust-lang/crates-build-env/linux@sha256:34b6a614d2c27851fe6cbf88fbd1137609cefab8b10d0615aaeb6fd47975d74e" "/opt/rustwide/cargo-home/bin/cargo" "+beta-2021-08-01" "build" "--frozen" "--message-format=json", kill_on_drop: false }`
[INFO] [stdout] 4d4054bc25646c98a8eb3530f2d7e0822153b3705df199b6645915726d3d7cc2
[INFO] running `Command { std: "docker" "start" "-a" "4d4054bc25646c98a8eb3530f2d7e0822153b3705df199b6645915726d3d7cc2", kill_on_drop: false }`
[INFO] [stderr]    Compiling libc v0.2.88
[INFO] [stderr]    Compiling syn v1.0.63
[INFO] [stderr]    Compiling futures-core v0.3.13
[INFO] [stderr]    Compiling serde_derive v1.0.124
[INFO] [stderr]    Compiling serde v1.0.124
[INFO] [stderr]    Compiling pin-project-lite v0.2.6
[INFO] [stderr]    Compiling once_cell v1.7.2
[INFO] [stderr]    Compiling pin-project-lite v0.1.12
[INFO] [stderr]    Compiling openssl v0.10.32
[INFO] [stderr]    Compiling futures-task v0.3.13
[INFO] [stderr]    Compiling futures-io v0.3.13
[INFO] [stderr]    Compiling httparse v1.3.5
[INFO] [stderr]    Compiling futures-sink v0.3.13
[INFO] [stderr]    Compiling signal-hook v0.3.6
[INFO] [stderr]    Compiling httpdate v0.3.2
[INFO] [stderr]    Compiling array-macro v1.0.5
[INFO] [stderr]    Compiling xi-unicode v0.3.0
[INFO] [stderr]    Compiling ansi_term v0.6.3
[INFO] [stderr]    Compiling unidecode v0.3.0
[INFO] [stderr]    Compiling num-traits v0.2.14
[INFO] [stderr]    Compiling num-integer v0.1.44
[INFO] [stderr]    Compiling indexmap v1.6.2
[INFO] [stderr]    Compiling num-iter v0.1.42
[INFO] [stderr]    Compiling crossbeam-utils v0.8.3
[INFO] [stderr]    Compiling openssl-sys v0.9.60
[INFO] [stderr]    Compiling tracing-core v0.1.17
[INFO] [stderr]    Compiling http v0.2.3
[INFO] [stderr]    Compiling ahash v0.6.3
[INFO] [stderr]    Compiling libsqlite3-sys v0.18.0
[INFO] [stderr]    Compiling ncurses v5.101.0
[INFO] [stderr]    Compiling tinyvec v1.1.1
[INFO] [stderr]    Compiling owning_ref v0.4.1
[INFO] [stderr]    Compiling lru-cache v0.1.2
[INFO] [stderr]    Compiling unicase v2.6.0
[INFO] [stderr]    Compiling csv-core v0.1.10
[INFO] [stderr]    Compiling want v0.3.0
[INFO] [stderr]    Compiling futures-channel v0.3.13
[INFO] [stderr]    Compiling futures-util v0.3.13
[INFO] [stderr]    Compiling thread_local v1.1.3
[INFO] [stderr]    Compiling tracing v0.1.25
[INFO] [stderr]    Compiling regex v1.4.3
[INFO] [stderr]    Compiling unicode-normalization v0.1.17
[INFO] [stderr]    Compiling mime_guess v2.0.3
[INFO] [stderr]    Compiling native-tls v0.2.7
[INFO] [stderr]    Compiling num-complex v0.3.1
[INFO] [stderr]    Compiling net2 v0.2.37
[INFO] [stderr]    Compiling iovec v0.1.4
[INFO] [stderr]    Compiling num_cpus v1.13.0
[INFO] [stderr]    Compiling time v0.1.43
[INFO] [stderr]    Compiling socket2 v0.3.19
[INFO] [stderr]    Compiling getrandom v0.2.2
[INFO] [stderr]    Compiling signal-hook-registry v1.3.0
[INFO] [stderr]    Compiling terminal_size v0.1.16
[INFO] [stderr]    Compiling atty v0.2.14
[INFO] [stderr]    Compiling term_size v0.3.2
[INFO] [stderr]    Compiling dirs-sys v0.3.5
[INFO] [stderr]    Compiling num-rational v0.3.2
[INFO] [stderr]    Compiling http-body v0.3.1
[INFO] [stderr]    Compiling idna v0.2.2
[INFO] [stderr]    Compiling directories v3.0.1
[INFO] [stderr]    Compiling crossbeam-channel v0.5.0
[INFO] [stderr]    Compiling clap v2.33.3
[INFO] [stderr]    Compiling console v0.14.0
[INFO] [stderr]    Compiling mio v0.6.23
[INFO] [stderr]    Compiling num v0.3.1
[INFO] [stderr]    Compiling chrono v0.4.19
[INFO] [stderr]    Compiling indicatif v0.15.0
[INFO] [stderr]    Compiling url v2.2.1
[INFO] [stderr]    Compiling tokio v0.2.25
[INFO] [stderr]    Compiling rusqlite v0.23.1
[INFO] [stderr]    Compiling darling_core v0.10.2
[INFO] [stderr]    Compiling tokio-util v0.3.1
[INFO] [stderr]    Compiling tokio-tls v0.3.1
[INFO] [stderr]    Compiling pin-project-internal v1.0.5
[INFO] [stderr]    Compiling enum-map-derive v0.4.6
[INFO] [stderr]    Compiling darling_macro v0.10.2
[INFO] [stderr]    Compiling enum-map v0.6.4
[INFO] [stderr]    Compiling darling v0.10.2
[INFO] [stderr]    Compiling wasmer_enumset_derive v0.5.0
[INFO] [stderr]    Compiling pin-project v1.0.5
[INFO] [stderr]    Compiling tracing-futures v0.2.5
[INFO] [stderr]    Compiling h2 v0.2.7
[INFO] [stderr]    Compiling wasmer_enumset v1.0.1
[INFO] [stderr]    Compiling cursive_core v0.2.2
[INFO] [stderr]    Compiling cursive v0.16.3
[INFO] [stderr]    Compiling hyper v0.13.10
[INFO] [stderr]    Compiling bstr v0.2.15
[INFO] [stderr]    Compiling serde_urlencoded v0.7.0
[INFO] [stderr]    Compiling serde_json v1.0.64
[INFO] [stderr]    Compiling toml v0.5.8
[INFO] [stderr]    Compiling csv v1.1.6
[INFO] [stderr]    Compiling hyper-tls v0.4.3
[INFO] [stderr]    Compiling reqwest v0.10.10
[INFO] [stderr]    Compiling cogsy v0.2.2 (/opt/rustwide/workdir)
[INFO] [stderr]     Finished dev [unoptimized + debuginfo] target(s) in 43.25s
[INFO] running `Command { std: "docker" "inspect" "4d4054bc25646c98a8eb3530f2d7e0822153b3705df199b6645915726d3d7cc2", kill_on_drop: false }`
[INFO] running `Command { std: "docker" "rm" "-f" "4d4054bc25646c98a8eb3530f2d7e0822153b3705df199b6645915726d3d7cc2", kill_on_drop: false }`
[INFO] [stdout] 4d4054bc25646c98a8eb3530f2d7e0822153b3705df199b6645915726d3d7cc2
[INFO] running `Command { std: "docker" "create" "-v" "/var/lib/crater-agent-workspace/builds/worker-8/target:/opt/rustwide/target:rw,Z" "-v" "/var/lib/crater-agent-workspace/builds/worker-8/source:/opt/rustwide/workdir:ro,Z" "-v" "/var/lib/crater-agent-workspace/cargo-home:/opt/rustwide/cargo-home:ro,Z" "-v" "/var/lib/crater-agent-workspace/rustup-home:/opt/rustwide/rustup-home:ro,Z" "-e" "SOURCE_DIR=/opt/rustwide/workdir" "-e" "CARGO_TARGET_DIR=/opt/rustwide/target" "-e" "CARGO_INCREMENTAL=0" "-e" "RUST_BACKTRACE=full" "-e" "RUSTFLAGS=--cap-lints=warn" "-e" "CARGO_HOME=/opt/rustwide/cargo-home" "-e" "RUSTUP_HOME=/opt/rustwide/rustup-home" "-w" "/opt/rustwide/workdir" "-m" "1610612736" "--user" "0:0" "--network" "none" "ghcr.io/rust-lang/crates-build-env/linux@sha256:34b6a614d2c27851fe6cbf88fbd1137609cefab8b10d0615aaeb6fd47975d74e" "/opt/rustwide/cargo-home/bin/cargo" "+beta-2021-08-01" "test" "--frozen" "--no-run" "--message-format=json", kill_on_drop: false }`
[INFO] [stdout] a19b42d62525d555babb0920a714da00e6e7c44e3915e2d14fed64546e06f492
[INFO] running `Command { std: "docker" "start" "-a" "a19b42d62525d555babb0920a714da00e6e7c44e3915e2d14fed64546e06f492", kill_on_drop: false }`
[INFO] [stderr]    Compiling dirs v3.0.1
[INFO] [stderr]    Compiling cogsy v0.2.2 (/opt/rustwide/workdir)
[INFO] [stderr]     Finished test [unoptimized + debuginfo] target(s) in 5.32s
[INFO] running `Command { std: "docker" "inspect" "a19b42d62525d555babb0920a714da00e6e7c44e3915e2d14fed64546e06f492", kill_on_drop: false }`
[INFO] running `Command { std: "docker" "rm" "-f" "a19b42d62525d555babb0920a714da00e6e7c44e3915e2d14fed64546e06f492", kill_on_drop: false }`
[INFO] [stdout] a19b42d62525d555babb0920a714da00e6e7c44e3915e2d14fed64546e06f492
[INFO] running `Command { std: "docker" "create" "-v" "/var/lib/crater-agent-workspace/builds/worker-8/target:/opt/rustwide/target:rw,Z" "-v" "/var/lib/crater-agent-workspace/builds/worker-8/source:/opt/rustwide/workdir:ro,Z" "-v" "/var/lib/crater-agent-workspace/cargo-home:/opt/rustwide/cargo-home:ro,Z" "-v" "/var/lib/crater-agent-workspace/rustup-home:/opt/rustwide/rustup-home:ro,Z" "-e" "SOURCE_DIR=/opt/rustwide/workdir" "-e" "CARGO_TARGET_DIR=/opt/rustwide/target" "-e" "CARGO_INCREMENTAL=0" "-e" "RUST_BACKTRACE=full" "-e" "RUSTFLAGS=--cap-lints=warn" "-e" "CARGO_HOME=/opt/rustwide/cargo-home" "-e" "RUSTUP_HOME=/opt/rustwide/rustup-home" "-w" "/opt/rustwide/workdir" "-m" "1610612736" "--user" "0:0" "--network" "none" "ghcr.io/rust-lang/crates-build-env/linux@sha256:34b6a614d2c27851fe6cbf88fbd1137609cefab8b10d0615aaeb6fd47975d74e" "/opt/rustwide/cargo-home/bin/cargo" "+beta-2021-08-01" "test" "--frozen", kill_on_drop: false }`
[INFO] [stdout] db29e2a625562c72a7579470963c0b83ce0a2614cbf56f546566dd9069e4cc7b
[INFO] running `Command { std: "docker" "start" "-a" "db29e2a625562c72a7579470963c0b83ce0a2614cbf56f546566dd9069e4cc7b", kill_on_drop: false }`
[INFO] [stderr]     Finished test [unoptimized + debuginfo] target(s) in 0.07s
[INFO] [stderr]      Running unittests (/opt/rustwide/target/debug/deps/cogsy-3a1b3334c1834852)
[INFO] [stdout] 
[INFO] [stdout] running 6 tests
[INFO] [stdout] test config::tests::check_filepaths ... ok
[INFO] [stdout] test app::csv::tests::test_csv_full_update ... FAILED
[INFO] [stdout] test app::csv::tests::test_csv_header_validation ... FAILED
[INFO] [stdout] test app::csv::tests::test_csv_parsing ... FAILED
[INFO] [stderr] error: test failed, to rerun pass '--bin cogsy'
[INFO] [stderr] 
[INFO] [stderr] Caused by:
[INFO] [stderr]   process didn't exit successfully: `/opt/rustwide/target/debug/deps/cogsy-3a1b3334c1834852` (signal: 9, SIGKILL: kill)
[INFO] running `Command { std: "docker" "inspect" "db29e2a625562c72a7579470963c0b83ce0a2614cbf56f546566dd9069e4cc7b", kill_on_drop: false }`
[INFO] running `Command { std: "docker" "rm" "-f" "db29e2a625562c72a7579470963c0b83ce0a2614cbf56f546566dd9069e4cc7b", kill_on_drop: false }`
[INFO] [stdout] db29e2a625562c72a7579470963c0b83ce0a2614cbf56f546566dd9069e4cc7b
