[INFO] cloning repository https://github.com/carribus/rust_commander
[INFO] running `Command { std: "git" "-c" "credential.helper=" "-c" "credential.helper=/workspace/cargo-home/bin/git-credential-null" "clone" "--bare" "https://github.com/carribus/rust_commander" "/workspace/cache/git-repos/https%3A%2F%2Fgithub.com%2Fcarribus%2Frust_commander", kill_on_drop: false }`
[INFO] [stderr] Cloning into bare repository '/workspace/cache/git-repos/https%3A%2F%2Fgithub.com%2Fcarribus%2Frust_commander'...
[INFO] running `Command { std: "git" "rev-parse" "HEAD", kill_on_drop: false }`
[INFO] [stdout] 22c4b2d9f0ba6add0eaeb0ff89ea6392adcb665b
[INFO] testing carribus/rust_commander against 1.54.0 for beta-1.55-1
[INFO] running `Command { std: "git" "clone" "/workspace/cache/git-repos/https%3A%2F%2Fgithub.com%2Fcarribus%2Frust_commander" "/workspace/builds/worker-13/source", kill_on_drop: false }`
[INFO] [stderr] Cloning into '/workspace/builds/worker-13/source'...
[INFO] [stderr] done.
[INFO] validating manifest of git repo https://github.com/carribus/rust_commander on toolchain 1.54.0
[INFO] running `Command { std: "/workspace/cargo-home/bin/cargo" "+1.54.0" "metadata" "--manifest-path" "Cargo.toml" "--no-deps", kill_on_drop: false }`
[INFO] started tweaking git repo https://github.com/carribus/rust_commander
[INFO] finished tweaking git repo https://github.com/carribus/rust_commander
[INFO] tweaked toml for git repo https://github.com/carribus/rust_commander written to /workspace/builds/worker-13/source/Cargo.toml
[INFO] crate git repo https://github.com/carribus/rust_commander already has a lockfile, it will not be regenerated
[INFO] running `Command { std: "/workspace/cargo-home/bin/cargo" "+1.54.0" "fetch" "--manifest-path" "Cargo.toml", kill_on_drop: false }`
[INFO] [stderr]     Blocking waiting for file lock on package cache
[INFO] running `Command { std: "docker" "create" "-v" "/var/lib/crater-agent-workspace/builds/worker-13/target:/opt/rustwide/target:rw,Z" "-v" "/var/lib/crater-agent-workspace/builds/worker-13/source:/opt/rustwide/workdir:ro,Z" "-v" "/var/lib/crater-agent-workspace/cargo-home:/opt/rustwide/cargo-home:ro,Z" "-v" "/var/lib/crater-agent-workspace/rustup-home:/opt/rustwide/rustup-home:ro,Z" "-e" "SOURCE_DIR=/opt/rustwide/workdir" "-e" "CARGO_TARGET_DIR=/opt/rustwide/target" "-e" "CARGO_HOME=/opt/rustwide/cargo-home" "-e" "RUSTUP_HOME=/opt/rustwide/rustup-home" "-w" "/opt/rustwide/workdir" "-m" "1610612736" "--user" "0:0" "--network" "none" "ghcr.io/rust-lang/crates-build-env/linux@sha256:34b6a614d2c27851fe6cbf88fbd1137609cefab8b10d0615aaeb6fd47975d74e" "/opt/rustwide/cargo-home/bin/cargo" "+1.54.0" "metadata" "--no-deps" "--format-version=1", kill_on_drop: false }`
[INFO] [stdout] 1226727ccbb176c9d7575f35e265193ce6282ed133c597b29d54778eefda5bfd
[INFO] running `Command { std: "docker" "start" "-a" "1226727ccbb176c9d7575f35e265193ce6282ed133c597b29d54778eefda5bfd", kill_on_drop: false }`
[INFO] running `Command { std: "docker" "inspect" "1226727ccbb176c9d7575f35e265193ce6282ed133c597b29d54778eefda5bfd", kill_on_drop: false }`
[INFO] running `Command { std: "docker" "rm" "-f" "1226727ccbb176c9d7575f35e265193ce6282ed133c597b29d54778eefda5bfd", kill_on_drop: false }`
[INFO] [stdout] 1226727ccbb176c9d7575f35e265193ce6282ed133c597b29d54778eefda5bfd
[INFO] running `Command { std: "docker" "create" "-v" "/var/lib/crater-agent-workspace/builds/worker-13/target:/opt/rustwide/target:rw,Z" "-v" "/var/lib/crater-agent-workspace/builds/worker-13/source:/opt/rustwide/workdir:ro,Z" "-v" "/var/lib/crater-agent-workspace/cargo-home:/opt/rustwide/cargo-home:ro,Z" "-v" "/var/lib/crater-agent-workspace/rustup-home:/opt/rustwide/rustup-home:ro,Z" "-e" "SOURCE_DIR=/opt/rustwide/workdir" "-e" "CARGO_TARGET_DIR=/opt/rustwide/target" "-e" "CARGO_INCREMENTAL=0" "-e" "RUST_BACKTRACE=full" "-e" "RUSTFLAGS=--cap-lints=warn" "-e" "CARGO_HOME=/opt/rustwide/cargo-home" "-e" "RUSTUP_HOME=/opt/rustwide/rustup-home" "-w" "/opt/rustwide/workdir" "-m" "1610612736" "--user" "0:0" "--network" "none" "ghcr.io/rust-lang/crates-build-env/linux@sha256:34b6a614d2c27851fe6cbf88fbd1137609cefab8b10d0615aaeb6fd47975d74e" "/opt/rustwide/cargo-home/bin/cargo" "+1.54.0" "build" "--frozen" "--message-format=json", kill_on_drop: false }`
[INFO] [stdout] 52784af0da545645f49590826e8fddeb4a7f121bdbfe292709c84afe8693810b
[INFO] running `Command { std: "docker" "start" "-a" "52784af0da545645f49590826e8fddeb4a7f121bdbfe292709c84afe8693810b", kill_on_drop: false }`
[INFO] [stderr]     Blocking waiting for file lock on package cache
[INFO] [stderr]    Compiling commander v0.1.0 (/opt/rustwide/workdir)
[INFO] [stdout] warning: cannot borrow `self.args` as mutable because it is also borrowed as immutable
[INFO] [stdout]    --> src/lib.rs:284:25
[INFO] [stdout]     |
[INFO] [stdout] 264 |                 let o = self.get_supported_option(value, longform);
[INFO] [stdout]     |                         ---- immutable borrow occurs here
[INFO] [stdout] ...
[INFO] [stdout] 284 |                         self.args.insert(option.shortform.to_string(), CmdArgument { 
[INFO] [stdout]     |                         ^^^^^^^^^        ---------------- immutable borrow later used here
[INFO] [stdout]     |                         |
[INFO] [stdout]     |                         mutable borrow occurs here
[INFO] [stdout]     |
[INFO] [stdout]     = note: `#[warn(mutable_borrow_reservation_conflict)]` on by default
[INFO] [stdout]     = warning: this borrowing pattern was not meant to be accepted, and may become a hard error in the future
[INFO] [stdout]     = note: for more information, see issue #59159 <https://github.com/rust-lang/rust/issues/59159>
[INFO] [stdout] 
[INFO] [stdout] 
[INFO] [stdout] warning: 1 warning emitted
[INFO] [stdout] 
[INFO] [stdout] 
[INFO] [stderr]     Finished dev [unoptimized + debuginfo] target(s) in 1.63s
[INFO] running `Command { std: "docker" "inspect" "52784af0da545645f49590826e8fddeb4a7f121bdbfe292709c84afe8693810b", kill_on_drop: false }`
[INFO] running `Command { std: "docker" "rm" "-f" "52784af0da545645f49590826e8fddeb4a7f121bdbfe292709c84afe8693810b", kill_on_drop: false }`
[INFO] [stdout] 52784af0da545645f49590826e8fddeb4a7f121bdbfe292709c84afe8693810b
[INFO] running `Command { std: "docker" "create" "-v" "/var/lib/crater-agent-workspace/builds/worker-13/target:/opt/rustwide/target:rw,Z" "-v" "/var/lib/crater-agent-workspace/builds/worker-13/source:/opt/rustwide/workdir:ro,Z" "-v" "/var/lib/crater-agent-workspace/cargo-home:/opt/rustwide/cargo-home:ro,Z" "-v" "/var/lib/crater-agent-workspace/rustup-home:/opt/rustwide/rustup-home:ro,Z" "-e" "SOURCE_DIR=/opt/rustwide/workdir" "-e" "CARGO_TARGET_DIR=/opt/rustwide/target" "-e" "CARGO_INCREMENTAL=0" "-e" "RUST_BACKTRACE=full" "-e" "RUSTFLAGS=--cap-lints=warn" "-e" "CARGO_HOME=/opt/rustwide/cargo-home" "-e" "RUSTUP_HOME=/opt/rustwide/rustup-home" "-w" "/opt/rustwide/workdir" "-m" "1610612736" "--user" "0:0" "--network" "none" "ghcr.io/rust-lang/crates-build-env/linux@sha256:34b6a614d2c27851fe6cbf88fbd1137609cefab8b10d0615aaeb6fd47975d74e" "/opt/rustwide/cargo-home/bin/cargo" "+1.54.0" "test" "--frozen" "--no-run" "--message-format=json", kill_on_drop: false }`
[INFO] [stdout] 9f8b8bac635471603fa0b81b33e751bc17c4d3578d815418f7a2e56f40ab3e71
[INFO] running `Command { std: "docker" "start" "-a" "9f8b8bac635471603fa0b81b33e751bc17c4d3578d815418f7a2e56f40ab3e71", kill_on_drop: false }`
[INFO] [stdout] warning: cannot borrow `self.args` as mutable because it is also borrowed as immutable
[INFO] [stdout]    --> src/lib.rs:284:25
[INFO] [stdout]     |
[INFO] [stdout] 264 |                 let o = self.get_supported_option(value, longform);
[INFO] [stdout]     |                         ---- immutable borrow occurs here
[INFO] [stdout] ...
[INFO] [stdout] 284 |                         self.args.insert(option.shortform.to_string(), CmdArgument { 
[INFO] [stdout]     |                         ^^^^^^^^^        ---------------- immutable borrow later used here
[INFO] [stdout]     |                         |
[INFO] [stdout]     |                         mutable borrow occurs here
[INFO] [stdout]     |
[INFO] [stdout]     = note: `#[warn(mutable_borrow_reservation_conflict)]` on by default
[INFO] [stdout]     = warning: this borrowing pattern was not meant to be accepted, and may become a hard error in the future
[INFO] [stdout]     = note: for more information, see issue #59159 <https://github.com/rust-lang/rust/issues/59159>
[INFO] [stdout] 
[INFO] [stdout] 
[INFO] [stderr]    Compiling commander v0.1.0 (/opt/rustwide/workdir)
[INFO] [stdout] warning: 1 warning emitted
[INFO] [stdout] 
[INFO] [stdout] 
[INFO] [stdout] warning: cannot borrow `self.args` as mutable because it is also borrowed as immutable
[INFO] [stdout]    --> src/lib.rs:284:25
[INFO] [stdout]     |
[INFO] [stdout] 264 |                 let o = self.get_supported_option(value, longform);
[INFO] [stdout]     |                         ---- immutable borrow occurs here
[INFO] [stdout] ...
[INFO] [stdout] 284 |                         self.args.insert(option.shortform.to_string(), CmdArgument { 
[INFO] [stdout]     |                         ^^^^^^^^^        ---------------- immutable borrow later used here
[INFO] [stdout]     |                         |
[INFO] [stdout]     |                         mutable borrow occurs here
[INFO] [stdout]     |
[INFO] [stdout]     = note: `#[warn(mutable_borrow_reservation_conflict)]` on by default
[INFO] [stdout]     = warning: this borrowing pattern was not meant to be accepted, and may become a hard error in the future
[INFO] [stdout]     = note: for more information, see issue #59159 <https://github.com/rust-lang/rust/issues/59159>
[INFO] [stdout] 
[INFO] [stdout] 
[INFO] [stderr]     Finished test [unoptimized + debuginfo] target(s) in 1.28s
[INFO] [stdout] warning: 1 warning emitted
[INFO] [stdout] 
[INFO] [stdout] 
[INFO] running `Command { std: "docker" "inspect" "9f8b8bac635471603fa0b81b33e751bc17c4d3578d815418f7a2e56f40ab3e71", kill_on_drop: false }`
[INFO] running `Command { std: "docker" "rm" "-f" "9f8b8bac635471603fa0b81b33e751bc17c4d3578d815418f7a2e56f40ab3e71", kill_on_drop: false }`
[INFO] [stdout] 9f8b8bac635471603fa0b81b33e751bc17c4d3578d815418f7a2e56f40ab3e71
[INFO] running `Command { std: "docker" "create" "-v" "/var/lib/crater-agent-workspace/builds/worker-13/target:/opt/rustwide/target:rw,Z" "-v" "/var/lib/crater-agent-workspace/builds/worker-13/source:/opt/rustwide/workdir:ro,Z" "-v" "/var/lib/crater-agent-workspace/cargo-home:/opt/rustwide/cargo-home:ro,Z" "-v" "/var/lib/crater-agent-workspace/rustup-home:/opt/rustwide/rustup-home:ro,Z" "-e" "SOURCE_DIR=/opt/rustwide/workdir" "-e" "CARGO_TARGET_DIR=/opt/rustwide/target" "-e" "CARGO_INCREMENTAL=0" "-e" "RUST_BACKTRACE=full" "-e" "RUSTFLAGS=--cap-lints=warn" "-e" "CARGO_HOME=/opt/rustwide/cargo-home" "-e" "RUSTUP_HOME=/opt/rustwide/rustup-home" "-w" "/opt/rustwide/workdir" "-m" "1610612736" "--user" "0:0" "--network" "none" "ghcr.io/rust-lang/crates-build-env/linux@sha256:34b6a614d2c27851fe6cbf88fbd1137609cefab8b10d0615aaeb6fd47975d74e" "/opt/rustwide/cargo-home/bin/cargo" "+1.54.0" "test" "--frozen", kill_on_drop: false }`
[INFO] [stdout] 466e920c27cc2586f000c909d1cb7c99b21f0e5065c844afb141cd498a50c41e
[INFO] running `Command { std: "docker" "start" "-a" "466e920c27cc2586f000c909d1cb7c99b21f0e5065c844afb141cd498a50c41e", kill_on_drop: false }`
[INFO] [stderr]     Blocking waiting for file lock on package cache
[INFO] [stdout] 
[INFO] [stderr] warning: cannot borrow `self.args` as mutable because it is also borrowed as immutable
[INFO] [stdout] running 6 tests
[INFO] [stderr]    --> src/lib.rs:284:25
[INFO] [stdout] test tests::test_help ... ignored
[INFO] [stderr]     |
[INFO] [stderr] 264 |                 let o = self.get_supported_option(value, longform);
[INFO] [stderr]     |                         ---- immutable borrow occurs here
[INFO] [stderr] ...
[INFO] [stderr] 284 |                         self.args.insert(option.shortform.to_string(), CmdArgument { 
[INFO] [stderr]     |                         ^^^^^^^^^        ---------------- immutable borrow later used here
[INFO] [stderr]     |                         |
[INFO] [stderr]     |                         mutable borrow occurs here
[INFO] [stderr]     |
[INFO] [stderr]     = note: `#[warn(mutable_borrow_reservation_conflict)]` on by default
[INFO] [stderr]     = warning: this borrowing pattern was not meant to be accepted, and may become a hard error in the future
[INFO] [stderr]     = note: for more information, see issue #59159 <https://github.com/rust-lang/rust/issues/59159>
[INFO] [stderr] 
[INFO] [stderr] warning: 1 warning emitted
[INFO] [stderr] 
[INFO] [stderr] warning: cannot borrow `self.args` as mutable because it is also borrowed as immutable
[INFO] [stderr]    --> src/lib.rs:284:25
[INFO] [stderr]     |
[INFO] [stderr] 264 |                 let o = self.get_supported_option(value, longform);
[INFO] [stderr]     |                         ---- immutable borrow occurs here
[INFO] [stderr] ...
[INFO] [stderr] 284 |                         self.args.insert(option.shortform.to_string(), CmdArgument { 
[INFO] [stderr]     |                         ^^^^^^^^^        ---------------- immutable borrow later used here
[INFO] [stderr]     |                         |
[INFO] [stderr]     |                         mutable borrow occurs here
[INFO] [stderr]     |
[INFO] [stderr]     = note: `#[warn(mutable_borrow_reservation_conflict)]` on by default
[INFO] [stderr]     = warning: this borrowing pattern was not meant to be accepted, and may become a hard error in the future
[INFO] [stderr]     = note: for more information, see issue #59159 <https://github.com/rust-lang/rust/issues/59159>
[INFO] [stderr] 
[INFO] [stderr] warning: 1 warning emitted
[INFO] [stderr] 
[INFO] [stderr]     Finished test [unoptimized + debuginfo] target(s) in 0.29s
[INFO] [stderr]      Running unittests (/opt/rustwide/target/debug/deps/commander-5c05babe81d16186)
[INFO] [stdout] test tests::test_get_number_arg ... ok
[INFO] [stderr]      Running unittests (/opt/rustwide/target/debug/deps/commander-3db7934917933211)
[INFO] [stdout] test tests::test_get_string_arg ... ok
[INFO] [stdout] test tests::test_add_2_options ... ok
[INFO] [stdout] test tests::test_add_1_option ... ok
[INFO] [stdout] test tests::test_get_float_arg ... ok
[INFO] [stdout] 
[INFO] [stdout] test result: ok. 5 passed; 0 failed; 1 ignored; 0 measured; 0 filtered out; finished in 0.01s
[INFO] [stdout] 
[INFO] [stdout] 
[INFO] [stdout] running 0 tests
[INFO] [stdout] 
[INFO] [stdout] test result: ok. 0 passed; 0 failed; 0 ignored; 0 measured; 0 filtered out; finished in 0.00s
[INFO] [stdout] 
[INFO] [stderr]    Doc-tests commander
[INFO] [stdout] 
[INFO] [stdout] running 2 tests
[INFO] [stdout] test src/lib.rs - (line 9) ... FAILED
[INFO] [stderr] error: test failed, to rerun pass '--doc'
[INFO] [stdout] test src/lib.rs - Commander::init (line 99) ... ok
[INFO] [stdout] 
[INFO] [stdout] failures:
[INFO] [stdout] 
[INFO] [stdout] ---- src/lib.rs - (line 9) stdout ----
[INFO] [stdout] error[E0433]: failed to resolve: use of undeclared type `CmdOptionValueType`
[INFO] [stdout]  --> src/lib.rs:13:76
[INFO] [stdout]   |
[INFO] [stdout] 5 |     cmd.add_option("v", "version", "Show the version of this application", CmdOptionValueType::NoValue)
[INFO] [stdout]   |                                                                            ^^^^^^^^^^^^^^^^^^ use of undeclared type `CmdOptionValueType`
[INFO] [stdout] 
[INFO] [stdout] error[E0433]: failed to resolve: use of undeclared type `CmdOptionValueType`
[INFO] [stdout]  --> src/lib.rs:14:52
[INFO] [stdout]   |
[INFO] [stdout] 6 |         .add_option("h", "help", "Show this help", CmdOptionValueType::NoValue)
[INFO] [stdout]   |                                                    ^^^^^^^^^^^^^^^^^^ use of undeclared type `CmdOptionValueType`
[INFO] [stdout] 
[INFO] [stdout] error[E0433]: failed to resolve: use of undeclared type `CmdOptionValueType`
[INFO] [stdout]  --> src/lib.rs:15:60
[INFO] [stdout]   |
[INFO] [stdout] 7 |         .add_option("if", "input", "File to use as input", CmdOptionValueType::String)
[INFO] [stdout]   |                                                            ^^^^^^^^^^^^^^^^^^ use of undeclared type `CmdOptionValueType`
[INFO] [stdout] 
[INFO] [stdout] error[E0433]: failed to resolve: use of undeclared type `CmdOptionValueType`
[INFO] [stdout]  --> src/lib.rs:16:70
[INFO] [stdout]   |
[INFO] [stdout] 8 |         .add_option("c", "count", "Amount of times to do something", CmdOptionValueType::Number)
[INFO] [stdout]   |                                                                      ^^^^^^^^^^^^^^^^^^ use of undeclared type `CmdOptionValueType`
[INFO] [stdout] 
[INFO] [stdout] error[E0433]: failed to resolve: use of undeclared type `CmdOptionValueType`
[INFO] [stdout]  --> src/lib.rs:17:77
[INFO] [stdout]   |
[INFO] [stdout] 9 |         .add_option("b", "balance", "Amount of money in your bank account", CmdOptionValueType::Float)
[INFO] [stdout]   |                                                                             ^^^^^^^^^^^^^^^^^^ use of undeclared type `CmdOptionValueType`
[INFO] [stdout] 
[INFO] [stdout] error[E0433]: failed to resolve: use of undeclared type `Commander`
[INFO] [stdout]  --> src/lib.rs:11:19
[INFO] [stdout]   |
[INFO] [stdout] 3 |     let mut cmd = Commander::new();
[INFO] [stdout]   |                   ^^^^^^^^^ not found in this scope
[INFO] [stdout]   |
[INFO] [stdout] help: consider importing this struct
[INFO] [stdout]   |
[INFO] [stdout] 2 | use commander::Commander;
[INFO] [stdout]   |
[INFO] [stdout] 
[INFO] [stdout] error: aborting due to 6 previous errors
[INFO] [stdout] 
[INFO] [stdout] For more information about this error, try `rustc --explain E0433`.
[INFO] [stdout] Couldn't compile the test.
[INFO] [stdout] 
[INFO] [stdout] failures:
[INFO] [stdout]     src/lib.rs - (line 9)
[INFO] [stdout] 
[INFO] [stdout] test result: FAILED. 1 passed; 1 failed; 0 ignored; 0 measured; 0 filtered out; finished in 0.48s
[INFO] [stdout] 
[INFO] running `Command { std: "docker" "inspect" "466e920c27cc2586f000c909d1cb7c99b21f0e5065c844afb141cd498a50c41e", kill_on_drop: false }`
[INFO] running `Command { std: "docker" "rm" "-f" "466e920c27cc2586f000c909d1cb7c99b21f0e5065c844afb141cd498a50c41e", kill_on_drop: false }`
[INFO] [stdout] 466e920c27cc2586f000c909d1cb7c99b21f0e5065c844afb141cd498a50c41e
