[INFO] cloning repository https://github.com/calebmer/accelerate
[INFO] running `Command { std: "git" "-c" "credential.helper=" "-c" "credential.helper=/workspace/cargo-home/bin/git-credential-null" "clone" "--bare" "https://github.com/calebmer/accelerate" "/workspace/cache/git-repos/https%3A%2F%2Fgithub.com%2Fcalebmer%2Faccelerate", kill_on_drop: false }`
[INFO] [stderr] Cloning into bare repository '/workspace/cache/git-repos/https%3A%2F%2Fgithub.com%2Fcalebmer%2Faccelerate'...
[INFO] running `Command { std: "git" "rev-parse" "HEAD", kill_on_drop: false }`
[INFO] [stdout] 31cbc3ab75f0bd4e3b7c623df5d8ad0732f35fcd
[INFO] testing calebmer/accelerate against beta-2021-08-01 for beta-1.55-1
[INFO] running `Command { std: "git" "clone" "/workspace/cache/git-repos/https%3A%2F%2Fgithub.com%2Fcalebmer%2Faccelerate" "/workspace/builds/worker-3/source", kill_on_drop: false }`
[INFO] [stderr] Cloning into '/workspace/builds/worker-3/source'...
[INFO] [stderr] done.
[INFO] validating manifest of git repo https://github.com/calebmer/accelerate on toolchain beta-2021-08-01
[INFO] running `Command { std: "/workspace/cargo-home/bin/cargo" "+beta-2021-08-01" "metadata" "--manifest-path" "Cargo.toml" "--no-deps", kill_on_drop: false }`
[INFO] started tweaking git repo https://github.com/calebmer/accelerate
[INFO] removed 0 missing tests
[INFO] finished tweaking git repo https://github.com/calebmer/accelerate
[INFO] tweaked toml for git repo https://github.com/calebmer/accelerate written to /workspace/builds/worker-3/source/Cargo.toml
[INFO] crate git repo https://github.com/calebmer/accelerate already has a lockfile, it will not be regenerated
[INFO] running `Command { std: "/workspace/cargo-home/bin/cargo" "+beta-2021-08-01" "fetch" "--manifest-path" "Cargo.toml", kill_on_drop: false }`
[INFO] [stderr] warning: An explicit [[test]] section is specified in Cargo.toml which currently
[INFO] [stderr] disables Cargo from automatically inferring other test targets.
[INFO] [stderr] This inference behavior will change in the Rust 2018 edition and the following
[INFO] [stderr] files will be included as a test target:
[INFO] [stderr] 
[INFO] [stderr] * /workspace/builds/worker-3/source/tests/integration.rs
[INFO] [stderr] * /workspace/builds/worker-3/source/tests/support.rs
[INFO] [stderr] 
[INFO] [stderr] This is likely to break cargo build or cargo test as these files may not be
[INFO] [stderr] ready to be compiled as a test target today. You can future-proof yourself
[INFO] [stderr] and disable this warning by adding `autotests = false` to your [package]
[INFO] [stderr] section. You may also move the files to a location where Cargo would not
[INFO] [stderr] automatically infer them to be a target, such as in subfolders.
[INFO] [stderr] 
[INFO] [stderr] For more information on this warning you can consult
[INFO] [stderr] https://github.com/rust-lang/cargo/issues/5330
[INFO] [stderr]     Blocking waiting for file lock on package cache
[INFO] [stderr]  Downloading crates ...
[INFO] [stderr]   Downloaded strsim v0.4.1
[INFO] [stderr]   Downloaded phf_shared v0.7.14
[INFO] [stderr]   Downloaded ansi_term v0.7.2
[INFO] [stderr]   Downloaded clap v2.5.2
[INFO] [stderr]   Downloaded colored v1.2.0
[INFO] [stderr]   Downloaded net2 v0.2.23
[INFO] [stderr]   Downloaded phf v0.7.14
[INFO] [stderr]   Downloaded postgres v0.11.8
[INFO] running `Command { std: "docker" "create" "-v" "/var/lib/crater-agent-workspace/builds/worker-3/target:/opt/rustwide/target:rw,Z" "-v" "/var/lib/crater-agent-workspace/builds/worker-3/source:/opt/rustwide/workdir:ro,Z" "-v" "/var/lib/crater-agent-workspace/cargo-home:/opt/rustwide/cargo-home:ro,Z" "-v" "/var/lib/crater-agent-workspace/rustup-home:/opt/rustwide/rustup-home:ro,Z" "-e" "SOURCE_DIR=/opt/rustwide/workdir" "-e" "CARGO_TARGET_DIR=/opt/rustwide/target" "-e" "CARGO_HOME=/opt/rustwide/cargo-home" "-e" "RUSTUP_HOME=/opt/rustwide/rustup-home" "-w" "/opt/rustwide/workdir" "-m" "1610612736" "--user" "0:0" "--network" "none" "ghcr.io/rust-lang/crates-build-env/linux@sha256:34b6a614d2c27851fe6cbf88fbd1137609cefab8b10d0615aaeb6fd47975d74e" "/opt/rustwide/cargo-home/bin/cargo" "+beta-2021-08-01" "metadata" "--no-deps" "--format-version=1", kill_on_drop: false }`
[INFO] [stdout] 9685a034a4566793ecddb89649a104f0f035e0cb0c012677a8febcd418ae763f
[INFO] running `Command { std: "docker" "start" "-a" "9685a034a4566793ecddb89649a104f0f035e0cb0c012677a8febcd418ae763f", kill_on_drop: false }`
[INFO] running `Command { std: "docker" "inspect" "9685a034a4566793ecddb89649a104f0f035e0cb0c012677a8febcd418ae763f", kill_on_drop: false }`
[INFO] running `Command { std: "docker" "rm" "-f" "9685a034a4566793ecddb89649a104f0f035e0cb0c012677a8febcd418ae763f", kill_on_drop: false }`
[INFO] [stdout] 9685a034a4566793ecddb89649a104f0f035e0cb0c012677a8febcd418ae763f
[INFO] running `Command { std: "docker" "create" "-v" "/var/lib/crater-agent-workspace/builds/worker-3/target:/opt/rustwide/target:rw,Z" "-v" "/var/lib/crater-agent-workspace/builds/worker-3/source:/opt/rustwide/workdir:ro,Z" "-v" "/var/lib/crater-agent-workspace/cargo-home:/opt/rustwide/cargo-home:ro,Z" "-v" "/var/lib/crater-agent-workspace/rustup-home:/opt/rustwide/rustup-home:ro,Z" "-e" "SOURCE_DIR=/opt/rustwide/workdir" "-e" "CARGO_TARGET_DIR=/opt/rustwide/target" "-e" "CARGO_INCREMENTAL=0" "-e" "RUST_BACKTRACE=full" "-e" "RUSTFLAGS=--cap-lints=warn" "-e" "CARGO_HOME=/opt/rustwide/cargo-home" "-e" "RUSTUP_HOME=/opt/rustwide/rustup-home" "-w" "/opt/rustwide/workdir" "-m" "1610612736" "--user" "0:0" "--network" "none" "ghcr.io/rust-lang/crates-build-env/linux@sha256:34b6a614d2c27851fe6cbf88fbd1137609cefab8b10d0615aaeb6fd47975d74e" "/opt/rustwide/cargo-home/bin/cargo" "+beta-2021-08-01" "build" "--frozen" "--message-format=json", kill_on_drop: false }`
[INFO] [stdout] 46f96cbe6c9b6bba979da86b8b632f6e3fec8cb6699e1d89f14ec206edb67e71
[INFO] running `Command { std: "docker" "start" "-a" "46f96cbe6c9b6bba979da86b8b632f6e3fec8cb6699e1d89f14ec206edb67e71", kill_on_drop: false }`
[INFO] [stderr] warning: An explicit [[test]] section is specified in Cargo.toml which currently
[INFO] [stderr] disables Cargo from automatically inferring other test targets.
[INFO] [stderr] This inference behavior will change in the Rust 2018 edition and the following
[INFO] [stderr] files will be included as a test target:
[INFO] [stderr] 
[INFO] [stderr] * /opt/rustwide/workdir/tests/integration.rs
[INFO] [stderr] * /opt/rustwide/workdir/tests/support.rs
[INFO] [stderr] 
[INFO] [stderr] This is likely to break cargo build or cargo test as these files may not be
[INFO] [stderr] ready to be compiled as a test target today. You can future-proof yourself
[INFO] [stderr] and disable this warning by adding `autotests = false` to your [package]
[INFO] [stderr] section. You may also move the files to a location where Cargo would not
[INFO] [stderr] automatically infer them to be a target, such as in subfolders.
[INFO] [stderr] 
[INFO] [stderr] For more information on this warning you can consult
[INFO] [stderr] https://github.com/rust-lang/cargo/issues/5330
[INFO] [stderr]    Compiling winapi-build v0.1.1
[INFO] [stderr]    Compiling libc v0.2.11
[INFO] [stderr]    Compiling winapi v0.2.7
[INFO] [stderr]    Compiling cfg-if v0.1.0
[INFO] [stderr]    Compiling phf_shared v0.7.14
[INFO] [stderr]    Compiling log v0.3.6
[INFO] [stderr]    Compiling hex v0.2.0
[INFO] [stderr]    Compiling byteorder v0.5.3
[INFO] [stderr]    Compiling bufstream v0.1.2
[INFO] [stderr]    Compiling lazy_static v0.1.16
[INFO] [stderr]    Compiling ansi_term v0.7.2
[INFO] [stderr]    Compiling unicode-width v0.1.3
[INFO] [stderr]    Compiling vec_map v0.6.0
[INFO] [stderr]    Compiling utf8-ranges v0.1.3
[INFO] [stderr]    Compiling regex-syntax v0.3.3
[INFO] [stderr]    Compiling strsim v0.4.1
[INFO] [stderr]    Compiling bitflags v0.5.0
[INFO] [stderr]    Compiling phf v0.7.14
[INFO] [stderr]    Compiling colored v1.2.0
[INFO] [stderr]    Compiling kernel32-sys v0.2.2
[INFO] [stderr]    Compiling ws2_32-sys v0.2.1
[INFO] [stderr]    Compiling memchr v0.1.11
[INFO] [stderr]    Compiling clap v2.5.2
[INFO] [stderr]    Compiling aho-corasick v0.5.2
[INFO] [stderr]    Compiling thread-id v2.0.0
[INFO] [stderr]    Compiling thread_local v0.2.6
[INFO] [stderr]    Compiling net2 v0.2.23
[INFO] [stderr]    Compiling regex v0.1.71
[INFO] [stderr]    Compiling postgres v0.11.8
[INFO] [stderr]    Compiling accelerate v2.0.0 (/opt/rustwide/workdir)
[INFO] [stdout] warning: trait objects without an explicit `dyn` are deprecated
[INFO] [stdout]  --> src/error.rs:4:22
[INFO] [stdout]   |
[INFO] [stdout] 4 | pub type Error = Box<error::Error>;
[INFO] [stdout]   |                      ^^^^^^^^^^^^ help: use `dyn`: `dyn error::Error`
[INFO] [stdout]   |
[INFO] [stdout]   = note: `#[warn(bare_trait_objects)]` on by default
[INFO] [stdout]   = warning: this is accepted in the current edition (Rust 2015) but is a hard error in Rust 2021!
[INFO] [stdout]   = note: for more information, see issue #80165 <https://github.com/rust-lang/rust/issues/80165>
[INFO] [stdout] 
[INFO] [stdout] 
[INFO] [stdout] warning: use of deprecated macro `try`: use the `?` operator instead
[INFO] [stdout]   --> src/motions.rs:23:5
[INFO] [stdout]    |
[INFO] [stdout] 23 |     try!(write!(f, "{}", parent_display));
[INFO] [stdout]    |     ^^^
[INFO] [stdout]    |
[INFO] [stdout]    = note: `#[warn(deprecated)]` on by default
[INFO] [stdout] 
[INFO] [stdout] 
[INFO] [stdout] warning: use of deprecated macro `try`: use the `?` operator instead
[INFO] [stdout]   --> src/motions.rs:25:5
[INFO] [stdout]    |
[INFO] [stdout] 25 |     try!(write!(f, "{}", self.name));
[INFO] [stdout]    |     ^^^
[INFO] [stdout] 
[INFO] [stdout] 
[INFO] [stdout] warning: use of deprecated macro `try`: use the `?` operator instead
[INFO] [stdout]   --> src/motions.rs:24:31
[INFO] [stdout]    |
[INFO] [stdout] 24 |     if parent_display != "" { try!(write!(f, "/")); }
[INFO] [stdout]    |                               ^^^
[INFO] [stdout] 
[INFO] [stdout] 
[INFO] [stdout] warning: use of deprecated macro `try`: use the `?` operator instead
[INFO] [stdout]   --> src/motions.rs:38:18
[INFO] [stdout]    |
[INFO] [stdout] 38 |   let template = try!(find_template(dir));
[INFO] [stdout]    |                  ^^^
[INFO] [stdout] 
[INFO] [stdout] 
[INFO] [stdout] warning: use of deprecated macro `try`: use the `?` operator instead
[INFO] [stdout]   --> src/motions.rs:39:17
[INFO] [stdout]    |
[INFO] [stdout] 39 |   let motions = try!(find_motions(&template, dir));
[INFO] [stdout]    |                 ^^^
[INFO] [stdout] 
[INFO] [stdout] 
[INFO] [stdout] warning: use of deprecated macro `try`: use the `?` operator instead
[INFO] [stdout]   --> src/motions.rs:44:15
[INFO] [stdout]    |
[INFO] [stdout] 44 |   let paths = try!(find_paths(dir.to_path_buf(), 1));
[INFO] [stdout]    |               ^^^
[INFO] [stdout] 
[INFO] [stdout] 
[INFO] [stdout] warning: use of deprecated macro `try`: use the `?` operator instead
[INFO] [stdout]   --> src/motions.rs:52:18
[INFO] [stdout]    |
[INFO] [stdout] 52 |   let add_path = try!(
[INFO] [stdout]    |                  ^^^
[INFO] [stdout] 
[INFO] [stdout] 
[INFO] [stdout] warning: use of deprecated macro `try`: use the `?` operator instead
[INFO] [stdout]   --> src/motions.rs:58:18
[INFO] [stdout]    |
[INFO] [stdout] 58 |   let sub_path = try!(
[INFO] [stdout]    |                  ^^^
[INFO] [stdout] 
[INFO] [stdout] 
[INFO] [stdout] warning: use of deprecated macro `try`: use the `?` operator instead
[INFO] [stdout]   --> src/motions.rs:86:15
[INFO] [stdout]    |
[INFO] [stdout] 86 |   let paths = try!(find_paths(dir.to_path_buf(), 100));
[INFO] [stdout]    |               ^^^
[INFO] [stdout] 
[INFO] [stdout] 
[INFO] [stdout] warning: use of deprecated macro `try`: use the `?` operator instead
[INFO] [stdout]    --> src/motions.rs:110:32
[INFO] [stdout]     |
[INFO] [stdout] 110 |       let &(ref sub_path, _) = try!(
[INFO] [stdout]     |                                ^^^
[INFO] [stdout] 
[INFO] [stdout] 
[INFO] [stdout] warning: use of deprecated macro `try`: use the `?` operator instead
[INFO] [stdout]    --> src/motions.rs:135:6
[INFO] [stdout]     |
[INFO] [stdout] 135 |   if try!(fs::metadata(&path)).is_dir() {
[INFO] [stdout]     |      ^^^
[INFO] [stdout] 
[INFO] [stdout] 
[INFO] [stdout] warning: use of deprecated macro `try`: use the `?` operator instead
[INFO] [stdout]    --> src/motions.rs:143:18
[INFO] [stdout]     |
[INFO] [stdout] 143 |     for entry in try!(fs::read_dir(&path)) {
[INFO] [stdout]     |                  ^^^
[INFO] [stdout] 
[INFO] [stdout] 
[INFO] [stdout] warning: use of deprecated macro `try`: use the `?` operator instead
[INFO] [stdout]    --> src/motions.rs:146:28
[INFO] [stdout]     |
[INFO] [stdout] 146 |       let mut next_paths = try!(find_paths(try!(entry).path(), recurse - 1));
[INFO] [stdout]     |                            ^^^
[INFO] [stdout] 
[INFO] [stdout] 
[INFO] [stdout] warning: use of deprecated macro `try`: use the `?` operator instead
[INFO] [stdout]    --> src/motions.rs:146:44
[INFO] [stdout]     |
[INFO] [stdout] 146 |       let mut next_paths = try!(find_paths(try!(entry).path(), recurse - 1));
[INFO] [stdout]     |                                            ^^^
[INFO] [stdout] 
[INFO] [stdout] 
[INFO] [stdout] warning: use of deprecated macro `try`: use the `?` operator instead
[INFO] [stdout]    --> src/motions.rs:176:3
[INFO] [stdout]     |
[INFO] [stdout] 176 |   try!(copy_file(&template.add_path, &add_path));
[INFO] [stdout]     |   ^^^
[INFO] [stdout] 
[INFO] [stdout] 
[INFO] [stdout] warning: use of deprecated macro `try`: use the `?` operator instead
[INFO] [stdout]    --> src/motions.rs:178:3
[INFO] [stdout]     |
[INFO] [stdout] 178 |   try!(copy_file(&template.sub_path, &sub_path));
[INFO] [stdout]     |   ^^^
[INFO] [stdout] 
[INFO] [stdout] 
[INFO] [stdout] warning: use of deprecated macro `try`: use the `?` operator instead
[INFO] [stdout]    --> src/motions.rs:163:18
[INFO] [stdout]     |
[INFO] [stdout] 163 |   let template = try!(find_template(dir));
[INFO] [stdout]     |                  ^^^
[INFO] [stdout] 
[INFO] [stdout] 
[INFO] [stdout] warning: use of deprecated macro `try`: use the `?` operator instead
[INFO] [stdout]    --> src/motions.rs:201:3
[INFO] [stdout]     |
[INFO] [stdout] 201 |   try!(in_file.read_to_string(&mut contents));
[INFO] [stdout]     |   ^^^
[INFO] [stdout] 
[INFO] [stdout] 
[INFO] [stdout] warning: use of deprecated macro `try`: use the `?` operator instead
[INFO] [stdout]    --> src/motions.rs:207:3
[INFO] [stdout]     |
[INFO] [stdout] 207 |   try!(out_file.write_all(contents.as_bytes()));
[INFO] [stdout]     |   ^^^
[INFO] [stdout] 
[INFO] [stdout] 
[INFO] [stdout] warning: use of deprecated macro `try`: use the `?` operator instead
[INFO] [stdout]    --> src/motions.rs:198:21
[INFO] [stdout]     |
[INFO] [stdout] 198 |   let mut in_file = try!(File::open(in_path));
[INFO] [stdout]     |                     ^^^
[INFO] [stdout] 
[INFO] [stdout] 
[INFO] [stdout] warning: use of deprecated macro `try`: use the `?` operator instead
[INFO] [stdout]    --> src/motions.rs:203:45
[INFO] [stdout]     |
[INFO] [stdout] 203 |   if let Some(parent) = out_path.parent() { try!(fs::create_dir_all(parent)); }
[INFO] [stdout]     |                                             ^^^
[INFO] [stdout] 
[INFO] [stdout] 
[INFO] [stdout] warning: use of deprecated macro `try`: use the `?` operator instead
[INFO] [stdout]    --> src/motions.rs:205:22
[INFO] [stdout]     |
[INFO] [stdout] 205 |   let mut out_file = try!(File::create(out_path));
[INFO] [stdout]     |                      ^^^
[INFO] [stdout] 
[INFO] [stdout] 
[INFO] [stdout] warning: trait objects without an explicit `dyn` are deprecated
[INFO] [stdout]   --> src/accelerator.rs:15:15
[INFO] [stdout]    |
[INFO] [stdout] 15 |   driver: Box<Driver>,
[INFO] [stdout]    |               ^^^^^^ help: use `dyn`: `dyn Driver`
[INFO] [stdout]    |
[INFO] [stdout]    = warning: this is accepted in the current edition (Rust 2015) but is a hard error in Rust 2021!
[INFO] [stdout]    = note: for more information, see issue #80165 <https://github.com/rust-lang/rust/issues/80165>
[INFO] [stdout] 
[INFO] [stdout] 
[INFO] [stdout] warning: trait objects without an explicit `dyn` are deprecated
[INFO] [stdout]   --> src/accelerator.rs:20:26
[INFO] [stdout]    |
[INFO] [stdout] 20 |   pub fn new(driver: Box<Driver>, motions: Vec<Motion>) -> Result<Self, Error> {
[INFO] [stdout]    |                          ^^^^^^ help: use `dyn`: `dyn Driver`
[INFO] [stdout]    |
[INFO] [stdout]    = warning: this is accepted in the current edition (Rust 2015) but is a hard error in Rust 2021!
[INFO] [stdout]    = note: for more information, see issue #80165 <https://github.com/rust-lang/rust/issues/80165>
[INFO] [stdout] 
[INFO] [stdout] 
[INFO] [stdout] warning: use of deprecated macro `try`: use the `?` operator instead
[INFO] [stdout]   --> src/accelerator.rs:21:19
[INFO] [stdout]    |
[INFO] [stdout] 21 |     let records = try!(driver.get_records());
[INFO] [stdout]    |                   ^^^
[INFO] [stdout] 
[INFO] [stdout] 
[INFO] [stdout] warning: use of deprecated macro `try`: use the `?` operator instead
[INFO] [stdout]   --> src/accelerator.rs:22:17
[INFO] [stdout]    |
[INFO] [stdout] 22 |     let state = try!(diff_motions(records, motions));
[INFO] [stdout]    |                 ^^^
[INFO] [stdout] 
[INFO] [stdout] 
[INFO] [stdout] warning: use of deprecated macro `try`: use the `?` operator instead
[INFO] [stdout]   --> src/accelerator.rs:40:9
[INFO] [stdout]    |
[INFO] [stdout] 40 |         try!(file.read_to_string(&mut transaction));
[INFO] [stdout]    |         ^^^
[INFO] [stdout] 
[INFO] [stdout] 
[INFO] [stdout] warning: use of deprecated macro `try`: use the `?` operator instead
[INFO] [stdout]   --> src/accelerator.rs:42:9
[INFO] [stdout]    |
[INFO] [stdout] 42 |         try!(self.driver.execute(transaction));
[INFO] [stdout]    |         ^^^
[INFO] [stdout] 
[INFO] [stdout] 
[INFO] [stdout] warning: use of deprecated macro `try`: use the `?` operator instead
[INFO] [stdout]   --> src/accelerator.rs:44:9
[INFO] [stdout]    |
[INFO] [stdout] 44 |         try!(self.driver.add_record(&motion.name));
[INFO] [stdout]    |         ^^^
[INFO] [stdout] 
[INFO] [stdout] 
[INFO] [stdout] warning: use of deprecated macro `try`: use the `?` operator instead
[INFO] [stdout]   --> src/accelerator.rs:38:24
[INFO] [stdout]    |
[INFO] [stdout] 38 |         let mut file = try!(File::open(&motion.add_path));
[INFO] [stdout]    |                        ^^^
[INFO] [stdout] 
[INFO] [stdout] 
[INFO] [stdout] warning: use of deprecated macro `try`: use the `?` operator instead
[INFO] [stdout]   --> src/accelerator.rs:69:9
[INFO] [stdout]    |
[INFO] [stdout] 69 |         try!(file.read_to_string(&mut transaction));
[INFO] [stdout]    |         ^^^
[INFO] [stdout] 
[INFO] [stdout] 
[INFO] [stdout] warning: use of deprecated macro `try`: use the `?` operator instead
[INFO] [stdout]   --> src/accelerator.rs:71:9
[INFO] [stdout]    |
[INFO] [stdout] 71 |         try!(self.driver.execute(transaction));
[INFO] [stdout]    |         ^^^
[INFO] [stdout] 
[INFO] [stdout] 
[INFO] [stdout] warning: use of deprecated macro `try`: use the `?` operator instead
[INFO] [stdout]   --> src/accelerator.rs:73:9
[INFO] [stdout]    |
[INFO] [stdout] 73 |         try!(self.driver.sub_record(&motion.name));
[INFO] [stdout]    |         ^^^
[INFO] [stdout] 
[INFO] [stdout] 
[INFO] [stdout] warning: use of deprecated macro `try`: use the `?` operator instead
[INFO] [stdout]   --> src/accelerator.rs:67:24
[INFO] [stdout]    |
[INFO] [stdout] 67 |         let mut file = try!(File::open(&motion.sub_path));
[INFO] [stdout]    |                        ^^^
[INFO] [stdout] 
[INFO] [stdout] 
[INFO] [stdout] warning: use of deprecated macro `try`: use the `?` operator instead
[INFO] [stdout]   --> src/driver/postgres.rs:22:5
[INFO] [stdout]    |
[INFO] [stdout] 22 |     try!(connection.execute(CREATE_SCHEMA_QUERY, &[]));
[INFO] [stdout]    |     ^^^
[INFO] [stdout] 
[INFO] [stdout] 
[INFO] [stdout] warning: use of deprecated macro `try`: use the `?` operator instead
[INFO] [stdout]   --> src/driver/postgres.rs:23:5
[INFO] [stdout]    |
[INFO] [stdout] 23 |     try!(connection.execute(CREATE_TABLE_QUERY, &[]));
[INFO] [stdout]    |     ^^^
[INFO] [stdout] 
[INFO] [stdout] 
[INFO] [stdout] warning: use of deprecated macro `try`: use the `?` operator instead
[INFO] [stdout]   --> src/driver/postgres.rs:20:22
[INFO] [stdout]    |
[INFO] [stdout] 20 |     let connection = try!(Connection::connect(conn_string, SslMode::None));
[INFO] [stdout]    |                      ^^^
[INFO] [stdout] 
[INFO] [stdout] 
[INFO] [stdout] warning: use of deprecated macro `try`: use the `?` operator instead
[INFO] [stdout]   --> src/driver/postgres.rs:38:8
[INFO] [stdout]    |
[INFO] [stdout] 38 |     Ok(try!(self.connection.query(GET_RECORDS_QUERY, &[])).iter().map(|row| row.get(0)).collect())
[INFO] [stdout]    |        ^^^
[INFO] [stdout] 
[INFO] [stdout] 
[INFO] [stdout] warning: use of deprecated macro `try`: use the `?` operator instead
[INFO] [stdout]   --> src/driver/postgres.rs:42:24
[INFO] [stdout]    |
[INFO] [stdout] 42 |     let rows_updated = try!(self.connection.execute(ADD_RECORD_QUERY, &[&record]));
[INFO] [stdout]    |                        ^^^
[INFO] [stdout] 
[INFO] [stdout] 
[INFO] [stdout] warning: use of deprecated macro `try`: use the `?` operator instead
[INFO] [stdout]   --> src/driver/postgres.rs:51:24
[INFO] [stdout]    |
[INFO] [stdout] 51 |     let rows_updated = try!(self.connection.execute(SUB_RECORD_QUERY, &[&record]));
[INFO] [stdout]    |                        ^^^
[INFO] [stdout] 
[INFO] [stdout] 
[INFO] [stdout] warning: use of deprecated macro `try`: use the `?` operator instead
[INFO] [stdout]   --> src/driver/postgres.rs:60:5
[INFO] [stdout]    |
[INFO] [stdout] 60 |     try!(self.connection.batch_execute(&query));
[INFO] [stdout]    |     ^^^
[INFO] [stdout] 
[INFO] [stdout] 
[INFO] [stdout] warning: trait objects without an explicit `dyn` are deprecated
[INFO] [stdout]   --> src/driver/mod.rs:15:69
[INFO] [stdout]    |
[INFO] [stdout] 15 | pub fn get(driver_name: Option<&str>, conn_str: &str) -> Result<Box<Driver>, Error> {
[INFO] [stdout]    |                                                                     ^^^^^^ help: use `dyn`: `dyn Driver`
[INFO] [stdout]    |
[INFO] [stdout]    = warning: this is accepted in the current edition (Rust 2015) but is a hard error in Rust 2021!
[INFO] [stdout]    = note: for more information, see issue #80165 <https://github.com/rust-lang/rust/issues/80165>
[INFO] [stdout] 
[INFO] [stdout] 
[INFO] [stdout] warning: trait objects without an explicit `dyn` are deprecated
[INFO] [stdout]   --> src/driver/mod.rs:23:65
[INFO] [stdout]    |
[INFO] [stdout] 23 | fn get_by_name(driver_name: &str, conn_str: &str) -> Result<Box<Driver>, Error> {
[INFO] [stdout]    |                                                                 ^^^^^^ help: use `dyn`: `dyn Driver`
[INFO] [stdout]    |
[INFO] [stdout]    = warning: this is accepted in the current edition (Rust 2015) but is a hard error in Rust 2021!
[INFO] [stdout]    = note: for more information, see issue #80165 <https://github.com/rust-lang/rust/issues/80165>
[INFO] [stdout] 
[INFO] [stdout] 
[INFO] [stdout] warning: use of deprecated macro `try`: use the `?` operator instead
[INFO] [stdout]   --> src/driver/mod.rs:32:31
[INFO] [stdout]    |
[INFO] [stdout] 32 |     "postgres" => Ok(Box::new(try!(postgres::PostgresDriver::connect(conn_str)))),
[INFO] [stdout]    |                               ^^^
[INFO] [stdout] 
[INFO] [stdout] 
[INFO] [stdout] warning: trait objects without an explicit `dyn` are deprecated
[INFO] [stdout]   --> src/driver/mod.rs:38:50
[INFO] [stdout]    |
[INFO] [stdout] 38 | fn get_by_conn_str(conn_str: &str) -> Result<Box<Driver>, Error> {
[INFO] [stdout]    |                                                  ^^^^^^ help: use `dyn`: `dyn Driver`
[INFO] [stdout]    |
[INFO] [stdout]    = warning: this is accepted in the current edition (Rust 2015) but is a hard error in Rust 2021!
[INFO] [stdout]    = note: for more information, see issue #80165 <https://github.com/rust-lang/rust/issues/80165>
[INFO] [stdout] 
[INFO] [stdout] 
[INFO] [stdout] warning: use of deprecated macro `try`: use the `?` operator instead
[INFO] [stdout]   --> src/driver/mod.rs:42:19
[INFO] [stdout]    |
[INFO] [stdout] 42 |       Ok(Box::new(try!(postgres::PostgresDriver::connect(conn_str)))),
[INFO] [stdout]    |                   ^^^
[INFO] [stdout] 
[INFO] [stdout] 
[INFO] [stdout] warning: use of deprecated macro `try`: use the `?` operator instead
[INFO] [stdout]    --> src/main.rs:169:20
[INFO] [stdout]     |
[INFO] [stdout] 169 |     let database = try!(database.ok_or(error!("A database connection string is required and none was found in either the command line arg...
[INFO] [stdout]     |                    ^^^
[INFO] [stdout] 
[INFO] [stdout] 
[INFO] [stdout] warning: use of deprecated macro `try`: use the `?` operator instead
[INFO] [stdout]    --> src/main.rs:173:41
[INFO] [stdout]     |
[INFO] [stdout] 173 |   let accelerator = || Accelerator::new(try!(driver()), try!(motions()));
[INFO] [stdout]     |                                         ^^^
[INFO] [stdout] 
[INFO] [stdout] 
[INFO] [stdout] warning: use of deprecated macro `try`: use the `?` operator instead
[INFO] [stdout]    --> src/main.rs:173:57
[INFO] [stdout]     |
[INFO] [stdout] 173 |   let accelerator = || Accelerator::new(try!(driver()), try!(motions()));
[INFO] [stdout]     |                                                         ^^^
[INFO] [stdout] 
[INFO] [stdout] 
[INFO] [stdout] warning: use of deprecated macro `try`: use the `?` operator instead
[INFO] [stdout]    --> src/main.rs:177:21
[INFO] [stdout]     |
[INFO] [stdout] 177 |       for motion in try!(motions()) {
[INFO] [stdout]     |                     ^^^
[INFO] [stdout] 
[INFO] [stdout] 
[INFO] [stdout] warning: use of deprecated macro `try`: use the `?` operator instead
[INFO] [stdout]    --> src/main.rs:182:20
[INFO] [stdout]     |
[INFO] [stdout] 182 |       let driver = try!(driver());
[INFO] [stdout]     |                    ^^^
[INFO] [stdout] 
[INFO] [stdout] 
[INFO] [stdout] warning: use of deprecated macro `try`: use the `?` operator instead
[INFO] [stdout]    --> src/main.rs:183:21
[INFO] [stdout]     |
[INFO] [stdout] 183 |       let records = try!(driver.get_records());
[INFO] [stdout]     |                     ^^^
[INFO] [stdout] 
[INFO] [stdout] 
[INFO] [stdout] warning: use of deprecated macro `try`: use the `?` operator instead
[INFO] [stdout]    --> src/main.rs:184:21
[INFO] [stdout]     |
[INFO] [stdout] 184 |       for motion in try!(motions()) {
[INFO] [stdout]     |                     ^^^
[INFO] [stdout] 
[INFO] [stdout] 
[INFO] [stdout] warning: use of deprecated macro `try`: use the `?` operator instead
[INFO] [stdout]    --> src/main.rs:193:7
[INFO] [stdout]     |
[INFO] [stdout] 193 |       try!(motions::create(&directory(), matches.value_of("name").unwrap()));
[INFO] [stdout]     |       ^^^
[INFO] [stdout] 
[INFO] [stdout] 
[INFO] [stdout] warning: use of deprecated macro `try`: use the `?` operator instead
[INFO] [stdout]    --> src/main.rs:198:7
[INFO] [stdout]     |
[INFO] [stdout] 198 |       try!(accelerator.add(n));
[INFO] [stdout]     |       ^^^
[INFO] [stdout] 
[INFO] [stdout] 
[INFO] [stdout] warning: use of deprecated macro `try`: use the `?` operator instead
[INFO] [stdout]    --> src/main.rs:196:29
[INFO] [stdout]     |
[INFO] [stdout] 196 |       let mut accelerator = try!(accelerator());
[INFO] [stdout]     |                             ^^^
[INFO] [stdout] 
[INFO] [stdout] 
[INFO] [stdout] warning: use of deprecated macro `try`: use the `?` operator instead
[INFO] [stdout]    --> src/main.rs:197:15
[INFO] [stdout]     |
[INFO] [stdout] 197 |       let n = try!(matches.value_of("n").unwrap_or("1").parse::<usize>());
[INFO] [stdout]     |               ^^^
[INFO] [stdout] 
[INFO] [stdout] 
[INFO] [stdout] warning: use of deprecated macro `try`: use the `?` operator instead
[INFO] [stdout]    --> src/main.rs:204:7
[INFO] [stdout]     |
[INFO] [stdout] 204 |       try!(accelerator.sub(n));
[INFO] [stdout]     |       ^^^
[INFO] [stdout] 
[INFO] [stdout] 
[INFO] [stdout] warning: use of deprecated macro `try`: use the `?` operator instead
[INFO] [stdout]    --> src/main.rs:201:26
[INFO] [stdout]     |
[INFO] [stdout] 201 |       if !auto_confirm { try!(confirm()); }
[INFO] [stdout]     |                          ^^^
[INFO] [stdout] 
[INFO] [stdout] 
[INFO] [stdout] warning: use of deprecated macro `try`: use the `?` operator instead
[INFO] [stdout]    --> src/main.rs:202:29
[INFO] [stdout]     |
[INFO] [stdout] 202 |       let mut accelerator = try!(accelerator());
[INFO] [stdout]     |                             ^^^
[INFO] [stdout] 
[INFO] [stdout] 
[INFO] [stdout] warning: use of deprecated macro `try`: use the `?` operator instead
[INFO] [stdout]    --> src/main.rs:203:15
[INFO] [stdout]     |
[INFO] [stdout] 203 |       let n = try!(matches.value_of("n").unwrap_or("1").parse::<usize>());
[INFO] [stdout]     |               ^^^
[INFO] [stdout] 
[INFO] [stdout] 
[INFO] [stdout] warning: use of deprecated macro `try`: use the `?` operator instead
[INFO] [stdout]    --> src/main.rs:208:7
[INFO] [stdout]     |
[INFO] [stdout] 208 |       try!(accelerator.add(usize::max_value()));
[INFO] [stdout]     |       ^^^
[INFO] [stdout] 
[INFO] [stdout] 
[INFO] [stdout] warning: use of deprecated macro `try`: use the `?` operator instead
[INFO] [stdout]    --> src/main.rs:207:29
[INFO] [stdout]     |
[INFO] [stdout] 207 |       let mut accelerator = try!(accelerator());
[INFO] [stdout]     |                             ^^^
[INFO] [stdout] 
[INFO] [stdout] 
[INFO] [stdout] warning: use of deprecated macro `try`: use the `?` operator instead
[INFO] [stdout]    --> src/main.rs:213:7
[INFO] [stdout]     |
[INFO] [stdout] 213 |       try!(accelerator.sub(usize::max_value()));
[INFO] [stdout]     |       ^^^
[INFO] [stdout] 
[INFO] [stdout] 
[INFO] [stdout] warning: use of deprecated macro `try`: use the `?` operator instead
[INFO] [stdout]    --> src/main.rs:211:26
[INFO] [stdout]     |
[INFO] [stdout] 211 |       if !auto_confirm { try!(confirm()); }
[INFO] [stdout]     |                          ^^^
[INFO] [stdout] 
[INFO] [stdout] 
[INFO] [stdout] warning: use of deprecated macro `try`: use the `?` operator instead
[INFO] [stdout]    --> src/main.rs:212:29
[INFO] [stdout]     |
[INFO] [stdout] 212 |       let mut accelerator = try!(accelerator());
[INFO] [stdout]     |                             ^^^
[INFO] [stdout] 
[INFO] [stdout] 
[INFO] [stdout] warning: use of deprecated macro `try`: use the `?` operator instead
[INFO] [stdout]    --> src/main.rs:218:7
[INFO] [stdout]     |
[INFO] [stdout] 218 |       try!(accelerator.sub(1));
[INFO] [stdout]     |       ^^^
[INFO] [stdout] 
[INFO] [stdout] 
[INFO] [stdout] warning: use of deprecated macro `try`: use the `?` operator instead
[INFO] [stdout]    --> src/main.rs:219:7
[INFO] [stdout]     |
[INFO] [stdout] 219 |       try!(accelerator.add(1));
[INFO] [stdout]     |       ^^^
[INFO] [stdout] 
[INFO] [stdout] 
[INFO] [stdout] warning: use of deprecated macro `try`: use the `?` operator instead
[INFO] [stdout]    --> src/main.rs:216:26
[INFO] [stdout]     |
[INFO] [stdout] 216 |       if !auto_confirm { try!(confirm()); }
[INFO] [stdout]     |                          ^^^
[INFO] [stdout] 
[INFO] [stdout] 
[INFO] [stdout] warning: use of deprecated macro `try`: use the `?` operator instead
[INFO] [stdout]    --> src/main.rs:217:29
[INFO] [stdout]     |
[INFO] [stdout] 217 |       let mut accelerator = try!(accelerator());
[INFO] [stdout]     |                             ^^^
[INFO] [stdout] 
[INFO] [stdout] 
[INFO] [stdout] warning: use of deprecated macro `try`: use the `?` operator instead
[INFO] [stdout]    --> src/main.rs:225:7
[INFO] [stdout]     |
[INFO] [stdout] 225 |       try!(accelerator.sub(usize::max_value()));
[INFO] [stdout]     |       ^^^
[INFO] [stdout] 
[INFO] [stdout] 
[INFO] [stdout] warning: use of deprecated macro `try`: use the `?` operator instead
[INFO] [stdout]    --> src/main.rs:226:7
[INFO] [stdout]     |
[INFO] [stdout] 226 |       try!(accelerator.add(applied));
[INFO] [stdout]     |       ^^^
[INFO] [stdout] 
[INFO] [stdout] 
[INFO] [stdout] warning: use of deprecated macro `try`: use the `?` operator instead
[INFO] [stdout]    --> src/main.rs:222:26
[INFO] [stdout]     |
[INFO] [stdout] 222 |       if !auto_confirm { try!(confirm()); }
[INFO] [stdout]     |                          ^^^
[INFO] [stdout] 
[INFO] [stdout] 
[INFO] [stdout] warning: use of deprecated macro `try`: use the `?` operator instead
[INFO] [stdout]    --> src/main.rs:223:29
[INFO] [stdout]     |
[INFO] [stdout] 223 |       let mut accelerator = try!(accelerator());
[INFO] [stdout]     |                             ^^^
[INFO] [stdout] 
[INFO] [stdout] 
[INFO] [stdout] warning: use of deprecated macro `try`: use the `?` operator instead
[INFO] [stdout]    --> src/main.rs:240:3
[INFO] [stdout]     |
[INFO] [stdout] 240 |   try!(stdin.lock().read_line(&mut line));
[INFO] [stdout]     |   ^^^
[INFO] [stdout] 
[INFO] [stdout] 
[INFO] [stdout] warning: unused import: `driver::Driver`
[INFO] [stdout]   --> src/main.rs:23:5
[INFO] [stdout]    |
[INFO] [stdout] 23 | use driver::Driver;
[INFO] [stdout]    |     ^^^^^^^^^^^^^^
[INFO] [stdout]    |
[INFO] [stdout]    = note: `#[warn(unused_imports)]` on by default
[INFO] [stdout] 
[INFO] [stdout] 
[INFO] [stdout] warning: 77 warnings emitted
[INFO] [stdout] 
[INFO] [stdout] 
[INFO] [stderr]     Finished dev [unoptimized + debuginfo] target(s) in 11.39s
[INFO] running `Command { std: "docker" "inspect" "46f96cbe6c9b6bba979da86b8b632f6e3fec8cb6699e1d89f14ec206edb67e71", kill_on_drop: false }`
[INFO] running `Command { std: "docker" "rm" "-f" "46f96cbe6c9b6bba979da86b8b632f6e3fec8cb6699e1d89f14ec206edb67e71", kill_on_drop: false }`
[INFO] [stdout] 46f96cbe6c9b6bba979da86b8b632f6e3fec8cb6699e1d89f14ec206edb67e71
[INFO] running `Command { std: "docker" "create" "-v" "/var/lib/crater-agent-workspace/builds/worker-3/target:/opt/rustwide/target:rw,Z" "-v" "/var/lib/crater-agent-workspace/builds/worker-3/source:/opt/rustwide/workdir:ro,Z" "-v" "/var/lib/crater-agent-workspace/cargo-home:/opt/rustwide/cargo-home:ro,Z" "-v" "/var/lib/crater-agent-workspace/rustup-home:/opt/rustwide/rustup-home:ro,Z" "-e" "SOURCE_DIR=/opt/rustwide/workdir" "-e" "CARGO_TARGET_DIR=/opt/rustwide/target" "-e" "CARGO_INCREMENTAL=0" "-e" "RUST_BACKTRACE=full" "-e" "RUSTFLAGS=--cap-lints=warn" "-e" "CARGO_HOME=/opt/rustwide/cargo-home" "-e" "RUSTUP_HOME=/opt/rustwide/rustup-home" "-w" "/opt/rustwide/workdir" "-m" "1610612736" "--user" "0:0" "--network" "none" "ghcr.io/rust-lang/crates-build-env/linux@sha256:34b6a614d2c27851fe6cbf88fbd1137609cefab8b10d0615aaeb6fd47975d74e" "/opt/rustwide/cargo-home/bin/cargo" "+beta-2021-08-01" "test" "--frozen" "--no-run" "--message-format=json", kill_on_drop: false }`
[INFO] [stdout] 0d78315f661e597690fb67dcb30d4b5fa62d8fa8a9dddbdeae8b9e9b35a60903
[INFO] running `Command { std: "docker" "start" "-a" "0d78315f661e597690fb67dcb30d4b5fa62d8fa8a9dddbdeae8b9e9b35a60903", kill_on_drop: false }`
[INFO] [stderr] warning: An explicit [[test]] section is specified in Cargo.toml which currently
[INFO] [stderr] disables Cargo from automatically inferring other test targets.
[INFO] [stderr] This inference behavior will change in the Rust 2018 edition and the following
[INFO] [stderr] files will be included as a test target:
[INFO] [stderr] 
[INFO] [stderr] * /opt/rustwide/workdir/tests/integration.rs
[INFO] [stderr] * /opt/rustwide/workdir/tests/support.rs
[INFO] [stderr] 
[INFO] [stderr] This is likely to break cargo build or cargo test as these files may not be
[INFO] [stderr] ready to be compiled as a test target today. You can future-proof yourself
[INFO] [stderr] and disable this warning by adding `autotests = false` to your [package]
[INFO] [stderr] section. You may also move the files to a location where Cargo would not
[INFO] [stderr] automatically infer them to be a target, such as in subfolders.
[INFO] [stderr] 
[INFO] [stderr] For more information on this warning you can consult
[INFO] [stderr] https://github.com/rust-lang/cargo/issues/5330
[INFO] [stdout] warning: trait objects without an explicit `dyn` are deprecated
[INFO] [stdout]  --> src/error.rs:4:22
[INFO] [stdout]   |
[INFO] [stdout] 4 | pub type Error = Box<error::Error>;
[INFO] [stdout]   |                      ^^^^^^^^^^^^ help: use `dyn`: `dyn error::Error`
[INFO] [stdout]   |
[INFO] [stdout]   = note: `#[warn(bare_trait_objects)]` on by default
[INFO] [stdout]   = warning: this is accepted in the current edition (Rust 2015) but is a hard error in Rust 2021!
[INFO] [stdout]   = note: for more information, see issue #80165 <https://github.com/rust-lang/rust/issues/80165>
[INFO] [stdout] 
[INFO] [stdout] 
[INFO] [stdout] warning: use of deprecated macro `try`: use the `?` operator instead
[INFO] [stdout]   --> src/motions.rs:23:5
[INFO] [stdout]    |
[INFO] [stdout] 23 |     try!(write!(f, "{}", parent_display));
[INFO] [stdout]    |     ^^^
[INFO] [stdout]    |
[INFO] [stdout]    = note: `#[warn(deprecated)]` on by default
[INFO] [stdout] 
[INFO] [stdout] 
[INFO] [stdout] warning: use of deprecated macro `try`: use the `?` operator instead
[INFO] [stdout]   --> src/motions.rs:25:5
[INFO] [stdout]    |
[INFO] [stdout] 25 |     try!(write!(f, "{}", self.name));
[INFO] [stdout]    |     ^^^
[INFO] [stdout] 
[INFO] [stdout] 
[INFO] [stdout] warning: use of deprecated macro `try`: use the `?` operator instead
[INFO] [stdout]   --> src/motions.rs:24:31
[INFO] [stdout]    |
[INFO] [stdout] 24 |     if parent_display != "" { try!(write!(f, "/")); }
[INFO] [stdout]    |                               ^^^
[INFO] [stdout] 
[INFO] [stdout] 
[INFO] [stdout] warning: use of deprecated macro `try`: use the `?` operator instead
[INFO] [stdout]   --> src/motions.rs:38:18
[INFO] [stdout]    |
[INFO] [stdout] 38 |   let template = try!(find_template(dir));
[INFO] [stdout]    |                  ^^^
[INFO] [stdout] 
[INFO] [stdout] 
[INFO] [stdout] warning: use of deprecated macro `try`: use the `?` operator instead
[INFO] [stdout]   --> src/motions.rs:39:17
[INFO] [stdout]    |
[INFO] [stdout] 39 |   let motions = try!(find_motions(&template, dir));
[INFO] [stdout]    |                 ^^^
[INFO] [stdout] 
[INFO] [stdout] 
[INFO] [stdout] warning: use of deprecated macro `try`: use the `?` operator instead
[INFO] [stdout]   --> src/motions.rs:44:15
[INFO] [stdout]    |
[INFO] [stdout] 44 |   let paths = try!(find_paths(dir.to_path_buf(), 1));
[INFO] [stdout]    |               ^^^
[INFO] [stdout] 
[INFO] [stdout] 
[INFO] [stdout] warning: use of deprecated macro `try`: use the `?` operator instead
[INFO] [stdout]   --> src/motions.rs:52:18
[INFO] [stdout]    |
[INFO] [stdout] 52 |   let add_path = try!(
[INFO] [stdout]    |                  ^^^
[INFO] [stdout] 
[INFO] [stdout] 
[INFO] [stdout] warning: use of deprecated macro `try`: use the `?` operator instead
[INFO] [stdout]   --> src/motions.rs:58:18
[INFO] [stdout]    |
[INFO] [stdout] 58 |   let sub_path = try!(
[INFO] [stdout]    |                  ^^^
[INFO] [stdout] 
[INFO] [stdout] 
[INFO] [stdout] warning: use of deprecated macro `try`: use the `?` operator instead
[INFO] [stdout]   --> src/motions.rs:86:15
[INFO] [stdout]    |
[INFO] [stdout] 86 |   let paths = try!(find_paths(dir.to_path_buf(), 100));
[INFO] [stdout]    |               ^^^
[INFO] [stdout] 
[INFO] [stdout] 
[INFO] [stdout] warning: use of deprecated macro `try`: use the `?` operator instead
[INFO] [stdout]    --> src/motions.rs:110:32
[INFO] [stdout]     |
[INFO] [stdout] 110 |       let &(ref sub_path, _) = try!(
[INFO] [stdout]     |                                ^^^
[INFO] [stdout] 
[INFO] [stdout] 
[INFO] [stdout] warning: use of deprecated macro `try`: use the `?` operator instead
[INFO] [stdout]    --> src/motions.rs:135:6
[INFO] [stdout]     |
[INFO] [stdout] 135 |   if try!(fs::metadata(&path)).is_dir() {
[INFO] [stdout]     |      ^^^
[INFO] [stdout] 
[INFO] [stdout] 
[INFO] [stdout] warning: use of deprecated macro `try`: use the `?` operator instead
[INFO] [stdout]    --> src/motions.rs:143:18
[INFO] [stdout]     |
[INFO] [stdout] 143 |     for entry in try!(fs::read_dir(&path)) {
[INFO] [stdout]     |                  ^^^
[INFO] [stdout] 
[INFO] [stdout] 
[INFO] [stdout] warning: use of deprecated macro `try`: use the `?` operator instead
[INFO] [stdout]    --> src/motions.rs:146:28
[INFO] [stdout]     |
[INFO] [stdout] 146 |       let mut next_paths = try!(find_paths(try!(entry).path(), recurse - 1));
[INFO] [stdout]     |                            ^^^
[INFO] [stdout] 
[INFO] [stdout] 
[INFO] [stdout] warning: use of deprecated macro `try`: use the `?` operator instead
[INFO] [stdout]    --> src/motions.rs:146:44
[INFO] [stdout]     |
[INFO] [stdout] 146 |       let mut next_paths = try!(find_paths(try!(entry).path(), recurse - 1));
[INFO] [stdout]     |                                            ^^^
[INFO] [stdout] 
[INFO] [stdout] 
[INFO] [stderr]    Compiling accelerate v2.0.0 (/opt/rustwide/workdir)
[INFO] [stdout] warning: use of deprecated macro `try`: use the `?` operator instead
[INFO] [stdout]    --> src/motions.rs:176:3
[INFO] [stdout]     |
[INFO] [stdout] 176 |   try!(copy_file(&template.add_path, &add_path));
[INFO] [stdout]     |   ^^^
[INFO] [stdout] 
[INFO] [stdout] 
[INFO] [stdout] warning: use of deprecated macro `try`: use the `?` operator instead
[INFO] [stdout]    --> src/motions.rs:178:3
[INFO] [stdout]     |
[INFO] [stdout] 178 |   try!(copy_file(&template.sub_path, &sub_path));
[INFO] [stdout]     |   ^^^
[INFO] [stdout] 
[INFO] [stdout] 
[INFO] [stdout] warning: use of deprecated macro `try`: use the `?` operator instead
[INFO] [stdout]    --> src/motions.rs:163:18
[INFO] [stdout]     |
[INFO] [stdout] 163 |   let template = try!(find_template(dir));
[INFO] [stdout]     |                  ^^^
[INFO] [stdout] 
[INFO] [stdout] 
[INFO] [stdout] warning: use of deprecated macro `try`: use the `?` operator instead
[INFO] [stdout]    --> src/motions.rs:201:3
[INFO] [stdout]     |
[INFO] [stdout] 201 |   try!(in_file.read_to_string(&mut contents));
[INFO] [stdout]     |   ^^^
[INFO] [stdout] 
[INFO] [stdout] 
[INFO] [stdout] warning: use of deprecated macro `try`: use the `?` operator instead
[INFO] [stdout]    --> src/motions.rs:207:3
[INFO] [stdout]     |
[INFO] [stdout] 207 |   try!(out_file.write_all(contents.as_bytes()));
[INFO] [stdout]     |   ^^^
[INFO] [stdout] 
[INFO] [stdout] 
[INFO] [stdout] warning: use of deprecated macro `try`: use the `?` operator instead
[INFO] [stdout]    --> src/motions.rs:198:21
[INFO] [stdout]     |
[INFO] [stdout] 198 |   let mut in_file = try!(File::open(in_path));
[INFO] [stdout]     |                     ^^^
[INFO] [stdout] 
[INFO] [stdout] 
[INFO] [stdout] warning: use of deprecated macro `try`: use the `?` operator instead
[INFO] [stdout]    --> src/motions.rs:203:45
[INFO] [stdout]     |
[INFO] [stdout] 203 |   if let Some(parent) = out_path.parent() { try!(fs::create_dir_all(parent)); }
[INFO] [stdout]     |                                             ^^^
[INFO] [stdout] 
[INFO] [stdout] 
[INFO] [stdout] warning: use of deprecated macro `try`: use the `?` operator instead
[INFO] [stdout]    --> src/motions.rs:205:22
[INFO] [stdout]     |
[INFO] [stdout] 205 |   let mut out_file = try!(File::create(out_path));
[INFO] [stdout]     |                      ^^^
[INFO] [stdout] 
[INFO] [stdout] 
[INFO] [stdout] warning: trait objects without an explicit `dyn` are deprecated
[INFO] [stdout]   --> src/accelerator.rs:15:15
[INFO] [stdout]    |
[INFO] [stdout] 15 |   driver: Box<Driver>,
[INFO] [stdout]    |               ^^^^^^ help: use `dyn`: `dyn Driver`
[INFO] [stdout]    |
[INFO] [stdout]    = warning: this is accepted in the current edition (Rust 2015) but is a hard error in Rust 2021!
[INFO] [stdout]    = note: for more information, see issue #80165 <https://github.com/rust-lang/rust/issues/80165>
[INFO] [stdout] 
[INFO] [stdout] 
[INFO] [stdout] warning: trait objects without an explicit `dyn` are deprecated
[INFO] [stdout]   --> src/accelerator.rs:20:26
[INFO] [stdout]    |
[INFO] [stdout] 20 |   pub fn new(driver: Box<Driver>, motions: Vec<Motion>) -> Result<Self, Error> {
[INFO] [stdout]    |                          ^^^^^^ help: use `dyn`: `dyn Driver`
[INFO] [stdout]    |
[INFO] [stdout]    = warning: this is accepted in the current edition (Rust 2015) but is a hard error in Rust 2021!
[INFO] [stdout]    = note: for more information, see issue #80165 <https://github.com/rust-lang/rust/issues/80165>
[INFO] [stdout] 
[INFO] [stdout] 
[INFO] [stdout] warning: use of deprecated macro `try`: use the `?` operator instead
[INFO] [stdout]   --> src/accelerator.rs:21:19
[INFO] [stdout]    |
[INFO] [stdout] 21 |     let records = try!(driver.get_records());
[INFO] [stdout]    |                   ^^^
[INFO] [stdout] 
[INFO] [stdout] 
[INFO] [stdout] warning: use of deprecated macro `try`: use the `?` operator instead
[INFO] [stdout]   --> src/accelerator.rs:22:17
[INFO] [stdout]    |
[INFO] [stdout] 22 |     let state = try!(diff_motions(records, motions));
[INFO] [stdout]    |                 ^^^
[INFO] [stdout] 
[INFO] [stdout] 
[INFO] [stdout] warning: use of deprecated macro `try`: use the `?` operator instead
[INFO] [stdout]   --> src/accelerator.rs:40:9
[INFO] [stdout]    |
[INFO] [stdout] 40 |         try!(file.read_to_string(&mut transaction));
[INFO] [stdout]    |         ^^^
[INFO] [stdout] 
[INFO] [stdout] 
[INFO] [stdout] warning: use of deprecated macro `try`: use the `?` operator instead
[INFO] [stdout]   --> src/accelerator.rs:42:9
[INFO] [stdout]    |
[INFO] [stdout] 42 |         try!(self.driver.execute(transaction));
[INFO] [stdout]    |         ^^^
[INFO] [stdout] 
[INFO] [stdout] 
[INFO] [stdout] warning: use of deprecated macro `try`: use the `?` operator instead
[INFO] [stdout]   --> src/accelerator.rs:44:9
[INFO] [stdout]    |
[INFO] [stdout] 44 |         try!(self.driver.add_record(&motion.name));
[INFO] [stdout]    |         ^^^
[INFO] [stdout] 
[INFO] [stdout] 
[INFO] [stdout] warning: use of deprecated macro `try`: use the `?` operator instead
[INFO] [stdout]   --> src/accelerator.rs:38:24
[INFO] [stdout]    |
[INFO] [stdout] 38 |         let mut file = try!(File::open(&motion.add_path));
[INFO] [stdout]    |                        ^^^
[INFO] [stdout] 
[INFO] [stdout] 
[INFO] [stdout] warning: use of deprecated macro `try`: use the `?` operator instead
[INFO] [stdout]   --> src/accelerator.rs:69:9
[INFO] [stdout]    |
[INFO] [stdout] 69 |         try!(file.read_to_string(&mut transaction));
[INFO] [stdout]    |         ^^^
[INFO] [stdout] 
[INFO] [stdout] 
[INFO] [stdout] warning: use of deprecated macro `try`: use the `?` operator instead
[INFO] [stdout]   --> src/accelerator.rs:71:9
[INFO] [stdout]    |
[INFO] [stdout] 71 |         try!(self.driver.execute(transaction));
[INFO] [stdout]    |         ^^^
[INFO] [stdout] 
[INFO] [stdout] 
[INFO] [stdout] warning: use of deprecated macro `try`: use the `?` operator instead
[INFO] [stdout]   --> src/accelerator.rs:73:9
[INFO] [stdout]    |
[INFO] [stdout] 73 |         try!(self.driver.sub_record(&motion.name));
[INFO] [stdout]    |         ^^^
[INFO] [stdout] 
[INFO] [stdout] 
[INFO] [stdout] warning: use of deprecated macro `try`: use the `?` operator instead
[INFO] [stdout]   --> src/accelerator.rs:67:24
[INFO] [stdout]    |
[INFO] [stdout] 67 |         let mut file = try!(File::open(&motion.sub_path));
[INFO] [stdout]    |                        ^^^
[INFO] [stdout] 
[INFO] [stdout] 
[INFO] [stdout] warning: use of deprecated macro `try`: use the `?` operator instead
[INFO] [stdout]   --> src/driver/postgres.rs:22:5
[INFO] [stdout]    |
[INFO] [stdout] 22 |     try!(connection.execute(CREATE_SCHEMA_QUERY, &[]));
[INFO] [stdout]    |     ^^^
[INFO] [stdout] 
[INFO] [stdout] 
[INFO] [stdout] warning: use of deprecated macro `try`: use the `?` operator instead
[INFO] [stdout]   --> src/driver/postgres.rs:23:5
[INFO] [stdout]    |
[INFO] [stdout] 23 |     try!(connection.execute(CREATE_TABLE_QUERY, &[]));
[INFO] [stdout]    |     ^^^
[INFO] [stdout] 
[INFO] [stdout] 
[INFO] [stdout] warning: use of deprecated macro `try`: use the `?` operator instead
[INFO] [stdout]   --> src/driver/postgres.rs:20:22
[INFO] [stdout]    |
[INFO] [stdout] 20 |     let connection = try!(Connection::connect(conn_string, SslMode::None));
[INFO] [stdout]    |                      ^^^
[INFO] [stdout] 
[INFO] [stdout] 
[INFO] [stdout] warning: use of deprecated macro `try`: use the `?` operator instead
[INFO] [stdout]   --> src/driver/postgres.rs:38:8
[INFO] [stdout]    |
[INFO] [stdout] 38 |     Ok(try!(self.connection.query(GET_RECORDS_QUERY, &[])).iter().map(|row| row.get(0)).collect())
[INFO] [stdout]    |        ^^^
[INFO] [stdout] 
[INFO] [stdout] 
[INFO] [stdout] warning: use of deprecated macro `try`: use the `?` operator instead
[INFO] [stdout]   --> src/driver/postgres.rs:42:24
[INFO] [stdout]    |
[INFO] [stdout] 42 |     let rows_updated = try!(self.connection.execute(ADD_RECORD_QUERY, &[&record]));
[INFO] [stdout]    |                        ^^^
[INFO] [stdout] 
[INFO] [stdout] 
[INFO] [stdout] warning: use of deprecated macro `try`: use the `?` operator instead
[INFO] [stdout]   --> src/driver/postgres.rs:51:24
[INFO] [stdout]    |
[INFO] [stdout] 51 |     let rows_updated = try!(self.connection.execute(SUB_RECORD_QUERY, &[&record]));
[INFO] [stdout]    |                        ^^^
[INFO] [stdout] 
[INFO] [stdout] 
[INFO] [stdout] warning: use of deprecated macro `try`: use the `?` operator instead
[INFO] [stdout]   --> src/driver/postgres.rs:60:5
[INFO] [stdout]    |
[INFO] [stdout] 60 |     try!(self.connection.batch_execute(&query));
[INFO] [stdout]    |     ^^^
[INFO] [stdout] 
[INFO] [stdout] 
[INFO] [stdout] warning: trait objects without an explicit `dyn` are deprecated
[INFO] [stdout]   --> src/driver/mod.rs:15:69
[INFO] [stdout]    |
[INFO] [stdout] 15 | pub fn get(driver_name: Option<&str>, conn_str: &str) -> Result<Box<Driver>, Error> {
[INFO] [stdout]    |                                                                     ^^^^^^ help: use `dyn`: `dyn Driver`
[INFO] [stdout]    |
[INFO] [stdout]    = warning: this is accepted in the current edition (Rust 2015) but is a hard error in Rust 2021!
[INFO] [stdout]    = note: for more information, see issue #80165 <https://github.com/rust-lang/rust/issues/80165>
[INFO] [stdout] 
[INFO] [stdout] 
[INFO] [stdout] warning: trait objects without an explicit `dyn` are deprecated
[INFO] [stdout]   --> src/driver/mod.rs:23:65
[INFO] [stdout]    |
[INFO] [stdout] 23 | fn get_by_name(driver_name: &str, conn_str: &str) -> Result<Box<Driver>, Error> {
[INFO] [stdout]    |                                                                 ^^^^^^ help: use `dyn`: `dyn Driver`
[INFO] [stdout]    |
[INFO] [stdout]    = warning: this is accepted in the current edition (Rust 2015) but is a hard error in Rust 2021!
[INFO] [stdout]    = note: for more information, see issue #80165 <https://github.com/rust-lang/rust/issues/80165>
[INFO] [stdout] 
[INFO] [stdout] 
[INFO] [stdout] warning: use of deprecated macro `try`: use the `?` operator instead
[INFO] [stdout]   --> src/driver/mod.rs:32:31
[INFO] [stdout]    |
[INFO] [stdout] 32 |     "postgres" => Ok(Box::new(try!(postgres::PostgresDriver::connect(conn_str)))),
[INFO] [stdout]    |                               ^^^
[INFO] [stdout] 
[INFO] [stdout] 
[INFO] [stdout] warning: trait objects without an explicit `dyn` are deprecated
[INFO] [stdout]   --> src/driver/mod.rs:38:50
[INFO] [stdout]    |
[INFO] [stdout] 38 | fn get_by_conn_str(conn_str: &str) -> Result<Box<Driver>, Error> {
[INFO] [stdout]    |                                                  ^^^^^^ help: use `dyn`: `dyn Driver`
[INFO] [stdout]    |
[INFO] [stdout]    = warning: this is accepted in the current edition (Rust 2015) but is a hard error in Rust 2021!
[INFO] [stdout]    = note: for more information, see issue #80165 <https://github.com/rust-lang/rust/issues/80165>
[INFO] [stdout] 
[INFO] [stdout] 
[INFO] [stdout] warning: use of deprecated macro `try`: use the `?` operator instead
[INFO] [stdout]   --> src/driver/mod.rs:42:19
[INFO] [stdout]    |
[INFO] [stdout] 42 |       Ok(Box::new(try!(postgres::PostgresDriver::connect(conn_str)))),
[INFO] [stdout]    |                   ^^^
[INFO] [stdout] 
[INFO] [stdout] 
[INFO] [stdout] warning: use of deprecated macro `try`: use the `?` operator instead
[INFO] [stdout]    --> src/main.rs:169:20
[INFO] [stdout]     |
[INFO] [stdout] 169 |     let database = try!(database.ok_or(error!("A database connection string is required and none was found in either the command line arg...
[INFO] [stdout]     |                    ^^^
[INFO] [stdout] 
[INFO] [stdout] 
[INFO] [stdout] warning: use of deprecated macro `try`: use the `?` operator instead
[INFO] [stdout]    --> src/main.rs:173:41
[INFO] [stdout]     |
[INFO] [stdout] 173 |   let accelerator = || Accelerator::new(try!(driver()), try!(motions()));
[INFO] [stdout]     |                                         ^^^
[INFO] [stdout] 
[INFO] [stdout] 
[INFO] [stdout] warning: use of deprecated macro `try`: use the `?` operator instead
[INFO] [stdout]    --> src/main.rs:173:57
[INFO] [stdout]     |
[INFO] [stdout] 173 |   let accelerator = || Accelerator::new(try!(driver()), try!(motions()));
[INFO] [stdout]     |                                                         ^^^
[INFO] [stdout] 
[INFO] [stdout] 
[INFO] [stdout] warning: use of deprecated macro `try`: use the `?` operator instead
[INFO] [stdout]    --> src/main.rs:177:21
[INFO] [stdout]     |
[INFO] [stdout] 177 |       for motion in try!(motions()) {
[INFO] [stdout]     |                     ^^^
[INFO] [stdout] 
[INFO] [stdout] 
[INFO] [stdout] warning: use of deprecated macro `try`: use the `?` operator instead
[INFO] [stdout]    --> src/main.rs:182:20
[INFO] [stdout]     |
[INFO] [stdout] 182 |       let driver = try!(driver());
[INFO] [stdout]     |                    ^^^
[INFO] [stdout] 
[INFO] [stdout] 
[INFO] [stdout] warning: use of deprecated macro `try`: use the `?` operator instead
[INFO] [stdout]    --> src/main.rs:183:21
[INFO] [stdout]     |
[INFO] [stdout] 183 |       let records = try!(driver.get_records());
[INFO] [stdout]     |                     ^^^
[INFO] [stdout] 
[INFO] [stdout] 
[INFO] [stdout] warning: use of deprecated macro `try`: use the `?` operator instead
[INFO] [stdout]    --> src/main.rs:184:21
[INFO] [stdout]     |
[INFO] [stdout] 184 |       for motion in try!(motions()) {
[INFO] [stdout]     |                     ^^^
[INFO] [stdout] 
[INFO] [stdout] 
[INFO] [stdout] warning: use of deprecated macro `try`: use the `?` operator instead
[INFO] [stdout]    --> src/main.rs:193:7
[INFO] [stdout]     |
[INFO] [stdout] 193 |       try!(motions::create(&directory(), matches.value_of("name").unwrap()));
[INFO] [stdout]     |       ^^^
[INFO] [stdout] 
[INFO] [stdout] 
[INFO] [stdout] warning: use of deprecated macro `try`: use the `?` operator instead
[INFO] [stdout]    --> src/main.rs:198:7
[INFO] [stdout]     |
[INFO] [stdout] 198 |       try!(accelerator.add(n));
[INFO] [stdout]     |       ^^^
[INFO] [stdout] 
[INFO] [stdout] 
[INFO] [stdout] warning: use of deprecated macro `try`: use the `?` operator instead
[INFO] [stdout]    --> src/main.rs:196:29
[INFO] [stdout]     |
[INFO] [stdout] 196 |       let mut accelerator = try!(accelerator());
[INFO] [stdout]     |                             ^^^
[INFO] [stdout] 
[INFO] [stdout] 
[INFO] [stdout] warning: use of deprecated macro `try`: use the `?` operator instead
[INFO] [stdout]    --> src/main.rs:197:15
[INFO] [stdout]     |
[INFO] [stdout] 197 |       let n = try!(matches.value_of("n").unwrap_or("1").parse::<usize>());
[INFO] [stdout]     |               ^^^
[INFO] [stdout] 
[INFO] [stdout] 
[INFO] [stdout] warning: use of deprecated macro `try`: use the `?` operator instead
[INFO] [stdout]    --> src/main.rs:204:7
[INFO] [stdout]     |
[INFO] [stdout] 204 |       try!(accelerator.sub(n));
[INFO] [stdout]     |       ^^^
[INFO] [stdout] 
[INFO] [stdout] 
[INFO] [stdout] warning: use of deprecated macro `try`: use the `?` operator instead
[INFO] [stdout]    --> src/main.rs:201:26
[INFO] [stdout]     |
[INFO] [stdout] 201 |       if !auto_confirm { try!(confirm()); }
[INFO] [stdout]     |                          ^^^
[INFO] [stdout] 
[INFO] [stdout] 
[INFO] [stdout] warning: use of deprecated macro `try`: use the `?` operator instead
[INFO] [stdout]    --> src/main.rs:202:29
[INFO] [stdout]     |
[INFO] [stdout] 202 |       let mut accelerator = try!(accelerator());
[INFO] [stdout]     |                             ^^^
[INFO] [stdout] 
[INFO] [stdout] 
[INFO] [stdout] warning: use of deprecated macro `try`: use the `?` operator instead
[INFO] [stdout]    --> src/main.rs:203:15
[INFO] [stdout]     |
[INFO] [stdout] 203 |       let n = try!(matches.value_of("n").unwrap_or("1").parse::<usize>());
[INFO] [stdout]     |               ^^^
[INFO] [stdout] 
[INFO] [stdout] 
[INFO] [stdout] warning: use of deprecated macro `try`: use the `?` operator instead
[INFO] [stdout]    --> src/main.rs:208:7
[INFO] [stdout]     |
[INFO] [stdout] 208 |       try!(accelerator.add(usize::max_value()));
[INFO] [stdout]     |       ^^^
[INFO] [stdout] 
[INFO] [stdout] 
[INFO] [stdout] warning: use of deprecated macro `try`: use the `?` operator instead
[INFO] [stdout]    --> src/main.rs:207:29
[INFO] [stdout]     |
[INFO] [stdout] 207 |       let mut accelerator = try!(accelerator());
[INFO] [stdout]     |                             ^^^
[INFO] [stdout] 
[INFO] [stdout] 
[INFO] [stdout] warning: use of deprecated macro `try`: use the `?` operator instead
[INFO] [stdout]    --> src/main.rs:213:7
[INFO] [stdout]     |
[INFO] [stdout] 213 |       try!(accelerator.sub(usize::max_value()));
[INFO] [stdout]     |       ^^^
[INFO] [stdout] 
[INFO] [stdout] 
[INFO] [stdout] warning: use of deprecated macro `try`: use the `?` operator instead
[INFO] [stdout]    --> src/main.rs:211:26
[INFO] [stdout]     |
[INFO] [stdout] 211 |       if !auto_confirm { try!(confirm()); }
[INFO] [stdout]     |                          ^^^
[INFO] [stdout] 
[INFO] [stdout] 
[INFO] [stdout] warning: use of deprecated macro `try`: use the `?` operator instead
[INFO] [stdout]    --> src/main.rs:212:29
[INFO] [stdout]     |
[INFO] [stdout] 212 |       let mut accelerator = try!(accelerator());
[INFO] [stdout]     |                             ^^^
[INFO] [stdout] 
[INFO] [stdout] 
[INFO] [stdout] warning: use of deprecated macro `try`: use the `?` operator instead
[INFO] [stdout]    --> src/main.rs:218:7
[INFO] [stdout]     |
[INFO] [stdout] 218 |       try!(accelerator.sub(1));
[INFO] [stdout]     |       ^^^
[INFO] [stdout] 
[INFO] [stdout] 
[INFO] [stdout] warning: use of deprecated macro `try`: use the `?` operator instead
[INFO] [stdout]    --> src/main.rs:219:7
[INFO] [stdout]     |
[INFO] [stdout] 219 |       try!(accelerator.add(1));
[INFO] [stdout]     |       ^^^
[INFO] [stdout] 
[INFO] [stdout] 
[INFO] [stdout] warning: use of deprecated macro `try`: use the `?` operator instead
[INFO] [stdout]    --> src/main.rs:216:26
[INFO] [stdout]     |
[INFO] [stdout] 216 |       if !auto_confirm { try!(confirm()); }
[INFO] [stdout]     |                          ^^^
[INFO] [stdout] 
[INFO] [stdout] 
[INFO] [stdout] warning: use of deprecated macro `try`: use the `?` operator instead
[INFO] [stdout]    --> src/main.rs:217:29
[INFO] [stdout]     |
[INFO] [stdout] 217 |       let mut accelerator = try!(accelerator());
[INFO] [stdout]     |                             ^^^
[INFO] [stdout] 
[INFO] [stdout] 
[INFO] [stdout] warning: use of deprecated macro `try`: use the `?` operator instead
[INFO] [stdout]    --> src/main.rs:225:7
[INFO] [stdout]     |
[INFO] [stdout] 225 |       try!(accelerator.sub(usize::max_value()));
[INFO] [stdout]     |       ^^^
[INFO] [stdout] 
[INFO] [stdout] 
[INFO] [stdout] warning: use of deprecated macro `try`: use the `?` operator instead
[INFO] [stdout]    --> src/main.rs:226:7
[INFO] [stdout]     |
[INFO] [stdout] 226 |       try!(accelerator.add(applied));
[INFO] [stdout]     |       ^^^
[INFO] [stdout] 
[INFO] [stdout] 
[INFO] [stdout] warning: use of deprecated macro `try`: use the `?` operator instead
[INFO] [stdout]    --> src/main.rs:222:26
[INFO] [stdout]     |
[INFO] [stdout] 222 |       if !auto_confirm { try!(confirm()); }
[INFO] [stdout]     |                          ^^^
[INFO] [stdout] 
[INFO] [stdout] 
[INFO] [stdout] warning: use of deprecated macro `try`: use the `?` operator instead
[INFO] [stdout]    --> src/main.rs:223:29
[INFO] [stdout]     |
[INFO] [stdout] 223 |       let mut accelerator = try!(accelerator());
[INFO] [stdout]     |                             ^^^
[INFO] [stdout] 
[INFO] [stdout] 
[INFO] [stdout] warning: use of deprecated macro `try`: use the `?` operator instead
[INFO] [stdout]    --> src/main.rs:240:3
[INFO] [stdout]     |
[INFO] [stdout] 240 |   try!(stdin.lock().read_line(&mut line));
[INFO] [stdout]     |   ^^^
[INFO] [stdout] 
[INFO] [stdout] 
[INFO] [stdout] warning: unused import: `driver::Driver`
[INFO] [stdout]   --> src/main.rs:23:5
[INFO] [stdout]    |
[INFO] [stdout] 23 | use driver::Driver;
[INFO] [stdout]    |     ^^^^^^^^^^^^^^
[INFO] [stdout]    |
[INFO] [stdout]    = note: `#[warn(unused_imports)]` on by default
[INFO] [stdout] 
[INFO] [stdout] 
[INFO] [stdout] warning: 77 warnings emitted
[INFO] [stdout] 
[INFO] [stdout] 
[INFO] [stdout] warning: trait objects without an explicit `dyn` are deprecated
[INFO] [stdout]  --> src/error.rs:4:22
[INFO] [stdout]   |
[INFO] [stdout] 4 | pub type Error = Box<error::Error>;
[INFO] [stdout]   |                      ^^^^^^^^^^^^ help: use `dyn`: `dyn error::Error`
[INFO] [stdout]   |
[INFO] [stdout]   = note: `#[warn(bare_trait_objects)]` on by default
[INFO] [stdout]   = warning: this is accepted in the current edition (Rust 2015) but is a hard error in Rust 2021!
[INFO] [stdout]   = note: for more information, see issue #80165 <https://github.com/rust-lang/rust/issues/80165>
[INFO] [stdout] 
[INFO] [stdout] 
[INFO] [stdout] warning: use of deprecated macro `try`: use the `?` operator instead
[INFO] [stdout]   --> src/motions.rs:23:5
[INFO] [stdout]    |
[INFO] [stdout] 23 |     try!(write!(f, "{}", parent_display));
[INFO] [stdout]    |     ^^^
[INFO] [stdout]    |
[INFO] [stdout]    = note: `#[warn(deprecated)]` on by default
[INFO] [stdout] 
[INFO] [stdout] 
[INFO] [stdout] warning: use of deprecated macro `try`: use the `?` operator instead
[INFO] [stdout]   --> src/motions.rs:25:5
[INFO] [stdout]    |
[INFO] [stdout] 25 |     try!(write!(f, "{}", self.name));
[INFO] [stdout]    |     ^^^
[INFO] [stdout] 
[INFO] [stdout] 
[INFO] [stdout] warning: use of deprecated macro `try`: use the `?` operator instead
[INFO] [stdout]   --> src/motions.rs:24:31
[INFO] [stdout]    |
[INFO] [stdout] 24 |     if parent_display != "" { try!(write!(f, "/")); }
[INFO] [stdout]    |                               ^^^
[INFO] [stdout] 
[INFO] [stdout] 
[INFO] [stdout] warning: use of deprecated macro `try`: use the `?` operator instead
[INFO] [stdout]   --> src/motions.rs:38:18
[INFO] [stdout]    |
[INFO] [stdout] 38 |   let template = try!(find_template(dir));
[INFO] [stdout]    |                  ^^^
[INFO] [stdout] 
[INFO] [stdout] 
[INFO] [stdout] warning: use of deprecated macro `try`: use the `?` operator instead
[INFO] [stdout]   --> src/motions.rs:39:17
[INFO] [stdout]    |
[INFO] [stdout] 39 |   let motions = try!(find_motions(&template, dir));
[INFO] [stdout]    |                 ^^^
[INFO] [stdout] 
[INFO] [stdout] 
[INFO] [stdout] warning: use of deprecated macro `try`: use the `?` operator instead
[INFO] [stdout]   --> src/motions.rs:44:15
[INFO] [stdout]    |
[INFO] [stdout] 44 |   let paths = try!(find_paths(dir.to_path_buf(), 1));
[INFO] [stdout]    |               ^^^
[INFO] [stdout] 
[INFO] [stdout] 
[INFO] [stdout] warning: use of deprecated macro `try`: use the `?` operator instead
[INFO] [stdout]   --> src/motions.rs:52:18
[INFO] [stdout]    |
[INFO] [stdout] 52 |   let add_path = try!(
[INFO] [stdout]    |                  ^^^
[INFO] [stdout] 
[INFO] [stdout] 
[INFO] [stdout] warning: use of deprecated macro `try`: use the `?` operator instead
[INFO] [stdout]   --> src/motions.rs:58:18
[INFO] [stdout]    |
[INFO] [stdout] 58 |   let sub_path = try!(
[INFO] [stdout]    |                  ^^^
[INFO] [stdout] 
[INFO] [stdout] 
[INFO] [stdout] warning: use of deprecated macro `try`: use the `?` operator instead
[INFO] [stdout]   --> src/motions.rs:86:15
[INFO] [stdout]    |
[INFO] [stdout] 86 |   let paths = try!(find_paths(dir.to_path_buf(), 100));
[INFO] [stdout]    |               ^^^
[INFO] [stdout] 
[INFO] [stdout] 
[INFO] [stdout] warning: use of deprecated macro `try`: use the `?` operator instead
[INFO] [stdout]    --> src/motions.rs:110:32
[INFO] [stdout]     |
[INFO] [stdout] 110 |       let &(ref sub_path, _) = try!(
[INFO] [stdout]     |                                ^^^
[INFO] [stdout] 
[INFO] [stdout] 
[INFO] [stdout] warning: use of deprecated macro `try`: use the `?` operator instead
[INFO] [stdout]    --> src/motions.rs:135:6
[INFO] [stdout]     |
[INFO] [stdout] 135 |   if try!(fs::metadata(&path)).is_dir() {
[INFO] [stdout]     |      ^^^
[INFO] [stdout] 
[INFO] [stdout] 
[INFO] [stdout] warning: use of deprecated macro `try`: use the `?` operator instead
[INFO] [stdout]    --> src/motions.rs:143:18
[INFO] [stdout]     |
[INFO] [stdout] 143 |     for entry in try!(fs::read_dir(&path)) {
[INFO] [stdout]     |                  ^^^
[INFO] [stdout] 
[INFO] [stdout] 
[INFO] [stdout] warning: use of deprecated macro `try`: use the `?` operator instead
[INFO] [stdout]    --> src/motions.rs:146:28
[INFO] [stdout]     |
[INFO] [stdout] 146 |       let mut next_paths = try!(find_paths(try!(entry).path(), recurse - 1));
[INFO] [stdout]     |                            ^^^
[INFO] [stdout] 
[INFO] [stdout] 
[INFO] [stdout] warning: use of deprecated macro `try`: use the `?` operator instead
[INFO] [stdout]    --> src/motions.rs:146:44
[INFO] [stdout]     |
[INFO] [stdout] 146 |       let mut next_paths = try!(find_paths(try!(entry).path(), recurse - 1));
[INFO] [stdout]     |                                            ^^^
[INFO] [stdout] 
[INFO] [stdout] 
[INFO] [stdout] warning: use of deprecated macro `try`: use the `?` operator instead
[INFO] [stdout]    --> src/motions.rs:176:3
[INFO] [stdout]     |
[INFO] [stdout] 176 |   try!(copy_file(&template.add_path, &add_path));
[INFO] [stdout]     |   ^^^
[INFO] [stdout] 
[INFO] [stdout] 
[INFO] [stdout] warning: use of deprecated macro `try`: use the `?` operator instead
[INFO] [stdout]    --> src/motions.rs:178:3
[INFO] [stdout]     |
[INFO] [stdout] 178 |   try!(copy_file(&template.sub_path, &sub_path));
[INFO] [stdout]     |   ^^^
[INFO] [stdout] 
[INFO] [stdout] 
[INFO] [stdout] warning: use of deprecated macro `try`: use the `?` operator instead
[INFO] [stdout]    --> src/motions.rs:163:18
[INFO] [stdout]     |
[INFO] [stdout] 163 |   let template = try!(find_template(dir));
[INFO] [stdout]     |                  ^^^
[INFO] [stdout] 
[INFO] [stdout] 
[INFO] [stdout] warning: use of deprecated macro `try`: use the `?` operator instead
[INFO] [stdout]    --> src/motions.rs:201:3
[INFO] [stdout]     |
[INFO] [stdout] 201 |   try!(in_file.read_to_string(&mut contents));
[INFO] [stdout]     |   ^^^
[INFO] [stdout] 
[INFO] [stdout] 
[INFO] [stdout] warning: use of deprecated macro `try`: use the `?` operator instead
[INFO] [stdout]    --> src/motions.rs:207:3
[INFO] [stdout]     |
[INFO] [stdout] 207 |   try!(out_file.write_all(contents.as_bytes()));
[INFO] [stdout]     |   ^^^
[INFO] [stdout] 
[INFO] [stdout] 
[INFO] [stdout] warning: use of deprecated macro `try`: use the `?` operator instead
[INFO] [stdout]    --> src/motions.rs:198:21
[INFO] [stdout]     |
[INFO] [stdout] 198 |   let mut in_file = try!(File::open(in_path));
[INFO] [stdout]     |                     ^^^
[INFO] [stdout] 
[INFO] [stdout] 
[INFO] [stdout] warning: use of deprecated macro `try`: use the `?` operator instead
[INFO] [stdout]    --> src/motions.rs:203:45
[INFO] [stdout]     |
[INFO] [stdout] 203 |   if let Some(parent) = out_path.parent() { try!(fs::create_dir_all(parent)); }
[INFO] [stdout]     |                                             ^^^
[INFO] [stdout] 
[INFO] [stdout] 
[INFO] [stdout] warning: use of deprecated macro `try`: use the `?` operator instead
[INFO] [stdout]    --> src/motions.rs:205:22
[INFO] [stdout]     |
[INFO] [stdout] 205 |   let mut out_file = try!(File::create(out_path));
[INFO] [stdout]     |                      ^^^
[INFO] [stdout] 
[INFO] [stdout] 
[INFO] [stdout] warning: trait objects without an explicit `dyn` are deprecated
[INFO] [stdout]   --> src/accelerator.rs:15:15
[INFO] [stdout]    |
[INFO] [stdout] 15 |   driver: Box<Driver>,
[INFO] [stdout]    |               ^^^^^^ help: use `dyn`: `dyn Driver`
[INFO] [stdout]    |
[INFO] [stdout]    = warning: this is accepted in the current edition (Rust 2015) but is a hard error in Rust 2021!
[INFO] [stdout]    = note: for more information, see issue #80165 <https://github.com/rust-lang/rust/issues/80165>
[INFO] [stdout] 
[INFO] [stdout] 
[INFO] [stdout] warning: trait objects without an explicit `dyn` are deprecated
[INFO] [stdout]   --> src/accelerator.rs:20:26
[INFO] [stdout]    |
[INFO] [stdout] 20 |   pub fn new(driver: Box<Driver>, motions: Vec<Motion>) -> Result<Self, Error> {
[INFO] [stdout]    |                          ^^^^^^ help: use `dyn`: `dyn Driver`
[INFO] [stdout]    |
[INFO] [stdout]    = warning: this is accepted in the current edition (Rust 2015) but is a hard error in Rust 2021!
[INFO] [stdout]    = note: for more information, see issue #80165 <https://github.com/rust-lang/rust/issues/80165>
[INFO] [stdout] 
[INFO] [stdout] 
[INFO] [stdout] warning: use of deprecated macro `try`: use the `?` operator instead
[INFO] [stdout]   --> src/accelerator.rs:21:19
[INFO] [stdout]    |
[INFO] [stdout] 21 |     let records = try!(driver.get_records());
[INFO] [stdout]    |                   ^^^
[INFO] [stdout] 
[INFO] [stdout] 
[INFO] [stdout] warning: use of deprecated macro `try`: use the `?` operator instead
[INFO] [stdout]   --> src/accelerator.rs:22:17
[INFO] [stdout]    |
[INFO] [stdout] 22 |     let state = try!(diff_motions(records, motions));
[INFO] [stdout]    |                 ^^^
[INFO] [stdout] 
[INFO] [stdout] 
[INFO] [stdout] warning: use of deprecated macro `try`: use the `?` operator instead
[INFO] [stdout]   --> src/accelerator.rs:40:9
[INFO] [stdout]    |
[INFO] [stdout] 40 |         try!(file.read_to_string(&mut transaction));
[INFO] [stdout]    |         ^^^
[INFO] [stdout] 
[INFO] [stdout] 
[INFO] [stdout] warning: use of deprecated macro `try`: use the `?` operator instead
[INFO] [stdout]   --> src/accelerator.rs:42:9
[INFO] [stdout]    |
[INFO] [stdout] 42 |         try!(self.driver.execute(transaction));
[INFO] [stdout]    |         ^^^
[INFO] [stdout] 
[INFO] [stdout] 
[INFO] [stdout] warning: use of deprecated macro `try`: use the `?` operator instead
[INFO] [stdout]   --> src/accelerator.rs:44:9
[INFO] [stdout]    |
[INFO] [stdout] 44 |         try!(self.driver.add_record(&motion.name));
[INFO] [stdout]    |         ^^^
[INFO] [stdout] 
[INFO] [stdout] 
[INFO] [stdout] warning: use of deprecated macro `try`: use the `?` operator instead
[INFO] [stdout]   --> src/accelerator.rs:38:24
[INFO] [stdout]    |
[INFO] [stdout] 38 |         let mut file = try!(File::open(&motion.add_path));
[INFO] [stdout]    |                        ^^^
[INFO] [stdout] 
[INFO] [stdout] 
[INFO] [stdout] warning: use of deprecated macro `try`: use the `?` operator instead
[INFO] [stdout]   --> src/accelerator.rs:69:9
[INFO] [stdout]    |
[INFO] [stdout] 69 |         try!(file.read_to_string(&mut transaction));
[INFO] [stdout]    |         ^^^
[INFO] [stdout] 
[INFO] [stdout] 
[INFO] [stdout] warning: use of deprecated macro `try`: use the `?` operator instead
[INFO] [stdout]   --> src/accelerator.rs:71:9
[INFO] [stdout]    |
[INFO] [stdout] 71 |         try!(self.driver.execute(transaction));
[INFO] [stdout]    |         ^^^
[INFO] [stdout] 
[INFO] [stdout] 
[INFO] [stdout] warning: use of deprecated macro `try`: use the `?` operator instead
[INFO] [stdout]   --> src/accelerator.rs:73:9
[INFO] [stdout]    |
[INFO] [stdout] 73 |         try!(self.driver.sub_record(&motion.name));
[INFO] [stdout]    |         ^^^
[INFO] [stdout] 
[INFO] [stdout] 
[INFO] [stdout] warning: use of deprecated macro `try`: use the `?` operator instead
[INFO] [stdout]   --> src/accelerator.rs:67:24
[INFO] [stdout]    |
[INFO] [stdout] 67 |         let mut file = try!(File::open(&motion.sub_path));
[INFO] [stdout]    |                        ^^^
[INFO] [stdout] 
[INFO] [stdout] 
[INFO] [stdout] warning: use of deprecated macro `try`: use the `?` operator instead
[INFO] [stdout]   --> src/driver/postgres.rs:22:5
[INFO] [stdout]    |
[INFO] [stdout] 22 |     try!(connection.execute(CREATE_SCHEMA_QUERY, &[]));
[INFO] [stdout]    |     ^^^
[INFO] [stdout] 
[INFO] [stdout] 
[INFO] [stdout] warning: use of deprecated macro `try`: use the `?` operator instead
[INFO] [stdout]   --> src/driver/postgres.rs:23:5
[INFO] [stdout]    |
[INFO] [stdout] 23 |     try!(connection.execute(CREATE_TABLE_QUERY, &[]));
[INFO] [stdout]    |     ^^^
[INFO] [stdout] 
[INFO] [stdout] 
[INFO] [stdout] warning: use of deprecated macro `try`: use the `?` operator instead
[INFO] [stdout]   --> src/driver/postgres.rs:20:22
[INFO] [stdout]    |
[INFO] [stdout] 20 |     let connection = try!(Connection::connect(conn_string, SslMode::None));
[INFO] [stdout]    |                      ^^^
[INFO] [stdout] 
[INFO] [stdout] 
[INFO] [stdout] warning: use of deprecated macro `try`: use the `?` operator instead
[INFO] [stdout]   --> src/driver/postgres.rs:38:8
[INFO] [stdout]    |
[INFO] [stdout] 38 |     Ok(try!(self.connection.query(GET_RECORDS_QUERY, &[])).iter().map(|row| row.get(0)).collect())
[INFO] [stdout]    |        ^^^
[INFO] [stdout] 
[INFO] [stdout] 
[INFO] [stdout] warning: use of deprecated macro `try`: use the `?` operator instead
[INFO] [stdout]   --> src/driver/postgres.rs:42:24
[INFO] [stdout]    |
[INFO] [stdout] 42 |     let rows_updated = try!(self.connection.execute(ADD_RECORD_QUERY, &[&record]));
[INFO] [stdout]    |                        ^^^
[INFO] [stdout] 
[INFO] [stdout] 
[INFO] [stdout] warning: use of deprecated macro `try`: use the `?` operator instead
[INFO] [stdout]   --> src/driver/postgres.rs:51:24
[INFO] [stdout]    |
[INFO] [stdout] 51 |     let rows_updated = try!(self.connection.execute(SUB_RECORD_QUERY, &[&record]));
[INFO] [stdout]    |                        ^^^
[INFO] [stdout] 
[INFO] [stdout] 
[INFO] [stdout] warning: use of deprecated macro `try`: use the `?` operator instead
[INFO] [stdout]   --> src/driver/postgres.rs:60:5
[INFO] [stdout]    |
[INFO] [stdout] 60 |     try!(self.connection.batch_execute(&query));
[INFO] [stdout]    |     ^^^
[INFO] [stdout] 
[INFO] [stdout] 
[INFO] [stdout] warning: trait objects without an explicit `dyn` are deprecated
[INFO] [stdout]   --> src/driver/mod.rs:15:69
[INFO] [stdout]    |
[INFO] [stdout] 15 | pub fn get(driver_name: Option<&str>, conn_str: &str) -> Result<Box<Driver>, Error> {
[INFO] [stdout]    |                                                                     ^^^^^^ help: use `dyn`: `dyn Driver`
[INFO] [stdout]    |
[INFO] [stdout]    = warning: this is accepted in the current edition (Rust 2015) but is a hard error in Rust 2021!
[INFO] [stdout]    = note: for more information, see issue #80165 <https://github.com/rust-lang/rust/issues/80165>
[INFO] [stdout] 
[INFO] [stdout] 
[INFO] [stdout] warning: trait objects without an explicit `dyn` are deprecated
[INFO] [stdout]   --> src/driver/mod.rs:23:65
[INFO] [stdout]    |
[INFO] [stdout] 23 | fn get_by_name(driver_name: &str, conn_str: &str) -> Result<Box<Driver>, Error> {
[INFO] [stdout]    |                                                                 ^^^^^^ help: use `dyn`: `dyn Driver`
[INFO] [stdout]    |
[INFO] [stdout]    = warning: this is accepted in the current edition (Rust 2015) but is a hard error in Rust 2021!
[INFO] [stdout]    = note: for more information, see issue #80165 <https://github.com/rust-lang/rust/issues/80165>
[INFO] [stdout] 
[INFO] [stdout] 
[INFO] [stdout] warning: use of deprecated macro `try`: use the `?` operator instead
[INFO] [stdout]   --> src/driver/mod.rs:32:31
[INFO] [stdout]    |
[INFO] [stdout] 32 |     "postgres" => Ok(Box::new(try!(postgres::PostgresDriver::connect(conn_str)))),
[INFO] [stdout]    |                               ^^^
[INFO] [stdout] 
[INFO] [stdout] 
[INFO] [stdout] warning: trait objects without an explicit `dyn` are deprecated
[INFO] [stdout]   --> src/driver/mod.rs:38:50
[INFO] [stdout]    |
[INFO] [stdout] 38 | fn get_by_conn_str(conn_str: &str) -> Result<Box<Driver>, Error> {
[INFO] [stdout]    |                                                  ^^^^^^ help: use `dyn`: `dyn Driver`
[INFO] [stdout]    |
[INFO] [stdout]    = warning: this is accepted in the current edition (Rust 2015) but is a hard error in Rust 2021!
[INFO] [stdout]    = note: for more information, see issue #80165 <https://github.com/rust-lang/rust/issues/80165>
[INFO] [stdout] 
[INFO] [stdout] 
[INFO] [stdout] warning: use of deprecated macro `try`: use the `?` operator instead
[INFO] [stdout]   --> src/driver/mod.rs:42:19
[INFO] [stdout]    |
[INFO] [stdout] 42 |       Ok(Box::new(try!(postgres::PostgresDriver::connect(conn_str)))),
[INFO] [stdout]    |                   ^^^
[INFO] [stdout] 
[INFO] [stdout] 
[INFO] [stdout] warning: use of deprecated macro `try`: use the `?` operator instead
[INFO] [stdout]    --> src/main.rs:169:20
[INFO] [stdout]     |
[INFO] [stdout] 169 |     let database = try!(database.ok_or(error!("A database connection string is required and none was found in either the command line arg...
[INFO] [stdout]     |                    ^^^
[INFO] [stdout] 
[INFO] [stdout] 
[INFO] [stdout] warning: use of deprecated macro `try`: use the `?` operator instead
[INFO] [stdout]    --> src/main.rs:173:41
[INFO] [stdout]     |
[INFO] [stdout] 173 |   let accelerator = || Accelerator::new(try!(driver()), try!(motions()));
[INFO] [stdout]     |                                         ^^^
[INFO] [stdout] 
[INFO] [stdout] 
[INFO] [stdout] warning: use of deprecated macro `try`: use the `?` operator instead
[INFO] [stdout]    --> src/main.rs:173:57
[INFO] [stdout]     |
[INFO] [stdout] 173 |   let accelerator = || Accelerator::new(try!(driver()), try!(motions()));
[INFO] [stdout]     |                                                         ^^^
[INFO] [stdout] 
[INFO] [stdout] 
[INFO] [stdout] warning: use of deprecated macro `try`: use the `?` operator instead
[INFO] [stdout]    --> src/main.rs:177:21
[INFO] [stdout]     |
[INFO] [stdout] 177 |       for motion in try!(motions()) {
[INFO] [stdout]     |                     ^^^
[INFO] [stdout] 
[INFO] [stdout] 
[INFO] [stdout] warning: use of deprecated macro `try`: use the `?` operator instead
[INFO] [stdout]    --> src/main.rs:182:20
[INFO] [stdout]     |
[INFO] [stdout] 182 |       let driver = try!(driver());
[INFO] [stdout]     |                    ^^^
[INFO] [stdout] 
[INFO] [stdout] 
[INFO] [stdout] warning: use of deprecated macro `try`: use the `?` operator instead
[INFO] [stdout]    --> src/main.rs:183:21
[INFO] [stdout]     |
[INFO] [stdout] 183 |       let records = try!(driver.get_records());
[INFO] [stdout]     |                     ^^^
[INFO] [stdout] 
[INFO] [stdout] 
[INFO] [stdout] warning: use of deprecated macro `try`: use the `?` operator instead
[INFO] [stdout]    --> src/main.rs:184:21
[INFO] [stdout]     |
[INFO] [stdout] 184 |       for motion in try!(motions()) {
[INFO] [stdout]     |                     ^^^
[INFO] [stdout] 
[INFO] [stdout] 
[INFO] [stdout] warning: use of deprecated macro `try`: use the `?` operator instead
[INFO] [stdout]    --> src/main.rs:193:7
[INFO] [stdout]     |
[INFO] [stdout] 193 |       try!(motions::create(&directory(), matches.value_of("name").unwrap()));
[INFO] [stdout]     |       ^^^
[INFO] [stdout] 
[INFO] [stdout] 
[INFO] [stdout] warning: use of deprecated macro `try`: use the `?` operator instead
[INFO] [stdout]    --> src/main.rs:198:7
[INFO] [stdout]     |
[INFO] [stdout] 198 |       try!(accelerator.add(n));
[INFO] [stdout]     |       ^^^
[INFO] [stdout] 
[INFO] [stdout] 
[INFO] [stdout] warning: use of deprecated macro `try`: use the `?` operator instead
[INFO] [stdout]    --> src/main.rs:196:29
[INFO] [stdout]     |
[INFO] [stdout] 196 |       let mut accelerator = try!(accelerator());
[INFO] [stdout]     |                             ^^^
[INFO] [stdout] 
[INFO] [stdout] 
[INFO] [stdout] warning: use of deprecated macro `try`: use the `?` operator instead
[INFO] [stdout]    --> src/main.rs:197:15
[INFO] [stdout]     |
[INFO] [stdout] 197 |       let n = try!(matches.value_of("n").unwrap_or("1").parse::<usize>());
[INFO] [stdout]     |               ^^^
[INFO] [stdout] 
[INFO] [stdout] 
[INFO] [stdout] warning: use of deprecated macro `try`: use the `?` operator instead
[INFO] [stdout]    --> src/main.rs:204:7
[INFO] [stdout]     |
[INFO] [stdout] 204 |       try!(accelerator.sub(n));
[INFO] [stdout]     |       ^^^
[INFO] [stdout] 
[INFO] [stdout] 
[INFO] [stdout] warning: use of deprecated macro `try`: use the `?` operator instead
[INFO] [stdout]    --> src/main.rs:201:26
[INFO] [stdout]     |
[INFO] [stdout] 201 |       if !auto_confirm { try!(confirm()); }
[INFO] [stdout]     |                          ^^^
[INFO] [stdout] 
[INFO] [stdout] 
[INFO] [stdout] warning: use of deprecated macro `try`: use the `?` operator instead
[INFO] [stdout]    --> src/main.rs:202:29
[INFO] [stdout]     |
[INFO] [stdout] 202 |       let mut accelerator = try!(accelerator());
[INFO] [stdout]     |                             ^^^
[INFO] [stdout] 
[INFO] [stdout] 
[INFO] [stdout] warning: use of deprecated macro `try`: use the `?` operator instead
[INFO] [stdout]    --> src/main.rs:203:15
[INFO] [stdout]     |
[INFO] [stdout] 203 |       let n = try!(matches.value_of("n").unwrap_or("1").parse::<usize>());
[INFO] [stdout]     |               ^^^
[INFO] [stdout] 
[INFO] [stdout] 
[INFO] [stdout] warning: use of deprecated macro `try`: use the `?` operator instead
[INFO] [stdout]    --> src/main.rs:208:7
[INFO] [stdout]     |
[INFO] [stdout] 208 |       try!(accelerator.add(usize::max_value()));
[INFO] [stdout]     |       ^^^
[INFO] [stdout] 
[INFO] [stdout] 
[INFO] [stdout] warning: use of deprecated macro `try`: use the `?` operator instead
[INFO] [stdout]    --> src/main.rs:207:29
[INFO] [stdout]     |
[INFO] [stdout] 207 |       let mut accelerator = try!(accelerator());
[INFO] [stdout]     |                             ^^^
[INFO] [stdout] 
[INFO] [stdout] 
[INFO] [stdout] warning: use of deprecated macro `try`: use the `?` operator instead
[INFO] [stdout]    --> src/main.rs:213:7
[INFO] [stdout]     |
[INFO] [stdout] 213 |       try!(accelerator.sub(usize::max_value()));
[INFO] [stdout]     |       ^^^
[INFO] [stdout] 
[INFO] [stdout] 
[INFO] [stdout] warning: use of deprecated macro `try`: use the `?` operator instead
[INFO] [stdout]    --> src/main.rs:211:26
[INFO] [stdout]     |
[INFO] [stdout] 211 |       if !auto_confirm { try!(confirm()); }
[INFO] [stdout]     |                          ^^^
[INFO] [stdout] 
[INFO] [stdout] 
[INFO] [stdout] warning: use of deprecated macro `try`: use the `?` operator instead
[INFO] [stdout]    --> src/main.rs:212:29
[INFO] [stdout]     |
[INFO] [stdout] 212 |       let mut accelerator = try!(accelerator());
[INFO] [stdout]     |                             ^^^
[INFO] [stdout] 
[INFO] [stdout] 
[INFO] [stdout] warning: use of deprecated macro `try`: use the `?` operator instead
[INFO] [stdout]    --> src/main.rs:218:7
[INFO] [stdout]     |
[INFO] [stdout] 218 |       try!(accelerator.sub(1));
[INFO] [stdout]     |       ^^^
[INFO] [stdout] 
[INFO] [stdout] 
[INFO] [stdout] warning: use of deprecated macro `try`: use the `?` operator instead
[INFO] [stdout]    --> src/main.rs:219:7
[INFO] [stdout]     |
[INFO] [stdout] 219 |       try!(accelerator.add(1));
[INFO] [stdout]     |       ^^^
[INFO] [stdout] 
[INFO] [stdout] 
[INFO] [stdout] warning: use of deprecated macro `try`: use the `?` operator instead
[INFO] [stdout]    --> src/main.rs:216:26
[INFO] [stdout]     |
[INFO] [stdout] 216 |       if !auto_confirm { try!(confirm()); }
[INFO] [stdout]     |                          ^^^
[INFO] [stdout] 
[INFO] [stdout] 
[INFO] [stdout] warning: use of deprecated macro `try`: use the `?` operator instead
[INFO] [stdout]    --> src/main.rs:217:29
[INFO] [stdout]     |
[INFO] [stdout] 217 |       let mut accelerator = try!(accelerator());
[INFO] [stdout]     |                             ^^^
[INFO] [stdout] 
[INFO] [stdout] 
[INFO] [stdout] warning: use of deprecated macro `try`: use the `?` operator instead
[INFO] [stdout]    --> src/main.rs:225:7
[INFO] [stdout]     |
[INFO] [stdout] 225 |       try!(accelerator.sub(usize::max_value()));
[INFO] [stdout]     |       ^^^
[INFO] [stdout] 
[INFO] [stdout] 
[INFO] [stdout] warning: use of deprecated macro `try`: use the `?` operator instead
[INFO] [stdout]    --> src/main.rs:226:7
[INFO] [stdout]     |
[INFO] [stdout] 226 |       try!(accelerator.add(applied));
[INFO] [stdout]     |       ^^^
[INFO] [stdout] 
[INFO] [stdout] 
[INFO] [stdout] warning: use of deprecated macro `try`: use the `?` operator instead
[INFO] [stdout]    --> src/main.rs:222:26
[INFO] [stdout]     |
[INFO] [stdout] 222 |       if !auto_confirm { try!(confirm()); }
[INFO] [stdout]     |                          ^^^
[INFO] [stdout] 
[INFO] [stdout] 
[INFO] [stdout] warning: use of deprecated macro `try`: use the `?` operator instead
[INFO] [stdout]    --> src/main.rs:223:29
[INFO] [stdout]     |
[INFO] [stdout] 223 |       let mut accelerator = try!(accelerator());
[INFO] [stdout]     |                             ^^^
[INFO] [stdout] 
[INFO] [stdout] 
[INFO] [stdout] warning: use of deprecated macro `try`: use the `?` operator instead
[INFO] [stdout]    --> src/main.rs:240:3
[INFO] [stdout]     |
[INFO] [stdout] 240 |   try!(stdin.lock().read_line(&mut line));
[INFO] [stdout]     |   ^^^
[INFO] [stdout] 
[INFO] [stdout] 
[INFO] [stdout] warning: unused import: `driver::Driver`
[INFO] [stdout]   --> src/main.rs:23:5
[INFO] [stdout]    |
[INFO] [stdout] 23 | use driver::Driver;
[INFO] [stdout]    |     ^^^^^^^^^^^^^^
[INFO] [stdout]    |
[INFO] [stdout]    = note: `#[warn(unused_imports)]` on by default
[INFO] [stdout] 
[INFO] [stdout] 
[INFO] [stdout] warning: 77 warnings emitted
[INFO] [stdout] 
[INFO] [stdout] 
[INFO] [stderr]     Finished test [unoptimized + debuginfo] target(s) in 1.44s
[INFO] running `Command { std: "docker" "inspect" "0d78315f661e597690fb67dcb30d4b5fa62d8fa8a9dddbdeae8b9e9b35a60903", kill_on_drop: false }`
[INFO] running `Command { std: "docker" "rm" "-f" "0d78315f661e597690fb67dcb30d4b5fa62d8fa8a9dddbdeae8b9e9b35a60903", kill_on_drop: false }`
[INFO] [stdout] 0d78315f661e597690fb67dcb30d4b5fa62d8fa8a9dddbdeae8b9e9b35a60903
[INFO] running `Command { std: "docker" "create" "-v" "/var/lib/crater-agent-workspace/builds/worker-3/target:/opt/rustwide/target:rw,Z" "-v" "/var/lib/crater-agent-workspace/builds/worker-3/source:/opt/rustwide/workdir:ro,Z" "-v" "/var/lib/crater-agent-workspace/cargo-home:/opt/rustwide/cargo-home:ro,Z" "-v" "/var/lib/crater-agent-workspace/rustup-home:/opt/rustwide/rustup-home:ro,Z" "-e" "SOURCE_DIR=/opt/rustwide/workdir" "-e" "CARGO_TARGET_DIR=/opt/rustwide/target" "-e" "CARGO_INCREMENTAL=0" "-e" "RUST_BACKTRACE=full" "-e" "RUSTFLAGS=--cap-lints=warn" "-e" "CARGO_HOME=/opt/rustwide/cargo-home" "-e" "RUSTUP_HOME=/opt/rustwide/rustup-home" "-w" "/opt/rustwide/workdir" "-m" "1610612736" "--user" "0:0" "--network" "none" "ghcr.io/rust-lang/crates-build-env/linux@sha256:34b6a614d2c27851fe6cbf88fbd1137609cefab8b10d0615aaeb6fd47975d74e" "/opt/rustwide/cargo-home/bin/cargo" "+beta-2021-08-01" "test" "--frozen", kill_on_drop: false }`
[INFO] [stdout] 68a47170dbcb3767bfee2b8333543628dfae28df23bec83c6dfdd43ecad683f1
[INFO] running `Command { std: "docker" "start" "-a" "68a47170dbcb3767bfee2b8333543628dfae28df23bec83c6dfdd43ecad683f1", kill_on_drop: false }`
[INFO] [stderr] warning: An explicit [[test]] section is specified in Cargo.toml which currently
[INFO] [stderr] disables Cargo from automatically inferring other test targets.
[INFO] [stderr] This inference behavior will change in the Rust 2018 edition and the following
[INFO] [stderr] files will be included as a test target:
[INFO] [stderr] 
[INFO] [stderr] * /opt/rustwide/workdir/tests/integration.rs
[INFO] [stderr] * /opt/rustwide/workdir/tests/support.rs
[INFO] [stderr] 
[INFO] [stderr] This is likely to break cargo build or cargo test as these files may not be
[INFO] [stderr] ready to be compiled as a test target today. You can future-proof yourself
[INFO] [stderr] and disable this warning by adding `autotests = false` to your [package]
[INFO] [stderr] section. You may also move the files to a location where Cargo would not
[INFO] [stderr] automatically infer them to be a target, such as in subfolders.
[INFO] [stderr] 
[INFO] [stderr] For more information on this warning you can consult
[INFO] [stderr] https://github.com/rust-lang/cargo/issues/5330
[INFO] [stderr]     Blocking waiting for file lock on package cache
[INFO] [stderr]     Blocking waiting for file lock on package cache
[INFO] [stderr] warning: trait objects without an explicit `dyn` are deprecated
[INFO] [stderr]  --> src/error.rs:4:22
[INFO] [stderr]   |
[INFO] [stderr] 4 | pub type Error = Box<error::Error>;
[INFO] [stderr]   |                      ^^^^^^^^^^^^ help: use `dyn`: `dyn error::Error`
[INFO] [stderr]   |
[INFO] [stderr]   = note: `#[warn(bare_trait_objects)]` on by default
[INFO] [stderr]   = warning: this is accepted in the current edition (Rust 2015) but is a hard error in Rust 2021!
[INFO] [stderr]   = note: for more information, see issue #80165 <https://github.com/rust-lang/rust/issues/80165>
[INFO] [stderr] 
[INFO] [stderr] warning: use of deprecated macro `try`: use the `?` operator instead
[INFO] [stderr]   --> src/motions.rs:23:5
[INFO] [stderr]    |
[INFO] [stderr] 23 |     try!(write!(f, "{}", parent_display));
[INFO] [stderr]    |     ^^^
[INFO] [stderr]    |
[INFO] [stderr]    = note: `#[warn(deprecated)]` on by default
[INFO] [stderr] 
[INFO] [stderr] warning: use of deprecated macro `try`: use the `?` operator instead
[INFO] [stderr]   --> src/motions.rs:25:5
[INFO] [stderr]    |
[INFO] [stderr] 25 |     try!(write!(f, "{}", self.name));
[INFO] [stderr]    |     ^^^
[INFO] [stderr] 
[INFO] [stderr] warning: use of deprecated macro `try`: use the `?` operator instead
[INFO] [stderr]   --> src/motions.rs:24:31
[INFO] [stderr]    |
[INFO] [stderr] 24 |     if parent_display != "" { try!(write!(f, "/")); }
[INFO] [stderr]    |                               ^^^
[INFO] [stderr] 
[INFO] [stderr] warning: use of deprecated macro `try`: use the `?` operator instead
[INFO] [stderr]   --> src/motions.rs:38:18
[INFO] [stderr]    |
[INFO] [stderr] 38 |   let template = try!(find_template(dir));
[INFO] [stderr]    |                  ^^^
[INFO] [stderr] 
[INFO] [stderr] warning: use of deprecated macro `try`: use the `?` operator instead
[INFO] [stderr]   --> src/motions.rs:39:17
[INFO] [stderr]    |
[INFO] [stderr] 39 |   let motions = try!(find_motions(&template, dir));
[INFO] [stderr]    |                 ^^^
[INFO] [stderr] 
[INFO] [stderr] warning: use of deprecated macro `try`: use the `?` operator instead
[INFO] [stderr]   --> src/motions.rs:44:15
[INFO] [stderr]    |
[INFO] [stderr] 44 |   let paths = try!(find_paths(dir.to_path_buf(), 1));
[INFO] [stderr]    |               ^^^
[INFO] [stderr] 
[INFO] [stderr] warning: use of deprecated macro `try`: use the `?` operator instead
[INFO] [stderr]   --> src/motions.rs:52:18
[INFO] [stderr]    |
[INFO] [stderr] 52 |   let add_path = try!(
[INFO] [stderr]    |                  ^^^
[INFO] [stderr] 
[INFO] [stderr] warning: use of deprecated macro `try`: use the `?` operator instead
[INFO] [stderr]   --> src/motions.rs:58:18
[INFO] [stderr]    |
[INFO] [stderr] 58 |   let sub_path = try!(
[INFO] [stderr]    |                  ^^^
[INFO] [stderr] 
[INFO] [stderr] warning: use of deprecated macro `try`: use the `?` operator instead
[INFO] [stderr]   --> src/motions.rs:86:15
[INFO] [stderr]    |
[INFO] [stderr] 86 |   let paths = try!(find_paths(dir.to_path_buf(), 100));
[INFO] [stderr]    |               ^^^
[INFO] [stderr] 
[INFO] [stderr] warning: use of deprecated macro `try`: use the `?` operator instead
[INFO] [stderr]    --> src/motions.rs:110:32
[INFO] [stderr]     |
[INFO] [stderr] 110 |       let &(ref sub_path, _) = try!(
[INFO] [stderr]     |                                ^^^
[INFO] [stderr] 
[INFO] [stderr] warning: use of deprecated macro `try`: use the `?` operator instead
[INFO] [stderr]    --> src/motions.rs:135:6
[INFO] [stderr]     |
[INFO] [stderr] 135 |   if try!(fs::metadata(&path)).is_dir() {
[INFO] [stderr]     |      ^^^
[INFO] [stderr] 
[INFO] [stderr] warning: use of deprecated macro `try`: use the `?` operator instead
[INFO] [stderr]    --> src/motions.rs:143:18
[INFO] [stderr]     |
[INFO] [stderr] 143 |     for entry in try!(fs::read_dir(&path)) {
[INFO] [stderr]     |                  ^^^
[INFO] [stderr] 
[INFO] [stderr] warning: use of deprecated macro `try`: use the `?` operator instead
[INFO] [stderr]    --> src/motions.rs:146:28
[INFO] [stderr]     |
[INFO] [stderr] 146 |       let mut next_paths = try!(find_paths(try!(entry).path(), recurse - 1));
[INFO] [stderr]     |                            ^^^
[INFO] [stderr] 
[INFO] [stderr] warning: use of deprecated macro `try`: use the `?` operator instead
[INFO] [stderr]    --> src/motions.rs:146:44
[INFO] [stderr]     |
[INFO] [stderr] 146 |       let mut next_paths = try!(find_paths(try!(entry).path(), recurse - 1));
[INFO] [stderr]     |                                            ^^^
[INFO] [stderr] 
[INFO] [stderr] warning: use of deprecated macro `try`: use the `?` operator instead
[INFO] [stderr]    --> src/motions.rs:176:3
[INFO] [stderr]     |
[INFO] [stderr] 176 |   try!(copy_file(&template.add_path, &add_path));
[INFO] [stderr]     |   ^^^
[INFO] [stderr] 
[INFO] [stderr] warning: use of deprecated macro `try`: use the `?` operator instead
[INFO] [stderr]    --> src/motions.rs:178:3
[INFO] [stderr]     |
[INFO] [stderr] 178 |   try!(copy_file(&template.sub_path, &sub_path));
[INFO] [stderr]     |   ^^^
[INFO] [stderr] 
[INFO] [stderr] warning: use of deprecated macro `try`: use the `?` operator instead
[INFO] [stderr]    --> src/motions.rs:163:18
[INFO] [stderr]     |
[INFO] [stderr] 163 |   let template = try!(find_template(dir));
[INFO] [stderr]     |                  ^^^
[INFO] [stderr] 
[INFO] [stderr] warning: use of deprecated macro `try`: use the `?` operator instead
[INFO] [stderr]    --> src/motions.rs:201:3
[INFO] [stderr]     |
[INFO] [stderr] 201 |   try!(in_file.read_to_string(&mut contents));
[INFO] [stderr]     |   ^^^
[INFO] [stderr] 
[INFO] [stderr] warning: use of deprecated macro `try`: use the `?` operator instead
[INFO] [stderr]    --> src/motions.rs:207:3
[INFO] [stderr]     |
[INFO] [stderr] 207 |   try!(out_file.write_all(contents.as_bytes()));
[INFO] [stderr]     |   ^^^
[INFO] [stderr] 
[INFO] [stderr] warning: use of deprecated macro `try`: use the `?` operator instead
[INFO] [stderr]    --> src/motions.rs:198:21
[INFO] [stderr]     |
[INFO] [stderr] 198 |   let mut in_file = try!(File::open(in_path));
[INFO] [stderr]     |                     ^^^
[INFO] [stderr] 
[INFO] [stderr] warning: use of deprecated macro `try`: use the `?` operator instead
[INFO] [stderr]    --> src/motions.rs:203:45
[INFO] [stderr]     |
[INFO] [stderr] 203 |   if let Some(parent) = out_path.parent() { try!(fs::create_dir_all(parent)); }
[INFO] [stderr]     |                                             ^^^
[INFO] [stderr] 
[INFO] [stderr] warning: use of deprecated macro `try`: use the `?` operator instead
[INFO] [stderr]    --> src/motions.rs:205:22
[INFO] [stderr]     |
[INFO] [stderr] 205 |   let mut out_file = try!(File::create(out_path));
[INFO] [stderr]     |                      ^^^
[INFO] [stderr] 
[INFO] [stderr] warning: trait objects without an explicit `dyn` are deprecated
[INFO] [stderr]   --> src/accelerator.rs:15:15
[INFO] [stderr]    |
[INFO] [stderr] 15 |   driver: Box<Driver>,
[INFO] [stderr]    |               ^^^^^^ help: use `dyn`: `dyn Driver`
[INFO] [stderr]    |
[INFO] [stderr]    = warning: this is accepted in the current edition (Rust 2015) but is a hard error in Rust 2021!
[INFO] [stderr]    = note: for more information, see issue #80165 <https://github.com/rust-lang/rust/issues/80165>
[INFO] [stderr] 
[INFO] [stderr] warning: trait objects without an explicit `dyn` are deprecated
[INFO] [stderr]   --> src/accelerator.rs:20:26
[INFO] [stderr]    |
[INFO] [stderr] 20 |   pub fn new(driver: Box<Driver>, motions: Vec<Motion>) -> Result<Self, Error> {
[INFO] [stderr]    |                          ^^^^^^ help: use `dyn`: `dyn Driver`
[INFO] [stderr]    |
[INFO] [stderr]    = warning: this is accepted in the current edition (Rust 2015) but is a hard error in Rust 2021!
[INFO] [stderr]    = note: for more information, see issue #80165 <https://github.com/rust-lang/rust/issues/80165>
[INFO] [stderr] 
[INFO] [stderr] warning: use of deprecated macro `try`: use the `?` operator instead
[INFO] [stderr]   --> src/accelerator.rs:21:19
[INFO] [stderr]    |
[INFO] [stderr] 21 |     let records = try!(driver.get_records());
[INFO] [stderr]    |                   ^^^
[INFO] [stderr] 
[INFO] [stderr] warning: use of deprecated macro `try`: use the `?` operator instead
[INFO] [stderr]   --> src/accelerator.rs:22:17
[INFO] [stderr]    |
[INFO] [stderr] 22 |     let state = try!(diff_motions(records, motions));
[INFO] [stderr]    |                 ^^^
[INFO] [stderr] 
[INFO] [stderr] warning: use of deprecated macro `try`: use the `?` operator instead
[INFO] [stderr]   --> src/accelerator.rs:40:9
[INFO] [stderr]    |
[INFO] [stderr] 40 |         try!(file.read_to_string(&mut transaction));
[INFO] [stderr]    |         ^^^
[INFO] [stderr] 
[INFO] [stderr] warning: use of deprecated macro `try`: use the `?` operator instead
[INFO] [stderr]   --> src/accelerator.rs:42:9
[INFO] [stderr]    |
[INFO] [stderr] 42 |         try!(self.driver.execute(transaction));
[INFO] [stderr]    |         ^^^
[INFO] [stderr] 
[INFO] [stderr] warning: use of deprecated macro `try`: use the `?` operator instead
[INFO] [stderr]   --> src/accelerator.rs:44:9
[INFO] [stderr]    |
[INFO] [stderr] 44 |         try!(self.driver.add_record(&motion.name));
[INFO] [stderr]    |         ^^^
[INFO] [stderr] 
[INFO] [stderr] warning: use of deprecated macro `try`: use the `?` operator instead
[INFO] [stderr]   --> src/accelerator.rs:38:24
[INFO] [stderr]    |
[INFO] [stderr] 38 |         let mut file = try!(File::open(&motion.add_path));
[INFO] [stderr]    |                        ^^^
[INFO] [stderr] 
[INFO] [stderr] warning: use of deprecated macro `try`: use the `?` operator instead
[INFO] [stderr]   --> src/accelerator.rs:69:9
[INFO] [stderr]    |
[INFO] [stderr] 69 |         try!(file.read_to_string(&mut transaction));
[INFO] [stderr]    |         ^^^
[INFO] [stderr] 
[INFO] [stderr] warning: use of deprecated macro `try`: use the `?` operator instead
[INFO] [stderr]   --> src/accelerator.rs:71:9
[INFO] [stderr]    |
[INFO] [stderr] 71 |         try!(self.driver.execute(transaction));
[INFO] [stderr]    |         ^^^
[INFO] [stderr] 
[INFO] [stderr] warning: use of deprecated macro `try`: use the `?` operator instead
[INFO] [stderr]   --> src/accelerator.rs:73:9
[INFO] [stderr]    |
[INFO] [stderr] 73 |         try!(self.driver.sub_record(&motion.name));
[INFO] [stderr]    |         ^^^
[INFO] [stderr] 
[INFO] [stderr] warning: use of deprecated macro `try`: use the `?` operator instead
[INFO] [stderr]   --> src/accelerator.rs:67:24
[INFO] [stderr]    |
[INFO] [stderr] 67 |         let mut file = try!(File::open(&motion.sub_path));
[INFO] [stderr]    |                        ^^^
[INFO] [stderr] 
[INFO] [stderr] warning: use of deprecated macro `try`: use the `?` operator instead
[INFO] [stderr]   --> src/driver/postgres.rs:22:5
[INFO] [stderr]    |
[INFO] [stderr] 22 |     try!(connection.execute(CREATE_SCHEMA_QUERY, &[]));
[INFO] [stderr]    |     ^^^
[INFO] [stderr] 
[INFO] [stderr] warning: use of deprecated macro `try`: use the `?` operator instead
[INFO] [stderr]   --> src/driver/postgres.rs:23:5
[INFO] [stderr]    |
[INFO] [stderr] 23 |     try!(connection.execute(CREATE_TABLE_QUERY, &[]));
[INFO] [stderr]    |     ^^^
[INFO] [stderr] 
[INFO] [stderr] warning: use of deprecated macro `try`: use the `?` operator instead
[INFO] [stderr]   --> src/driver/postgres.rs:20:22
[INFO] [stderr]    |
[INFO] [stderr] 20 |     let connection = try!(Connection::connect(conn_string, SslMode::None));
[INFO] [stderr]    |                      ^^^
[INFO] [stderr] 
[INFO] [stderr] warning: use of deprecated macro `try`: use the `?` operator instead
[INFO] [stderr]   --> src/driver/postgres.rs:38:8
[INFO] [stderr]    |
[INFO] [stderr] 38 |     Ok(try!(self.connection.query(GET_RECORDS_QUERY, &[])).iter().map(|row| row.get(0)).collect())
[INFO] [stderr]    |        ^^^
[INFO] [stderr] 
[INFO] [stderr] warning: use of deprecated macro `try`: use the `?` operator instead
[INFO] [stderr]   --> src/driver/postgres.rs:42:24
[INFO] [stderr]    |
[INFO] [stderr] 42 |     let rows_updated = try!(self.connection.execute(ADD_RECORD_QUERY, &[&record]));
[INFO] [stderr]    |                        ^^^
[INFO] [stderr] 
[INFO] [stderr] warning: use of deprecated macro `try`: use the `?` operator instead
[INFO] [stderr]   --> src/driver/postgres.rs:51:24
[INFO] [stderr]    |
[INFO] [stderr] 51 |     let rows_updated = try!(self.connection.execute(SUB_RECORD_QUERY, &[&record]));
[INFO] [stderr]    |                        ^^^
[INFO] [stderr] 
[INFO] [stderr] warning: use of deprecated macro `try`: use the `?` operator instead
[INFO] [stderr]   --> src/driver/postgres.rs:60:5
[INFO] [stderr]    |
[INFO] [stderr] 60 |     try!(self.connection.batch_execute(&query));
[INFO] [stderr]    |     ^^^
[INFO] [stderr] 
[INFO] [stderr] warning: trait objects without an explicit `dyn` are deprecated
[INFO] [stderr]   --> src/driver/mod.rs:15:69
[INFO] [stderr]    |
[INFO] [stderr] 15 | pub fn get(driver_name: Option<&str>, conn_str: &str) -> Result<Box<Driver>, Error> {
[INFO] [stderr]    |                                                                     ^^^^^^ help: use `dyn`: `dyn Driver`
[INFO] [stderr]    |
[INFO] [stderr]    = warning: this is accepted in the current edition (Rust 2015) but is a hard error in Rust 2021!
[INFO] [stderr]    = note: for more information, see issue #80165 <https://github.com/rust-lang/rust/issues/80165>
[INFO] [stderr] 
[INFO] [stderr] warning: trait objects without an explicit `dyn` are deprecated
[INFO] [stderr]   --> src/driver/mod.rs:23:65
[INFO] [stderr]    |
[INFO] [stderr] 23 | fn get_by_name(driver_name: &str, conn_str: &str) -> Result<Box<Driver>, Error> {
[INFO] [stderr]    |                                                                 ^^^^^^ help: use `dyn`: `dyn Driver`
[INFO] [stderr]    |
[INFO] [stderr]    = warning: this is accepted in the current edition (Rust 2015) but is a hard error in Rust 2021!
[INFO] [stderr]    = note: for more information, see issue #80165 <https://github.com/rust-lang/rust/issues/80165>
[INFO] [stderr] 
[INFO] [stderr] warning: use of deprecated macro `try`: use the `?` operator instead
[INFO] [stderr]   --> src/driver/mod.rs:32:31
[INFO] [stderr]    |
[INFO] [stderr] 32 |     "postgres" => Ok(Box::new(try!(postgres::PostgresDriver::connect(conn_str)))),
[INFO] [stderr]    |                               ^^^
[INFO] [stderr] 
[INFO] [stderr] warning: trait objects without an explicit `dyn` are deprecated
[INFO] [stderr]   --> src/driver/mod.rs:38:50
[INFO] [stderr]    |
[INFO] [stderr] 38 | fn get_by_conn_str(conn_str: &str) -> Result<Box<Driver>, Error> {
[INFO] [stderr]    |                                                  ^^^^^^ help: use `dyn`: `dyn Driver`
[INFO] [stderr]    |
[INFO] [stderr]    = warning: this is accepted in the current edition (Rust 2015) but is a hard error in Rust 2021!
[INFO] [stderr]    = note: for more information, see issue #80165 <https://github.com/rust-lang/rust/issues/80165>
[INFO] [stderr] 
[INFO] [stderr] warning: use of deprecated macro `try`: use the `?` operator instead
[INFO] [stderr]   --> src/driver/mod.rs:42:19
[INFO] [stderr]    |
[INFO] [stderr] 42 |       Ok(Box::new(try!(postgres::PostgresDriver::connect(conn_str)))),
[INFO] [stderr]    |                   ^^^
[INFO] [stderr] 
[INFO] [stderr] warning: use of deprecated macro `try`: use the `?` operator instead
[INFO] [stderr]    --> src/main.rs:169:20
[INFO] [stderr]     |
[INFO] [stderr] 169 |     let database = try!(database.ok_or(error!("A database connection string is required and none was found in either the command line arg...
[INFO] [stderr]     |                    ^^^
[INFO] [stderr] 
[INFO] [stderr] warning: use of deprecated macro `try`: use the `?` operator instead
[INFO] [stderr]    --> src/main.rs:173:41
[INFO] [stderr]     |
[INFO] [stderr] 173 |   let accelerator = || Accelerator::new(try!(driver()), try!(motions()));
[INFO] [stderr]     |                                         ^^^
[INFO] [stderr] 
[INFO] [stderr] warning: use of deprecated macro `try`: use the `?` operator instead
[INFO] [stderr]    --> src/main.rs:173:57
[INFO] [stderr]     |
[INFO] [stderr] 173 |   let accelerator = || Accelerator::new(try!(driver()), try!(motions()));
[INFO] [stderr]     |                                                         ^^^
[INFO] [stderr] 
[INFO] [stderr] warning: use of deprecated macro `try`: use the `?` operator instead
[INFO] [stderr]    --> src/main.rs:177:21
[INFO] [stderr]     |
[INFO] [stderr] 177 |       for motion in try!(motions()) {
[INFO] [stderr]     |                     ^^^
[INFO] [stderr] 
[INFO] [stderr] warning: use of deprecated macro `try`: use the `?` operator instead
[INFO] [stderr]    --> src/main.rs:182:20
[INFO] [stderr]     |
[INFO] [stderr] 182 |       let driver = try!(driver());
[INFO] [stderr]     |                    ^^^
[INFO] [stderr] 
[INFO] [stderr] warning: use of deprecated macro `try`: use the `?` operator instead
[INFO] [stderr]    --> src/main.rs:183:21
[INFO] [stderr]     |
[INFO] [stderr] 183 |       let records = try!(driver.get_records());
[INFO] [stderr]     |                     ^^^
[INFO] [stderr] 
[INFO] [stderr] warning: use of deprecated macro `try`: use the `?` operator instead
[INFO] [stderr]    --> src/main.rs:184:21
[INFO] [stderr]     |
[INFO] [stderr] 184 |       for motion in try!(motions()) {
[INFO] [stderr]     |                     ^^^
[INFO] [stderr] 
[INFO] [stderr] warning: use of deprecated macro `try`: use the `?` operator instead
[INFO] [stderr]    --> src/main.rs:193:7
[INFO] [stderr]     |
[INFO] [stderr] 193 |       try!(motions::create(&directory(), matches.value_of("name").unwrap()));
[INFO] [stderr]     |       ^^^
[INFO] [stderr] 
[INFO] [stderr] warning: use of deprecated macro `try`: use the `?` operator instead
[INFO] [stderr]    --> src/main.rs:198:7
[INFO] [stderr]     |
[INFO] [stderr] 198 |       try!(accelerator.add(n));
[INFO] [stderr]     |       ^^^
[INFO] [stderr] 
[INFO] [stderr] warning: use of deprecated macro `try`: use the `?` operator instead
[INFO] [stderr]    --> src/main.rs:196:29
[INFO] [stderr]     |
[INFO] [stderr] 196 |       let mut accelerator = try!(accelerator());
[INFO] [stderr]     |                             ^^^
[INFO] [stderr] 
[INFO] [stderr] warning: use of deprecated macro `try`: use the `?` operator instead
[INFO] [stderr]    --> src/main.rs:197:15
[INFO] [stderr]     |
[INFO] [stderr] 197 |       let n = try!(matches.value_of("n").unwrap_or("1").parse::<usize>());
[INFO] [stderr]     |               ^^^
[INFO] [stderr] 
[INFO] [stderr] warning: use of deprecated macro `try`: use the `?` operator instead
[INFO] [stderr]    --> src/main.rs:204:7
[INFO] [stderr]     |
[INFO] [stderr] 204 |       try!(accelerator.sub(n));
[INFO] [stderr]     |       ^^^
[INFO] [stderr] 
[INFO] [stderr] warning: use of deprecated macro `try`: use the `?` operator instead
[INFO] [stderr]    --> src/main.rs:201:26
[INFO] [stderr]     |
[INFO] [stderr] 201 |       if !auto_confirm { try!(confirm()); }
[INFO] [stderr]     |                          ^^^
[INFO] [stderr] 
[INFO] [stderr] warning: use of deprecated macro `try`: use the `?` operator instead
[INFO] [stderr]    --> src/main.rs:202:29
[INFO] [stderr]     |
[INFO] [stderr] 202 |       let mut accelerator = try!(accelerator());
[INFO] [stderr]     |                             ^^^
[INFO] [stderr] 
[INFO] [stderr] warning: use of deprecated macro `try`: use the `?` operator instead
[INFO] [stderr]    --> src/main.rs:203:15
[INFO] [stderr]     |
[INFO] [stderr] 203 |       let n = try!(matches.value_of("n").unwrap_or("1").parse::<usize>());
[INFO] [stderr]     |               ^^^
[INFO] [stderr] 
[INFO] [stderr] warning: use of deprecated macro `try`: use the `?` operator instead
[INFO] [stderr]    --> src/main.rs:208:7
[INFO] [stderr]     |
[INFO] [stderr] 208 |       try!(accelerator.add(usize::max_value()));
[INFO] [stderr]     |       ^^^
[INFO] [stderr] 
[INFO] [stderr] warning: use of deprecated macro `try`: use the `?` operator instead
[INFO] [stdout] 
[INFO] [stderr]    --> src/main.rs:207:29
[INFO] [stdout] running 25 tests
[INFO] [stderr]     |
[INFO] [stderr] 207 |       let mut accelerator = try!(accelerator());
[INFO] [stderr]     |                             ^^^
[INFO] [stderr] 
[INFO] [stderr] warning: use of deprecated macro `try`: use the `?` operator instead
[INFO] [stderr]    --> src/main.rs:213:7
[INFO] [stderr]     |
[INFO] [stderr] 213 |       try!(accelerator.sub(usize::max_value()));
[INFO] [stderr]     |       ^^^
[INFO] [stderr] 
[INFO] [stderr] warning: use of deprecated macro `try`: use the `?` operator instead
[INFO] [stderr]    --> src/main.rs:211:26
[INFO] [stderr]     |
[INFO] [stderr] 211 |       if !auto_confirm { try!(confirm()); }
[INFO] [stderr]     |                          ^^^
[INFO] [stderr] 
[INFO] [stderr] warning: use of deprecated macro `try`: use the `?` operator instead
[INFO] [stderr]    --> src/main.rs:212:29
[INFO] [stderr]     |
[INFO] [stderr] 212 |       let mut accelerator = try!(accelerator());
[INFO] [stderr]     |                             ^^^
[INFO] [stderr] 
[INFO] [stderr] warning: use of deprecated macro `try`: use the `?` operator instead
[INFO] [stderr]    --> src/main.rs:218:7
[INFO] [stderr]     |
[INFO] [stderr] 218 |       try!(accelerator.sub(1));
[INFO] [stderr]     |       ^^^
[INFO] [stderr] 
[INFO] [stderr] warning: use of deprecated macro `try`: use the `?` operator instead
[INFO] [stderr]    --> src/main.rs:219:7
[INFO] [stderr]     |
[INFO] [stderr] 219 |       try!(accelerator.add(1));
[INFO] [stderr]     |       ^^^
[INFO] [stderr] 
[INFO] [stderr] warning: use of deprecated macro `try`: use the `?` operator instead
[INFO] [stderr]    --> src/main.rs:216:26
[INFO] [stderr]     |
[INFO] [stderr] 216 |       if !auto_confirm { try!(confirm()); }
[INFO] [stderr]     |                          ^^^
[INFO] [stderr] 
[INFO] [stderr] warning: use of deprecated macro `try`: use the `?` operator instead
[INFO] [stderr]    --> src/main.rs:217:29
[INFO] [stderr]     |
[INFO] [stderr] 217 |       let mut accelerator = try!(accelerator());
[INFO] [stderr]     |                             ^^^
[INFO] [stderr] 
[INFO] [stderr] warning: use of deprecated macro `try`: use the `?` operator instead
[INFO] [stderr]    --> src/main.rs:225:7
[INFO] [stderr]     |
[INFO] [stderr] 225 |       try!(accelerator.sub(usize::max_value()));
[INFO] [stderr]     |       ^^^
[INFO] [stderr] 
[INFO] [stderr] warning: use of deprecated macro `try`: use the `?` operator instead
[INFO] [stderr]    --> src/main.rs:226:7
[INFO] [stderr]     |
[INFO] [stderr] 226 |       try!(accelerator.add(applied));
[INFO] [stderr]     |       ^^^
[INFO] [stderr] 
[INFO] [stderr] warning: use of deprecated macro `try`: use the `?` operator instead
[INFO] [stderr]    --> src/main.rs:222:26
[INFO] [stderr]     |
[INFO] [stderr] 222 |       if !auto_confirm { try!(confirm()); }
[INFO] [stderr]     |                          ^^^
[INFO] [stderr] 
[INFO] [stderr] warning: use of deprecated macro `try`: use the `?` operator instead
[INFO] [stderr]    --> src/main.rs:223:29
[INFO] [stderr]     |
[INFO] [stderr] 223 |       let mut accelerator = try!(accelerator());
[INFO] [stderr]     |                             ^^^
[INFO] [stderr] 
[INFO] [stderr] warning: use of deprecated macro `try`: use the `?` operator instead
[INFO] [stderr]    --> src/main.rs:240:3
[INFO] [stderr]     |
[INFO] [stderr] 240 |   try!(stdin.lock().read_line(&mut line));
[INFO] [stderr]     |   ^^^
[INFO] [stderr] 
[INFO] [stderr] warning: unused import: `driver::Driver`
[INFO] [stderr]   --> src/main.rs:23:5
[INFO] [stderr]    |
[INFO] [stderr] 23 | use driver::Driver;
[INFO] [stderr]    |     ^^^^^^^^^^^^^^
[INFO] [stderr]    |
[INFO] [stderr]    = note: `#[warn(unused_imports)]` on by default
[INFO] [stderr] 
[INFO] [stderr] warning: `accelerate` (bin "accelerate") generated 77 warnings
[INFO] [stderr] warning: `accelerate` (bin "accelerate" test) generated 77 warnings (77 duplicates)
[INFO] [stderr]     Finished test [unoptimized + debuginfo] target(s) in 0.78s
[INFO] [stderr]      Running unittests (/opt/rustwide/target/debug/deps/accelerate-8fe40f9cf017766b)
[INFO] [stdout] test accelerator::tests::test_accelerator_add_1 ... ok
[INFO] [stdout] test accelerator::tests::test_accelerator_add_3 ... ok
[INFO] [stdout] test accelerator::tests::test_accelerator_sub_2 ... ok
[INFO] [stdout] test accelerator::tests::test_accelerator_sub_1 ... ok
[INFO] [stdout] test accelerator::tests::test_accelerator_add_2 ... ok
[INFO] [stdout] test accelerator::tests::test_accelerator_sub_3 ... ok
[INFO] [stdout] test accelerator::tests::test_diff_motions_all ... ok
[INFO] [stdout] test accelerator::tests::test_diff_motions_extra_names ... ok
[INFO] [stdout] test accelerator::tests::test_diff_motions_none ... ok
[INFO] [stdout] test accelerator::tests::test_diff_motions_some ... ok
[INFO] [stdout] test accelerator::tests::test_diff_motions_unequal ... ok
[INFO] [stdout] test motions::tests::test_motion_display_current_dir ... ok
[INFO] [stdout] test motions::tests::test_motion_display_extension ... ok
[INFO] [stdout] test motions::tests::test_motion_display_nested_dir ... ok
[INFO] [stdout] test motions::tests::test_fixtures_bad_templateless ... ok
[INFO] [stdout] test motions::tests::test_template_basic ... ok
[INFO] [stdout] test motions::tests::test_template_nested ... ok
[INFO] [stdout] test motions::tests::test_template_extension ... ok
[INFO] [stdout] test motions::tests::test_bad_names ... ok
[INFO] [stdout] test motions::tests::test_find_paths_limit_recurse_1 ... FAILED
[INFO] [stdout] test motions::tests::test_find_paths ... FAILED
[INFO] [stdout] test motions::tests::test_find_paths_limit_recurse_2 ... FAILED
[INFO] [stdout] test motions::tests::test_fixtures_basic ... ok
[INFO] [stdout] test motions::tests::test_fixtures_extension ... ok
[INFO] [stdout] test motions::tests::test_fixtures_nested ... ok
[INFO] [stdout] 
[INFO] [stdout] failures:
[INFO] [stdout] 
[INFO] [stdout] ---- motions::tests::test_find_paths_limit_recurse_1 stdout ----
[INFO] [stdout] thread 'motions::tests::test_find_paths_limit_recurse_1' panicked at 'assertion failed: `(left == right)`
[INFO] [stdout]   left: `["tests/fixtures/nested/234567-bar.sub", "tests/fixtures/nested/template.add", "tests/fixtures/nested/template.sub", "tests/fixtures/nested/234567-bar.add"]`,
[INFO] [stdout]  right: `["tests/fixtures/nested/234567-bar.add", "tests/fixtures/nested/234567-bar.sub", "tests/fixtures/nested/template.add", "tests/fixtures/nested/template.sub"]`', src/motions.rs:238:5
[INFO] [stdout] stack backtrace:
[INFO] [stdout]    0:     0x55793e477680 - std::backtrace_rs::backtrace::libunwind::trace::hff4d1766e93f64f1
[INFO] [stdout]                                at /rustc/53fd98ca776cb875bc9e5514f56b52eb74f9e7a9/library/std/src/../../backtrace/src/backtrace/libunwind.rs:90:5
[INFO] [stdout]    1:     0x55793e477680 - std::backtrace_rs::backtrace::trace_unsynchronized::h56bbc8eb78770bcb
[INFO] [stdout]                                at /rustc/53fd98ca776cb875bc9e5514f56b52eb74f9e7a9/library/std/src/../../backtrace/src/backtrace/mod.rs:66:5
[INFO] [stdout]    2:     0x55793e477680 - std::sys_common::backtrace::_print_fmt::h5c8e75464faca780
[INFO] [stdout]                                at /rustc/53fd98ca776cb875bc9e5514f56b52eb74f9e7a9/library/std/src/sys_common/backtrace.rs:67:5
[INFO] [stdout]    3:     0x55793e477680 - <std::sys_common::backtrace::_print::DisplayBacktrace as core::fmt::Display>::fmt::h48b88277def8b362
[INFO] [stdout]                                at /rustc/53fd98ca776cb875bc9e5514f56b52eb74f9e7a9/library/std/src/sys_common/backtrace.rs:46:22
[INFO] [stdout]    4:     0x55793e49a26c - core::fmt::write::h3381b3176fe2b3d3
[INFO] [stdout]                                at /rustc/53fd98ca776cb875bc9e5514f56b52eb74f9e7a9/library/core/src/fmt/mod.rs:1115:17
[INFO] [stdout]    5:     0x55793e4742c5 - std::io::Write::write_fmt::h5f34a676f60246b5
[INFO] [stdout]                                at /rustc/53fd98ca776cb875bc9e5514f56b52eb74f9e7a9/library/std/src/io/mod.rs:1665:15
[INFO] [stdout]    6:     0x55793e4797fb - std::sys_common::backtrace::_print::ha537687d6c17dd0d
[INFO] [stdout]                                at /rustc/53fd98ca776cb875bc9e5514f56b52eb74f9e7a9/library/std/src/sys_common/backtrace.rs:49:5
[INFO] [stdout]    7:     0x55793e4797fb - std::sys_common::backtrace::print::h61376ae57d131d72
[INFO] [stdout]                                at /rustc/53fd98ca776cb875bc9e5514f56b52eb74f9e7a9/library/std/src/sys_common/backtrace.rs:36:9
[INFO] [stdout]    8:     0x55793e4797fb - std::panicking::default_hook::{{closure}}::h0f7208c0b9644a54
[INFO] [stdout]                                at /rustc/53fd98ca776cb875bc9e5514f56b52eb74f9e7a9/library/std/src/panicking.rs:208:50
[INFO] [stdout]    9:     0x55793e47930c - std::panicking::default_hook::hdac7fc06578c14ce
[INFO] [stdout]                                at /rustc/53fd98ca776cb875bc9e5514f56b52eb74f9e7a9/library/std/src/panicking.rs:222:9
[INFO] [stdout]   10:     0x55793e479ec4 - std::panicking::rust_panic_with_hook::h72b21c283da3d1ef
[INFO] [stdout]                                at /rustc/53fd98ca776cb875bc9e5514f56b52eb74f9e7a9/library/std/src/panicking.rs:622:17
[INFO] [stdout]   11:     0x55793e4799a7 - std::panicking::begin_panic_handler::{{closure}}::he5778f1729cff84a
[INFO] [stdout]                                at /rustc/53fd98ca776cb875bc9e5514f56b52eb74f9e7a9/library/std/src/panicking.rs:519:13
[INFO] [stdout]   12:     0x55793e477b5c - std::sys_common::backtrace::__rust_end_short_backtrace::h2d11ca8b453b4b1d
[INFO] [stdout]                                at /rustc/53fd98ca776cb875bc9e5514f56b52eb74f9e7a9/library/std/src/sys_common/backtrace.rs:141:18
[INFO] [stdout]   13:     0x55793e479909 - rust_begin_unwind
[INFO] [stdout]                                at /rustc/53fd98ca776cb875bc9e5514f56b52eb74f9e7a9/library/std/src/panicking.rs:515:5
[INFO] [stdout]   14:     0x55793e2ea431 - core::panicking::panic_fmt::hf9de31d4acbce4db
[INFO] [stdout]                                at /rustc/53fd98ca776cb875bc9e5514f56b52eb74f9e7a9/library/core/src/panicking.rs:92:14
[INFO] [stdout]   15:     0x55793e498b88 - core::panicking::assert_failed_inner::h62e8cb2847a6e7ec
[INFO] [stdout]   16:     0x55793e304bca - core::panicking::assert_failed::h2601b40b69a8cd7d
[INFO] [stdout]                                at /rustc/53fd98ca776cb875bc9e5514f56b52eb74f9e7a9/library/core/src/panicking.rs:117:5
[INFO] [stdout]   17:     0x55793e2f267d - accelerate::motions::tests::test_find_paths_limit_recurse_1::hd632d01bead4d868
[INFO] [stdout]                                at /opt/rustwide/workdir/src/motions.rs:238:5
[INFO] [stdout]   18:     0x55793e2f23aa - accelerate::motions::tests::test_find_paths_limit_recurse_1::{{closure}}::h6944fe58929c0b5b
[INFO] [stdout]                                at /opt/rustwide/workdir/src/motions.rs:237:3
[INFO] [stdout]   19:     0x55793e30932e - core::ops::function::FnOnce::call_once::h03af6a7edff3262a
[INFO] [stdout]                                at /rustc/53fd98ca776cb875bc9e5514f56b52eb74f9e7a9/library/core/src/ops/function.rs:227:5
[INFO] [stdout]   20:     0x55793e33f463 - core::ops::function::FnOnce::call_once::hbb52c4519d3137b0
[INFO] [stdout]                                at /rustc/53fd98ca776cb875bc9e5514f56b52eb74f9e7a9/library/core/src/ops/function.rs:227:5
[INFO] [stdout]   21:     0x55793e33f463 - test::__rust_begin_short_backtrace::h86fe3a2a5a5121af
[INFO] [stdout]                                at /rustc/53fd98ca776cb875bc9e5514f56b52eb74f9e7a9/library/test/src/lib.rs:578:5
[INFO] [stdout]   22:     0x55793e33df18 - <alloc::boxed::Box<F,A> as core::ops::function::FnOnce<Args>>::call_once::hfd956bc3d57399be
[INFO] [stdout]                                at /rustc/53fd98ca776cb875bc9e5514f56b52eb74f9e7a9/library/alloc/src/boxed.rs:1572:9
[INFO] [stdout]   23:     0x55793e33df18 - <std::panic::AssertUnwindSafe<F> as core::ops::function::FnOnce<()>>::call_once::h40dc93e0ddb5938a
[INFO] [stdout]                                at /rustc/53fd98ca776cb875bc9e5514f56b52eb74f9e7a9/library/std/src/panic.rs:347:9
[INFO] [stdout]   24:     0x55793e33df18 - std::panicking::try::do_call::h90d07750cb47c562
[INFO] [stdout]                                at /rustc/53fd98ca776cb875bc9e5514f56b52eb74f9e7a9/library/std/src/panicking.rs:401:40
[INFO] [stdout]   25:     0x55793e33df18 - std::panicking::try::h063c84733ad2a629
[INFO] [stdout]                                at /rustc/53fd98ca776cb875bc9e5514f56b52eb74f9e7a9/library/std/src/panicking.rs:365:19
[INFO] [stdout]   26:     0x55793e33df18 - std::panic::catch_unwind::h0c464836a84e7c08
[INFO] [stdout]                                at /rustc/53fd98ca776cb875bc9e5514f56b52eb74f9e7a9/library/std/src/panic.rs:434:14
[INFO] [stdout]   27:     0x55793e33df18 - test::run_test_in_process::h5cb06ef620b157fc
[INFO] [stdout]                                at /rustc/53fd98ca776cb875bc9e5514f56b52eb74f9e7a9/library/test/src/lib.rs:601:18
[INFO] [stdout]   28:     0x55793e33df18 - test::run_test::run_test_inner::{{closure}}::h76f677f4b93f9828
[INFO] [stdout]                                at /rustc/53fd98ca776cb875bc9e5514f56b52eb74f9e7a9/library/test/src/lib.rs:493:39
[INFO] [stdout]   29:     0x55793e30c6ad - test::run_test::run_test_inner::{{closure}}::h366d01fe04f4d67a
[INFO] [stdout]                                at /rustc/53fd98ca776cb875bc9e5514f56b52eb74f9e7a9/library/test/src/lib.rs:520:37
[INFO] [stdout]   30:     0x55793e30c6ad - std::sys_common::backtrace::__rust_begin_short_backtrace::h7dfa0de4eb395af2
[INFO] [stdout]                                at /rustc/53fd98ca776cb875bc9e5514f56b52eb74f9e7a9/library/std/src/sys_common/backtrace.rs:125:18
[INFO] [stdout]   31:     0x55793e310e78 - std::thread::Builder::spawn_unchecked::{{closure}}::{{closure}}::hf0a74bb58798037f
[INFO] [stdout]                                at /rustc/53fd98ca776cb875bc9e5514f56b52eb74f9e7a9/library/std/src/thread/mod.rs:476:17
[INFO] [stdout]   32:     0x55793e310e78 - <std::panic::AssertUnwindSafe<F> as core::ops::function::FnOnce<()>>::call_once::hb024e854818586ac
[INFO] [stdout]                                at /rustc/53fd98ca776cb875bc9e5514f56b52eb74f9e7a9/library/std/src/panic.rs:347:9
[INFO] [stdout]   33:     0x55793e310e78 - std::panicking::try::do_call::hb2dd9f1d0d48e41d
[INFO] [stdout]                                at /rustc/53fd98ca776cb875bc9e5514f56b52eb74f9e7a9/library/std/src/panicking.rs:401:40
[INFO] [stdout]   34:     0x55793e310e78 - std::panicking::try::h4717ae7bac8b2bf3
[INFO] [stdout]                                at /rustc/53fd98ca776cb875bc9e5514f56b52eb74f9e7a9/library/std/src/panicking.rs:365:19
[INFO] [stdout]   35:     0x55793e310e78 - std::panic::catch_unwind::h0dc8a061326ce8d8
[INFO] [stdout]                                at /rustc/53fd98ca776cb875bc9e5514f56b52eb74f9e7a9/library/std/src/panic.rs:434:14
[INFO] [stdout]   36:     0x55793e310e78 - std::thread::Builder::spawn_unchecked::{{closure}}::haa369e2d6fd00aa1
[INFO] [stdout]                                at /rustc/53fd98ca776cb875bc9e5514f56b52eb74f9e7a9/library/std/src/thread/mod.rs:475:30
[INFO] [stdout]   37:     0x55793e310e78 - core::ops::function::FnOnce::call_once{{vtable.shim}}::h36dcf3de8b056f17
[INFO] [stdout]                                at /rustc/53fd98ca776cb875bc9e5514f56b52eb74f9e7a9/library/core/src/ops/function.rs:227:5
[INFO] [stdout]   38:     0x55793e47ee57 - <alloc::boxed::Box<F,A> as core::ops::function::FnOnce<Args>>::call_once::h65c29e4642be2358
[INFO] [stdout]                                at /rustc/53fd98ca776cb875bc9e5514f56b52eb74f9e7a9/library/alloc/src/boxed.rs:1572:9
[INFO] [stdout]   39:     0x55793e47ee57 - <alloc::boxed::Box<F,A> as core::ops::function::FnOnce<Args>>::call_once::hd0f8f7fbbd9fffbf
[INFO] [stdout]                                at /rustc/53fd98ca776cb875bc9e5514f56b52eb74f9e7a9/library/alloc/src/boxed.rs:1572:9
[INFO] [stdout]   40:     0x55793e47ee57 - std::sys::unix::thread::Thread::new::thread_start::h2fd22fee3ca77b65
[INFO] [stdout]                                at /rustc/53fd98ca776cb875bc9e5514f56b52eb74f9e7a9/library/std/src/sys/unix/thread.rs:74:17
[INFO] [stdout]   41:     0x7fc09ee6b609 - start_thread
[INFO] [stdout]   42:     0x7fc09ec3d293 - clone
[INFO] [stdout]   43:                0x0 - <unknown>
[INFO] [stdout] 
[INFO] [stdout] ---- motions::tests::test_find_paths stdout ----
[INFO] [stdout] thread 'motions::tests::test_find_paths' panicked at 'assertion failed: `(left == right)`
[INFO] [stdout]   left: `["tests/fixtures/nested/234567-bar.sub", "tests/fixtures/nested/template.add", "tests/fixtures/nested/template.sub", "tests/fixtures/nested/b/123456-foo.sub", "tests/fixtures/nested/b/123456-foo.add", "tests/fixtures/nested/b/c/456789-qux.sub", "tests/fixtures/nested/b/c/456789-qux.add", "tests/fixtures/nested/a/345678-baz.add", "tests/fixtures/nested/a/345678-baz.sub", "tests/fixtures/nested/234567-bar.add"]`,
[INFO] [stdout]  right: `["tests/fixtures/nested/234567-bar.add", "tests/fixtures/nested/234567-bar.sub", "tests/fixtures/nested/a/345678-baz.add", "tests/fixtures/nested/a/345678-baz.sub", "tests/fixtures/nested/b/123456-foo.add", "tests/fixtures/nested/b/123456-foo.sub", "tests/fixtures/nested/b/c/456789-qux.add", "tests/fixtures/nested/b/c/456789-qux.sub", "tests/fixtures/nested/template.add", "tests/fixtures/nested/template.sub"]`', src/motions.rs:222:5
[INFO] [stdout] stack backtrace:
[INFO] [stdout]    0:     0x55793e477680 - std::backtrace_rs::backtrace::libunwind::trace::hff4d1766e93f64f1
[INFO] [stdout]                                at /rustc/53fd98ca776cb875bc9e5514f56b52eb74f9e7a9/library/std/src/../../backtrace/src/backtrace/libunwind.rs:90:5
[INFO] [stdout]    1:     0x55793e477680 - std::backtrace_rs::backtrace::trace_unsynchronized::h56bbc8eb78770bcb
[INFO] [stdout]                                at /rustc/53fd98ca776cb875bc9e5514f56b52eb74f9e7a9/library/std/src/../../backtrace/src/backtrace/mod.rs:66:5
[INFO] [stdout]    2:     0x55793e477680 - std::sys_common::backtrace::_print_fmt::h5c8e75464faca780
[INFO] [stdout]                                at /rustc/53fd98ca776cb875bc9e5514f56b52eb74f9e7a9/library/std/src/sys_common/backtrace.rs:67:5
[INFO] [stdout]    3:     0x55793e477680 - <std::sys_common::backtrace::_print::DisplayBacktrace as core::fmt::Display>::fmt::h48b88277def8b362
[INFO] [stdout]                                at /rustc/53fd98ca776cb875bc9e5514f56b52eb74f9e7a9/library/std/src/sys_common/backtrace.rs:46:22
[INFO] [stdout]    4:     0x55793e49a26c - core::fmt::write::h3381b3176fe2b3d3
[INFO] [stdout]                                at /rustc/53fd98ca776cb875bc9e5514f56b52eb74f9e7a9/library/core/src/fmt/mod.rs:1115:17
[INFO] [stdout]    5:     0x55793e4742c5 - std::io::Write::write_fmt::h5f34a676f60246b5
[INFO] [stdout]                                at /rustc/53fd98ca776cb875bc9e5514f56b52eb74f9e7a9/library/std/src/io/mod.rs:1665:15
[INFO] [stdout]    6:     0x55793e4797fb - std::sys_common::backtrace::_print::ha537687d6c17dd0d
[INFO] [stdout]                                at /rustc/53fd98ca776cb875bc9e5514f56b52eb74f9e7a9/library/std/src/sys_common/backtrace.rs:49:5
[INFO] [stdout]    7:     0x55793e4797fb - std::sys_common::backtrace::print::h61376ae57d131d72
[INFO] [stdout]                                at /rustc/53fd98ca776cb875bc9e5514f56b52eb74f9e7a9/library/std/src/sys_common/backtrace.rs:36:9
[INFO] [stdout]    8:     0x55793e4797fb - std::panicking::default_hook::{{closure}}::h0f7208c0b9644a54
[INFO] [stdout]                                at /rustc/53fd98ca776cb875bc9e5514f56b52eb74f9e7a9/library/std/src/panicking.rs:208:50
[INFO] [stdout]    9:     0x55793e47930c - std::panicking::default_hook::hdac7fc06578c14ce
[INFO] [stdout]                                at /rustc/53fd98ca776cb875bc9e5514f56b52eb74f9e7a9/library/std/src/panicking.rs:222:9
[INFO] [stdout]   10:     0x55793e479ec4 - std::panicking::rust_panic_with_hook::h72b21c283da3d1ef
[INFO] [stdout]                                at /rustc/53fd98ca776cb875bc9e5514f56b52eb74f9e7a9/library/std/src/panicking.rs:622:17
[INFO] [stdout]   11:     0x55793e4799a7 - std::panicking::begin_panic_handler::{{closure}}::he5778f1729cff84a
[INFO] [stdout]                                at /rustc/53fd98ca776cb875bc9e5514f56b52eb74f9e7a9/library/std/src/panicking.rs:519:13
[INFO] [stdout]   12:     0x55793e477b5c - std::sys_common::backtrace::__rust_end_short_backtrace::h2d11ca8b453b4b1d
[INFO] [stdout]                                at /rustc/53fd98ca776cb875bc9e5514f56b52eb74f9e7a9/library/std/src/sys_common/backtrace.rs:141:18
[INFO] [stdout]   13:     0x55793e479909 - rust_begin_unwind
[INFO] [stdout]                                at /rustc/53fd98ca776cb875bc9e5514f56b52eb74f9e7a9/library/std/src/panicking.rs:515:5
[INFO] [stdout]   14:     0x55793e2ea431 - core::panicking::panic_fmt::hf9de31d4acbce4db
[INFO] [stdout]                                at /rustc/53fd98ca776cb875bc9e5514f56b52eb74f9e7a9/library/core/src/panicking.rs:92:14
[INFO] [stdout]   15:     0x55793e498b88 - core::panicking::assert_failed_inner::h62e8cb2847a6e7ec
[INFO] [stdout]   16:     0x55793e304bca - core::panicking::assert_failed::h2601b40b69a8cd7d
[INFO] [stdout]                                at /rustc/53fd98ca776cb875bc9e5514f56b52eb74f9e7a9/library/core/src/panicking.rs:117:5
[INFO] [stdout]   17:     0x55793e2f2378 - accelerate::motions::tests::test_find_paths::h2cbeaa1065127037
[INFO] [stdout]                                at /opt/rustwide/workdir/src/motions.rs:222:5
[INFO] [stdout]   18:     0x55793e2f1e7a - accelerate::motions::tests::test_find_paths::{{closure}}::he86d89dfb28d400c
[INFO] [stdout]                                at /opt/rustwide/workdir/src/motions.rs:221:3
[INFO] [stdout]   19:     0x55793e30983e - core::ops::function::FnOnce::call_once::hc1dbffa76fd5ae82
[INFO] [stdout]                                at /rustc/53fd98ca776cb875bc9e5514f56b52eb74f9e7a9/library/core/src/ops/function.rs:227:5
[INFO] [stdout]   20:     0x55793e33f463 - core::ops::function::FnOnce::call_once::hbb52c4519d3137b0
[INFO] [stdout]                                at /rustc/53fd98ca776cb875bc9e5514f56b52eb74f9e7a9/library/core/src/ops/function.rs:227:5
[INFO] [stdout]   21:     0x55793e33f463 - test::__rust_begin_short_backtrace::h86fe3a2a5a5121af
[INFO] [stdout]                                at /rustc/53fd98ca776cb875bc9e5514f56b52eb74f9e7a9/library/test/src/lib.rs:578:5
[INFO] [stdout]   22:     0x55793e33df18 - <alloc::boxed::Box<F,A> as core::ops::function::FnOnce<Args>>::call_once::hfd956bc3d57399be
[INFO] [stdout]                                at /rustc/53fd98ca776cb875bc9e5514f56b52eb74f9e7a9/library/alloc/src/boxed.rs:1572:9
[INFO] [stdout]   23:     0x55793e33df18 - <std::panic::AssertUnwindSafe<F> as core::ops::function::FnOnce<()>>::call_once::h40dc93e0ddb5938a
[INFO] [stdout]                                at /rustc/53fd98ca776cb875bc9e5514f56b52eb74f9e7a9/library/std/src/panic.rs:347:9
[INFO] [stdout]   24:     0x55793e33df18 - std::panicking::try::do_call::h90d07750cb47c562
[INFO] [stdout]                                at /rustc/53fd98ca776cb875bc9e5514f56b52eb74f9e7a9/library/std/src/panicking.rs:401:40
[INFO] [stdout]   25:     0x55793e33df18 - std::panicking::try::h063c84733ad2a629
[INFO] [stdout]                                at /rustc/53fd98ca776cb875bc9e5514f56b52eb74f9e7a9/library/std/src/panicking.rs:365:19
[INFO] [stdout]   26:     0x55793e33df18 - std::panic::catch_unwind::h0c464836a84e7c08
[INFO] [stdout]                                at /rustc/53fd98ca776cb875bc9e5514f56b52eb74f9e7a9/library/std/src/panic.rs:434:14
[INFO] [stdout]   27:     0x55793e33df18 - test::run_test_in_process::h5cb06ef620b157fc
[INFO] [stdout]                                at /rustc/53fd98ca776cb875bc9e5514f56b52eb74f9e7a9/library/test/src/lib.rs:601:18
[INFO] [stdout]   28:     0x55793e33df18 - test::run_test::run_test_inner::{{closure}}::h76f677f4b93f9828
[INFO] [stdout]                                at /rustc/53fd98ca776cb875bc9e5514f56b52eb74f9e7a9/library/test/src/lib.rs:493:39
[INFO] [stdout]   29:     0x55793e30c6ad - test::run_test::run_test_inner::{{closure}}::h366d01fe04f4d67a
[INFO] [stdout]                                at /rustc/53fd98ca776cb875bc9e5514f56b52eb74f9e7a9/library/test/src/lib.rs:520:37
[INFO] [stdout]   30:     0x55793e30c6ad - std::sys_common::backtrace::__rust_begin_short_backtrace::h7dfa0de4eb395af2
[INFO] [stdout]                                at /rustc/53fd98ca776cb875bc9e5514f56b52eb74f9e7a9/library/std/src/sys_common/backtrace.rs:125:18
[INFO] [stdout]   31:     0x55793e310e78 - std::thread::Builder::spawn_unchecked::{{closure}}::{{closure}}::hf0a74bb58798037f
[INFO] [stdout]                                at /rustc/53fd98ca776cb875bc9e5514f56b52eb74f9e7a9/library/std/src/thread/mod.rs:476:17
[INFO] [stdout]   32:     0x55793e310e78 - <std::panic::AssertUnwindSafe<F> as core::ops::function::FnOnce<()>>::call_once::hb024e854818586ac
[INFO] [stdout]                                at /rustc/53fd98ca776cb875bc9e5514f56b52eb74f9e7a9/library/std/src/panic.rs:347:9
[INFO] [stdout]   33:     0x55793e310e78 - std::panicking::try::do_call::hb2dd9f1d0d48e41d
[INFO] [stdout]                                at /rustc/53fd98ca776cb875bc9e5514f56b52eb74f9e7a9/library/std/src/panicking.rs:401:40
[INFO] [stdout]   34:     0x55793e310e78 - std::panicking::try::h4717ae7bac8b2bf3
[INFO] [stdout]                                at /rustc/53fd98ca776cb875bc9e5514f56b52eb74f9e7a9/library/std/src/panicking.rs:365:19
[INFO] [stdout]   35:     0x55793e310e78 - std::panic::catch_unwind::h0dc8a061326ce8d8
[INFO] [stdout]                                at /rustc/53fd98ca776cb875bc9e5514f56b52eb74f9e7a9/library/std/src/panic.rs:434:14
[INFO] [stdout]   36:     0x55793e310e78 - std::thread::Builder::spawn_unchecked::{{closure}}::haa369e2d6fd00aa1
[INFO] [stdout]                                at /rustc/53fd98ca776cb875bc9e5514f56b52eb74f9e7a9/library/std/src/thread/mod.rs:475:30
[INFO] [stdout]   37:     0x55793e310e78 - core::ops::function::FnOnce::call_once{{vtable.shim}}::h36dcf3de8b056f17
[INFO] [stdout]                                at /rustc/53fd98ca776cb875bc9e5514f56b52eb74f9e7a9/library/core/src/ops/function.rs:227:5
[INFO] [stdout]   38:     0x55793e47ee57 - <alloc::boxed::Box<F,A> as core::ops::function::FnOnce<Args>>::call_once::h65c29e4642be2358
[INFO] [stdout]                                at /rustc/53fd98ca776cb875bc9e5514f56b52eb74f9e7a9/library/alloc/src/boxed.rs:1572:9
[INFO] [stdout]   39:     0x55793e47ee57 - <alloc::boxed::Box<F,A> as core::ops::function::FnOnce<Args>>::call_once::hd0f8f7fbbd9fffbf
[INFO] [stdout]                                at /rustc/53fd98ca776cb875bc9e5514f56b52eb74f9e7a9/library/alloc/src/boxed.rs:1572:9
[INFO] [stdout]   40:     0x55793e47ee57 - std::sys::unix::thread::Thread::new::thread_start::h2fd22fee3ca77b65
[INFO] [stdout]                                at /rustc/53fd98ca776cb875bc9e5514f56b52eb74f9e7a9/library/std/src/sys/unix/thread.rs:74:17
[INFO] [stdout]   41:     0x7fc09ee6b609 - start_thread
[INFO] [stdout]   42:     0x7fc09ec3d293 - clone
[INFO] [stdout]   43:                0x0 - <unknown>
[INFO] [stdout] 
[INFO] [stdout] ---- motions::tests::test_find_paths_limit_recurse_2 stdout ----
[INFO] [stdout] thread 'motions::tests::test_find_paths_limit_recurse_2' panicked at 'assertion failed: `(left == right)`
[INFO] [stdout]   left: `["tests/fixtures/nested/234567-bar.sub", "tests/fixtures/nested/template.add", "tests/fixtures/nested/template.sub", "tests/fixtures/nested/b/123456-foo.sub", "tests/fixtures/nested/b/123456-foo.add", "tests/fixtures/nested/a/345678-baz.add", "tests/fixtures/nested/a/345678-baz.sub", "tests/fixtures/nested/234567-bar.add"]`,
[INFO] [stdout]  right: `["tests/fixtures/nested/234567-bar.add", "tests/fixtures/nested/234567-bar.sub", "tests/fixtures/nested/a/345678-baz.add", "tests/fixtures/nested/a/345678-baz.sub", "tests/fixtures/nested/b/123456-foo.add", "tests/fixtures/nested/b/123456-foo.sub", "tests/fixtures/nested/template.add", "tests/fixtures/nested/template.sub"]`', src/motions.rs:248:5
[INFO] [stdout] stack backtrace:
[INFO] [stdout]    0:     0x55793e477680 - std::backtrace_rs::backtrace::libunwind::trace::hff4d1766e93f64f1
[INFO] [stdout]                                at /rustc/53fd98ca776cb875bc9e5514f56b52eb74f9e7a9/library/std/src/../../backtrace/src/backtrace/libunwind.rs:90:5
[INFO] [stdout]    1:     0x55793e477680 - std::backtrace_rs::backtrace::trace_unsynchronized::h56bbc8eb78770bcb
[INFO] [stdout]                                at /rustc/53fd98ca776cb875bc9e5514f56b52eb74f9e7a9/library/std/src/../../backtrace/src/backtrace/mod.rs:66:5
[INFO] [stdout]    2:     0x55793e477680 - std::sys_common::backtrace::_print_fmt::h5c8e75464faca780
[INFO] [stdout]                                at /rustc/53fd98ca776cb875bc9e5514f56b52eb74f9e7a9/library/std/src/sys_common/backtrace.rs:67:5
[INFO] [stdout]    3:     0x55793e477680 - <std::sys_common::backtrace::_print::DisplayBacktrace as core::fmt::Display>::fmt::h48b88277def8b362
[INFO] [stdout]                                at /rustc/53fd98ca776cb875bc9e5514f56b52eb74f9e7a9/library/std/src/sys_common/backtrace.rs:46:22
[INFO] [stdout]    4:     0x55793e49a26c - core::fmt::write::h3381b3176fe2b3d3
[INFO] [stdout]                                at /rustc/53fd98ca776cb875bc9e5514f56b52eb74f9e7a9/library/core/src/fmt/mod.rs:1115:17
[INFO] [stdout]    5:     0x55793e4742c5 - std::io::Write::write_fmt::h5f34a676f60246b5
[INFO] [stdout]                                at /rustc/53fd98ca776cb875bc9e5514f56b52eb74f9e7a9/library/std/src/io/mod.rs:1665:15
[INFO] [stdout]    6:     0x55793e4797fb - std::sys_common::backtrace::_print::ha537687d6c17dd0d
[INFO] [stdout]                                at /rustc/53fd98ca776cb875bc9e5514f56b52eb74f9e7a9/library/std/src/sys_common/backtrace.rs:49:5
[INFO] [stdout]    7:     0x55793e4797fb - std::sys_common::backtrace::print::h61376ae57d131d72
[INFO] [stdout]                                at /rustc/53fd98ca776cb875bc9e5514f56b52eb74f9e7a9/library/std/src/sys_common/backtrace.rs:36:9
[INFO] [stdout]    8:     0x55793e4797fb - std::panicking::default_hook::{{closure}}::h0f7208c0b9644a54
[INFO] [stdout]                                at /rustc/53fd98ca776cb875bc9e5514f56b52eb74f9e7a9/library/std/src/panicking.rs:208:50
[INFO] [stdout]    9:     0x55793e47930c - std::panicking::default_hook::hdac7fc06578c14ce
[INFO] [stdout]                                at /rustc/53fd98ca776cb875bc9e5514f56b52eb74f9e7a9/library/std/src/panicking.rs:222:9
[INFO] [stdout]   10:     0x55793e479ec4 - std::panicking::rust_panic_with_hook::h72b21c283da3d1ef
[INFO] [stdout]                                at /rustc/53fd98ca776cb875bc9e5514f56b52eb74f9e7a9/library/std/src/panicking.rs:622:17
[INFO] [stdout]   11:     0x55793e4799a7 - std::panicking::begin_panic_handler::{{closure}}::he5778f1729cff84a
[INFO] [stdout]                                at /rustc/53fd98ca776cb875bc9e5514f56b52eb74f9e7a9/library/std/src/panicking.rs:519:13
[INFO] [stdout]   12:     0x55793e477b5c - std::sys_common::backtrace::__rust_end_short_backtrace::h2d11ca8b453b4b1d
[INFO] [stdout]                                at /rustc/53fd98ca776cb875bc9e5514f56b52eb74f9e7a9/library/std/src/sys_common/backtrace.rs:141:18
[INFO] [stdout]   13:     0x55793e479909 - rust_begin_unwind
[INFO] [stdout]                                at /rustc/53fd98ca776cb875bc9e5514f56b52eb74f9e7a9/library/std/src/panicking.rs:515:5
[INFO] [stdout]   14:     0x55793e2ea431 - core::panicking::panic_fmt::hf9de31d4acbce4db
[INFO] [stdout]                                at /rustc/53fd98ca776cb875bc9e5514f56b52eb74f9e7a9/library/core/src/panicking.rs:92:14
[INFO] [stdout]   15:     0x55793e498b88 - core::panicking::assert_failed_inner::h62e8cb2847a6e7ec
[INFO] [stdout]   16:     0x55793e304bca - core::panicking::assert_failed::h2601b40b69a8cd7d
[INFO] [stdout]                                at /rustc/53fd98ca776cb875bc9e5514f56b52eb74f9e7a9/library/core/src/panicking.rs:117:5
[INFO] [stdout]   17:     0x55793e2f2afc - accelerate::motions::tests::test_find_paths_limit_recurse_2::hc7a628c516f885f3
[INFO] [stdout]                                at /opt/rustwide/workdir/src/motions.rs:248:5
[INFO] [stdout]   18:     0x55793e2f26ba - accelerate::motions::tests::test_find_paths_limit_recurse_2::{{closure}}::h771f490922226666
[INFO] [stdout]                                at /opt/rustwide/workdir/src/motions.rs:247:3
[INFO] [stdout]   19:     0x55793e30936e - core::ops::function::FnOnce::call_once::h066e78a6db5720ac
[INFO] [stdout]                                at /rustc/53fd98ca776cb875bc9e5514f56b52eb74f9e7a9/library/core/src/ops/function.rs:227:5
[INFO] [stdout]   20:     0x55793e33f463 - core::ops::function::FnOnce::call_once::hbb52c4519d3137b0
[INFO] [stdout]                                at /rustc/53fd98ca776cb875bc9e5514f56b52eb74f9e7a9/library/core/src/ops/function.rs:227:5
[INFO] [stdout]   21:     0x55793e33f463 - test::__rust_begin_short_backtrace::h86fe3a2a5a5121af
[INFO] [stdout]                                at /rustc/53fd98ca776cb875bc9e5514f56b52eb74f9e7a9/library/test/src/lib.rs:578:5
[INFO] [stdout]   22:     0x55793e33df18 - <alloc::boxed::Box<F,A> as core::ops::function::FnOnce<Args>>::call_once::hfd956bc3d57399be
[INFO] [stdout]                                at /rustc/53fd98ca776cb875bc9e5514f56b52eb74f9e7a9/library/alloc/src/boxed.rs:1572:9
[INFO] [stdout]   23:     0x55793e33df18 - <std::panic::AssertUnwindSafe<F> as core::ops::function::FnOnce<()>>::call_once::h40dc93e0ddb5938a
[INFO] [stdout]                                at /rustc/53fd98ca776cb875bc9e5514f56b52eb74f9e7a9/library/std/src/panic.rs:347:9
[INFO] [stdout]   24:     0x55793e33df18 - std::panicking::try::do_call::h90d07750cb47c562
[INFO] [stdout]                                at /rustc/53fd98ca776cb875bc9e5514f56b52eb74f9e7a9/library/std/src/panicking.rs:401:40
[INFO] [stdout]   25:     0x55793e33df18 - std::panicking::try::h063c84733ad2a629
[INFO] [stdout]                                at /rustc/53fd98ca776cb875bc9e5514f56b52eb74f9e7a9/library/std/src/panicking.rs:365:19
[INFO] [stdout]   26:     0x55793e33df18 - std::panic::catch_unwind::h0c464836a84e7c08
[INFO] [stdout]                                at /rustc/53fd98ca776cb875bc9e5514f56b52eb74f9e7a9/library/std/src/panic.rs:434:14
[INFO] [stdout]   27:     0x55793e33df18 - test::run_test_in_process::h5cb06ef620b157fc
[INFO] [stdout]                                at /rustc/53fd98ca776cb875bc9e5514f56b52eb74f9e7a9/library/test/src/lib.rs:601:18
[INFO] [stdout]   28:     0x55793e33df18 - test::run_test::run_test_inner::{{closure}}::h76f677f4b93f9828
[INFO] [stdout]                                at /rustc/53fd98ca776cb875bc9e5514f56b52eb74f9e7a9/library/test/src/lib.rs:493:39
[INFO] [stdout]   29:     0x55793e30c6ad - test::run_test::run_test_inner::{{closure}}::h366d01fe04f4d67a
[INFO] [stdout]                                at /rustc/53fd98ca776cb875bc9e5514f56b52eb74f9e7a9/library/test/src/lib.rs:520:37
[INFO] [stdout]   30:     0x55793e30c6ad - std::sys_common::backtrace::__rust_begin_short_backtrace::h7dfa0de4eb395af2
[INFO] [stdout]                                at /rustc/53fd98ca776cb875bc9e5514f56b52eb74f9e7a9/library/std/src/sys_common/backtrace.rs:125:18
[INFO] [stdout]   31:     0x55793e310e78 - std::thread::Builder::spawn_unchecked::{{closure}}::{{closure}}::hf0a74bb58798037f
[INFO] [stdout]                                at /rustc/53fd98ca776cb875bc9e5514f56b52eb74f9e7a9/library/std/src/thread/mod.rs:476:17
[INFO] [stdout]   32:     0x55793e310e78 - <std::panic::AssertUnwindSafe<F> as core::ops::function::FnOnce<()>>::call_once::hb024e854818586ac
[INFO] [stdout]                                at /rustc/53fd98ca776cb875bc9e5514f56b52eb74f9e7a9/library/std/src/panic.rs:347:9
[INFO] [stdout]   33:     0x55793e310e78 - std::panicking::try::do_call::hb2dd9f1d0d48e41d
[INFO] [stdout]                                at /rustc/53fd98ca776cb875bc9e5514f56b52eb74f9e7a9/library/std/src/panicking.rs:401:40
[INFO] [stdout]   34:     0x55793e310e78 - std::panicking::try::h4717ae7bac8b2bf3
[INFO] [stdout]                                at /rustc/53fd98ca776cb875bc9e5514f56b52eb74f9e7a9/library/std/src/panicking.rs:365:19
[INFO] [stdout]   35:     0x55793e310e78 - std::panic::catch_unwind::h0dc8a061326ce8d8
[INFO] [stdout]                                at /rustc/53fd98ca776cb875bc9e5514f56b52eb74f9e7a9/library/std/src/panic.rs:434:14
[INFO] [stdout]   36:     0x55793e310e78 - std::thread::Builder::spawn_unchecked::{{closure}}::haa369e2d6fd00aa1
[INFO] [stdout]                                at /rustc/53fd98ca776cb875bc9e5514f56b52eb74f9e7a9/library/std/src/thread/mod.rs:475:30
[INFO] [stdout]   37:     0x55793e310e78 - core::ops::function::FnOnce::call_once{{vtable.shim}}::h36dcf3de8b056f17
[INFO] [stdout]                                at /rustc/53fd98ca776cb875bc9e5514f56b52eb74f9e7a9/library/core/src/ops/function.rs:227:5
[INFO] [stdout]   38:     0x55793e47ee57 - <alloc::boxed::Box<F,A> as core::ops::function::FnOnce<Args>>::call_once::h65c29e4642be2358
[INFO] [stdout]                                at /rustc/53fd98ca776cb875bc9e5514f56b52eb74f9e7a9/library/alloc/src/boxed.rs:1572:9
[INFO] [stdout]   39:     0x55793e47ee57 - <alloc::boxed::Box<F,A> as core::ops::function::FnOnce<Args>>::call_once::hd0f8f7fbbd9fffbf
[INFO] [stdout]                                at /rustc/53fd98ca776cb875bc9e5514f56b52eb74f9e7a9/library/alloc/src/boxed.rs:1572:9
[INFO] [stdout]   40:     0x55793e47ee57 - std::sys::unix::thread::Thread::new::thread_start::h2fd22fee3ca77b65
[INFO] [stdout]                                at /rustc/53fd98ca776cb875bc9e5514f56b52eb74f9e7a9/library/std/src/sys/unix/thread.rs:74:17
[INFO] [stdout]   41:     0x7fc09ee6b609 - start_thread
[INFO] [stdout]   42:     0x7fc09ec3d293 - clone
[INFO] [stdout]   43:                0x0 - <unknown>
[INFO] [stdout] 
[INFO] [stdout] 
[INFO] [stdout] failures:
[INFO] [stdout]     motions::tests::test_find_paths
[INFO] [stdout]     motions::tests::test_find_paths_limit_recurse_1
[INFO] [stdout]     motions::tests::test_find_paths_limit_recurse_2
[INFO] [stdout] 
[INFO] [stdout] test result: FAILED. 22 passed; 3 failed; 0 ignored; 0 measured; 0 filtered out; finished in 0.05s
[INFO] [stdout] 
[INFO] [stderr] error: test failed, to rerun pass '--bin accelerate'
[INFO] running `Command { std: "docker" "inspect" "68a47170dbcb3767bfee2b8333543628dfae28df23bec83c6dfdd43ecad683f1", kill_on_drop: false }`
[INFO] running `Command { std: "docker" "rm" "-f" "68a47170dbcb3767bfee2b8333543628dfae28df23bec83c6dfdd43ecad683f1", kill_on_drop: false }`
[INFO] [stdout] 68a47170dbcb3767bfee2b8333543628dfae28df23bec83c6dfdd43ecad683f1
