[INFO] cloning repository https://github.com/bryanjswift/sqs_email_sender
[INFO] running `Command { std: "git" "-c" "credential.helper=" "-c" "credential.helper=/workspace/cargo-home/bin/git-credential-null" "clone" "--bare" "https://github.com/bryanjswift/sqs_email_sender" "/workspace/cache/git-repos/https%3A%2F%2Fgithub.com%2Fbryanjswift%2Fsqs_email_sender", kill_on_drop: false }`
[INFO] [stderr] Cloning into bare repository '/workspace/cache/git-repos/https%3A%2F%2Fgithub.com%2Fbryanjswift%2Fsqs_email_sender'...
[INFO] running `Command { std: "git" "rev-parse" "HEAD", kill_on_drop: false }`
[INFO] [stdout] f5b0223726338e53de8c010e29bd8a932f1d4ac7
[INFO] testing bryanjswift/sqs_email_sender against 1.54.0 for beta-1.55-1
[INFO] running `Command { std: "git" "clone" "/workspace/cache/git-repos/https%3A%2F%2Fgithub.com%2Fbryanjswift%2Fsqs_email_sender" "/workspace/builds/worker-81/source", kill_on_drop: false }`
[INFO] [stderr] Cloning into '/workspace/builds/worker-81/source'...
[INFO] [stderr] done.
[INFO] validating manifest of git repo https://github.com/bryanjswift/sqs_email_sender on toolchain 1.54.0
[INFO] running `Command { std: "/workspace/cargo-home/bin/cargo" "+1.54.0" "metadata" "--manifest-path" "Cargo.toml" "--no-deps", kill_on_drop: false }`
[INFO] started tweaking git repo https://github.com/bryanjswift/sqs_email_sender
[INFO] finished tweaking git repo https://github.com/bryanjswift/sqs_email_sender
[INFO] tweaked toml for git repo https://github.com/bryanjswift/sqs_email_sender written to /workspace/builds/worker-81/source/Cargo.toml
[INFO] crate git repo https://github.com/bryanjswift/sqs_email_sender already has a lockfile, it will not be regenerated
[INFO] running `Command { std: "/workspace/cargo-home/bin/cargo" "+1.54.0" "fetch" "--manifest-path" "Cargo.toml", kill_on_drop: false }`
[INFO] [stderr]     Blocking waiting for file lock on package cache
[INFO] [stderr]     Blocking waiting for file lock on package cache
[INFO] [stderr]  Downloading crates ...
[INFO] [stderr]   Downloaded zeroize v1.2.0
[INFO] [stderr]   Downloaded tracing-futures v0.2.5
[INFO] [stderr]   Downloaded pin-project-internal v1.0.5
[INFO] [stderr]   Downloaded vcpkg v0.2.11
[INFO] [stderr]   Downloaded security-framework-sys v2.1.1
[INFO] [stderr]   Downloaded tracing-error v0.1.2
[INFO] [stderr]   Downloaded wasm-bindgen-shared v0.2.71
[INFO] [stderr]   Downloaded heck v0.3.2
[INFO] [stderr]   Downloaded hmac v0.10.1
[INFO] [stderr]   Downloaded openssl-sys v0.9.61
[INFO] [stderr]   Downloaded structopt v0.3.21
[INFO] [stderr]   Downloaded async-stream-impl v0.3.0
[INFO] [stderr]   Downloaded security-framework v2.1.2
[INFO] [stderr]   Downloaded rusoto_dynamodb v0.46.0
[INFO] [stderr]   Downloaded lambda_runtime v0.3.0
[INFO] [stderr]   Downloaded time-macros-impl v0.1.1
[INFO] [stderr]   Downloaded time-macros v0.1.1
[INFO] [stderr]   Downloaded standback v0.2.15
[INFO] [stderr]   Downloaded const_fn v0.4.5
[INFO] [stderr]   Downloaded rusoto_credential v0.46.0
[INFO] [stderr]   Downloaded subtle v2.4.0
[INFO] [stderr]   Downloaded wasm-bindgen v0.2.71
[INFO] [stderr]   Downloaded structopt-derive v0.4.14
[INFO] [stderr]   Downloaded rusoto_sqs v0.46.0
[INFO] [stderr]   Downloaded miow v0.3.6
[INFO] [stderr]   Downloaded time v0.2.25
[INFO] [stderr]   Downloaded libc v0.2.88
[INFO] [stderr]   Downloaded signal-hook-registry v1.3.0
[INFO] [stderr]   Downloaded sha2 v0.9.3
[INFO] [stderr]   Downloaded wasm-bindgen-backend v0.2.71
[INFO] [stderr]   Downloaded wasm-bindgen-macro-support v0.2.71
[INFO] [stderr]   Downloaded wasm-bindgen-macro v0.2.71
[INFO] [stderr]   Downloaded tokio-stream v0.1.4
[INFO] [stderr]   Downloaded regex v1.4.4
[INFO] [stderr]   Downloaded dtoa v0.4.7
[INFO] [stderr]   Downloaded rusoto_core v0.46.0
[INFO] [stderr]   Downloaded rusoto_signature v0.46.0
[INFO] [stderr]   Downloaded mio v0.7.9
[INFO] [stderr]   Downloaded pin-project v1.0.5
[INFO] [stderr]   Downloaded regex-automata v0.1.9
[INFO] [stderr]   Downloaded serde_derive v1.0.124
[INFO] [stderr]   Downloaded openssl v0.10.33
[INFO] [stderr]   Downloaded crypto-mac v0.10.0
[INFO] [stderr]   Downloaded futures-executor v0.3.13
[INFO] [stderr]   Downloaded http-body v0.4.0
[INFO] [stderr]   Downloaded async-stream v0.3.0
[INFO] [stderr]   Downloaded socket2 v0.3.19
[INFO] [stderr]   Downloaded hyper v0.14.4
[INFO] [stderr]   Downloaded tokio v1.3.0
[INFO] [stderr]   Downloaded tracing-subscriber v0.2.17
[INFO] running `Command { std: "docker" "create" "-v" "/var/lib/crater-agent-workspace/builds/worker-81/target:/opt/rustwide/target:rw,Z" "-v" "/var/lib/crater-agent-workspace/builds/worker-81/source:/opt/rustwide/workdir:ro,Z" "-v" "/var/lib/crater-agent-workspace/cargo-home:/opt/rustwide/cargo-home:ro,Z" "-v" "/var/lib/crater-agent-workspace/rustup-home:/opt/rustwide/rustup-home:ro,Z" "-e" "SOURCE_DIR=/opt/rustwide/workdir" "-e" "CARGO_TARGET_DIR=/opt/rustwide/target" "-e" "CARGO_HOME=/opt/rustwide/cargo-home" "-e" "RUSTUP_HOME=/opt/rustwide/rustup-home" "-w" "/opt/rustwide/workdir" "-m" "1610612736" "--user" "0:0" "--network" "none" "ghcr.io/rust-lang/crates-build-env/linux@sha256:34b6a614d2c27851fe6cbf88fbd1137609cefab8b10d0615aaeb6fd47975d74e" "/opt/rustwide/cargo-home/bin/cargo" "+1.54.0" "metadata" "--no-deps" "--format-version=1", kill_on_drop: false }`
[INFO] [stdout] e0de29f0c6fed664b91f842af59bb37b51a8c8d79d03e4957068d99066c9a012
[INFO] running `Command { std: "docker" "start" "-a" "e0de29f0c6fed664b91f842af59bb37b51a8c8d79d03e4957068d99066c9a012", kill_on_drop: false }`
[INFO] running `Command { std: "docker" "inspect" "e0de29f0c6fed664b91f842af59bb37b51a8c8d79d03e4957068d99066c9a012", kill_on_drop: false }`
[INFO] running `Command { std: "docker" "rm" "-f" "e0de29f0c6fed664b91f842af59bb37b51a8c8d79d03e4957068d99066c9a012", kill_on_drop: false }`
[INFO] [stdout] e0de29f0c6fed664b91f842af59bb37b51a8c8d79d03e4957068d99066c9a012
[INFO] running `Command { std: "docker" "create" "-v" "/var/lib/crater-agent-workspace/builds/worker-81/target:/opt/rustwide/target:rw,Z" "-v" "/var/lib/crater-agent-workspace/builds/worker-81/source:/opt/rustwide/workdir:ro,Z" "-v" "/var/lib/crater-agent-workspace/cargo-home:/opt/rustwide/cargo-home:ro,Z" "-v" "/var/lib/crater-agent-workspace/rustup-home:/opt/rustwide/rustup-home:ro,Z" "-e" "SOURCE_DIR=/opt/rustwide/workdir" "-e" "CARGO_TARGET_DIR=/opt/rustwide/target" "-e" "CARGO_INCREMENTAL=0" "-e" "RUST_BACKTRACE=full" "-e" "RUSTFLAGS=--cap-lints=warn" "-e" "CARGO_HOME=/opt/rustwide/cargo-home" "-e" "RUSTUP_HOME=/opt/rustwide/rustup-home" "-w" "/opt/rustwide/workdir" "-m" "1610612736" "--user" "0:0" "--network" "none" "ghcr.io/rust-lang/crates-build-env/linux@sha256:34b6a614d2c27851fe6cbf88fbd1137609cefab8b10d0615aaeb6fd47975d74e" "/opt/rustwide/cargo-home/bin/cargo" "+1.54.0" "build" "--frozen" "--message-format=json", kill_on_drop: false }`
[INFO] [stdout] 6bb385b80822ba72cb2fe2418a8554e8ad8da11136c11eb54fe351021e8a5106
[INFO] running `Command { std: "docker" "start" "-a" "6bb385b80822ba72cb2fe2418a8554e8ad8da11136c11eb54fe351021e8a5106", kill_on_drop: false }`
[INFO] [stderr]     Blocking waiting for file lock on package cache
[INFO] [stderr]    Compiling syn v1.0.64
[INFO] [stderr]    Compiling libc v0.2.88
[INFO] [stderr]    Compiling version_check v0.9.2
[INFO] [stderr]    Compiling serde_derive v1.0.124
[INFO] [stderr]    Compiling serde v1.0.124
[INFO] [stderr]    Compiling log v0.4.14
[INFO] [stderr]    Compiling pin-project-lite v0.2.6
[INFO] [stderr]    Compiling proc-macro-hack v0.5.19
[INFO] [stderr]    Compiling memchr v2.3.4
[INFO] [stderr]    Compiling once_cell v1.7.2
[INFO] [stderr]    Compiling futures-core v0.3.13
[INFO] [stderr]    Compiling itoa v0.4.7
[INFO] [stderr]    Compiling proc-macro-nested v0.1.7
[INFO] [stderr]    Compiling cc v1.0.67
[INFO] [stderr]    Compiling futures-sink v0.3.13
[INFO] [stderr]    Compiling typenum v1.13.0
[INFO] [stderr]    Compiling futures-io v0.3.13
[INFO] [stderr]    Compiling ryu v1.0.5
[INFO] [stderr]    Compiling futures-task v0.3.13
[INFO] [stderr]    Compiling slab v0.4.2
[INFO] [stderr]    Compiling pin-utils v0.1.0
[INFO] [stderr]    Compiling serde_json v1.0.64
[INFO] [stderr]    Compiling httparse v1.3.5
[INFO] [stderr]    Compiling fnv v1.0.7
[INFO] [stderr]    Compiling try-lock v0.2.3
[INFO] [stderr]    Compiling httpdate v0.3.2
[INFO] [stderr]    Compiling openssl v0.10.33
[INFO] [stderr]    Compiling foreign-types-shared v0.1.1
[INFO] [stderr]    Compiling tower-service v0.3.1
[INFO] [stderr]    Compiling percent-encoding v2.1.0
[INFO] [stderr]    Compiling const_fn v0.4.5
[INFO] [stderr]    Compiling native-tls v0.2.7
[INFO] [stderr]    Compiling async-trait v0.1.48
[INFO] [stderr]    Compiling tinyvec_macros v0.1.0
[INFO] [stderr]    Compiling openssl-probe v0.1.2
[INFO] [stderr]    Compiling matches v0.1.8
[INFO] [stderr]    Compiling subtle v2.4.0
[INFO] [stderr]    Compiling zeroize v1.2.0
[INFO] [stderr]    Compiling crc32fast v1.2.1
[INFO] [stderr]    Compiling regex-syntax v0.6.23
[INFO] [stderr]    Compiling opaque-debug v0.3.0
[INFO] [stderr]    Compiling shlex v0.1.1
[INFO] [stderr]    Compiling cpuid-bool v0.1.2
[INFO] [stderr]    Compiling byteorder v1.4.3
[INFO] [stderr]    Compiling base64 v0.13.0
[INFO] [stderr]    Compiling md5 v0.7.0
[INFO] [stderr]    Compiling hex v0.4.3
[INFO] [stderr]    Compiling xml-rs v0.8.3
[INFO] [stderr]    Compiling dtoa v0.4.7
[INFO] [stderr]    Compiling smallvec v1.6.1
[INFO] [stderr]    Compiling ansi_term v0.12.1
[INFO] [stderr]    Compiling unicode-segmentation v1.7.1
[INFO] [stderr]    Compiling unicode-width v0.1.8
[INFO] [stderr]    Compiling vec_map v0.8.2
[INFO] [stderr]    Compiling tracing-core v0.1.17
[INFO] [stderr]    Compiling tokio v1.3.0
[INFO] [stderr]    Compiling num-traits v0.2.14
[INFO] [stderr]    Compiling num-integer v0.1.44
[INFO] [stderr]    Compiling sharded-slab v0.1.1
[INFO] [stderr]    Compiling quote v1.0.9
[INFO] [stderr]    Compiling rusoto_core v0.46.0
[INFO] [stderr]    Compiling generic-array v0.14.4
[INFO] [stderr]    Compiling standback v0.2.15
[INFO] [stderr]    Compiling time v0.2.25
[INFO] [stderr]    Compiling proc-macro-error-attr v1.0.4
[INFO] [stderr]    Compiling proc-macro-error v1.0.4
[INFO] [stderr]    Compiling thread_local v1.1.3
[INFO] [stderr]    Compiling futures-channel v0.3.13
[INFO] [stderr]    Compiling tinyvec v1.1.1
[INFO] [stderr]    Compiling unicode-bidi v0.3.4
[INFO] [stderr]    Compiling foreign-types v0.3.2
[INFO] [stderr]    Compiling heck v0.3.2
[INFO] [stderr]    Compiling textwrap v0.11.0
[INFO] [stderr]    Compiling openssl-sys v0.9.61
[INFO] [stderr]    Compiling form_urlencoded v1.0.1
[INFO] [stderr]    Compiling want v0.3.0
[INFO] [stderr]    Compiling tracing-log v0.1.2
[INFO] [stderr]    Compiling unicode-normalization v0.1.17
[INFO] [stderr]    Compiling mio v0.7.9
[INFO] [stderr]    Compiling signal-hook-registry v1.3.0
[INFO] [stderr]    Compiling num_cpus v1.13.0
[INFO] [stderr]    Compiling socket2 v0.3.19
[INFO] [stderr]    Compiling dirs-sys-next v0.1.2
[INFO] [stderr]    Compiling atty v0.2.14
[INFO] [stderr]    Compiling dirs-next v2.0.0
[INFO] [stderr]    Compiling clap v2.33.3
[INFO] [stderr]    Compiling idna v0.2.2
[INFO] [stderr]    Compiling regex-automata v0.1.9
[INFO] [stderr]    Compiling regex v1.4.4
[INFO] [stderr]    Compiling digest v0.9.0
[INFO] [stderr]    Compiling crypto-mac v0.10.0
[INFO] [stderr]    Compiling block-buffer v0.9.0
[INFO] [stderr]    Compiling url v2.2.1
[INFO] [stderr]    Compiling hmac v0.10.1
[INFO] [stderr]    Compiling sha2 v0.9.3
[INFO] [stderr]    Compiling matchers v0.0.1
[INFO] [stderr]    Compiling tracing-attributes v0.1.15
[INFO] [stderr]    Compiling tokio-macros v1.1.0
[INFO] [stderr]    Compiling futures-macro v0.3.13
[INFO] [stderr]    Compiling pin-project-internal v1.0.5
[INFO] [stderr]    Compiling time-macros-impl v0.1.1
[INFO] [stderr]    Compiling thiserror-impl v1.0.24
[INFO] [stderr]    Compiling async-stream-impl v0.3.0
[INFO] [stderr]    Compiling structopt-derive v0.4.14
[INFO] [stderr]    Compiling time-macros v0.1.1
[INFO] [stderr]    Compiling async-stream v0.3.0
[INFO] [stderr]    Compiling futures-util v0.3.13
[INFO] [stderr]    Compiling thiserror v1.0.24
[INFO] [stderr]    Compiling pin-project v1.0.5
[INFO] [stderr]    Compiling tracing v0.1.25
[INFO] [stderr]    Compiling tracing-futures v0.2.5
[INFO] [stderr]    Compiling structopt v0.3.21
[INFO] [stderr]    Compiling futures-executor v0.3.13
[INFO] [stderr]    Compiling futures v0.3.13
[INFO] [stderr]    Compiling bytes v1.0.1
[INFO] [stderr]    Compiling chrono v0.4.19
[INFO] [stderr]    Compiling tracing-serde v0.1.2
[INFO] [stderr]    Compiling serde_urlencoded v0.6.1
[INFO] [stderr]    Compiling http v0.2.3
[INFO] [stderr]    Compiling tracing-subscriber v0.2.17
[INFO] [stderr]    Compiling tracing-error v0.1.2
[INFO] [stderr]    Compiling http-body v0.4.0
[INFO] [stderr]    Compiling tokio-native-tls v0.3.0
[INFO] [stderr]    Compiling tokio-stream v0.1.4
[INFO] [stderr]    Compiling hyper v0.14.4
[INFO] [stderr]    Compiling rusoto_credential v0.46.0
[INFO] [stderr]    Compiling hyper-tls v0.5.0
[INFO] [stderr]    Compiling lambda_runtime v0.3.0
[INFO] [stderr]    Compiling rusoto_signature v0.46.0
[INFO] [stderr]    Compiling rusoto_sqs v0.46.0
[INFO] [stderr]    Compiling rusoto_dynamodb v0.46.0
[INFO] [stderr]    Compiling email_shared v0.1.1 (/opt/rustwide/workdir/email_shared)
[INFO] [stderr]    Compiling email_broker v0.1.0 (/opt/rustwide/workdir/email_broker)
[INFO] [stderr]    Compiling email_lambda v0.1.0 (/opt/rustwide/workdir/email_lambda)
[INFO] [stderr]     Finished dev [unoptimized + debuginfo] target(s) in 1m 08s
[INFO] running `Command { std: "docker" "inspect" "6bb385b80822ba72cb2fe2418a8554e8ad8da11136c11eb54fe351021e8a5106", kill_on_drop: false }`
[INFO] running `Command { std: "docker" "rm" "-f" "6bb385b80822ba72cb2fe2418a8554e8ad8da11136c11eb54fe351021e8a5106", kill_on_drop: false }`
[INFO] [stdout] 6bb385b80822ba72cb2fe2418a8554e8ad8da11136c11eb54fe351021e8a5106
[INFO] running `Command { std: "docker" "create" "-v" "/var/lib/crater-agent-workspace/builds/worker-81/target:/opt/rustwide/target:rw,Z" "-v" "/var/lib/crater-agent-workspace/builds/worker-81/source:/opt/rustwide/workdir:ro,Z" "-v" "/var/lib/crater-agent-workspace/cargo-home:/opt/rustwide/cargo-home:ro,Z" "-v" "/var/lib/crater-agent-workspace/rustup-home:/opt/rustwide/rustup-home:ro,Z" "-e" "SOURCE_DIR=/opt/rustwide/workdir" "-e" "CARGO_TARGET_DIR=/opt/rustwide/target" "-e" "CARGO_INCREMENTAL=0" "-e" "RUST_BACKTRACE=full" "-e" "RUSTFLAGS=--cap-lints=warn" "-e" "CARGO_HOME=/opt/rustwide/cargo-home" "-e" "RUSTUP_HOME=/opt/rustwide/rustup-home" "-w" "/opt/rustwide/workdir" "-m" "1610612736" "--user" "0:0" "--network" "none" "ghcr.io/rust-lang/crates-build-env/linux@sha256:34b6a614d2c27851fe6cbf88fbd1137609cefab8b10d0615aaeb6fd47975d74e" "/opt/rustwide/cargo-home/bin/cargo" "+1.54.0" "test" "--frozen" "--no-run" "--message-format=json", kill_on_drop: false }`
[INFO] [stdout] 2b8018ada32b189d14e4c01ba6a58f0ec6d92dcd32a06422424ef5d25a46485a
[INFO] running `Command { std: "docker" "start" "-a" "2b8018ada32b189d14e4c01ba6a58f0ec6d92dcd32a06422424ef5d25a46485a", kill_on_drop: false }`
[INFO] [stderr]     Blocking waiting for file lock on package cache
[INFO] [stderr]    Compiling email_shared v0.1.1 (/opt/rustwide/workdir/email_shared)
[INFO] [stderr]    Compiling email_broker v0.1.0 (/opt/rustwide/workdir/email_broker)
[INFO] [stderr]    Compiling email_lambda v0.1.0 (/opt/rustwide/workdir/email_lambda)
[INFO] [stderr]     Finished test [unoptimized + debuginfo] target(s) in 9.79s
[INFO] running `Command { std: "docker" "inspect" "2b8018ada32b189d14e4c01ba6a58f0ec6d92dcd32a06422424ef5d25a46485a", kill_on_drop: false }`
[INFO] running `Command { std: "docker" "rm" "-f" "2b8018ada32b189d14e4c01ba6a58f0ec6d92dcd32a06422424ef5d25a46485a", kill_on_drop: false }`
[INFO] [stdout] 2b8018ada32b189d14e4c01ba6a58f0ec6d92dcd32a06422424ef5d25a46485a
[INFO] running `Command { std: "docker" "create" "-v" "/var/lib/crater-agent-workspace/builds/worker-81/target:/opt/rustwide/target:rw,Z" "-v" "/var/lib/crater-agent-workspace/builds/worker-81/source:/opt/rustwide/workdir:ro,Z" "-v" "/var/lib/crater-agent-workspace/cargo-home:/opt/rustwide/cargo-home:ro,Z" "-v" "/var/lib/crater-agent-workspace/rustup-home:/opt/rustwide/rustup-home:ro,Z" "-e" "SOURCE_DIR=/opt/rustwide/workdir" "-e" "CARGO_TARGET_DIR=/opt/rustwide/target" "-e" "CARGO_INCREMENTAL=0" "-e" "RUST_BACKTRACE=full" "-e" "RUSTFLAGS=--cap-lints=warn" "-e" "CARGO_HOME=/opt/rustwide/cargo-home" "-e" "RUSTUP_HOME=/opt/rustwide/rustup-home" "-w" "/opt/rustwide/workdir" "-m" "1610612736" "--user" "0:0" "--network" "none" "ghcr.io/rust-lang/crates-build-env/linux@sha256:34b6a614d2c27851fe6cbf88fbd1137609cefab8b10d0615aaeb6fd47975d74e" "/opt/rustwide/cargo-home/bin/cargo" "+1.54.0" "test" "--frozen", kill_on_drop: false }`
[INFO] [stdout] a3bb7720cbd5d7e7bc889d32b09cfe7c5943d4a965d0145e8642ce001498136a
[INFO] running `Command { std: "docker" "start" "-a" "a3bb7720cbd5d7e7bc889d32b09cfe7c5943d4a965d0145e8642ce001498136a", kill_on_drop: false }`
[INFO] [stderr]     Finished test [unoptimized + debuginfo] target(s) in 0.44s
[INFO] [stderr]      Running unittests (/opt/rustwide/target/debug/deps/email_broker-aa047b811bb9a760)
[INFO] [stdout] 
[INFO] [stderr]      Running unittests (/opt/rustwide/target/debug/deps/email_lambda-a855eddd74fa136b)
[INFO] [stdout] running 0 tests
[INFO] [stdout] 
[INFO] [stdout] test result: ok. 0 passed; 0 failed; 0 ignored; 0 measured; 0 filtered out; finished in 0.00s
[INFO] [stdout] 
[INFO] [stdout] 
[INFO] [stdout] running 0 tests
[INFO] [stdout] 
[INFO] [stdout] test result: ok. 0 passed; 0 failed; 0 ignored; 0 measured; 0 filtered out; finished in 0.01s
[INFO] [stdout] 
[INFO] [stdout] 
[INFO] [stdout] running 12 tests
[INFO] [stderr]      Running unittests (/opt/rustwide/target/debug/deps/email_shared-5001ce066bec174d)
[INFO] [stderr]    Doc-tests email_shared
[INFO] [stdout] test attribute_value_wrapper::n::error_when_missing ... ok
[INFO] [stdout] test attribute_value_wrapper::n::error_when_wrong_type ... ok
[INFO] [stdout] test attribute_value_wrapper::n::ok_when_exists ... ok
[INFO] [stdout] test attribute_value_wrapper::s::error_when_missing ... ok
[INFO] [stdout] test attribute_value_wrapper::s::error_when_wrong_type ... ok
[INFO] [stdout] test attribute_value_wrapper::s::ok_when_exists ... ok
[INFO] [stdout] test dynamo::dynamo::try_from::fails_missing_id ... ok
[INFO] [stdout] test dynamo::dynamo::try_from::fails_missing_status ... ok
[INFO] [stdout] test email_message::from::changes_code_to_string ... ok
[INFO] [stdout] test dynamo::dynamo::try_from::fails_on_empty_result ... ok
[INFO] [stdout] test dynamo::dynamo::try_from::fails_missing_subject ... ok
[INFO] [stdout] test dynamo::dynamo::try_from::succeeds ... ok
[INFO] [stdout] 
[INFO] [stdout] test result: ok. 12 passed; 0 failed; 0 ignored; 0 measured; 0 filtered out; finished in 0.03s
[INFO] [stdout] 
[INFO] [stdout] 
[INFO] [stdout] running 10 tests
[INFO] [stdout] test src/attribute_value_wrapper.rs - attribute_value_wrapper::DynamoItemWrapper::n (line 180) ... FAILED
[INFO] [stdout] test src/attribute_value_wrapper.rs - attribute_value_wrapper::AttributeValueMap::with_entry (line 13) ... FAILED
[INFO] [stdout] test src/attribute_value_wrapper.rs - attribute_value_wrapper::DynamoItemWrapper (line 72) ... FAILED
[INFO] [stdout] test src/attribute_value_wrapper.rs - attribute_value_wrapper::DynamoItemWrapper::s (line 111) ... FAILED
[INFO] [stdout] test src/attribute_value_wrapper.rs - attribute_value_wrapper::DynamoItemWrapper::new (line 93) ... FAILED
[INFO] [stdout] test src/attribute_value_wrapper.rs - attribute_value_wrapper::AttributeValueMap::with_entries (line 37) ... FAILED
[INFO] [stdout] test src/attribute_value_wrapper.rs - attribute_value_wrapper::DynamoItemWrapper::s (line 138) ... ok
[INFO] [stdout] test src/attribute_value_wrapper.rs - attribute_value_wrapper::DynamoItemWrapper::s (line 128) ... ok
[INFO] [stdout] test src/attribute_value_wrapper.rs - attribute_value_wrapper::DynamoItemWrapper::n (line 192) ... ok
[INFO] [stdout] test src/attribute_value_wrapper.rs - attribute_value_wrapper::DynamoItemWrapper::n (line 161) ... ok
[INFO] [stdout] 
[INFO] [stdout] failures:
[INFO] [stdout] 
[INFO] [stdout] ---- src/attribute_value_wrapper.rs - attribute_value_wrapper::DynamoItemWrapper::n (line 180) stdout ----
[INFO] [stdout] error: linking with `cc` failed: exit status: 1
[INFO] [stdout]   |
[INFO] [stdout]   = note: "cc" "-m64" "/tmp/rustdoctestkd6iNn/rust_out.rust_out.7rcbfp3g-cgu.0.rcgu.o" "/tmp/rustdoctestkd6iNn/rust_out.33dyzt1ekirinwy8.rcgu.o" "-Wl,--as-needed" "-L" "/opt/rustwide/target/debug/deps" "-L" "/opt/rustwide/target/debug/deps" "-L" "/opt/rustwide/rustup-home/toolchains/1.54.0-x86_64-unknown-linux-gnu/lib/rustlib/x86_64-unknown-linux-gnu/lib" "-Wl,-Bstatic" "/opt/rustwide/target/debug/deps/libemail_shared-cde2e76a41ac07d0.rlib" "/opt/rustwide/target/debug/deps/libthiserror-17a98f9621344145.rlib" "/opt/rustwide/target/debug/deps/librusoto_sqs-b0b830e092647066.rlib" "/opt/rustwide/target/debug/deps/libserde_urlencoded-365980eb3e9b709b.rlib" "/opt/rustwide/target/debug/deps/liburl-970a44b2393ae2ad.rlib" "/opt/rustwide/target/debug/deps/libidna-13f423600600d9ed.rlib" "/opt/rustwide/target/debug/deps/libunicode_normalization-dafba359870038b5.rlib" "/opt/rustwide/target/debug/deps/libtinyvec-dd4c492ec8be24e7.rlib" "/opt/rustwide/target/debug/deps/libtinyvec_macros-f6b5563d3767ea26.rlib" "/opt/rustwide/target/debug/deps/libunicode_bidi-658b16b5d9bb5631.rlib" "/opt/rustwide/target/debug/deps/libform_urlencoded-64c48050f569228e.rlib" "/opt/rustwide/target/debug/deps/libmatches-5bfcef5685786a07.rlib" "/opt/rustwide/target/debug/deps/libdtoa-008d6a27e4491b20.rlib" "/opt/rustwide/target/debug/deps/librusoto_dynamodb-03373faa2ee6ff5b.rlib" "/opt/rustwide/target/debug/deps/librusoto_core-3b4205714226342e.rlib" "/opt/rustwide/target/debug/deps/libxml-f0211806b299c0ce.rlib" "/opt/rustwide/target/debug/deps/libcrc32fast-e6a82e63ff40e00b.rlib" "/opt/rustwide/target/debug/deps/librusoto_signature-6a2617db6fb79398.rlib" "/opt/rustwide/target/debug/deps/libtime-2dc10f6932f07efb.rlib" "/opt/rustwide/target/debug/deps/libtime_macros-fec7b3202a1e4f22.rlib" "/opt/rustwide/target/debug/deps/libstandback-aac09f8201f8f52c.rlib" "/opt/rustwide/target/debug/deps/libsha2-32657f11a4d1589d.rlib" "/opt/rustwide/target/debug/deps/libcpuid_bool-464b343952c951fe.rlib" "/opt/rustwide/target/debug/deps/libopaque_debug-45a15423c8ac1fee.rlib" "/opt/rustwide/target/debug/deps/libblock_buffer-f2c9d0e415e230f1.rlib" "/opt/rustwide/target/debug/deps/libpercent_encoding-549c334c22432c49.rlib" "/opt/rustwide/target/debug/deps/libmd5-e5fe903458c910ca.rlib" "/opt/rustwide/target/debug/deps/libhmac-2a141608c1f86db3.rlib" "/opt/rustwide/target/debug/deps/libdigest-cec9cddf61e3fd9f.rlib" "/opt/rustwide/target/debug/deps/libcrypto_mac-2ca2e8aca866df98.rlib" "/opt/rustwide/target/debug/deps/libsubtle-d7181a01c22f87bc.rlib" "/opt/rustwide/target/debug/deps/libgeneric_array-9c620730d9aa5412.rlib" "/opt/rustwide/target/debug/deps/libtypenum-9959a671b08afc70.rlib" "/opt/rustwide/target/debug/deps/libhex-26332ec05e0770db.rlib" "/opt/rustwide/target/debug/deps/libbase64-5c7414cfb92860e8.rlib" "/opt/rustwide/target/debug/deps/librusoto_credential-22842b615afd25ea.rlib" "/opt/rustwide/target/debug/deps/libshlex-da61fa59b29a1a9a.rlib" "/opt/rustwide/target/debug/deps/libserde_json-08ebb92458760639.rlib" "/opt/rustwide/target/debug/deps/libryu-059aa1fbb24cd15e.rlib" "/opt/rustwide/target/debug/deps/libzeroize-1ed7b3e75c5140e4.rlib" "/opt/rustwide/target/debug/deps/libfutures-3ef3c2b2c89bcb0d.rlib" "/opt/rustwide/target/debug/deps/libfutures_executor-77fd7508e3c021d3.rlib" "/opt/rustwide/target/debug/deps/libdirs_next-eaba3b09d39344ce.rlib" "/opt/rustwide/target/debug/deps/libdirs_sys_next-f81f306e4da0098a.rlib" "/opt/rustwide/target/debug/deps/libchrono-6fbf4099727368f9.rlib" "/opt/rustwide/target/debug/deps/libnum_integer-016eaeb10a6f0eb9.rlib" "/opt/rustwide/target/debug/deps/libnum_traits-3ea67f5534c2ade7.rlib" "/opt/rustwide/target/debug/deps/libhyper_tls-d6132f7c78cd5173.rlib" "/opt/rustwide/target/debug/deps/libtokio_native_tls-fdd30a047746dc9f.rlib" "/opt/rustwide/target/debug/deps/libhyper-f18762641b24b109.rlib" "/opt/rustwide/target/debug/deps/libwant-8923efe3d72ddbe3.rlib" "/opt/rustwide/target/debug/deps/libtry_lock-a39996d6fbbee158.rlib" "/opt/rustwide/target/debug/deps/libhttparse-1cca0dce99b95028.rlib" "/opt/rustwide/target/debug/deps/libsocket2-2213bf1da9953beb.rlib" "/opt/rustwide/target/debug/deps/libtower_service-6686e1e00a5b1c4a.rlib" "/opt/rustwide/target/debug/deps/libhttp_body-86ca25d785eb2e3e.rlib" "/opt/rustwide/target/debug/deps/libfutures_util-5cefb51289220755.rlib" "/opt/rustwide/target/debug/deps/libfutures_io-8e08f757a55b6eec.rlib" "/opt/rustwide/target/debug/deps/libslab-a95947d689540fa4.rlib" "/opt/rustwide/target/debug/deps/libfutures_channel-44ccc9b1a967706e.rlib" "/opt/rustwide/target/debug/deps/libfutures_sink-21e5e5063cd10d66.rlib" "/opt/rustwide/target/debug/deps/libfutures_task-ff9d5c14eff28940.rlib" "/opt/rustwide/target/debug/deps/libpin_utils-576e633f12357c97.rlib" "/opt/rustwide/target/debug/deps/libfutures_core-23cb7bf658a171cc.rlib" "/opt/rustwide/target/debug/deps/libtokio-757d633dab86b96e.rlib" "/opt/rustwide/target/debug/deps/libsignal_hook_registry-4b95bebb2c3b435c.rlib" "/opt/rustwide/target/debug/deps/libnum_cpus-6d6acfb8834a61f7.rlib" "/opt/rustwide/target/debug/deps/libmemchr-4b0efb25cb3e65ef.rlib" "/opt/rustwide/target/debug/deps/libmio-61f70f79cee21e60.rlib" "/opt/rustwide/target/debug/deps/libpin_project-b34bf83ae203173c.rlib" "/opt/rustwide/target/debug/deps/libhttpdate-ec1c6030e5d9e9dd.rlib" "/opt/rustwide/target/debug/deps/libhttp-be93daba6824d702.rlib" "/opt/rustwide/target/debug/deps/libitoa-9ccdb0b3e3d11258.rlib" "/opt/rustwide/target/debug/deps/libbytes-7e5babf6f51108e5.rlib" "/opt/rustwide/target/debug/deps/libserde-7524b2f93b46dfb0.rlib" "/opt/rustwide/target/debug/deps/libfnv-56e05e18a5751d51.rlib" "/opt/rustwide/target/debug/deps/libtracing-d7c09e92a69c3ec0.rlib" "/opt/rustwide/target/debug/deps/libpin_project_lite-9385a627c3f2ae8b.rlib" "/opt/rustwide/target/debug/deps/libtracing_core-be6caebf80ab565c.rlib" "/opt/rustwide/target/debug/deps/liblazy_static-5c53d641eb010a81.rlib" "/opt/rustwide/target/debug/deps/libnative_tls-7954f96b05edc5ba.rlib" "/opt/rustwide/target/debug/deps/libopenssl_probe-448ee40efb9df675.rlib" "/opt/rustwide/target/debug/deps/libopenssl-75df97ee789074a0.rlib" "/opt/rustwide/target/debug/deps/libonce_cell-7362716c75555928.rlib" "/opt/rustwide/target/debug/deps/libbitflags-f89ae4b715176e2d.rlib" "/opt/rustwide/target/debug/deps/libforeign_types-6dd7ccee81750d2f.rlib" "/opt/rustwide/target/debug/deps/libforeign_types_shared-1812f2e1ab1a4883.rlib" "/opt/rustwide/target/debug/deps/libopenssl_sys-3dd0bd388ef5e614.rlib" "/opt/rustwide/target/debug/deps/liblibc-8aaac5d869422cbb.rlib" "/opt/rustwide/target/debug/deps/liblog-c7a6438e9780af3a.rlib" "/opt/rustwide/target/debug/deps/libcfg_if-38c8a3e888ecb06a.rlib" "-Wl,--start-group" "/opt/rustwide/rustup-home/toolchains/1.54.0-x86_64-unknown-linux-gnu/lib/rustlib/x86_64-unknown-linux-gnu/lib/libstd-2420485b9e5ef5e1.rlib" "/opt/rustwide/rustup-home/toolchains/1.54.0-x86_64-unknown-linux-gnu/lib/rustlib/x86_64-unknown-linux-gnu/lib/libpanic_unwind-785e3cb61c4b1960.rlib" "/opt/rustwide/rustup-home/toolchains/1.54.0-x86_64-unknown-linux-gnu/lib/rustlib/x86_64-unknown-linux-gnu/lib/libminiz_oxide-087191a88bdaa22d.rlib" "/opt/rustwide/rustup-home/toolchains/1.54.0-x86_64-unknown-linux-gnu/lib/rustlib/x86_64-unknown-linux-gnu/lib/libadler-9981842c02975178.rlib" "/opt/rustwide/rustup-home/toolchains/1.54.0-x86_64-unknown-linux-gnu/lib/rustlib/x86_64-unknown-linux-gnu/lib/libobject-6fb405869b015fde.rlib" "/opt/rustwide/rustup-home/toolchains/1.54.0-x86_64-unknown-linux-gnu/lib/rustlib/x86_64-unknown-linux-gnu/lib/libaddr2line-d05c5c3c56004b7b.rlib" "/opt/rustwide/rustup-home/toolchains/1.54.0-x86_64-unknown-linux-gnu/lib/rustlib/x86_64-unknown-linux-gnu/lib/libgimli-42d74d2097528b38.rlib" "/opt/rustwide/rustup-home/toolchains/1.54.0-x86_64-unknown-linux-gnu/lib/rustlib/x86_64-unknown-linux-gnu/lib/libstd_detect-fb36534c113d2209.rlib" "/opt/rustwide/rustup-home/toolchains/1.54.0-x86_64-unknown-linux-gnu/lib/rustlib/x86_64-unknown-linux-gnu/lib/librustc_demangle-b56b9042c12b6535.rlib" "/opt/rustwide/rustup-home/toolchains/1.54.0-x86_64-unknown-linux-gnu/lib/rustlib/x86_64-unknown-linux-gnu/lib/libhashbrown-491902d6cb3e76df.rlib" "/opt/rustwide/rustup-home/toolchains/1.54.0-x86_64-unknown-linux-gnu/lib/rustlib/x86_64-unknown-linux-gnu/lib/librustc_std_workspace_alloc-61834e0981b8c367.rlib" "/opt/rustwide/rustup-home/toolchains/1.54.0-x86_64-unknown-linux-gnu/lib/rustlib/x86_64-unknown-linux-gnu/lib/libunwind-f78aa99d613a55bc.rlib" "/opt/rustwide/rustup-home/toolchains/1.54.0-x86_64-unknown-linux-gnu/lib/rustlib/x86_64-unknown-linux-gnu/lib/libcfg_if-53ee54cd7fed2c57.rlib" "/opt/rustwide/rustup-home/toolchains/1.54.0-x86_64-unknown-linux-gnu/lib/rustlib/x86_64-unknown-linux-gnu/lib/liblibc-544ecdbd6cda3c58.rlib" "/opt/rustwide/rustup-home/toolchains/1.54.0-x86_64-unknown-linux-gnu/lib/rustlib/x86_64-unknown-linux-gnu/lib/liballoc-379cc252b6943a79.rlib" "/opt/rustwide/rustup-home/toolchains/1.54.0-x86_64-unknown-linux-gnu/lib/rustlib/x86_64-unknown-linux-gnu/lib/librustc_std_workspace_core-8063eea38dcc5e62.rlib" "/opt/rustwide/rustup-home/toolchains/1.54.0-x86_64-unknown-linux-gnu/lib/rustlib/x86_64-unknown-linux-gnu/lib/libcore-5b228734afae15ee.rlib" "-Wl,--end-group" "/opt/rustwide/rustup-home/toolchains/1.54.0-x86_64-unknown-linux-gnu/lib/rustlib/x86_64-unknown-linux-gnu/lib/libcompiler_builtins-d6c7a399d95d173f.rlib" "-Wl,-Bdynamic" "-lssl" "-lcrypto" "-lgcc_s" "-lutil" "-lrt" "-lpthread" "-lm" "-ldl" "-lc" "-Wl,--eh-frame-hdr" "-Wl,-znoexecstack" "-L" "/opt/rustwide/rustup-home/toolchains/1.54.0-x86_64-unknown-linux-gnu/lib/rustlib/x86_64-unknown-linux-gnu/lib" "-o" "/tmp/rustdoctestkd6iNn/rust_out" "-Wl,--gc-sections" "-pie" "-Wl,-zrelro" "-Wl,-znow" "-nodefaultlibs"
[INFO] [stdout]   = note: collect2: fatal error: ld terminated with signal 9 [Killed]
[INFO] [stdout]           compilation terminated.
[INFO] [stdout]           
[INFO] [stdout] 
[INFO] [stdout] error: aborting due to previous error
[INFO] [stdout] 
[INFO] [stdout] Couldn't compile the test.
[INFO] [stdout] ---- src/attribute_value_wrapper.rs - attribute_value_wrapper::AttributeValueMap::with_entry (line 13) stdout ----
[INFO] [stdout] error: linking with `cc` failed: exit status: 1
[INFO] [stdout]   |
[INFO] [stdout]   = note: "cc" "-m64" "/tmp/rustdoctestU7vc5v/rust_out.rust_out.7rcbfp3g-cgu.0.rcgu.o" "/tmp/rustdoctestU7vc5v/rust_out.33dyzt1ekirinwy8.rcgu.o" "-Wl,--as-needed" "-L" "/opt/rustwide/target/debug/deps" "-L" "/opt/rustwide/target/debug/deps" "-L" "/opt/rustwide/rustup-home/toolchains/1.54.0-x86_64-unknown-linux-gnu/lib/rustlib/x86_64-unknown-linux-gnu/lib" "-Wl,-Bstatic" "/opt/rustwide/target/debug/deps/libemail_shared-cde2e76a41ac07d0.rlib" "/opt/rustwide/target/debug/deps/libthiserror-17a98f9621344145.rlib" "/opt/rustwide/target/debug/deps/librusoto_sqs-b0b830e092647066.rlib" "/opt/rustwide/target/debug/deps/libserde_urlencoded-365980eb3e9b709b.rlib" "/opt/rustwide/target/debug/deps/liburl-970a44b2393ae2ad.rlib" "/opt/rustwide/target/debug/deps/libidna-13f423600600d9ed.rlib" "/opt/rustwide/target/debug/deps/libunicode_normalization-dafba359870038b5.rlib" "/opt/rustwide/target/debug/deps/libtinyvec-dd4c492ec8be24e7.rlib" "/opt/rustwide/target/debug/deps/libtinyvec_macros-f6b5563d3767ea26.rlib" "/opt/rustwide/target/debug/deps/libunicode_bidi-658b16b5d9bb5631.rlib" "/opt/rustwide/target/debug/deps/libform_urlencoded-64c48050f569228e.rlib" "/opt/rustwide/target/debug/deps/libmatches-5bfcef5685786a07.rlib" "/opt/rustwide/target/debug/deps/libdtoa-008d6a27e4491b20.rlib" "/opt/rustwide/target/debug/deps/librusoto_dynamodb-03373faa2ee6ff5b.rlib" "/opt/rustwide/target/debug/deps/librusoto_core-3b4205714226342e.rlib" "/opt/rustwide/target/debug/deps/libxml-f0211806b299c0ce.rlib" "/opt/rustwide/target/debug/deps/libcrc32fast-e6a82e63ff40e00b.rlib" "/opt/rustwide/target/debug/deps/librusoto_signature-6a2617db6fb79398.rlib" "/opt/rustwide/target/debug/deps/libtime-2dc10f6932f07efb.rlib" "/opt/rustwide/target/debug/deps/libtime_macros-fec7b3202a1e4f22.rlib" "/opt/rustwide/target/debug/deps/libstandback-aac09f8201f8f52c.rlib" "/opt/rustwide/target/debug/deps/libsha2-32657f11a4d1589d.rlib" "/opt/rustwide/target/debug/deps/libcpuid_bool-464b343952c951fe.rlib" "/opt/rustwide/target/debug/deps/libopaque_debug-45a15423c8ac1fee.rlib" "/opt/rustwide/target/debug/deps/libblock_buffer-f2c9d0e415e230f1.rlib" "/opt/rustwide/target/debug/deps/libpercent_encoding-549c334c22432c49.rlib" "/opt/rustwide/target/debug/deps/libmd5-e5fe903458c910ca.rlib" "/opt/rustwide/target/debug/deps/libhmac-2a141608c1f86db3.rlib" "/opt/rustwide/target/debug/deps/libdigest-cec9cddf61e3fd9f.rlib" "/opt/rustwide/target/debug/deps/libcrypto_mac-2ca2e8aca866df98.rlib" "/opt/rustwide/target/debug/deps/libsubtle-d7181a01c22f87bc.rlib" "/opt/rustwide/target/debug/deps/libgeneric_array-9c620730d9aa5412.rlib" "/opt/rustwide/target/debug/deps/libtypenum-9959a671b08afc70.rlib" "/opt/rustwide/target/debug/deps/libhex-26332ec05e0770db.rlib" "/opt/rustwide/target/debug/deps/libbase64-5c7414cfb92860e8.rlib" "/opt/rustwide/target/debug/deps/librusoto_credential-22842b615afd25ea.rlib" "/opt/rustwide/target/debug/deps/libshlex-da61fa59b29a1a9a.rlib" "/opt/rustwide/target/debug/deps/libserde_json-08ebb92458760639.rlib" "/opt/rustwide/target/debug/deps/libryu-059aa1fbb24cd15e.rlib" "/opt/rustwide/target/debug/deps/libzeroize-1ed7b3e75c5140e4.rlib" "/opt/rustwide/target/debug/deps/libfutures-3ef3c2b2c89bcb0d.rlib" "/opt/rustwide/target/debug/deps/libfutures_executor-77fd7508e3c021d3.rlib" "/opt/rustwide/target/debug/deps/libdirs_next-eaba3b09d39344ce.rlib" "/opt/rustwide/target/debug/deps/libdirs_sys_next-f81f306e4da0098a.rlib" "/opt/rustwide/target/debug/deps/libchrono-6fbf4099727368f9.rlib" "/opt/rustwide/target/debug/deps/libnum_integer-016eaeb10a6f0eb9.rlib" "/opt/rustwide/target/debug/deps/libnum_traits-3ea67f5534c2ade7.rlib" "/opt/rustwide/target/debug/deps/libhyper_tls-d6132f7c78cd5173.rlib" "/opt/rustwide/target/debug/deps/libtokio_native_tls-fdd30a047746dc9f.rlib" "/opt/rustwide/target/debug/deps/libhyper-f18762641b24b109.rlib" "/opt/rustwide/target/debug/deps/libwant-8923efe3d72ddbe3.rlib" "/opt/rustwide/target/debug/deps/libtry_lock-a39996d6fbbee158.rlib" "/opt/rustwide/target/debug/deps/libhttparse-1cca0dce99b95028.rlib" "/opt/rustwide/target/debug/deps/libsocket2-2213bf1da9953beb.rlib" "/opt/rustwide/target/debug/deps/libtower_service-6686e1e00a5b1c4a.rlib" "/opt/rustwide/target/debug/deps/libhttp_body-86ca25d785eb2e3e.rlib" "/opt/rustwide/target/debug/deps/libfutures_util-5cefb51289220755.rlib" "/opt/rustwide/target/debug/deps/libfutures_io-8e08f757a55b6eec.rlib" "/opt/rustwide/target/debug/deps/libslab-a95947d689540fa4.rlib" "/opt/rustwide/target/debug/deps/libfutures_channel-44ccc9b1a967706e.rlib" "/opt/rustwide/target/debug/deps/libfutures_sink-21e5e5063cd10d66.rlib" "/opt/rustwide/target/debug/deps/libfutures_task-ff9d5c14eff28940.rlib" "/opt/rustwide/target/debug/deps/libpin_utils-576e633f12357c97.rlib" "/opt/rustwide/target/debug/deps/libfutures_core-23cb7bf658a171cc.rlib" "/opt/rustwide/target/debug/deps/libtokio-757d633dab86b96e.rlib" "/opt/rustwide/target/debug/deps/libsignal_hook_registry-4b95bebb2c3b435c.rlib" "/opt/rustwide/target/debug/deps/libnum_cpus-6d6acfb8834a61f7.rlib" "/opt/rustwide/target/debug/deps/libmemchr-4b0efb25cb3e65ef.rlib" "/opt/rustwide/target/debug/deps/libmio-61f70f79cee21e60.rlib" "/opt/rustwide/target/debug/deps/libpin_project-b34bf83ae203173c.rlib" "/opt/rustwide/target/debug/deps/libhttpdate-ec1c6030e5d9e9dd.rlib" "/opt/rustwide/target/debug/deps/libhttp-be93daba6824d702.rlib" "/opt/rustwide/target/debug/deps/libitoa-9ccdb0b3e3d11258.rlib" "/opt/rustwide/target/debug/deps/libbytes-7e5babf6f51108e5.rlib" "/opt/rustwide/target/debug/deps/libserde-7524b2f93b46dfb0.rlib" "/opt/rustwide/target/debug/deps/libfnv-56e05e18a5751d51.rlib" "/opt/rustwide/target/debug/deps/libtracing-d7c09e92a69c3ec0.rlib" "/opt/rustwide/target/debug/deps/libpin_project_lite-9385a627c3f2ae8b.rlib" "/opt/rustwide/target/debug/deps/libtracing_core-be6caebf80ab565c.rlib" "/opt/rustwide/target/debug/deps/liblazy_static-5c53d641eb010a81.rlib" "/opt/rustwide/target/debug/deps/libnative_tls-7954f96b05edc5ba.rlib" "/opt/rustwide/target/debug/deps/libopenssl_probe-448ee40efb9df675.rlib" "/opt/rustwide/target/debug/deps/libopenssl-75df97ee789074a0.rlib" "/opt/rustwide/target/debug/deps/libonce_cell-7362716c75555928.rlib" "/opt/rustwide/target/debug/deps/libbitflags-f89ae4b715176e2d.rlib" "/opt/rustwide/target/debug/deps/libforeign_types-6dd7ccee81750d2f.rlib" "/opt/rustwide/target/debug/deps/libforeign_types_shared-1812f2e1ab1a4883.rlib" "/opt/rustwide/target/debug/deps/libopenssl_sys-3dd0bd388ef5e614.rlib" "/opt/rustwide/target/debug/deps/liblibc-8aaac5d869422cbb.rlib" "/opt/rustwide/target/debug/deps/liblog-c7a6438e9780af3a.rlib" "/opt/rustwide/target/debug/deps/libcfg_if-38c8a3e888ecb06a.rlib" "-Wl,--start-group" "/opt/rustwide/rustup-home/toolchains/1.54.0-x86_64-unknown-linux-gnu/lib/rustlib/x86_64-unknown-linux-gnu/lib/libstd-2420485b9e5ef5e1.rlib" "/opt/rustwide/rustup-home/toolchains/1.54.0-x86_64-unknown-linux-gnu/lib/rustlib/x86_64-unknown-linux-gnu/lib/libpanic_unwind-785e3cb61c4b1960.rlib" "/opt/rustwide/rustup-home/toolchains/1.54.0-x86_64-unknown-linux-gnu/lib/rustlib/x86_64-unknown-linux-gnu/lib/libminiz_oxide-087191a88bdaa22d.rlib" "/opt/rustwide/rustup-home/toolchains/1.54.0-x86_64-unknown-linux-gnu/lib/rustlib/x86_64-unknown-linux-gnu/lib/libadler-9981842c02975178.rlib" "/opt/rustwide/rustup-home/toolchains/1.54.0-x86_64-unknown-linux-gnu/lib/rustlib/x86_64-unknown-linux-gnu/lib/libobject-6fb405869b015fde.rlib" "/opt/rustwide/rustup-home/toolchains/1.54.0-x86_64-unknown-linux-gnu/lib/rustlib/x86_64-unknown-linux-gnu/lib/libaddr2line-d05c5c3c56004b7b.rlib" "/opt/rustwide/rustup-home/toolchains/1.54.0-x86_64-unknown-linux-gnu/lib/rustlib/x86_64-unknown-linux-gnu/lib/libgimli-42d74d2097528b38.rlib" "/opt/rustwide/rustup-home/toolchains/1.54.0-x86_64-unknown-linux-gnu/lib/rustlib/x86_64-unknown-linux-gnu/lib/libstd_detect-fb36534c113d2209.rlib" "/opt/rustwide/rustup-home/toolchains/1.54.0-x86_64-unknown-linux-gnu/lib/rustlib/x86_64-unknown-linux-gnu/lib/librustc_demangle-b56b9042c12b6535.rlib" "/opt/rustwide/rustup-home/toolchains/1.54.0-x86_64-unknown-linux-gnu/lib/rustlib/x86_64-unknown-linux-gnu/lib/libhashbrown-491902d6cb3e76df.rlib" "/opt/rustwide/rustup-home/toolchains/1.54.0-x86_64-unknown-linux-gnu/lib/rustlib/x86_64-unknown-linux-gnu/lib/librustc_std_workspace_alloc-61834e0981b8c367.rlib" "/opt/rustwide/rustup-home/toolchains/1.54.0-x86_64-unknown-linux-gnu/lib/rustlib/x86_64-unknown-linux-gnu/lib/libunwind-f78aa99d613a55bc.rlib" "/opt/rustwide/rustup-home/toolchains/1.54.0-x86_64-unknown-linux-gnu/lib/rustlib/x86_64-unknown-linux-gnu/lib/libcfg_if-53ee54cd7fed2c57.rlib" "/opt/rustwide/rustup-home/toolchains/1.54.0-x86_64-unknown-linux-gnu/lib/rustlib/x86_64-unknown-linux-gnu/lib/liblibc-544ecdbd6cda3c58.rlib" "/opt/rustwide/rustup-home/toolchains/1.54.0-x86_64-unknown-linux-gnu/lib/rustlib/x86_64-unknown-linux-gnu/lib/liballoc-379cc252b6943a79.rlib" "/opt/rustwide/rustup-home/toolchains/1.54.0-x86_64-unknown-linux-gnu/lib/rustlib/x86_64-unknown-linux-gnu/lib/librustc_std_workspace_core-8063eea38dcc5e62.rlib" "/opt/rustwide/rustup-home/toolchains/1.54.0-x86_64-unknown-linux-gnu/lib/rustlib/x86_64-unknown-linux-gnu/lib/libcore-5b228734afae15ee.rlib" "-Wl,--end-group" "/opt/rustwide/rustup-home/toolchains/1.54.0-x86_64-unknown-linux-gnu/lib/rustlib/x86_64-unknown-linux-gnu/lib/libcompiler_builtins-d6c7a399d95d173f.rlib" "-Wl,-Bdynamic" "-lssl" "-lcrypto" "-lgcc_s" "-lutil" "-lrt" "-lpthread" "-lm" "-ldl" "-lc" "-Wl,--eh-frame-hdr" "-Wl,-znoexecstack" "-L" "/opt/rustwide/rustup-home/toolchains/1.54.0-x86_64-unknown-linux-gnu/lib/rustlib/x86_64-unknown-linux-gnu/lib" "-o" "/tmp/rustdoctestU7vc5v/rust_out" "-Wl,--gc-sections" "-pie" "-Wl,-zrelro" "-Wl,-znow" "-nodefaultlibs"
[INFO] [stdout]   = note: collect2: fatal error: ld terminated with signal 9 [Killed]
[INFO] [stdout]           compilation terminated.
[INFO] [stdout]           
[INFO] [stdout] 
[INFO] [stdout] error: aborting due to previous error
[INFO] [stdout] 
[INFO] [stdout] Couldn't compile the test.
[INFO] [stdout] ---- src/attribute_value_wrapper.rs - attribute_value_wrapper::DynamoItemWrapper (line 72) stdout ----
[INFO] [stdout] error: linking with `cc` failed: exit status: 1
[INFO] [stdout]   |
[INFO] [stdout]   = note: "cc" "-m64" "/tmp/rustdoctestlUFOYr/rust_out.rust_out.7rcbfp3g-cgu.0.rcgu.o" "/tmp/rustdoctestlUFOYr/rust_out.33dyzt1ekirinwy8.rcgu.o" "-Wl,--as-needed" "-L" "/opt/rustwide/target/debug/deps" "-L" "/opt/rustwide/target/debug/deps" "-L" "/opt/rustwide/rustup-home/toolchains/1.54.0-x86_64-unknown-linux-gnu/lib/rustlib/x86_64-unknown-linux-gnu/lib" "-Wl,-Bstatic" "/opt/rustwide/target/debug/deps/libemail_shared-cde2e76a41ac07d0.rlib" "/opt/rustwide/target/debug/deps/libthiserror-17a98f9621344145.rlib" "/opt/rustwide/target/debug/deps/librusoto_sqs-b0b830e092647066.rlib" "/opt/rustwide/target/debug/deps/libserde_urlencoded-365980eb3e9b709b.rlib" "/opt/rustwide/target/debug/deps/liburl-970a44b2393ae2ad.rlib" "/opt/rustwide/target/debug/deps/libidna-13f423600600d9ed.rlib" "/opt/rustwide/target/debug/deps/libunicode_normalization-dafba359870038b5.rlib" "/opt/rustwide/target/debug/deps/libtinyvec-dd4c492ec8be24e7.rlib" "/opt/rustwide/target/debug/deps/libtinyvec_macros-f6b5563d3767ea26.rlib" "/opt/rustwide/target/debug/deps/libunicode_bidi-658b16b5d9bb5631.rlib" "/opt/rustwide/target/debug/deps/libform_urlencoded-64c48050f569228e.rlib" "/opt/rustwide/target/debug/deps/libmatches-5bfcef5685786a07.rlib" "/opt/rustwide/target/debug/deps/libdtoa-008d6a27e4491b20.rlib" "/opt/rustwide/target/debug/deps/librusoto_dynamodb-03373faa2ee6ff5b.rlib" "/opt/rustwide/target/debug/deps/librusoto_core-3b4205714226342e.rlib" "/opt/rustwide/target/debug/deps/libxml-f0211806b299c0ce.rlib" "/opt/rustwide/target/debug/deps/libcrc32fast-e6a82e63ff40e00b.rlib" "/opt/rustwide/target/debug/deps/librusoto_signature-6a2617db6fb79398.rlib" "/opt/rustwide/target/debug/deps/libtime-2dc10f6932f07efb.rlib" "/opt/rustwide/target/debug/deps/libtime_macros-fec7b3202a1e4f22.rlib" "/opt/rustwide/target/debug/deps/libstandback-aac09f8201f8f52c.rlib" "/opt/rustwide/target/debug/deps/libsha2-32657f11a4d1589d.rlib" "/opt/rustwide/target/debug/deps/libcpuid_bool-464b343952c951fe.rlib" "/opt/rustwide/target/debug/deps/libopaque_debug-45a15423c8ac1fee.rlib" "/opt/rustwide/target/debug/deps/libblock_buffer-f2c9d0e415e230f1.rlib" "/opt/rustwide/target/debug/deps/libpercent_encoding-549c334c22432c49.rlib" "/opt/rustwide/target/debug/deps/libmd5-e5fe903458c910ca.rlib" "/opt/rustwide/target/debug/deps/libhmac-2a141608c1f86db3.rlib" "/opt/rustwide/target/debug/deps/libdigest-cec9cddf61e3fd9f.rlib" "/opt/rustwide/target/debug/deps/libcrypto_mac-2ca2e8aca866df98.rlib" "/opt/rustwide/target/debug/deps/libsubtle-d7181a01c22f87bc.rlib" "/opt/rustwide/target/debug/deps/libgeneric_array-9c620730d9aa5412.rlib" "/opt/rustwide/target/debug/deps/libtypenum-9959a671b08afc70.rlib" "/opt/rustwide/target/debug/deps/libhex-26332ec05e0770db.rlib" "/opt/rustwide/target/debug/deps/libbase64-5c7414cfb92860e8.rlib" "/opt/rustwide/target/debug/deps/librusoto_credential-22842b615afd25ea.rlib" "/opt/rustwide/target/debug/deps/libshlex-da61fa59b29a1a9a.rlib" "/opt/rustwide/target/debug/deps/libserde_json-08ebb92458760639.rlib" "/opt/rustwide/target/debug/deps/libryu-059aa1fbb24cd15e.rlib" "/opt/rustwide/target/debug/deps/libzeroize-1ed7b3e75c5140e4.rlib" "/opt/rustwide/target/debug/deps/libfutures-3ef3c2b2c89bcb0d.rlib" "/opt/rustwide/target/debug/deps/libfutures_executor-77fd7508e3c021d3.rlib" "/opt/rustwide/target/debug/deps/libdirs_next-eaba3b09d39344ce.rlib" "/opt/rustwide/target/debug/deps/libdirs_sys_next-f81f306e4da0098a.rlib" "/opt/rustwide/target/debug/deps/libchrono-6fbf4099727368f9.rlib" "/opt/rustwide/target/debug/deps/libnum_integer-016eaeb10a6f0eb9.rlib" "/opt/rustwide/target/debug/deps/libnum_traits-3ea67f5534c2ade7.rlib" "/opt/rustwide/target/debug/deps/libhyper_tls-d6132f7c78cd5173.rlib" "/opt/rustwide/target/debug/deps/libtokio_native_tls-fdd30a047746dc9f.rlib" "/opt/rustwide/target/debug/deps/libhyper-f18762641b24b109.rlib" "/opt/rustwide/target/debug/deps/libwant-8923efe3d72ddbe3.rlib" "/opt/rustwide/target/debug/deps/libtry_lock-a39996d6fbbee158.rlib" "/opt/rustwide/target/debug/deps/libhttparse-1cca0dce99b95028.rlib" "/opt/rustwide/target/debug/deps/libsocket2-2213bf1da9953beb.rlib" "/opt/rustwide/target/debug/deps/libtower_service-6686e1e00a5b1c4a.rlib" "/opt/rustwide/target/debug/deps/libhttp_body-86ca25d785eb2e3e.rlib" "/opt/rustwide/target/debug/deps/libfutures_util-5cefb51289220755.rlib" "/opt/rustwide/target/debug/deps/libfutures_io-8e08f757a55b6eec.rlib" "/opt/rustwide/target/debug/deps/libslab-a95947d689540fa4.rlib" "/opt/rustwide/target/debug/deps/libfutures_channel-44ccc9b1a967706e.rlib" "/opt/rustwide/target/debug/deps/libfutures_sink-21e5e5063cd10d66.rlib" "/opt/rustwide/target/debug/deps/libfutures_task-ff9d5c14eff28940.rlib" "/opt/rustwide/target/debug/deps/libpin_utils-576e633f12357c97.rlib" "/opt/rustwide/target/debug/deps/libfutures_core-23cb7bf658a171cc.rlib" "/opt/rustwide/target/debug/deps/libtokio-757d633dab86b96e.rlib" "/opt/rustwide/target/debug/deps/libsignal_hook_registry-4b95bebb2c3b435c.rlib" "/opt/rustwide/target/debug/deps/libnum_cpus-6d6acfb8834a61f7.rlib" "/opt/rustwide/target/debug/deps/libmemchr-4b0efb25cb3e65ef.rlib" "/opt/rustwide/target/debug/deps/libmio-61f70f79cee21e60.rlib" "/opt/rustwide/target/debug/deps/libpin_project-b34bf83ae203173c.rlib" "/opt/rustwide/target/debug/deps/libhttpdate-ec1c6030e5d9e9dd.rlib" "/opt/rustwide/target/debug/deps/libhttp-be93daba6824d702.rlib" "/opt/rustwide/target/debug/deps/libitoa-9ccdb0b3e3d11258.rlib" "/opt/rustwide/target/debug/deps/libbytes-7e5babf6f51108e5.rlib" "/opt/rustwide/target/debug/deps/libserde-7524b2f93b46dfb0.rlib" "/opt/rustwide/target/debug/deps/libfnv-56e05e18a5751d51.rlib" "/opt/rustwide/target/debug/deps/libtracing-d7c09e92a69c3ec0.rlib" "/opt/rustwide/target/debug/deps/libpin_project_lite-9385a627c3f2ae8b.rlib" "/opt/rustwide/target/debug/deps/libtracing_core-be6caebf80ab565c.rlib" "/opt/rustwide/target/debug/deps/liblazy_static-5c53d641eb010a81.rlib" "/opt/rustwide/target/debug/deps/libnative_tls-7954f96b05edc5ba.rlib" "/opt/rustwide/target/debug/deps/libopenssl_probe-448ee40efb9df675.rlib" "/opt/rustwide/target/debug/deps/libopenssl-75df97ee789074a0.rlib" "/opt/rustwide/target/debug/deps/libonce_cell-7362716c75555928.rlib" "/opt/rustwide/target/debug/deps/libbitflags-f89ae4b715176e2d.rlib" "/opt/rustwide/target/debug/deps/libforeign_types-6dd7ccee81750d2f.rlib" "/opt/rustwide/target/debug/deps/libforeign_types_shared-1812f2e1ab1a4883.rlib" "/opt/rustwide/target/debug/deps/libopenssl_sys-3dd0bd388ef5e614.rlib" "/opt/rustwide/target/debug/deps/liblibc-8aaac5d869422cbb.rlib" "/opt/rustwide/target/debug/deps/liblog-c7a6438e9780af3a.rlib" "/opt/rustwide/target/debug/deps/libcfg_if-38c8a3e888ecb06a.rlib" "-Wl,--start-group" "/opt/rustwide/rustup-home/toolchains/1.54.0-x86_64-unknown-linux-gnu/lib/rustlib/x86_64-unknown-linux-gnu/lib/libstd-2420485b9e5ef5e1.rlib" "/opt/rustwide/rustup-home/toolchains/1.54.0-x86_64-unknown-linux-gnu/lib/rustlib/x86_64-unknown-linux-gnu/lib/libpanic_unwind-785e3cb61c4b1960.rlib" "/opt/rustwide/rustup-home/toolchains/1.54.0-x86_64-unknown-linux-gnu/lib/rustlib/x86_64-unknown-linux-gnu/lib/libminiz_oxide-087191a88bdaa22d.rlib" "/opt/rustwide/rustup-home/toolchains/1.54.0-x86_64-unknown-linux-gnu/lib/rustlib/x86_64-unknown-linux-gnu/lib/libadler-9981842c02975178.rlib" "/opt/rustwide/rustup-home/toolchains/1.54.0-x86_64-unknown-linux-gnu/lib/rustlib/x86_64-unknown-linux-gnu/lib/libobject-6fb405869b015fde.rlib" "/opt/rustwide/rustup-home/toolchains/1.54.0-x86_64-unknown-linux-gnu/lib/rustlib/x86_64-unknown-linux-gnu/lib/libaddr2line-d05c5c3c56004b7b.rlib" "/opt/rustwide/rustup-home/toolchains/1.54.0-x86_64-unknown-linux-gnu/lib/rustlib/x86_64-unknown-linux-gnu/lib/libgimli-42d74d2097528b38.rlib" "/opt/rustwide/rustup-home/toolchains/1.54.0-x86_64-unknown-linux-gnu/lib/rustlib/x86_64-unknown-linux-gnu/lib/libstd_detect-fb36534c113d2209.rlib" "/opt/rustwide/rustup-home/toolchains/1.54.0-x86_64-unknown-linux-gnu/lib/rustlib/x86_64-unknown-linux-gnu/lib/librustc_demangle-b56b9042c12b6535.rlib" "/opt/rustwide/rustup-home/toolchains/1.54.0-x86_64-unknown-linux-gnu/lib/rustlib/x86_64-unknown-linux-gnu/lib/libhashbrown-491902d6cb3e76df.rlib" "/opt/rustwide/rustup-home/toolchains/1.54.0-x86_64-unknown-linux-gnu/lib/rustlib/x86_64-unknown-linux-gnu/lib/librustc_std_workspace_alloc-61834e0981b8c367.rlib" "/opt/rustwide/rustup-home/toolchains/1.54.0-x86_64-unknown-linux-gnu/lib/rustlib/x86_64-unknown-linux-gnu/lib/libunwind-f78aa99d613a55bc.rlib" "/opt/rustwide/rustup-home/toolchains/1.54.0-x86_64-unknown-linux-gnu/lib/rustlib/x86_64-unknown-linux-gnu/lib/libcfg_if-53ee54cd7fed2c57.rlib" "/opt/rustwide/rustup-home/toolchains/1.54.0-x86_64-unknown-linux-gnu/lib/rustlib/x86_64-unknown-linux-gnu/lib/liblibc-544ecdbd6cda3c58.rlib" "/opt/rustwide/rustup-home/toolchains/1.54.0-x86_64-unknown-linux-gnu/lib/rustlib/x86_64-unknown-linux-gnu/lib/liballoc-379cc252b6943a79.rlib" "/opt/rustwide/rustup-home/toolchains/1.54.0-x86_64-unknown-linux-gnu/lib/rustlib/x86_64-unknown-linux-gnu/lib/librustc_std_workspace_core-8063eea38dcc5e62.rlib" "/opt/rustwide/rustup-home/toolchains/1.54.0-x86_64-unknown-linux-gnu/lib/rustlib/x86_64-unknown-linux-gnu/lib/libcore-5b228734afae15ee.rlib" "-Wl,--end-group" "/opt/rustwide/rustup-home/toolchains/1.54.0-x86_64-unknown-linux-gnu/lib/rustlib/x86_64-unknown-linux-gnu/lib/libcompiler_builtins-d6c7a399d95d173f.rlib" "-Wl,-Bdynamic" "-lssl" "-lcrypto" "-lgcc_s" "-lutil" "-lrt" "-lpthread" "-lm" "-ldl" "-lc" "-Wl,--eh-frame-hdr" "-Wl,-znoexecstack" "-L" "/opt/rustwide/rustup-home/toolchains/1.54.0-x86_64-unknown-linux-gnu/lib/rustlib/x86_64-unknown-linux-gnu/lib" "-o" "/tmp/rustdoctestlUFOYr/rust_out" "-Wl,--gc-sections" "-pie" "-Wl,-zrelro" "-Wl,-znow" "-nodefaultlibs"
[INFO] [stdout]   = note: collect2: fatal error: ld terminated with signal 9 [Killed]
[INFO] [stdout]           compilation terminated.
[INFO] [stdout]           
[INFO] [stdout] 
[INFO] [stdout] error: aborting due to previous error
[INFO] [stdout] 
[INFO] [stdout] Couldn't compile the test.
[INFO] [stdout] ---- src/attribute_value_wrapper.rs - attribute_value_wrapper::DynamoItemWrapper::s (line 111) stdout ----
[INFO] [stdout] error: linking with `cc` failed: exit status: 1
[INFO] [stdout]   |
[INFO] [stdout]   = note: "cc" "-m64" "/tmp/rustdoctestibIlg3/rust_out.rust_out.7rcbfp3g-cgu.0.rcgu.o" "/tmp/rustdoctestibIlg3/rust_out.33dyzt1ekirinwy8.rcgu.o" "-Wl,--as-needed" "-L" "/opt/rustwide/target/debug/deps" "-L" "/opt/rustwide/target/debug/deps" "-L" "/opt/rustwide/rustup-home/toolchains/1.54.0-x86_64-unknown-linux-gnu/lib/rustlib/x86_64-unknown-linux-gnu/lib" "-Wl,-Bstatic" "/opt/rustwide/target/debug/deps/libemail_shared-cde2e76a41ac07d0.rlib" "/opt/rustwide/target/debug/deps/libthiserror-17a98f9621344145.rlib" "/opt/rustwide/target/debug/deps/librusoto_sqs-b0b830e092647066.rlib" "/opt/rustwide/target/debug/deps/libserde_urlencoded-365980eb3e9b709b.rlib" "/opt/rustwide/target/debug/deps/liburl-970a44b2393ae2ad.rlib" "/opt/rustwide/target/debug/deps/libidna-13f423600600d9ed.rlib" "/opt/rustwide/target/debug/deps/libunicode_normalization-dafba359870038b5.rlib" "/opt/rustwide/target/debug/deps/libtinyvec-dd4c492ec8be24e7.rlib" "/opt/rustwide/target/debug/deps/libtinyvec_macros-f6b5563d3767ea26.rlib" "/opt/rustwide/target/debug/deps/libunicode_bidi-658b16b5d9bb5631.rlib" "/opt/rustwide/target/debug/deps/libform_urlencoded-64c48050f569228e.rlib" "/opt/rustwide/target/debug/deps/libmatches-5bfcef5685786a07.rlib" "/opt/rustwide/target/debug/deps/libdtoa-008d6a27e4491b20.rlib" "/opt/rustwide/target/debug/deps/librusoto_dynamodb-03373faa2ee6ff5b.rlib" "/opt/rustwide/target/debug/deps/librusoto_core-3b4205714226342e.rlib" "/opt/rustwide/target/debug/deps/libxml-f0211806b299c0ce.rlib" "/opt/rustwide/target/debug/deps/libcrc32fast-e6a82e63ff40e00b.rlib" "/opt/rustwide/target/debug/deps/librusoto_signature-6a2617db6fb79398.rlib" "/opt/rustwide/target/debug/deps/libtime-2dc10f6932f07efb.rlib" "/opt/rustwide/target/debug/deps/libtime_macros-fec7b3202a1e4f22.rlib" "/opt/rustwide/target/debug/deps/libstandback-aac09f8201f8f52c.rlib" "/opt/rustwide/target/debug/deps/libsha2-32657f11a4d1589d.rlib" "/opt/rustwide/target/debug/deps/libcpuid_bool-464b343952c951fe.rlib" "/opt/rustwide/target/debug/deps/libopaque_debug-45a15423c8ac1fee.rlib" "/opt/rustwide/target/debug/deps/libblock_buffer-f2c9d0e415e230f1.rlib" "/opt/rustwide/target/debug/deps/libpercent_encoding-549c334c22432c49.rlib" "/opt/rustwide/target/debug/deps/libmd5-e5fe903458c910ca.rlib" "/opt/rustwide/target/debug/deps/libhmac-2a141608c1f86db3.rlib" "/opt/rustwide/target/debug/deps/libdigest-cec9cddf61e3fd9f.rlib" "/opt/rustwide/target/debug/deps/libcrypto_mac-2ca2e8aca866df98.rlib" "/opt/rustwide/target/debug/deps/libsubtle-d7181a01c22f87bc.rlib" "/opt/rustwide/target/debug/deps/libgeneric_array-9c620730d9aa5412.rlib" "/opt/rustwide/target/debug/deps/libtypenum-9959a671b08afc70.rlib" "/opt/rustwide/target/debug/deps/libhex-26332ec05e0770db.rlib" "/opt/rustwide/target/debug/deps/libbase64-5c7414cfb92860e8.rlib" "/opt/rustwide/target/debug/deps/librusoto_credential-22842b615afd25ea.rlib" "/opt/rustwide/target/debug/deps/libshlex-da61fa59b29a1a9a.rlib" "/opt/rustwide/target/debug/deps/libserde_json-08ebb92458760639.rlib" "/opt/rustwide/target/debug/deps/libryu-059aa1fbb24cd15e.rlib" "/opt/rustwide/target/debug/deps/libzeroize-1ed7b3e75c5140e4.rlib" "/opt/rustwide/target/debug/deps/libfutures-3ef3c2b2c89bcb0d.rlib" "/opt/rustwide/target/debug/deps/libfutures_executor-77fd7508e3c021d3.rlib" "/opt/rustwide/target/debug/deps/libdirs_next-eaba3b09d39344ce.rlib" "/opt/rustwide/target/debug/deps/libdirs_sys_next-f81f306e4da0098a.rlib" "/opt/rustwide/target/debug/deps/libchrono-6fbf4099727368f9.rlib" "/opt/rustwide/target/debug/deps/libnum_integer-016eaeb10a6f0eb9.rlib" "/opt/rustwide/target/debug/deps/libnum_traits-3ea67f5534c2ade7.rlib" "/opt/rustwide/target/debug/deps/libhyper_tls-d6132f7c78cd5173.rlib" "/opt/rustwide/target/debug/deps/libtokio_native_tls-fdd30a047746dc9f.rlib" "/opt/rustwide/target/debug/deps/libhyper-f18762641b24b109.rlib" "/opt/rustwide/target/debug/deps/libwant-8923efe3d72ddbe3.rlib" "/opt/rustwide/target/debug/deps/libtry_lock-a39996d6fbbee158.rlib" "/opt/rustwide/target/debug/deps/libhttparse-1cca0dce99b95028.rlib" "/opt/rustwide/target/debug/deps/libsocket2-2213bf1da9953beb.rlib" "/opt/rustwide/target/debug/deps/libtower_service-6686e1e00a5b1c4a.rlib" "/opt/rustwide/target/debug/deps/libhttp_body-86ca25d785eb2e3e.rlib" "/opt/rustwide/target/debug/deps/libfutures_util-5cefb51289220755.rlib" "/opt/rustwide/target/debug/deps/libfutures_io-8e08f757a55b6eec.rlib" "/opt/rustwide/target/debug/deps/libslab-a95947d689540fa4.rlib" "/opt/rustwide/target/debug/deps/libfutures_channel-44ccc9b1a967706e.rlib" "/opt/rustwide/target/debug/deps/libfutures_sink-21e5e5063cd10d66.rlib" "/opt/rustwide/target/debug/deps/libfutures_task-ff9d5c14eff28940.rlib" "/opt/rustwide/target/debug/deps/libpin_utils-576e633f12357c97.rlib" "/opt/rustwide/target/debug/deps/libfutures_core-23cb7bf658a171cc.rlib" "/opt/rustwide/target/debug/deps/libtokio-757d633dab86b96e.rlib" "/opt/rustwide/target/debug/deps/libsignal_hook_registry-4b95bebb2c3b435c.rlib" "/opt/rustwide/target/debug/deps/libnum_cpus-6d6acfb8834a61f7.rlib" "/opt/rustwide/target/debug/deps/libmemchr-4b0efb25cb3e65ef.rlib" "/opt/rustwide/target/debug/deps/libmio-61f70f79cee21e60.rlib" "/opt/rustwide/target/debug/deps/libpin_project-b34bf83ae203173c.rlib" "/opt/rustwide/target/debug/deps/libhttpdate-ec1c6030e5d9e9dd.rlib" "/opt/rustwide/target/debug/deps/libhttp-be93daba6824d702.rlib" "/opt/rustwide/target/debug/deps/libitoa-9ccdb0b3e3d11258.rlib" "/opt/rustwide/target/debug/deps/libbytes-7e5babf6f51108e5.rlib" "/opt/rustwide/target/debug/deps/libserde-7524b2f93b46dfb0.rlib" "/opt/rustwide/target/debug/deps/libfnv-56e05e18a5751d51.rlib" "/opt/rustwide/target/debug/deps/libtracing-d7c09e92a69c3ec0.rlib" "/opt/rustwide/target/debug/deps/libpin_project_lite-9385a627c3f2ae8b.rlib" "/opt/rustwide/target/debug/deps/libtracing_core-be6caebf80ab565c.rlib" "/opt/rustwide/target/debug/deps/liblazy_static-5c53d641eb010a81.rlib" "/opt/rustwide/target/debug/deps/libnative_tls-7954f96b05edc5ba.rlib" "/opt/rustwide/target/debug/deps/libopenssl_probe-448ee40efb9df675.rlib" "/opt/rustwide/target/debug/deps/libopenssl-75df97ee789074a0.rlib" "/opt/rustwide/target/debug/deps/libonce_cell-7362716c75555928.rlib" "/opt/rustwide/target/debug/deps/libbitflags-f89ae4b715176e2d.rlib" "/opt/rustwide/target/debug/deps/libforeign_types-6dd7ccee81750d2f.rlib" "/opt/rustwide/target/debug/deps/libforeign_types_shared-1812f2e1ab1a4883.rlib" "/opt/rustwide/target/debug/deps/libopenssl_sys-3dd0bd388ef5e614.rlib" "/opt/rustwide/target/debug/deps/liblibc-8aaac5d869422cbb.rlib" "/opt/rustwide/target/debug/deps/liblog-c7a6438e9780af3a.rlib" "/opt/rustwide/target/debug/deps/libcfg_if-38c8a3e888ecb06a.rlib" "-Wl,--start-group" "/opt/rustwide/rustup-home/toolchains/1.54.0-x86_64-unknown-linux-gnu/lib/rustlib/x86_64-unknown-linux-gnu/lib/libstd-2420485b9e5ef5e1.rlib" "/opt/rustwide/rustup-home/toolchains/1.54.0-x86_64-unknown-linux-gnu/lib/rustlib/x86_64-unknown-linux-gnu/lib/libpanic_unwind-785e3cb61c4b1960.rlib" "/opt/rustwide/rustup-home/toolchains/1.54.0-x86_64-unknown-linux-gnu/lib/rustlib/x86_64-unknown-linux-gnu/lib/libminiz_oxide-087191a88bdaa22d.rlib" "/opt/rustwide/rustup-home/toolchains/1.54.0-x86_64-unknown-linux-gnu/lib/rustlib/x86_64-unknown-linux-gnu/lib/libadler-9981842c02975178.rlib" "/opt/rustwide/rustup-home/toolchains/1.54.0-x86_64-unknown-linux-gnu/lib/rustlib/x86_64-unknown-linux-gnu/lib/libobject-6fb405869b015fde.rlib" "/opt/rustwide/rustup-home/toolchains/1.54.0-x86_64-unknown-linux-gnu/lib/rustlib/x86_64-unknown-linux-gnu/lib/libaddr2line-d05c5c3c56004b7b.rlib" "/opt/rustwide/rustup-home/toolchains/1.54.0-x86_64-unknown-linux-gnu/lib/rustlib/x86_64-unknown-linux-gnu/lib/libgimli-42d74d2097528b38.rlib" "/opt/rustwide/rustup-home/toolchains/1.54.0-x86_64-unknown-linux-gnu/lib/rustlib/x86_64-unknown-linux-gnu/lib/libstd_detect-fb36534c113d2209.rlib" "/opt/rustwide/rustup-home/toolchains/1.54.0-x86_64-unknown-linux-gnu/lib/rustlib/x86_64-unknown-linux-gnu/lib/librustc_demangle-b56b9042c12b6535.rlib" "/opt/rustwide/rustup-home/toolchains/1.54.0-x86_64-unknown-linux-gnu/lib/rustlib/x86_64-unknown-linux-gnu/lib/libhashbrown-491902d6cb3e76df.rlib" "/opt/rustwide/rustup-home/toolchains/1.54.0-x86_64-unknown-linux-gnu/lib/rustlib/x86_64-unknown-linux-gnu/lib/librustc_std_workspace_alloc-61834e0981b8c367.rlib" "/opt/rustwide/rustup-home/toolchains/1.54.0-x86_64-unknown-linux-gnu/lib/rustlib/x86_64-unknown-linux-gnu/lib/libunwind-f78aa99d613a55bc.rlib" "/opt/rustwide/rustup-home/toolchains/1.54.0-x86_64-unknown-linux-gnu/lib/rustlib/x86_64-unknown-linux-gnu/lib/libcfg_if-53ee54cd7fed2c57.rlib" "/opt/rustwide/rustup-home/toolchains/1.54.0-x86_64-unknown-linux-gnu/lib/rustlib/x86_64-unknown-linux-gnu/lib/liblibc-544ecdbd6cda3c58.rlib" "/opt/rustwide/rustup-home/toolchains/1.54.0-x86_64-unknown-linux-gnu/lib/rustlib/x86_64-unknown-linux-gnu/lib/liballoc-379cc252b6943a79.rlib" "/opt/rustwide/rustup-home/toolchains/1.54.0-x86_64-unknown-linux-gnu/lib/rustlib/x86_64-unknown-linux-gnu/lib/librustc_std_workspace_core-8063eea38dcc5e62.rlib" "/opt/rustwide/rustup-home/toolchains/1.54.0-x86_64-unknown-linux-gnu/lib/rustlib/x86_64-unknown-linux-gnu/lib/libcore-5b228734afae15ee.rlib" "-Wl,--end-group" "/opt/rustwide/rustup-home/toolchains/1.54.0-x86_64-unknown-linux-gnu/lib/rustlib/x86_64-unknown-linux-gnu/lib/libcompiler_builtins-d6c7a399d95d173f.rlib" "-Wl,-Bdynamic" "-lssl" "-lcrypto" "-lgcc_s" "-lutil" "-lrt" "-lpthread" "-lm" "-ldl" "-lc" "-Wl,--eh-frame-hdr" "-Wl,-znoexecstack" "-L" "/opt/rustwide/rustup-home/toolchains/1.54.0-x86_64-unknown-linux-gnu/lib/rustlib/x86_64-unknown-linux-gnu/lib" "-o" "/tmp/rustdoctestibIlg3/rust_out" "-Wl,--gc-sections" "-pie" "-Wl,-zrelro" "-Wl,-znow" "-nodefaultlibs"
[INFO] [stdout]   = note: collect2: fatal error: ld terminated with signal 9 [Killed]
[INFO] [stdout]           compilation terminated.
[INFO] [stdout]           
[INFO] [stdout] 
[INFO] [stdout] error: aborting due to previous error
[INFO] [stdout] 
[INFO] [stdout] Couldn't compile the test.
[INFO] [stdout] ---- src/attribute_value_wrapper.rs - attribute_value_wrapper::DynamoItemWrapper::new (line 93) stdout ----
[INFO] [stdout] error: linking with `cc` failed: exit status: 1
[INFO] [stdout]   |
[INFO] [stdout]   = note: "cc" "-m64" "/tmp/rustdoctestJ8yfIc/rust_out.rust_out.7rcbfp3g-cgu.0.rcgu.o" "/tmp/rustdoctestJ8yfIc/rust_out.33dyzt1ekirinwy8.rcgu.o" "-Wl,--as-needed" "-L" "/opt/rustwide/target/debug/deps" "-L" "/opt/rustwide/target/debug/deps" "-L" "/opt/rustwide/rustup-home/toolchains/1.54.0-x86_64-unknown-linux-gnu/lib/rustlib/x86_64-unknown-linux-gnu/lib" "-Wl,-Bstatic" "/opt/rustwide/target/debug/deps/libemail_shared-cde2e76a41ac07d0.rlib" "/opt/rustwide/target/debug/deps/libthiserror-17a98f9621344145.rlib" "/opt/rustwide/target/debug/deps/librusoto_sqs-b0b830e092647066.rlib" "/opt/rustwide/target/debug/deps/libserde_urlencoded-365980eb3e9b709b.rlib" "/opt/rustwide/target/debug/deps/liburl-970a44b2393ae2ad.rlib" "/opt/rustwide/target/debug/deps/libidna-13f423600600d9ed.rlib" "/opt/rustwide/target/debug/deps/libunicode_normalization-dafba359870038b5.rlib" "/opt/rustwide/target/debug/deps/libtinyvec-dd4c492ec8be24e7.rlib" "/opt/rustwide/target/debug/deps/libtinyvec_macros-f6b5563d3767ea26.rlib" "/opt/rustwide/target/debug/deps/libunicode_bidi-658b16b5d9bb5631.rlib" "/opt/rustwide/target/debug/deps/libform_urlencoded-64c48050f569228e.rlib" "/opt/rustwide/target/debug/deps/libmatches-5bfcef5685786a07.rlib" "/opt/rustwide/target/debug/deps/libdtoa-008d6a27e4491b20.rlib" "/opt/rustwide/target/debug/deps/librusoto_dynamodb-03373faa2ee6ff5b.rlib" "/opt/rustwide/target/debug/deps/librusoto_core-3b4205714226342e.rlib" "/opt/rustwide/target/debug/deps/libxml-f0211806b299c0ce.rlib" "/opt/rustwide/target/debug/deps/libcrc32fast-e6a82e63ff40e00b.rlib" "/opt/rustwide/target/debug/deps/librusoto_signature-6a2617db6fb79398.rlib" "/opt/rustwide/target/debug/deps/libtime-2dc10f6932f07efb.rlib" "/opt/rustwide/target/debug/deps/libtime_macros-fec7b3202a1e4f22.rlib" "/opt/rustwide/target/debug/deps/libstandback-aac09f8201f8f52c.rlib" "/opt/rustwide/target/debug/deps/libsha2-32657f11a4d1589d.rlib" "/opt/rustwide/target/debug/deps/libcpuid_bool-464b343952c951fe.rlib" "/opt/rustwide/target/debug/deps/libopaque_debug-45a15423c8ac1fee.rlib" "/opt/rustwide/target/debug/deps/libblock_buffer-f2c9d0e415e230f1.rlib" "/opt/rustwide/target/debug/deps/libpercent_encoding-549c334c22432c49.rlib" "/opt/rustwide/target/debug/deps/libmd5-e5fe903458c910ca.rlib" "/opt/rustwide/target/debug/deps/libhmac-2a141608c1f86db3.rlib" "/opt/rustwide/target/debug/deps/libdigest-cec9cddf61e3fd9f.rlib" "/opt/rustwide/target/debug/deps/libcrypto_mac-2ca2e8aca866df98.rlib" "/opt/rustwide/target/debug/deps/libsubtle-d7181a01c22f87bc.rlib" "/opt/rustwide/target/debug/deps/libgeneric_array-9c620730d9aa5412.rlib" "/opt/rustwide/target/debug/deps/libtypenum-9959a671b08afc70.rlib" "/opt/rustwide/target/debug/deps/libhex-26332ec05e0770db.rlib" "/opt/rustwide/target/debug/deps/libbase64-5c7414cfb92860e8.rlib" "/opt/rustwide/target/debug/deps/librusoto_credential-22842b615afd25ea.rlib" "/opt/rustwide/target/debug/deps/libshlex-da61fa59b29a1a9a.rlib" "/opt/rustwide/target/debug/deps/libserde_json-08ebb92458760639.rlib" "/opt/rustwide/target/debug/deps/libryu-059aa1fbb24cd15e.rlib" "/opt/rustwide/target/debug/deps/libzeroize-1ed7b3e75c5140e4.rlib" "/opt/rustwide/target/debug/deps/libfutures-3ef3c2b2c89bcb0d.rlib" "/opt/rustwide/target/debug/deps/libfutures_executor-77fd7508e3c021d3.rlib" "/opt/rustwide/target/debug/deps/libdirs_next-eaba3b09d39344ce.rlib" "/opt/rustwide/target/debug/deps/libdirs_sys_next-f81f306e4da0098a.rlib" "/opt/rustwide/target/debug/deps/libchrono-6fbf4099727368f9.rlib" "/opt/rustwide/target/debug/deps/libnum_integer-016eaeb10a6f0eb9.rlib" "/opt/rustwide/target/debug/deps/libnum_traits-3ea67f5534c2ade7.rlib" "/opt/rustwide/target/debug/deps/libhyper_tls-d6132f7c78cd5173.rlib" "/opt/rustwide/target/debug/deps/libtokio_native_tls-fdd30a047746dc9f.rlib" "/opt/rustwide/target/debug/deps/libhyper-f18762641b24b109.rlib" "/opt/rustwide/target/debug/deps/libwant-8923efe3d72ddbe3.rlib" "/opt/rustwide/target/debug/deps/libtry_lock-a39996d6fbbee158.rlib" "/opt/rustwide/target/debug/deps/libhttparse-1cca0dce99b95028.rlib" "/opt/rustwide/target/debug/deps/libsocket2-2213bf1da9953beb.rlib" "/opt/rustwide/target/debug/deps/libtower_service-6686e1e00a5b1c4a.rlib" "/opt/rustwide/target/debug/deps/libhttp_body-86ca25d785eb2e3e.rlib" "/opt/rustwide/target/debug/deps/libfutures_util-5cefb51289220755.rlib" "/opt/rustwide/target/debug/deps/libfutures_io-8e08f757a55b6eec.rlib" "/opt/rustwide/target/debug/deps/libslab-a95947d689540fa4.rlib" "/opt/rustwide/target/debug/deps/libfutures_channel-44ccc9b1a967706e.rlib" "/opt/rustwide/target/debug/deps/libfutures_sink-21e5e5063cd10d66.rlib" "/opt/rustwide/target/debug/deps/libfutures_task-ff9d5c14eff28940.rlib" "/opt/rustwide/target/debug/deps/libpin_utils-576e633f12357c97.rlib" "/opt/rustwide/target/debug/deps/libfutures_core-23cb7bf658a171cc.rlib" "/opt/rustwide/target/debug/deps/libtokio-757d633dab86b96e.rlib" "/opt/rustwide/target/debug/deps/libsignal_hook_registry-4b95bebb2c3b435c.rlib" "/opt/rustwide/target/debug/deps/libnum_cpus-6d6acfb8834a61f7.rlib" "/opt/rustwide/target/debug/deps/libmemchr-4b0efb25cb3e65ef.rlib" "/opt/rustwide/target/debug/deps/libmio-61f70f79cee21e60.rlib" "/opt/rustwide/target/debug/deps/libpin_project-b34bf83ae203173c.rlib" "/opt/rustwide/target/debug/deps/libhttpdate-ec1c6030e5d9e9dd.rlib" "/opt/rustwide/target/debug/deps/libhttp-be93daba6824d702.rlib" "/opt/rustwide/target/debug/deps/libitoa-9ccdb0b3e3d11258.rlib" "/opt/rustwide/target/debug/deps/libbytes-7e5babf6f51108e5.rlib" "/opt/rustwide/target/debug/deps/libserde-7524b2f93b46dfb0.rlib" "/opt/rustwide/target/debug/deps/libfnv-56e05e18a5751d51.rlib" "/opt/rustwide/target/debug/deps/libtracing-d7c09e92a69c3ec0.rlib" "/opt/rustwide/target/debug/deps/libpin_project_lite-9385a627c3f2ae8b.rlib" "/opt/rustwide/target/debug/deps/libtracing_core-be6caebf80ab565c.rlib" "/opt/rustwide/target/debug/deps/liblazy_static-5c53d641eb010a81.rlib" "/opt/rustwide/target/debug/deps/libnative_tls-7954f96b05edc5ba.rlib" "/opt/rustwide/target/debug/deps/libopenssl_probe-448ee40efb9df675.rlib" "/opt/rustwide/target/debug/deps/libopenssl-75df97ee789074a0.rlib" "/opt/rustwide/target/debug/deps/libonce_cell-7362716c75555928.rlib" "/opt/rustwide/target/debug/deps/libbitflags-f89ae4b715176e2d.rlib" "/opt/rustwide/target/debug/deps/libforeign_types-6dd7ccee81750d2f.rlib" "/opt/rustwide/target/debug/deps/libforeign_types_shared-1812f2e1ab1a4883.rlib" "/opt/rustwide/target/debug/deps/libopenssl_sys-3dd0bd388ef5e614.rlib" "/opt/rustwide/target/debug/deps/liblibc-8aaac5d869422cbb.rlib" "/opt/rustwide/target/debug/deps/liblog-c7a6438e9780af3a.rlib" "/opt/rustwide/target/debug/deps/libcfg_if-38c8a3e888ecb06a.rlib" "-Wl,--start-group" "/opt/rustwide/rustup-home/toolchains/1.54.0-x86_64-unknown-linux-gnu/lib/rustlib/x86_64-unknown-linux-gnu/lib/libstd-2420485b9e5ef5e1.rlib" "/opt/rustwide/rustup-home/toolchains/1.54.0-x86_64-unknown-linux-gnu/lib/rustlib/x86_64-unknown-linux-gnu/lib/libpanic_unwind-785e3cb61c4b1960.rlib" "/opt/rustwide/rustup-home/toolchains/1.54.0-x86_64-unknown-linux-gnu/lib/rustlib/x86_64-unknown-linux-gnu/lib/libminiz_oxide-087191a88bdaa22d.rlib" "/opt/rustwide/rustup-home/toolchains/1.54.0-x86_64-unknown-linux-gnu/lib/rustlib/x86_64-unknown-linux-gnu/lib/libadler-9981842c02975178.rlib" "/opt/rustwide/rustup-home/toolchains/1.54.0-x86_64-unknown-linux-gnu/lib/rustlib/x86_64-unknown-linux-gnu/lib/libobject-6fb405869b015fde.rlib" "/opt/rustwide/rustup-home/toolchains/1.54.0-x86_64-unknown-linux-gnu/lib/rustlib/x86_64-unknown-linux-gnu/lib/libaddr2line-d05c5c3c56004b7b.rlib" "/opt/rustwide/rustup-home/toolchains/1.54.0-x86_64-unknown-linux-gnu/lib/rustlib/x86_64-unknown-linux-gnu/lib/libgimli-42d74d2097528b38.rlib" "/opt/rustwide/rustup-home/toolchains/1.54.0-x86_64-unknown-linux-gnu/lib/rustlib/x86_64-unknown-linux-gnu/lib/libstd_detect-fb36534c113d2209.rlib" "/opt/rustwide/rustup-home/toolchains/1.54.0-x86_64-unknown-linux-gnu/lib/rustlib/x86_64-unknown-linux-gnu/lib/librustc_demangle-b56b9042c12b6535.rlib" "/opt/rustwide/rustup-home/toolchains/1.54.0-x86_64-unknown-linux-gnu/lib/rustlib/x86_64-unknown-linux-gnu/lib/libhashbrown-491902d6cb3e76df.rlib" "/opt/rustwide/rustup-home/toolchains/1.54.0-x86_64-unknown-linux-gnu/lib/rustlib/x86_64-unknown-linux-gnu/lib/librustc_std_workspace_alloc-61834e0981b8c367.rlib" "/opt/rustwide/rustup-home/toolchains/1.54.0-x86_64-unknown-linux-gnu/lib/rustlib/x86_64-unknown-linux-gnu/lib/libunwind-f78aa99d613a55bc.rlib" "/opt/rustwide/rustup-home/toolchains/1.54.0-x86_64-unknown-linux-gnu/lib/rustlib/x86_64-unknown-linux-gnu/lib/libcfg_if-53ee54cd7fed2c57.rlib" "/opt/rustwide/rustup-home/toolchains/1.54.0-x86_64-unknown-linux-gnu/lib/rustlib/x86_64-unknown-linux-gnu/lib/liblibc-544ecdbd6cda3c58.rlib" "/opt/rustwide/rustup-home/toolchains/1.54.0-x86_64-unknown-linux-gnu/lib/rustlib/x86_64-unknown-linux-gnu/lib/liballoc-379cc252b6943a79.rlib" "/opt/rustwide/rustup-home/toolchains/1.54.0-x86_64-unknown-linux-gnu/lib/rustlib/x86_64-unknown-linux-gnu/lib/librustc_std_workspace_core-8063eea38dcc5e62.rlib" "/opt/rustwide/rustup-home/toolchains/1.54.0-x86_64-unknown-linux-gnu/lib/rustlib/x86_64-unknown-linux-gnu/lib/libcore-5b228734afae15ee.rlib" "-Wl,--end-group" "/opt/rustwide/rustup-home/toolchains/1.54.0-x86_64-unknown-linux-gnu/lib/rustlib/x86_64-unknown-linux-gnu/lib/libcompiler_builtins-d6c7a399d95d173f.rlib" "-Wl,-Bdynamic" "-lssl" "-lcrypto" "-lgcc_s" "-lutil" "-lrt" "-lpthread" "-lm" "-ldl" "-lc" "-Wl,--eh-frame-hdr" "-Wl,-znoexecstack" "-L" "/opt/rustwide/rustup-home/toolchains/1.54.0-x86_64-unknown-linux-gnu/lib/rustlib/x86_64-unknown-linux-gnu/lib" "-o" "/tmp/rustdoctestJ8yfIc/rust_out" "-Wl,--gc-sections" "-pie" "-Wl,-zrelro" "-Wl,-znow" "-nodefaultlibs"
[INFO] [stdout]   = note: collect2: fatal error: ld terminated with signal 9 [Killed]
[INFO] [stdout]           compilation terminated.
[INFO] [stdout]           
[INFO] [stdout] 
[INFO] [stdout] error: aborting due to previous error
[INFO] [stdout] 
[INFO] [stdout] Couldn't compile the test.
[INFO] [stdout] ---- src/attribute_value_wrapper.rs - attribute_value_wrapper::AttributeValueMap::with_entries (line 37) stdout ----
[INFO] [stdout] error: linking with `cc` failed: exit status: 1
[INFO] [stdout]   |
[INFO] [stdout]   = note: "cc" "-m64" "/tmp/rustdoctestHYrB58/rust_out.rust_out.7rcbfp3g-cgu.0.rcgu.o" "/tmp/rustdoctestHYrB58/rust_out.33dyzt1ekirinwy8.rcgu.o" "-Wl,--as-needed" "-L" "/opt/rustwide/target/debug/deps" "-L" "/opt/rustwide/target/debug/deps" "-L" "/opt/rustwide/rustup-home/toolchains/1.54.0-x86_64-unknown-linux-gnu/lib/rustlib/x86_64-unknown-linux-gnu/lib" "-Wl,-Bstatic" "/opt/rustwide/target/debug/deps/libemail_shared-cde2e76a41ac07d0.rlib" "/opt/rustwide/target/debug/deps/libthiserror-17a98f9621344145.rlib" "/opt/rustwide/target/debug/deps/librusoto_sqs-b0b830e092647066.rlib" "/opt/rustwide/target/debug/deps/libserde_urlencoded-365980eb3e9b709b.rlib" "/opt/rustwide/target/debug/deps/liburl-970a44b2393ae2ad.rlib" "/opt/rustwide/target/debug/deps/libidna-13f423600600d9ed.rlib" "/opt/rustwide/target/debug/deps/libunicode_normalization-dafba359870038b5.rlib" "/opt/rustwide/target/debug/deps/libtinyvec-dd4c492ec8be24e7.rlib" "/opt/rustwide/target/debug/deps/libtinyvec_macros-f6b5563d3767ea26.rlib" "/opt/rustwide/target/debug/deps/libunicode_bidi-658b16b5d9bb5631.rlib" "/opt/rustwide/target/debug/deps/libform_urlencoded-64c48050f569228e.rlib" "/opt/rustwide/target/debug/deps/libmatches-5bfcef5685786a07.rlib" "/opt/rustwide/target/debug/deps/libdtoa-008d6a27e4491b20.rlib" "/opt/rustwide/target/debug/deps/librusoto_dynamodb-03373faa2ee6ff5b.rlib" "/opt/rustwide/target/debug/deps/librusoto_core-3b4205714226342e.rlib" "/opt/rustwide/target/debug/deps/libxml-f0211806b299c0ce.rlib" "/opt/rustwide/target/debug/deps/libcrc32fast-e6a82e63ff40e00b.rlib" "/opt/rustwide/target/debug/deps/librusoto_signature-6a2617db6fb79398.rlib" "/opt/rustwide/target/debug/deps/libtime-2dc10f6932f07efb.rlib" "/opt/rustwide/target/debug/deps/libtime_macros-fec7b3202a1e4f22.rlib" "/opt/rustwide/target/debug/deps/libstandback-aac09f8201f8f52c.rlib" "/opt/rustwide/target/debug/deps/libsha2-32657f11a4d1589d.rlib" "/opt/rustwide/target/debug/deps/libcpuid_bool-464b343952c951fe.rlib" "/opt/rustwide/target/debug/deps/libopaque_debug-45a15423c8ac1fee.rlib" "/opt/rustwide/target/debug/deps/libblock_buffer-f2c9d0e415e230f1.rlib" "/opt/rustwide/target/debug/deps/libpercent_encoding-549c334c22432c49.rlib" "/opt/rustwide/target/debug/deps/libmd5-e5fe903458c910ca.rlib" "/opt/rustwide/target/debug/deps/libhmac-2a141608c1f86db3.rlib" "/opt/rustwide/target/debug/deps/libdigest-cec9cddf61e3fd9f.rlib" "/opt/rustwide/target/debug/deps/libcrypto_mac-2ca2e8aca866df98.rlib" "/opt/rustwide/target/debug/deps/libsubtle-d7181a01c22f87bc.rlib" "/opt/rustwide/target/debug/deps/libgeneric_array-9c620730d9aa5412.rlib" "/opt/rustwide/target/debug/deps/libtypenum-9959a671b08afc70.rlib" "/opt/rustwide/target/debug/deps/libhex-26332ec05e0770db.rlib" "/opt/rustwide/target/debug/deps/libbase64-5c7414cfb92860e8.rlib" "/opt/rustwide/target/debug/deps/librusoto_credential-22842b615afd25ea.rlib" "/opt/rustwide/target/debug/deps/libshlex-da61fa59b29a1a9a.rlib" "/opt/rustwide/target/debug/deps/libserde_json-08ebb92458760639.rlib" "/opt/rustwide/target/debug/deps/libryu-059aa1fbb24cd15e.rlib" "/opt/rustwide/target/debug/deps/libzeroize-1ed7b3e75c5140e4.rlib" "/opt/rustwide/target/debug/deps/libfutures-3ef3c2b2c89bcb0d.rlib" "/opt/rustwide/target/debug/deps/libfutures_executor-77fd7508e3c021d3.rlib" "/opt/rustwide/target/debug/deps/libdirs_next-eaba3b09d39344ce.rlib" "/opt/rustwide/target/debug/deps/libdirs_sys_next-f81f306e4da0098a.rlib" "/opt/rustwide/target/debug/deps/libchrono-6fbf4099727368f9.rlib" "/opt/rustwide/target/debug/deps/libnum_integer-016eaeb10a6f0eb9.rlib" "/opt/rustwide/target/debug/deps/libnum_traits-3ea67f5534c2ade7.rlib" "/opt/rustwide/target/debug/deps/libhyper_tls-d6132f7c78cd5173.rlib" "/opt/rustwide/target/debug/deps/libtokio_native_tls-fdd30a047746dc9f.rlib" "/opt/rustwide/target/debug/deps/libhyper-f18762641b24b109.rlib" "/opt/rustwide/target/debug/deps/libwant-8923efe3d72ddbe3.rlib" "/opt/rustwide/target/debug/deps/libtry_lock-a39996d6fbbee158.rlib" "/opt/rustwide/target/debug/deps/libhttparse-1cca0dce99b95028.rlib" "/opt/rustwide/target/debug/deps/libsocket2-2213bf1da9953beb.rlib" "/opt/rustwide/target/debug/deps/libtower_service-6686e1e00a5b1c4a.rlib" "/opt/rustwide/target/debug/deps/libhttp_body-86ca25d785eb2e3e.rlib" "/opt/rustwide/target/debug/deps/libfutures_util-5cefb51289220755.rlib" "/opt/rustwide/target/debug/deps/libfutures_io-8e08f757a55b6eec.rlib" "/opt/rustwide/target/debug/deps/libslab-a95947d689540fa4.rlib" "/opt/rustwide/target/debug/deps/libfutures_channel-44ccc9b1a967706e.rlib" "/opt/rustwide/target/debug/deps/libfutures_sink-21e5e5063cd10d66.rlib" "/opt/rustwide/target/debug/deps/libfutures_task-ff9d5c14eff28940.rlib" "/opt/rustwide/target/debug/deps/libpin_utils-576e633f12357c97.rlib" "/opt/rustwide/target/debug/deps/libfutures_core-23cb7bf658a171cc.rlib" "/opt/rustwide/target/debug/deps/libtokio-757d633dab86b96e.rlib" "/opt/rustwide/target/debug/deps/libsignal_hook_registry-4b95bebb2c3b435c.rlib" "/opt/rustwide/target/debug/deps/libnum_cpus-6d6acfb8834a61f7.rlib" "/opt/rustwide/target/debug/deps/libmemchr-4b0efb25cb3e65ef.rlib" "/opt/rustwide/target/debug/deps/libmio-61f70f79cee21e60.rlib" "/opt/rustwide/target/debug/deps/libpin_project-b34bf83ae203173c.rlib" "/opt/rustwide/target/debug/deps/libhttpdate-ec1c6030e5d9e9dd.rlib" "/opt/rustwide/target/debug/deps/libhttp-be93daba6824d702.rlib" "/opt/rustwide/target/debug/deps/libitoa-9ccdb0b3e3d11258.rlib" "/opt/rustwide/target/debug/deps/libbytes-7e5babf6f51108e5.rlib" "/opt/rustwide/target/debug/deps/libserde-7524b2f93b46dfb0.rlib" "/opt/rustwide/target/debug/deps/libfnv-56e05e18a5751d51.rlib" "/opt/rustwide/target/debug/deps/libtracing-d7c09e92a69c3ec0.rlib" "/opt/rustwide/target/debug/deps/libpin_project_lite-9385a627c3f2ae8b.rlib" "/opt/rustwide/target/debug/deps/libtracing_core-be6caebf80ab565c.rlib" "/opt/rustwide/target/debug/deps/liblazy_static-5c53d641eb010a81.rlib" "/opt/rustwide/target/debug/deps/libnative_tls-7954f96b05edc5ba.rlib" "/opt/rustwide/target/debug/deps/libopenssl_probe-448ee40efb9df675.rlib" "/opt/rustwide/target/debug/deps/libopenssl-75df97ee789074a0.rlib" "/opt/rustwide/target/debug/deps/libonce_cell-7362716c75555928.rlib" "/opt/rustwide/target/debug/deps/libbitflags-f89ae4b715176e2d.rlib" "/opt/rustwide/target/debug/deps/libforeign_types-6dd7ccee81750d2f.rlib" "/opt/rustwide/target/debug/deps/libforeign_types_shared-1812f2e1ab1a4883.rlib" "/opt/rustwide/target/debug/deps/libopenssl_sys-3dd0bd388ef5e614.rlib" "/opt/rustwide/target/debug/deps/liblibc-8aaac5d869422cbb.rlib" "/opt/rustwide/target/debug/deps/liblog-c7a6438e9780af3a.rlib" "/opt/rustwide/target/debug/deps/libcfg_if-38c8a3e888ecb06a.rlib" "-Wl,--start-group" "/opt/rustwide/rustup-home/toolchains/1.54.0-x86_64-unknown-linux-gnu/lib/rustlib/x86_64-unknown-linux-gnu/lib/libstd-2420485b9e5ef5e1.rlib" "/opt/rustwide/rustup-home/toolchains/1.54.0-x86_64-unknown-linux-gnu/lib/rustlib/x86_64-unknown-linux-gnu/lib/libpanic_unwind-785e3cb61c4b1960.rlib" "/opt/rustwide/rustup-home/toolchains/1.54.0-x86_64-unknown-linux-gnu/lib/rustlib/x86_64-unknown-linux-gnu/lib/libminiz_oxide-087191a88bdaa22d.rlib" "/opt/rustwide/rustup-home/toolchains/1.54.0-x86_64-unknown-linux-gnu/lib/rustlib/x86_64-unknown-linux-gnu/lib/libadler-9981842c02975178.rlib" "/opt/rustwide/rustup-home/toolchains/1.54.0-x86_64-unknown-linux-gnu/lib/rustlib/x86_64-unknown-linux-gnu/lib/libobject-6fb405869b015fde.rlib" "/opt/rustwide/rustup-home/toolchains/1.54.0-x86_64-unknown-linux-gnu/lib/rustlib/x86_64-unknown-linux-gnu/lib/libaddr2line-d05c5c3c56004b7b.rlib" "/opt/rustwide/rustup-home/toolchains/1.54.0-x86_64-unknown-linux-gnu/lib/rustlib/x86_64-unknown-linux-gnu/lib/libgimli-42d74d2097528b38.rlib" "/opt/rustwide/rustup-home/toolchains/1.54.0-x86_64-unknown-linux-gnu/lib/rustlib/x86_64-unknown-linux-gnu/lib/libstd_detect-fb36534c113d2209.rlib" "/opt/rustwide/rustup-home/toolchains/1.54.0-x86_64-unknown-linux-gnu/lib/rustlib/x86_64-unknown-linux-gnu/lib/librustc_demangle-b56b9042c12b6535.rlib" "/opt/rustwide/rustup-home/toolchains/1.54.0-x86_64-unknown-linux-gnu/lib/rustlib/x86_64-unknown-linux-gnu/lib/libhashbrown-491902d6cb3e76df.rlib" "/opt/rustwide/rustup-home/toolchains/1.54.0-x86_64-unknown-linux-gnu/lib/rustlib/x86_64-unknown-linux-gnu/lib/librustc_std_workspace_alloc-61834e0981b8c367.rlib" "/opt/rustwide/rustup-home/toolchains/1.54.0-x86_64-unknown-linux-gnu/lib/rustlib/x86_64-unknown-linux-gnu/lib/libunwind-f78aa99d613a55bc.rlib" "/opt/rustwide/rustup-home/toolchains/1.54.0-x86_64-unknown-linux-gnu/lib/rustlib/x86_64-unknown-linux-gnu/lib/libcfg_if-53ee54cd7fed2c57.rlib" "/opt/rustwide/rustup-home/toolchains/1.54.0-x86_64-unknown-linux-gnu/lib/rustlib/x86_64-unknown-linux-gnu/lib/liblibc-544ecdbd6cda3c58.rlib" "/opt/rustwide/rustup-home/toolchains/1.54.0-x86_64-unknown-linux-gnu/lib/rustlib/x86_64-unknown-linux-gnu/lib/liballoc-379cc252b6943a79.rlib" "/opt/rustwide/rustup-home/toolchains/1.54.0-x86_64-unknown-linux-gnu/lib/rustlib/x86_64-unknown-linux-gnu/lib/librustc_std_workspace_core-8063eea38dcc5e62.rlib" "/opt/rustwide/rustup-home/toolchains/1.54.0-x86_64-unknown-linux-gnu/lib/rustlib/x86_64-unknown-linux-gnu/lib/libcore-5b228734afae15ee.rlib" "-Wl,--end-group" "/opt/rustwide/rustup-home/toolchains/1.54.0-x86_64-unknown-linux-gnu/lib/rustlib/x86_64-unknown-linux-gnu/lib/libcompiler_builtins-d6c7a399d95d173f.rlib" "-Wl,-Bdynamic" "-lssl" "-lcrypto" "-lgcc_s" "-lutil" "-lrt" "-lpthread" "-lm" "-ldl" "-lc" "-Wl,--eh-frame-hdr" "-Wl,-znoexecstack" "-L" "/opt/rustwide/rustup-home/toolchains/1.54.0-x86_64-unknown-linux-gnu/lib/rustlib/x86_64-unknown-linux-gnu/lib" "-o" "/tmp/rustdoctestHYrB58/rust_out" "-Wl,--gc-sections" "-pie" "-Wl,-zrelro" "-Wl,-znow" "-nodefaultlibs"
[INFO] [stdout]   = note: collect2: fatal error: ld terminated with signal 9 [Killed]
[INFO] [stdout]           compilation terminated.
[INFO] [stdout]           
[INFO] [stdout] 
[INFO] [stdout] error: aborting due to previous error
[INFO] [stdout] 
[INFO] [stdout] Couldn't compile the test.
[INFO] [stdout] 
[INFO] [stdout] failures:
[INFO] [stdout]     src/attribute_value_wrapper.rs - attribute_value_wrapper::AttributeValueMap::with_entries (line 37)
[INFO] [stdout]     src/attribute_value_wrapper.rs - attribute_value_wrapper::AttributeValueMap::with_entry (line 13)
[INFO] [stdout]     src/attribute_value_wrapper.rs - attribute_value_wrapper::DynamoItemWrapper (line 72)
[INFO] [stdout]     src/attribute_value_wrapper.rs - attribute_value_wrapper::DynamoItemWrapper::n (line 180)
[INFO] [stdout]     src/attribute_value_wrapper.rs - attribute_value_wrapper::DynamoItemWrapper::new (line 93)
[INFO] [stdout]     src/attribute_value_wrapper.rs - attribute_value_wrapper::DynamoItemWrapper::s (line 111)
[INFO] [stdout] 
[INFO] [stdout] test result: FAILED. 4 passed; 6 failed; 0 ignored; 0 measured; 0 filtered out; finished in 5.23s
[INFO] [stdout] 
[INFO] [stderr] error: test failed, to rerun pass '--doc'
[INFO] running `Command { std: "docker" "inspect" "a3bb7720cbd5d7e7bc889d32b09cfe7c5943d4a965d0145e8642ce001498136a", kill_on_drop: false }`
[INFO] running `Command { std: "docker" "rm" "-f" "a3bb7720cbd5d7e7bc889d32b09cfe7c5943d4a965d0145e8642ce001498136a", kill_on_drop: false }`
[INFO] [stdout] a3bb7720cbd5d7e7bc889d32b09cfe7c5943d4a965d0145e8642ce001498136a
