[INFO] cloning repository https://github.com/brightblade42/user_pass
[INFO] running `Command { std: "git" "-c" "credential.helper=" "-c" "credential.helper=/workspace/cargo-home/bin/git-credential-null" "clone" "--bare" "https://github.com/brightblade42/user_pass" "/workspace/cache/git-repos/https%3A%2F%2Fgithub.com%2Fbrightblade42%2Fuser_pass", kill_on_drop: false }`
[INFO] [stderr] Cloning into bare repository '/workspace/cache/git-repos/https%3A%2F%2Fgithub.com%2Fbrightblade42%2Fuser_pass'...
[INFO] running `Command { std: "git" "rev-parse" "HEAD", kill_on_drop: false }`
[INFO] [stdout] 13aeb0b0915eaad0c6501fa6cad87bb4886964fe
[INFO] testing brightblade42/user_pass against beta-2021-08-01 for beta-1.55-1
[INFO] running `Command { std: "git" "clone" "/workspace/cache/git-repos/https%3A%2F%2Fgithub.com%2Fbrightblade42%2Fuser_pass" "/workspace/builds/worker-20/source", kill_on_drop: false }`
[INFO] [stderr] Cloning into '/workspace/builds/worker-20/source'...
[INFO] [stderr] done.
[INFO] validating manifest of git repo https://github.com/brightblade42/user_pass on toolchain beta-2021-08-01
[INFO] running `Command { std: "/workspace/cargo-home/bin/cargo" "+beta-2021-08-01" "metadata" "--manifest-path" "Cargo.toml" "--no-deps", kill_on_drop: false }`
[INFO] started tweaking git repo https://github.com/brightblade42/user_pass
[INFO] finished tweaking git repo https://github.com/brightblade42/user_pass
[INFO] tweaked toml for git repo https://github.com/brightblade42/user_pass written to /workspace/builds/worker-20/source/Cargo.toml
[INFO] crate git repo https://github.com/brightblade42/user_pass already has a lockfile, it will not be regenerated
[INFO] running `Command { std: "/workspace/cargo-home/bin/cargo" "+beta-2021-08-01" "fetch" "--manifest-path" "Cargo.toml", kill_on_drop: false }`
[INFO] [stderr]     Blocking waiting for file lock on package cache
[INFO] running `Command { std: "docker" "create" "-v" "/var/lib/crater-agent-workspace/builds/worker-20/target:/opt/rustwide/target:rw,Z" "-v" "/var/lib/crater-agent-workspace/builds/worker-20/source:/opt/rustwide/workdir:ro,Z" "-v" "/var/lib/crater-agent-workspace/cargo-home:/opt/rustwide/cargo-home:ro,Z" "-v" "/var/lib/crater-agent-workspace/rustup-home:/opt/rustwide/rustup-home:ro,Z" "-e" "SOURCE_DIR=/opt/rustwide/workdir" "-e" "CARGO_TARGET_DIR=/opt/rustwide/target" "-e" "CARGO_HOME=/opt/rustwide/cargo-home" "-e" "RUSTUP_HOME=/opt/rustwide/rustup-home" "-w" "/opt/rustwide/workdir" "-m" "1610612736" "--user" "0:0" "--network" "none" "ghcr.io/rust-lang/crates-build-env/linux@sha256:34b6a614d2c27851fe6cbf88fbd1137609cefab8b10d0615aaeb6fd47975d74e" "/opt/rustwide/cargo-home/bin/cargo" "+beta-2021-08-01" "metadata" "--no-deps" "--format-version=1", kill_on_drop: false }`
[INFO] [stdout] 3f64b2d866ac4eab7348b8f3dc39d906205c1068c8f8d51127c46e49c28ba9be
[INFO] running `Command { std: "docker" "start" "-a" "3f64b2d866ac4eab7348b8f3dc39d906205c1068c8f8d51127c46e49c28ba9be", kill_on_drop: false }`
[INFO] running `Command { std: "docker" "inspect" "3f64b2d866ac4eab7348b8f3dc39d906205c1068c8f8d51127c46e49c28ba9be", kill_on_drop: false }`
[INFO] running `Command { std: "docker" "rm" "-f" "3f64b2d866ac4eab7348b8f3dc39d906205c1068c8f8d51127c46e49c28ba9be", kill_on_drop: false }`
[INFO] [stdout] 3f64b2d866ac4eab7348b8f3dc39d906205c1068c8f8d51127c46e49c28ba9be
[INFO] running `Command { std: "docker" "create" "-v" "/var/lib/crater-agent-workspace/builds/worker-20/target:/opt/rustwide/target:rw,Z" "-v" "/var/lib/crater-agent-workspace/builds/worker-20/source:/opt/rustwide/workdir:ro,Z" "-v" "/var/lib/crater-agent-workspace/cargo-home:/opt/rustwide/cargo-home:ro,Z" "-v" "/var/lib/crater-agent-workspace/rustup-home:/opt/rustwide/rustup-home:ro,Z" "-e" "SOURCE_DIR=/opt/rustwide/workdir" "-e" "CARGO_TARGET_DIR=/opt/rustwide/target" "-e" "CARGO_INCREMENTAL=0" "-e" "RUST_BACKTRACE=full" "-e" "RUSTFLAGS=--cap-lints=warn" "-e" "CARGO_HOME=/opt/rustwide/cargo-home" "-e" "RUSTUP_HOME=/opt/rustwide/rustup-home" "-w" "/opt/rustwide/workdir" "-m" "1610612736" "--user" "0:0" "--network" "none" "ghcr.io/rust-lang/crates-build-env/linux@sha256:34b6a614d2c27851fe6cbf88fbd1137609cefab8b10d0615aaeb6fd47975d74e" "/opt/rustwide/cargo-home/bin/cargo" "+beta-2021-08-01" "build" "--frozen" "--message-format=json", kill_on_drop: false }`
[INFO] [stdout] 03ffba4531a74e45a6c7ef664ef4902a1ed7617e75873bc2cf374327b28ca28f
[INFO] running `Command { std: "docker" "start" "-a" "03ffba4531a74e45a6c7ef664ef4902a1ed7617e75873bc2cf374327b28ca28f", kill_on_drop: false }`
[INFO] [stderr]     Blocking waiting for file lock on package cache
[INFO] [stderr]    Compiling libc v0.2.66
[INFO] [stderr]    Compiling proc-macro2 v1.0.7
[INFO] [stderr]    Compiling unicode-xid v0.2.0
[INFO] [stderr]    Compiling syn v1.0.12
[INFO] [stderr]    Compiling unicode-width v0.1.7
[INFO] [stderr]    Compiling getrandom v0.1.13
[INFO] [stderr]    Compiling cc v1.0.48
[INFO] [stderr]    Compiling ppv-lite86 v0.2.6
[INFO] [stderr]    Compiling unicode-segmentation v1.6.0
[INFO] [stderr]    Compiling memchr v2.2.1
[INFO] [stderr]    Compiling regex-syntax v0.6.12
[INFO] [stderr]    Compiling linked-hash-map v0.5.2
[INFO] [stderr]    Compiling arrayref v0.3.5
[INFO] [stderr]    Compiling arrayvec v0.5.1
[INFO] [stderr]    Compiling constant_time_eq v0.1.4
[INFO] [stderr]    Compiling vec_map v0.8.1
[INFO] [stderr]    Compiling base64 v0.11.0
[INFO] [stderr]    Compiling number_prefix v0.3.0
[INFO] [stderr]    Compiling textwrap v0.11.0
[INFO] [stderr]    Compiling lru-cache v0.1.2
[INFO] [stderr]    Compiling blake2b_simd v0.5.9
[INFO] [stderr]    Compiling c2-chacha v0.2.3
[INFO] [stderr]    Compiling heck v0.3.1
[INFO] [stderr]    Compiling rust-argon2 v0.6.1
[INFO] [stderr]    Compiling atty v0.2.13
[INFO] [stderr]    Compiling clicolors-control v1.0.1
[INFO] [stderr]    Compiling termios v0.3.1
[INFO] [stderr]    Compiling time v0.1.42
[INFO] [stderr]    Compiling libsqlite3-sys v0.15.0
[INFO] [stderr]    Compiling rand_core v0.5.1
[INFO] [stderr]    Compiling regex v1.3.1
[INFO] [stderr]    Compiling clap v2.33.0
[INFO] [stderr]    Compiling quote v1.0.2
[INFO] [stderr]    Compiling rand_chacha v0.2.1
[INFO] [stderr]    Compiling rand v0.7.2
[INFO] [stderr]    Compiling console v0.9.1
[INFO] [stderr]    Compiling indicatif v0.13.0
[INFO] [stderr]    Compiling syn-mid v0.4.0
[INFO] [stderr]    Compiling rustversion v1.0.1
[INFO] [stderr]    Compiling proc-macro-error v0.4.4
[INFO] [stderr]    Compiling proc-macro-error-attr v0.4.3
[INFO] [stderr]    Compiling structopt-derive v0.4.0
[INFO] [stderr]    Compiling structopt v0.3.7
[INFO] [stderr]    Compiling rusqlite v0.19.0
[INFO] [stderr]    Compiling user_pass v0.1.0 (/opt/rustwide/workdir)
[INFO] [stdout] warning: unused import: `rand::prelude::*`
[INFO] [stdout]  --> src/user_account/mod.rs:3:5
[INFO] [stdout]   |
[INFO] [stdout] 3 | use rand::prelude::*;
[INFO] [stdout]   |     ^^^^^^^^^^^^^^^^
[INFO] [stdout]   |
[INFO] [stdout]   = note: `#[warn(unused_imports)]` on by default
[INFO] [stdout] 
[INFO] [stdout] 
[INFO] [stdout] warning: unused import: `CryptoRng`
[INFO] [stdout]  --> src/user_account/mod.rs:4:36
[INFO] [stdout]   |
[INFO] [stdout] 4 | use rand::{self, Rng, SeedableRng, CryptoRng};
[INFO] [stdout]   |                                    ^^^^^^^^^
[INFO] [stdout] 
[INFO] [stdout] 
[INFO] [stdout] warning: unused `Result` that must be used
[INFO] [stdout]   --> src/user_account/mod.rs:80:9
[INFO] [stdout]    |
[INFO] [stdout] 80 | ...   conn.execute(&format!("Insert into users (name, password, salt, active) VALUES (?,?,?,?)"), params![name, hash, salt.to_vec(),true]);
[INFO] [stdout]    |       ^^^^^^^^^^^^^^^^^^^^^^^^^^^^^^^^^^^^^^^^^^^^^^^^^^^^^^^^^^^^^^^^^^^^^^^^^^^^^^^^^^^^^^^^^^^^^^^^^^^^^^^^^^^^^^^^^^^^^^^^^^^^^^^^^^^^^
[INFO] [stdout]    |
[INFO] [stdout]    = note: `#[warn(unused_must_use)]` on by default
[INFO] [stdout]    = note: this `Result` may be an `Err` variant, which should be handled
[INFO] [stdout] 
[INFO] [stdout] 
[INFO] [stdout] warning: unused `Result` that must be used
[INFO] [stdout]    --> src/user_account/mod.rs:132:9
[INFO] [stdout]     |
[INFO] [stdout] 132 |         conn.execute(&format!("Update users set password=?, salt=? where name=?"), params![hash,salt.to_vec(),name]);
[INFO] [stdout]     |         ^^^^^^^^^^^^^^^^^^^^^^^^^^^^^^^^^^^^^^^^^^^^^^^^^^^^^^^^^^^^^^^^^^^^^^^^^^^^^^^^^^^^^^^^^^^^^^^^^^^^^^^^^^^^^
[INFO] [stdout]     |
[INFO] [stdout]     = note: this `Result` may be an `Err` variant, which should be handled
[INFO] [stdout] 
[INFO] [stdout] 
[INFO] [stdout] warning: 4 warnings emitted
[INFO] [stdout] 
[INFO] [stdout] 
[INFO] [stdout] warning: unused import: `std::env`
[INFO] [stdout]  --> src/bin/upass.rs:4:5
[INFO] [stdout]   |
[INFO] [stdout] 4 | use std::env;
[INFO] [stdout]   |     ^^^^^^^^
[INFO] [stdout]   |
[INFO] [stdout]   = note: `#[warn(unused_imports)]` on by default
[INFO] [stdout] 
[INFO] [stdout] 
[INFO] [stdout] warning: unused import: `std::fs`
[INFO] [stdout]  --> src/bin/upass.rs:5:5
[INFO] [stdout]   |
[INFO] [stdout] 5 | use std::fs;
[INFO] [stdout]   |     ^^^^^^^
[INFO] [stdout] 
[INFO] [stdout] 
[INFO] [stdout] warning: unused import: `Borrow`
[INFO] [stdout]  --> src/bin/upass.rs:8:30
[INFO] [stdout]   |
[INFO] [stdout] 8 | use std::borrow::{BorrowMut, Borrow};
[INFO] [stdout]   |                              ^^^^^^
[INFO] [stdout] 
[INFO] [stdout] 
[INFO] [stdout] warning: unused variable: `e`
[INFO] [stdout]    --> src/bin/upass.rs:115:21
[INFO] [stdout]     |
[INFO] [stdout] 115 |                 Err(e) => {
[INFO] [stdout]     |                     ^ help: if this is intentional, prefix it with an underscore: `_e`
[INFO] [stdout]     |
[INFO] [stdout]     = note: `#[warn(unused_variables)]` on by default
[INFO] [stdout] 
[INFO] [stdout] 
[INFO] [stdout] warning: 4 warnings emitted
[INFO] [stdout] 
[INFO] [stdout] 
[INFO] [stderr]     Finished dev [unoptimized + debuginfo] target(s) in 35.83s
[INFO] running `Command { std: "docker" "inspect" "03ffba4531a74e45a6c7ef664ef4902a1ed7617e75873bc2cf374327b28ca28f", kill_on_drop: false }`
[INFO] running `Command { std: "docker" "rm" "-f" "03ffba4531a74e45a6c7ef664ef4902a1ed7617e75873bc2cf374327b28ca28f", kill_on_drop: false }`
[INFO] [stdout] 03ffba4531a74e45a6c7ef664ef4902a1ed7617e75873bc2cf374327b28ca28f
[INFO] running `Command { std: "docker" "create" "-v" "/var/lib/crater-agent-workspace/builds/worker-20/target:/opt/rustwide/target:rw,Z" "-v" "/var/lib/crater-agent-workspace/builds/worker-20/source:/opt/rustwide/workdir:ro,Z" "-v" "/var/lib/crater-agent-workspace/cargo-home:/opt/rustwide/cargo-home:ro,Z" "-v" "/var/lib/crater-agent-workspace/rustup-home:/opt/rustwide/rustup-home:ro,Z" "-e" "SOURCE_DIR=/opt/rustwide/workdir" "-e" "CARGO_TARGET_DIR=/opt/rustwide/target" "-e" "CARGO_INCREMENTAL=0" "-e" "RUST_BACKTRACE=full" "-e" "RUSTFLAGS=--cap-lints=warn" "-e" "CARGO_HOME=/opt/rustwide/cargo-home" "-e" "RUSTUP_HOME=/opt/rustwide/rustup-home" "-w" "/opt/rustwide/workdir" "-m" "1610612736" "--user" "0:0" "--network" "none" "ghcr.io/rust-lang/crates-build-env/linux@sha256:34b6a614d2c27851fe6cbf88fbd1137609cefab8b10d0615aaeb6fd47975d74e" "/opt/rustwide/cargo-home/bin/cargo" "+beta-2021-08-01" "test" "--frozen" "--no-run" "--message-format=json", kill_on_drop: false }`
[INFO] [stdout] 9b9d6c045d8df35b617a9055b2b63757daaf8c236e8af270a7f98af93edb743f
[INFO] running `Command { std: "docker" "start" "-a" "9b9d6c045d8df35b617a9055b2b63757daaf8c236e8af270a7f98af93edb743f", kill_on_drop: false }`
[INFO] [stderr]    Compiling user_pass v0.1.0 (/opt/rustwide/workdir)
[INFO] [stdout] warning: unused import: `rand::prelude::*`
[INFO] [stdout]  --> src/user_account/mod.rs:3:5
[INFO] [stdout]   |
[INFO] [stdout] 3 | use rand::prelude::*;
[INFO] [stdout]   |     ^^^^^^^^^^^^^^^^
[INFO] [stdout]   |
[INFO] [stdout]   = note: `#[warn(unused_imports)]` on by default
[INFO] [stdout] 
[INFO] [stdout] 
[INFO] [stdout] warning: unused import: `CryptoRng`
[INFO] [stdout]  --> src/user_account/mod.rs:4:36
[INFO] [stdout]   |
[INFO] [stdout] 4 | use rand::{self, Rng, SeedableRng, CryptoRng};
[INFO] [stdout]   |                                    ^^^^^^^^^
[INFO] [stdout] 
[INFO] [stdout] 
[INFO] [stdout] warning: unused `Result` that must be used
[INFO] [stdout]   --> src/user_account/mod.rs:80:9
[INFO] [stdout]    |
[INFO] [stdout] 80 | ...   conn.execute(&format!("Insert into users (name, password, salt, active) VALUES (?,?,?,?)"), params![name, hash, salt.to_vec(),true]);
[INFO] [stdout]    |       ^^^^^^^^^^^^^^^^^^^^^^^^^^^^^^^^^^^^^^^^^^^^^^^^^^^^^^^^^^^^^^^^^^^^^^^^^^^^^^^^^^^^^^^^^^^^^^^^^^^^^^^^^^^^^^^^^^^^^^^^^^^^^^^^^^^^^
[INFO] [stdout]    |
[INFO] [stdout]    = note: `#[warn(unused_must_use)]` on by default
[INFO] [stdout]    = note: this `Result` may be an `Err` variant, which should be handled
[INFO] [stdout] 
[INFO] [stdout] 
[INFO] [stdout] warning: unused `Result` that must be used
[INFO] [stdout]    --> src/user_account/mod.rs:132:9
[INFO] [stdout]     |
[INFO] [stdout] 132 |         conn.execute(&format!("Update users set password=?, salt=? where name=?"), params![hash,salt.to_vec(),name]);
[INFO] [stdout]     |         ^^^^^^^^^^^^^^^^^^^^^^^^^^^^^^^^^^^^^^^^^^^^^^^^^^^^^^^^^^^^^^^^^^^^^^^^^^^^^^^^^^^^^^^^^^^^^^^^^^^^^^^^^^^^^
[INFO] [stdout]     |
[INFO] [stdout]     = note: this `Result` may be an `Err` variant, which should be handled
[INFO] [stdout] 
[INFO] [stdout] 
[INFO] [stdout] warning: 4 warnings emitted
[INFO] [stdout] 
[INFO] [stdout] 
[INFO] [stdout] warning: unused import: `rand::prelude::*`
[INFO] [stdout]  --> src/user_account/mod.rs:3:5
[INFO] [stdout]   |
[INFO] [stdout] 3 | use rand::prelude::*;
[INFO] [stdout]   |     ^^^^^^^^^^^^^^^^
[INFO] [stdout]   |
[INFO] [stdout]   = note: `#[warn(unused_imports)]` on by default
[INFO] [stdout] 
[INFO] [stdout] 
[INFO] [stdout] warning: unused import: `CryptoRng`
[INFO] [stdout]  --> src/user_account/mod.rs:4:36
[INFO] [stdout]   |
[INFO] [stdout] 4 | use rand::{self, Rng, SeedableRng, CryptoRng};
[INFO] [stdout]   |                                    ^^^^^^^^^
[INFO] [stdout] 
[INFO] [stdout] 
[INFO] [stdout] warning: unused import: `std::env`
[INFO] [stdout]  --> src/bin/upass.rs:4:5
[INFO] [stdout]   |
[INFO] [stdout] 4 | use std::env;
[INFO] [stdout]   |     ^^^^^^^^
[INFO] [stdout]   |
[INFO] [stdout]   = note: `#[warn(unused_imports)]` on by default
[INFO] [stdout] 
[INFO] [stdout] 
[INFO] [stdout] warning: unused import: `std::fs`
[INFO] [stdout]  --> src/bin/upass.rs:5:5
[INFO] [stdout]   |
[INFO] [stdout] 5 | use std::fs;
[INFO] [stdout]   |     ^^^^^^^
[INFO] [stdout] 
[INFO] [stdout] 
[INFO] [stdout] warning: unused import: `Borrow`
[INFO] [stdout]  --> src/bin/upass.rs:8:30
[INFO] [stdout]   |
[INFO] [stdout] 8 | use std::borrow::{BorrowMut, Borrow};
[INFO] [stdout]   |                              ^^^^^^
[INFO] [stdout] 
[INFO] [stdout] 
[INFO] [stdout] warning: unused variable: `exists`
[INFO] [stdout]    --> src/user_account/mod.rs:258:16
[INFO] [stdout]     |
[INFO] [stdout] 258 |             Ok(exists) => {
[INFO] [stdout]     |                ^^^^^^ help: if this is intentional, prefix it with an underscore: `_exists`
[INFO] [stdout]     |
[INFO] [stdout]     = note: `#[warn(unused_variables)]` on by default
[INFO] [stdout] 
[INFO] [stdout] 
[INFO] [stdout] warning: unused variable: `e`
[INFO] [stdout]    --> src/user_account/mod.rs:267:17
[INFO] [stdout]     |
[INFO] [stdout] 267 |             Err(e) => {
[INFO] [stdout]     |                 ^ help: if this is intentional, prefix it with an underscore: `_e`
[INFO] [stdout] 
[INFO] [stdout] 
[INFO] [stdout] warning: unused `Result` that must be used
[INFO] [stdout]   --> src/user_account/mod.rs:80:9
[INFO] [stdout]    |
[INFO] [stdout] 80 | ...   conn.execute(&format!("Insert into users (name, password, salt, active) VALUES (?,?,?,?)"), params![name, hash, salt.to_vec(),true]);
[INFO] [stdout]    |       ^^^^^^^^^^^^^^^^^^^^^^^^^^^^^^^^^^^^^^^^^^^^^^^^^^^^^^^^^^^^^^^^^^^^^^^^^^^^^^^^^^^^^^^^^^^^^^^^^^^^^^^^^^^^^^^^^^^^^^^^^^^^^^^^^^^^^
[INFO] [stdout]    |
[INFO] [stdout]    = note: `#[warn(unused_must_use)]` on by default
[INFO] [stdout]    = note: this `Result` may be an `Err` variant, which should be handled
[INFO] [stdout] 
[INFO] [stdout] 
[INFO] [stdout] warning: unused `Result` that must be used
[INFO] [stdout]    --> src/user_account/mod.rs:132:9
[INFO] [stdout]     |
[INFO] [stdout] 132 |         conn.execute(&format!("Update users set password=?, salt=? where name=?"), params![hash,salt.to_vec(),name]);
[INFO] [stdout]     |         ^^^^^^^^^^^^^^^^^^^^^^^^^^^^^^^^^^^^^^^^^^^^^^^^^^^^^^^^^^^^^^^^^^^^^^^^^^^^^^^^^^^^^^^^^^^^^^^^^^^^^^^^^^^^^
[INFO] [stdout]     |
[INFO] [stdout]     = note: this `Result` may be an `Err` variant, which should be handled
[INFO] [stdout] 
[INFO] [stdout] 
[INFO] [stdout] warning: unused `Result` that must be used
[INFO] [stdout]    --> src/user_account/mod.rs:251:9
[INFO] [stdout]     |
[INFO] [stdout] 251 |         UserAccount::delete("sexy_tomato");
[INFO] [stdout]     |         ^^^^^^^^^^^^^^^^^^^^^^^^^^^^^^^^^^^
[INFO] [stdout]     |
[INFO] [stdout]     = note: this `Result` may be an `Err` variant, which should be handled
[INFO] [stdout] 
[INFO] [stdout] 
[INFO] [stdout] warning: unused `Result` that must be used
[INFO] [stdout]    --> src/user_account/mod.rs:279:9
[INFO] [stdout]     |
[INFO] [stdout] 279 |         UserAccount::delete("sexy_tomato");
[INFO] [stdout]     |         ^^^^^^^^^^^^^^^^^^^^^^^^^^^^^^^^^^^
[INFO] [stdout]     |
[INFO] [stdout]     = note: this `Result` may be an `Err` variant, which should be handled
[INFO] [stdout] 
[INFO] [stdout] 
[INFO] [stdout] warning: unused variable: `e`
[INFO] [stdout]    --> src/bin/upass.rs:115:21
[INFO] [stdout]     |
[INFO] [stdout] 115 |                 Err(e) => {
[INFO] [stdout]     |                     ^ help: if this is intentional, prefix it with an underscore: `_e`
[INFO] [stdout]     |
[INFO] [stdout]     = note: `#[warn(unused_variables)]` on by default
[INFO] [stdout] 
[INFO] [stdout] 
[INFO] [stdout] warning: 4 warnings emitted
[INFO] [stdout] 
[INFO] [stdout] 
[INFO] [stdout] warning: 8 warnings emitted
[INFO] [stdout] 
[INFO] [stdout] 
[INFO] [stderr]     Finished test [unoptimized + debuginfo] target(s) in 1.02s
[INFO] running `Command { std: "docker" "inspect" "9b9d6c045d8df35b617a9055b2b63757daaf8c236e8af270a7f98af93edb743f", kill_on_drop: false }`
[INFO] running `Command { std: "docker" "rm" "-f" "9b9d6c045d8df35b617a9055b2b63757daaf8c236e8af270a7f98af93edb743f", kill_on_drop: false }`
[INFO] [stdout] 9b9d6c045d8df35b617a9055b2b63757daaf8c236e8af270a7f98af93edb743f
[INFO] running `Command { std: "docker" "create" "-v" "/var/lib/crater-agent-workspace/builds/worker-20/target:/opt/rustwide/target:rw,Z" "-v" "/var/lib/crater-agent-workspace/builds/worker-20/source:/opt/rustwide/workdir:ro,Z" "-v" "/var/lib/crater-agent-workspace/cargo-home:/opt/rustwide/cargo-home:ro,Z" "-v" "/var/lib/crater-agent-workspace/rustup-home:/opt/rustwide/rustup-home:ro,Z" "-e" "SOURCE_DIR=/opt/rustwide/workdir" "-e" "CARGO_TARGET_DIR=/opt/rustwide/target" "-e" "CARGO_INCREMENTAL=0" "-e" "RUST_BACKTRACE=full" "-e" "RUSTFLAGS=--cap-lints=warn" "-e" "CARGO_HOME=/opt/rustwide/cargo-home" "-e" "RUSTUP_HOME=/opt/rustwide/rustup-home" "-w" "/opt/rustwide/workdir" "-m" "1610612736" "--user" "0:0" "--network" "none" "ghcr.io/rust-lang/crates-build-env/linux@sha256:34b6a614d2c27851fe6cbf88fbd1137609cefab8b10d0615aaeb6fd47975d74e" "/opt/rustwide/cargo-home/bin/cargo" "+beta-2021-08-01" "test" "--frozen", kill_on_drop: false }`
[INFO] [stdout] 31cbeef3878550fc2f589ad2513d1ed6436e0f4da3fc0807e2c8262cbd5f64e6
[INFO] running `Command { std: "docker" "start" "-a" "31cbeef3878550fc2f589ad2513d1ed6436e0f4da3fc0807e2c8262cbd5f64e6", kill_on_drop: false }`
[INFO] [stderr] warning: unused import: `rand::prelude::*`
[INFO] [stderr]  --> src/user_account/mod.rs:3:5
[INFO] [stderr]   |
[INFO] [stderr] 3 | use rand::prelude::*;
[INFO] [stderr]   |     ^^^^^^^^^^^^^^^^
[INFO] [stderr]   |
[INFO] [stderr]   = note: `#[warn(unused_imports)]` on by default
[INFO] [stderr] 
[INFO] [stderr] warning: unused import: `CryptoRng`
[INFO] [stderr]  --> src/user_account/mod.rs:4:36
[INFO] [stderr]   |
[INFO] [stderr] 4 | use rand::{self, Rng, SeedableRng, CryptoRng};
[INFO] [stderr]   |                                    ^^^^^^^^^
[INFO] [stderr] 
[INFO] [stderr] warning: unused `Result` that must be used
[INFO] [stderr]   --> src/user_account/mod.rs:80:9
[INFO] [stderr]    |
[INFO] [stderr] 80 | ...   conn.execute(&format!("Insert into users (name, password, salt, active) VALUES (?,?,?,?)"), params![name, hash, salt.to_vec(),true]);
[INFO] [stderr]    |       ^^^^^^^^^^^^^^^^^^^^^^^^^^^^^^^^^^^^^^^^^^^^^^^^^^^^^^^^^^^^^^^^^^^^^^^^^^^^^^^^^^^^^^^^^^^^^^^^^^^^^^^^^^^^^^^^^^^^^^^^^^^^^^^^^^^^^
[INFO] [stderr]    |
[INFO] [stderr]    = note: `#[warn(unused_must_use)]` on by default
[INFO] [stderr]    = note: this `Result` may be an `Err` variant, which should be handled
[INFO] [stderr] 
[INFO] [stderr] warning: unused `Result` that must be used
[INFO] [stderr]    --> src/user_account/mod.rs:132:9
[INFO] [stderr]     |
[INFO] [stderr] 132 |         conn.execute(&format!("Update users set password=?, salt=? where name=?"), params![hash,salt.to_vec(),name]);
[INFO] [stderr]     |         ^^^^^^^^^^^^^^^^^^^^^^^^^^^^^^^^^^^^^^^^^^^^^^^^^^^^^^^^^^^^^^^^^^^^^^^^^^^^^^^^^^^^^^^^^^^^^^^^^^^^^^^^^^^^^
[INFO] [stderr]     |
[INFO] [stderr]     = note: this `Result` may be an `Err` variant, which should be handled
[INFO] [stderr] 
[INFO] [stderr] warning: unused variable: `exists`
[INFO] [stderr]    --> src/user_account/mod.rs:258:16
[INFO] [stderr]     |
[INFO] [stderr] 258 |             Ok(exists) => {
[INFO] [stderr]     |                ^^^^^^ help: if this is intentional, prefix it with an underscore: `_exists`
[INFO] [stderr]     |
[INFO] [stderr]     = note: `#[warn(unused_variables)]` on by default
[INFO] [stderr] 
[INFO] [stderr] warning: unused variable: `e`
[INFO] [stderr]    --> src/user_account/mod.rs:267:17
[INFO] [stderr]     |
[INFO] [stderr] 267 |             Err(e) => {
[INFO] [stderr]     |                 ^ help: if this is intentional, prefix it with an underscore: `_e`
[INFO] [stderr] 
[INFO] [stderr] warning: unused `Result` that must be used
[INFO] [stderr]    --> src/user_account/mod.rs:251:9
[INFO] [stderr]     |
[INFO] [stderr] 251 |         UserAccount::delete("sexy_tomato");
[INFO] [stderr]     |         ^^^^^^^^^^^^^^^^^^^^^^^^^^^^^^^^^^^
[INFO] [stderr]     |
[INFO] [stderr]     = note: this `Result` may be an `Err` variant, which should be handled
[INFO] [stderr] 
[INFO] [stderr] warning: unused `Result` that must be used
[INFO] [stderr]    --> src/user_account/mod.rs:279:9
[INFO] [stderr]     |
[INFO] [stderr] 279 |         UserAccount::delete("sexy_tomato");
[INFO] [stderr]     |         ^^^^^^^^^^^^^^^^^^^^^^^^^^^^^^^^^^^
[INFO] [stderr]     |
[INFO] [stderr]     = note: this `Result` may be an `Err` variant, which should be handled
[INFO] [stderr] 
[INFO] [stderr] warning: `user_pass` (lib) generated 4 warnings
[INFO] [stderr] warning: `user_pass` (lib test) generated 8 warnings (4 duplicates)
[INFO] [stderr] warning: unused import: `std::env`
[INFO] [stderr]  --> src/bin/upass.rs:4:5
[INFO] [stderr]   |
[INFO] [stderr] 4 | use std::env;
[INFO] [stderr]   |     ^^^^^^^^
[INFO] [stderr]   |
[INFO] [stderr]   = note: `#[warn(unused_imports)]` on by default
[INFO] [stderr] 
[INFO] [stderr] warning: unused import: `std::fs`
[INFO] [stderr]  --> src/bin/upass.rs:5:5
[INFO] [stderr]   |
[INFO] [stderr] 5 | use std::fs;
[INFO] [stderr]   |     ^^^^^^^
[INFO] [stderr] 
[INFO] [stderr] warning: unused import: `Borrow`
[INFO] [stderr]  --> src/bin/upass.rs:8:30
[INFO] [stderr]   |
[INFO] [stderr] 8 | use std::borrow::{BorrowMut, Borrow};
[INFO] [stderr]   |                              ^^^^^^
[INFO] [stderr] 
[INFO] [stderr] warning: unused variable: `e`
[INFO] [stderr]    --> src/bin/upass.rs:115:21
[INFO] [stderr]     |
[INFO] [stderr] 115 |                 Err(e) => {
[INFO] [stderr]     |                     ^ help: if this is intentional, prefix it with an underscore: `_e`
[INFO] [stderr]     |
[INFO] [stderr]     = note: `#[warn(unused_variables)]` on by default
[INFO] [stderr] 
[INFO] [stderr] warning: `user_pass` (bin "upass" test) generated 4 warnings
[INFO] [stderr]     Finished test [unoptimized + debuginfo] target(s) in 0.14s
[INFO] [stderr]      Running unittests (/opt/rustwide/target/debug/deps/user_pass-957d5c8b1ff3aedf)
[INFO] [stdout] 
[INFO] [stdout] running 1 test
[INFO] [stdout] test user_account::tests::step_through_account_process ... FAILED
[INFO] [stdout] 
[INFO] [stdout] failures:
[INFO] [stdout] 
[INFO] [stdout] ---- user_account::tests::step_through_account_process stdout ----
[INFO] [stdout] thread 'user_account::tests::step_through_account_process' panicked at 'called `Result::unwrap()` on an `Err` value: NotPresent', src/user_account/mod.rs:206:41
[INFO] [stdout] stack backtrace:
[INFO] [stdout]    0:     0x5556f0c266b0 - std::backtrace_rs::backtrace::libunwind::trace::hff4d1766e93f64f1
[INFO] [stdout]                                at /rustc/53fd98ca776cb875bc9e5514f56b52eb74f9e7a9/library/std/src/../../backtrace/src/backtrace/libunwind.rs:90:5
[INFO] [stdout]    1:     0x5556f0c266b0 - std::backtrace_rs::backtrace::trace_unsynchronized::h56bbc8eb78770bcb
[INFO] [stdout]                                at /rustc/53fd98ca776cb875bc9e5514f56b52eb74f9e7a9/library/std/src/../../backtrace/src/backtrace/mod.rs:66:5
[INFO] [stdout]    2:     0x5556f0c266b0 - std::sys_common::backtrace::_print_fmt::h5c8e75464faca780
[INFO] [stdout]                                at /rustc/53fd98ca776cb875bc9e5514f56b52eb74f9e7a9/library/std/src/sys_common/backtrace.rs:67:5
[INFO] [stdout]    3:     0x5556f0c266b0 - <std::sys_common::backtrace::_print::DisplayBacktrace as core::fmt::Display>::fmt::h48b88277def8b362
[INFO] [stdout]                                at /rustc/53fd98ca776cb875bc9e5514f56b52eb74f9e7a9/library/std/src/sys_common/backtrace.rs:46:22
[INFO] [stdout]    4:     0x5556f0c4934c - core::fmt::write::h3381b3176fe2b3d3
[INFO] [stdout]                                at /rustc/53fd98ca776cb875bc9e5514f56b52eb74f9e7a9/library/core/src/fmt/mod.rs:1115:17
[INFO] [stdout]    5:     0x5556f0c23425 - std::io::Write::write_fmt::h5f34a676f60246b5
[INFO] [stdout]                                at /rustc/53fd98ca776cb875bc9e5514f56b52eb74f9e7a9/library/std/src/io/mod.rs:1665:15
[INFO] [stdout]    6:     0x5556f0c2887b - std::sys_common::backtrace::_print::ha537687d6c17dd0d
[INFO] [stdout]                                at /rustc/53fd98ca776cb875bc9e5514f56b52eb74f9e7a9/library/std/src/sys_common/backtrace.rs:49:5
[INFO] [stdout]    7:     0x5556f0c2887b - std::sys_common::backtrace::print::h61376ae57d131d72
[INFO] [stdout]                                at /rustc/53fd98ca776cb875bc9e5514f56b52eb74f9e7a9/library/std/src/sys_common/backtrace.rs:36:9
[INFO] [stdout]    8:     0x5556f0c2887b - std::panicking::default_hook::{{closure}}::h0f7208c0b9644a54
[INFO] [stdout]                                at /rustc/53fd98ca776cb875bc9e5514f56b52eb74f9e7a9/library/std/src/panicking.rs:208:50
[INFO] [stdout]    9:     0x5556f0c2838c - std::panicking::default_hook::hdac7fc06578c14ce
[INFO] [stdout]                                at /rustc/53fd98ca776cb875bc9e5514f56b52eb74f9e7a9/library/std/src/panicking.rs:222:9
[INFO] [stdout]   10:     0x5556f0c28f44 - std::panicking::rust_panic_with_hook::h72b21c283da3d1ef
[INFO] [stdout]                                at /rustc/53fd98ca776cb875bc9e5514f56b52eb74f9e7a9/library/std/src/panicking.rs:622:17
[INFO] [stdout]   11:     0x5556f0c28a27 - std::panicking::begin_panic_handler::{{closure}}::he5778f1729cff84a
[INFO] [stdout]                                at /rustc/53fd98ca776cb875bc9e5514f56b52eb74f9e7a9/library/std/src/panicking.rs:519:13
[INFO] [stdout]   12:     0x5556f0c26b8c - std::sys_common::backtrace::__rust_end_short_backtrace::h2d11ca8b453b4b1d
[INFO] [stdout]                                at /rustc/53fd98ca776cb875bc9e5514f56b52eb74f9e7a9/library/std/src/sys_common/backtrace.rs:141:18
[INFO] [stdout]   13:     0x5556f0c28989 - rust_begin_unwind
[INFO] [stdout]                                at /rustc/53fd98ca776cb875bc9e5514f56b52eb74f9e7a9/library/std/src/panicking.rs:515:5
[INFO] [stdout]   14:     0x5556f09e9991 - core::panicking::panic_fmt::hf9de31d4acbce4db
[INFO] [stdout]                                at /rustc/53fd98ca776cb875bc9e5514f56b52eb74f9e7a9/library/core/src/panicking.rs:92:14
[INFO] [stdout]   15:     0x5556f09e9a83 - core::result::unwrap_failed::ha0c84e81219e5878
[INFO] [stdout]                                at /rustc/53fd98ca776cb875bc9e5514f56b52eb74f9e7a9/library/core/src/result.rs:1599:5
[INFO] [stdout]   16:     0x5556f09ea9bd - core::result::Result<T,E>::unwrap::h68317ad36ffcaa3d
[INFO] [stdout]                                at /rustc/53fd98ca776cb875bc9e5514f56b52eb74f9e7a9/library/core/src/result.rs:1281:23
[INFO] [stdout]   17:     0x5556f09ef8bc - user_pass::user_account::UserAccount::get_conn::h927203bf86045e7f
[INFO] [stdout]                                at /opt/rustwide/workdir/src/user_account/mod.rs:206:23
[INFO] [stdout]   18:     0x5556f09ee638 - user_pass::user_account::UserAccount::exists::h669a0ca1756564b4
[INFO] [stdout]                                at /opt/rustwide/workdir/src/user_account/mod.rs:38:20
[INFO] [stdout]   19:     0x5556f09eee2f - user_pass::user_account::UserAccount::delete::h60cda5df1bf0859f
[INFO] [stdout]                                at /opt/rustwide/workdir/src/user_account/mod.rs:102:13
[INFO] [stdout]   20:     0x5556f09f1e1d - user_pass::user_account::tests::step_through_account_process::hb333b1f7fd89e0e9
[INFO] [stdout]                                at /opt/rustwide/workdir/src/user_account/mod.rs:251:9
[INFO] [stdout]   21:     0x5556f09f1dea - user_pass::user_account::tests::step_through_account_process::{{closure}}::had91579038686e81
[INFO] [stdout]                                at /opt/rustwide/workdir/src/user_account/mod.rs:249:5
[INFO] [stdout]   22:     0x5556f09ee0be - core::ops::function::FnOnce::call_once::h82f4a9a8fcc13891
[INFO] [stdout]                                at /rustc/53fd98ca776cb875bc9e5514f56b52eb74f9e7a9/library/core/src/ops/function.rs:227:5
[INFO] [stdout]   23:     0x5556f0a255a3 - core::ops::function::FnOnce::call_once::hbb52c4519d3137b0
[INFO] [stdout]                                at /rustc/53fd98ca776cb875bc9e5514f56b52eb74f9e7a9/library/core/src/ops/function.rs:227:5
[INFO] [stdout]   24:     0x5556f0a255a3 - test::__rust_begin_short_backtrace::h86fe3a2a5a5121af
[INFO] [stdout]                                at /rustc/53fd98ca776cb875bc9e5514f56b52eb74f9e7a9/library/test/src/lib.rs:578:5
[INFO] [stdout]   25:     0x5556f0a24058 - <alloc::boxed::Box<F,A> as core::ops::function::FnOnce<Args>>::call_once::hfd956bc3d57399be
[INFO] [stdout]                                at /rustc/53fd98ca776cb875bc9e5514f56b52eb74f9e7a9/library/alloc/src/boxed.rs:1572:9
[INFO] [stdout]   26:     0x5556f0a24058 - <std::panic::AssertUnwindSafe<F> as core::ops::function::FnOnce<()>>::call_once::h40dc93e0ddb5938a
[INFO] [stdout]                                at /rustc/53fd98ca776cb875bc9e5514f56b52eb74f9e7a9/library/std/src/panic.rs:347:9
[INFO] [stdout]   27:     0x5556f0a24058 - std::panicking::try::do_call::h90d07750cb47c562
[INFO] [stdout]                                at /rustc/53fd98ca776cb875bc9e5514f56b52eb74f9e7a9/library/std/src/panicking.rs:401:40
[INFO] [stdout]   28:     0x5556f0a24058 - std::panicking::try::h063c84733ad2a629
[INFO] [stdout]                                at /rustc/53fd98ca776cb875bc9e5514f56b52eb74f9e7a9/library/std/src/panicking.rs:365:19
[INFO] [stdout]   29:     0x5556f0a24058 - std::panic::catch_unwind::h0c464836a84e7c08
[INFO] [stdout]                                at /rustc/53fd98ca776cb875bc9e5514f56b52eb74f9e7a9/library/std/src/panic.rs:434:14
[INFO] [stdout]   30:     0x5556f0a24058 - test::run_test_in_process::h5cb06ef620b157fc
[INFO] [stdout]                                at /rustc/53fd98ca776cb875bc9e5514f56b52eb74f9e7a9/library/test/src/lib.rs:601:18
[INFO] [stdout]   31:     0x5556f0a24058 - test::run_test::run_test_inner::{{closure}}::h76f677f4b93f9828
[INFO] [stdout]                                at /rustc/53fd98ca776cb875bc9e5514f56b52eb74f9e7a9/library/test/src/lib.rs:493:39
[INFO] [stdout]   32:     0x5556f09f27ed - test::run_test::run_test_inner::{{closure}}::h366d01fe04f4d67a
[INFO] [stdout]                                at /rustc/53fd98ca776cb875bc9e5514f56b52eb74f9e7a9/library/test/src/lib.rs:520:37
[INFO] [stdout]   33:     0x5556f09f27ed - std::sys_common::backtrace::__rust_begin_short_backtrace::h7dfa0de4eb395af2
[INFO] [stdout]                                at /rustc/53fd98ca776cb875bc9e5514f56b52eb74f9e7a9/library/std/src/sys_common/backtrace.rs:125:18
[INFO] [stdout]   34:     0x5556f09f6fb8 - std::thread::Builder::spawn_unchecked::{{closure}}::{{closure}}::hf0a74bb58798037f
[INFO] [stdout]                                at /rustc/53fd98ca776cb875bc9e5514f56b52eb74f9e7a9/library/std/src/thread/mod.rs:476:17
[INFO] [stdout]   35:     0x5556f09f6fb8 - <std::panic::AssertUnwindSafe<F> as core::ops::function::FnOnce<()>>::call_once::hb024e854818586ac
[INFO] [stdout]                                at /rustc/53fd98ca776cb875bc9e5514f56b52eb74f9e7a9/library/std/src/panic.rs:347:9
[INFO] [stdout]   36:     0x5556f09f6fb8 - std::panicking::try::do_call::hb2dd9f1d0d48e41d
[INFO] [stdout]                                at /rustc/53fd98ca776cb875bc9e5514f56b52eb74f9e7a9/library/std/src/panicking.rs:401:40
[INFO] [stdout]   37:     0x5556f09f6fb8 - std::panicking::try::h4717ae7bac8b2bf3
[INFO] [stdout]                                at /rustc/53fd98ca776cb875bc9e5514f56b52eb74f9e7a9/library/std/src/panicking.rs:365:19
[INFO] [stdout]   38:     0x5556f09f6fb8 - std::panic::catch_unwind::h0dc8a061326ce8d8
[INFO] [stdout]                                at /rustc/53fd98ca776cb875bc9e5514f56b52eb74f9e7a9/library/std/src/panic.rs:434:14
[INFO] [stdout]   39:     0x5556f09f6fb8 - std::thread::Builder::spawn_unchecked::{{closure}}::haa369e2d6fd00aa1
[INFO] [stdout]                                at /rustc/53fd98ca776cb875bc9e5514f56b52eb74f9e7a9/library/std/src/thread/mod.rs:475:30
[INFO] [stdout]   40:     0x5556f09f6fb8 - core::ops::function::FnOnce::call_once{{vtable.shim}}::h36dcf3de8b056f17
[INFO] [stdout]                                at /rustc/53fd98ca776cb875bc9e5514f56b52eb74f9e7a9/library/core/src/ops/function.rs:227:5
[INFO] [stdout]   41:     0x5556f0c2dc37 - <alloc::boxed::Box<F,A> as core::ops::function::FnOnce<Args>>::call_once::h65c29e4642be2358
[INFO] [stdout]                                at /rustc/53fd98ca776cb875bc9e5514f56b52eb74f9e7a9/library/alloc/src/boxed.rs:1572:9
[INFO] [stdout]   42:     0x5556f0c2dc37 - <alloc::boxed::Box<F,A> as core::ops::function::FnOnce<Args>>::call_once::hd0f8f7fbbd9fffbf
[INFO] [stdout]                                at /rustc/53fd98ca776cb875bc9e5514f56b52eb74f9e7a9/library/alloc/src/boxed.rs:1572:9
[INFO] [stdout]   43:     0x5556f0c2dc37 - std::sys::unix::thread::Thread::new::thread_start::h2fd22fee3ca77b65
[INFO] [stdout]                                at /rustc/53fd98ca776cb875bc9e5514f56b52eb74f9e7a9/library/std/src/sys/unix/thread.rs:74:17
[INFO] [stdout]   44:     0x7f2c71fd0609 - start_thread
[INFO] [stdout]   45:     0x7f2c71da2293 - clone
[INFO] [stdout]   46:                0x0 - <unknown>
[INFO] [stdout] 
[INFO] [stdout] 
[INFO] [stdout] failures:
[INFO] [stdout]     user_account::tests::step_through_account_process
[INFO] [stdout] 
[INFO] [stdout] test result: FAILED. 0 passed; 1 failed; 0 ignored; 0 measured; 0 filtered out; finished in 0.03s
[INFO] [stdout] 
[INFO] [stderr] error: test failed, to rerun pass '--lib'
[INFO] running `Command { std: "docker" "inspect" "31cbeef3878550fc2f589ad2513d1ed6436e0f4da3fc0807e2c8262cbd5f64e6", kill_on_drop: false }`
[INFO] running `Command { std: "docker" "rm" "-f" "31cbeef3878550fc2f589ad2513d1ed6436e0f4da3fc0807e2c8262cbd5f64e6", kill_on_drop: false }`
[INFO] [stdout] 31cbeef3878550fc2f589ad2513d1ed6436e0f4da3fc0807e2c8262cbd5f64e6
