[INFO] cloning repository https://github.com/brian-bell/digital-garden
[INFO] running `Command { std: "git" "-c" "credential.helper=" "-c" "credential.helper=/workspace/cargo-home/bin/git-credential-null" "clone" "--bare" "https://github.com/brian-bell/digital-garden" "/workspace/cache/git-repos/https%3A%2F%2Fgithub.com%2Fbrian-bell%2Fdigital-garden", kill_on_drop: false }`
[INFO] [stderr] Cloning into bare repository '/workspace/cache/git-repos/https%3A%2F%2Fgithub.com%2Fbrian-bell%2Fdigital-garden'...
[INFO] running `Command { std: "git" "rev-parse" "HEAD", kill_on_drop: false }`
[INFO] [stdout] 1a6203478c809caf8eff0d2f894156e575753226
[INFO] testing brian-bell/digital-garden against 1.54.0 for beta-1.55-1
[INFO] running `Command { std: "git" "clone" "/workspace/cache/git-repos/https%3A%2F%2Fgithub.com%2Fbrian-bell%2Fdigital-garden" "/workspace/builds/worker-85/source", kill_on_drop: false }`
[INFO] [stderr] Cloning into '/workspace/builds/worker-85/source'...
[INFO] [stderr] done.
[INFO] validating manifest of git repo https://github.com/brian-bell/digital-garden on toolchain 1.54.0
[INFO] running `Command { std: "/workspace/cargo-home/bin/cargo" "+1.54.0" "metadata" "--manifest-path" "Cargo.toml" "--no-deps", kill_on_drop: false }`
[INFO] started tweaking git repo https://github.com/brian-bell/digital-garden
[INFO] finished tweaking git repo https://github.com/brian-bell/digital-garden
[INFO] tweaked toml for git repo https://github.com/brian-bell/digital-garden written to /workspace/builds/worker-85/source/Cargo.toml
[INFO] crate git repo https://github.com/brian-bell/digital-garden already has a lockfile, it will not be regenerated
[INFO] running `Command { std: "/workspace/cargo-home/bin/cargo" "+1.54.0" "fetch" "--manifest-path" "Cargo.toml", kill_on_drop: false }`
[INFO] [stderr]     Blocking waiting for file lock on package cache
[INFO] running `Command { std: "docker" "create" "-v" "/var/lib/crater-agent-workspace/builds/worker-85/target:/opt/rustwide/target:rw,Z" "-v" "/var/lib/crater-agent-workspace/builds/worker-85/source:/opt/rustwide/workdir:ro,Z" "-v" "/var/lib/crater-agent-workspace/cargo-home:/opt/rustwide/cargo-home:ro,Z" "-v" "/var/lib/crater-agent-workspace/rustup-home:/opt/rustwide/rustup-home:ro,Z" "-e" "SOURCE_DIR=/opt/rustwide/workdir" "-e" "CARGO_TARGET_DIR=/opt/rustwide/target" "-e" "CARGO_HOME=/opt/rustwide/cargo-home" "-e" "RUSTUP_HOME=/opt/rustwide/rustup-home" "-w" "/opt/rustwide/workdir" "-m" "1610612736" "--user" "0:0" "--network" "none" "ghcr.io/rust-lang/crates-build-env/linux@sha256:34b6a614d2c27851fe6cbf88fbd1137609cefab8b10d0615aaeb6fd47975d74e" "/opt/rustwide/cargo-home/bin/cargo" "+1.54.0" "metadata" "--no-deps" "--format-version=1", kill_on_drop: false }`
[INFO] [stdout] b364522a1bf54ce4c2ceb593c7370ad85242e1031d87489fc95beee6ab67cbd3
[INFO] running `Command { std: "docker" "start" "-a" "b364522a1bf54ce4c2ceb593c7370ad85242e1031d87489fc95beee6ab67cbd3", kill_on_drop: false }`
[INFO] running `Command { std: "docker" "inspect" "b364522a1bf54ce4c2ceb593c7370ad85242e1031d87489fc95beee6ab67cbd3", kill_on_drop: false }`
[INFO] running `Command { std: "docker" "rm" "-f" "b364522a1bf54ce4c2ceb593c7370ad85242e1031d87489fc95beee6ab67cbd3", kill_on_drop: false }`
[INFO] [stdout] b364522a1bf54ce4c2ceb593c7370ad85242e1031d87489fc95beee6ab67cbd3
[INFO] running `Command { std: "docker" "create" "-v" "/var/lib/crater-agent-workspace/builds/worker-85/target:/opt/rustwide/target:rw,Z" "-v" "/var/lib/crater-agent-workspace/builds/worker-85/source:/opt/rustwide/workdir:ro,Z" "-v" "/var/lib/crater-agent-workspace/cargo-home:/opt/rustwide/cargo-home:ro,Z" "-v" "/var/lib/crater-agent-workspace/rustup-home:/opt/rustwide/rustup-home:ro,Z" "-e" "SOURCE_DIR=/opt/rustwide/workdir" "-e" "CARGO_TARGET_DIR=/opt/rustwide/target" "-e" "CARGO_INCREMENTAL=0" "-e" "RUST_BACKTRACE=full" "-e" "RUSTFLAGS=--cap-lints=warn" "-e" "CARGO_HOME=/opt/rustwide/cargo-home" "-e" "RUSTUP_HOME=/opt/rustwide/rustup-home" "-w" "/opt/rustwide/workdir" "-m" "1610612736" "--user" "0:0" "--network" "none" "ghcr.io/rust-lang/crates-build-env/linux@sha256:34b6a614d2c27851fe6cbf88fbd1137609cefab8b10d0615aaeb6fd47975d74e" "/opt/rustwide/cargo-home/bin/cargo" "+1.54.0" "build" "--frozen" "--message-format=json", kill_on_drop: false }`
[INFO] [stdout] 329f8ef528635807615b387530a495ed45517e6e5073f7fc86eaf25c4cae91fc
[INFO] running `Command { std: "docker" "start" "-a" "329f8ef528635807615b387530a495ed45517e6e5073f7fc86eaf25c4cae91fc", kill_on_drop: false }`
[INFO] [stderr]     Blocking waiting for file lock on package cache
[INFO] [stderr]    Compiling libc v0.2.93
[INFO] [stderr]    Compiling proc-macro2 v1.0.26
[INFO] [stderr]    Compiling memchr v2.3.4
[INFO] [stderr]    Compiling syn v1.0.68
[INFO] [stderr]    Compiling getrandom v0.2.2
[INFO] [stderr]    Compiling byteorder v1.4.3
[INFO] [stderr]    Compiling regex-syntax v0.6.23
[INFO] [stderr]    Compiling ppv-lite86 v0.2.10
[INFO] [stderr]    Compiling predicates-core v1.0.2
[INFO] [stderr]    Compiling eyre v0.6.5
[INFO] [stderr]    Compiling remove_dir_all v0.5.3
[INFO] [stderr]    Compiling gimli v0.23.0
[INFO] [stderr]    Compiling ansi_term v0.11.0
[INFO] [stderr]    Compiling difference v2.0.0
[INFO] [stderr]    Compiling either v1.6.1
[INFO] [stderr]    Compiling treeline v0.1.0
[INFO] [stderr]    Compiling object v0.23.0
[INFO] [stderr]    Compiling normalize-line-endings v0.3.0
[INFO] [stderr]    Compiling owo-colors v1.3.0
[INFO] [stderr]    Compiling indenter v0.3.3
[INFO] [stderr]    Compiling strsim v0.8.0
[INFO] [stderr]    Compiling deunicode v0.4.3
[INFO] [stderr]    Compiling rprompt v1.0.5
[INFO] [stderr]    Compiling thread_local v1.1.3
[INFO] [stderr]    Compiling log v0.4.14
[INFO] [stderr]    Compiling proc-macro-error-attr v1.0.4
[INFO] [stderr]    Compiling tracing-core v0.1.17
[INFO] [stderr]    Compiling crossbeam-utils v0.8.3
[INFO] [stderr]    Compiling proc-macro-error v1.0.4
[INFO] [stderr]    Compiling sharded-slab v0.1.1
[INFO] [stderr]    Compiling walkdir v2.3.2
[INFO] [stderr]    Compiling textwrap v0.11.0
[INFO] [stderr]    Compiling doc-comment v0.3.3
[INFO] [stderr]    Compiling num-traits v0.2.14
[INFO] [stderr]    Compiling miniz_oxide v0.4.4
[INFO] [stderr]    Compiling slug v0.1.4
[INFO] [stderr]    Compiling predicates-tree v1.0.2
[INFO] [stderr]    Compiling regex-automata v0.1.9
[INFO] [stderr]    Compiling tracing-subscriber v0.2.17
[INFO] [stderr]    Compiling aho-corasick v0.7.15
[INFO] [stderr]    Compiling bstr v0.2.15
[INFO] [stderr]    Compiling quote v1.0.9
[INFO] [stderr]    Compiling atty v0.2.14
[INFO] [stderr]    Compiling which v4.1.0
[INFO] [stderr]    Compiling dirs-sys v0.3.5
[INFO] [stderr]    Compiling rand_core v0.6.2
[INFO] [stderr]    Compiling clap v2.33.3
[INFO] [stderr]    Compiling float-cmp v0.8.0
[INFO] [stderr]    Compiling directories v3.0.1
[INFO] [stderr]    Compiling regex v1.4.5
[INFO] [stderr]    Compiling rand_chacha v0.3.0
[INFO] [stderr]    Compiling rand v0.8.3
[INFO] [stderr]    Compiling tempfile v3.2.0
[INFO] [stderr]    Compiling addr2line v0.14.1
[INFO] [stderr]    Compiling edit v0.1.3
[INFO] [stderr]    Compiling globset v0.4.6
[INFO] [stderr]    Compiling predicates v1.0.7
[INFO] [stderr]    Compiling backtrace v0.3.56
[INFO] [stderr]    Compiling ignore v0.4.17
[INFO] [stderr]    Compiling globwalk v0.8.1
[INFO] [stderr]    Compiling assert_fs v1.0.1
[INFO] [stderr]    Compiling tracing-attributes v0.1.15
[INFO] [stderr]    Compiling structopt-derive v0.4.14
[INFO] [stderr]    Compiling tracing v0.1.25
[INFO] [stderr]    Compiling structopt v0.3.21
[INFO] [stderr]    Compiling tracing-error v0.1.2
[INFO] [stderr]    Compiling color-spantrace v0.1.6
[INFO] [stderr]    Compiling color-eyre v0.5.10
[INFO] [stderr]    Compiling digital-garden v0.1.0 (/opt/rustwide/workdir)
[INFO] [stderr]     Finished dev [unoptimized + debuginfo] target(s) in 26.73s
[INFO] running `Command { std: "docker" "inspect" "329f8ef528635807615b387530a495ed45517e6e5073f7fc86eaf25c4cae91fc", kill_on_drop: false }`
[INFO] running `Command { std: "docker" "rm" "-f" "329f8ef528635807615b387530a495ed45517e6e5073f7fc86eaf25c4cae91fc", kill_on_drop: false }`
[INFO] [stdout] 329f8ef528635807615b387530a495ed45517e6e5073f7fc86eaf25c4cae91fc
[INFO] running `Command { std: "docker" "create" "-v" "/var/lib/crater-agent-workspace/builds/worker-85/target:/opt/rustwide/target:rw,Z" "-v" "/var/lib/crater-agent-workspace/builds/worker-85/source:/opt/rustwide/workdir:ro,Z" "-v" "/var/lib/crater-agent-workspace/cargo-home:/opt/rustwide/cargo-home:ro,Z" "-v" "/var/lib/crater-agent-workspace/rustup-home:/opt/rustwide/rustup-home:ro,Z" "-e" "SOURCE_DIR=/opt/rustwide/workdir" "-e" "CARGO_TARGET_DIR=/opt/rustwide/target" "-e" "CARGO_INCREMENTAL=0" "-e" "RUST_BACKTRACE=full" "-e" "RUSTFLAGS=--cap-lints=warn" "-e" "CARGO_HOME=/opt/rustwide/cargo-home" "-e" "RUSTUP_HOME=/opt/rustwide/rustup-home" "-w" "/opt/rustwide/workdir" "-m" "1610612736" "--user" "0:0" "--network" "none" "ghcr.io/rust-lang/crates-build-env/linux@sha256:34b6a614d2c27851fe6cbf88fbd1137609cefab8b10d0615aaeb6fd47975d74e" "/opt/rustwide/cargo-home/bin/cargo" "+1.54.0" "test" "--frozen" "--no-run" "--message-format=json", kill_on_drop: false }`
[INFO] [stdout] b1d9561451d94dde42424f8cadf1a709dcd83ce44e8b59ec384e7136c56b2031
[INFO] running `Command { std: "docker" "start" "-a" "b1d9561451d94dde42424f8cadf1a709dcd83ce44e8b59ec384e7136c56b2031", kill_on_drop: false }`
[INFO] [stderr]    Compiling wait-timeout v0.2.0
[INFO] [stderr]    Compiling assert_cmd v1.0.3
[INFO] [stderr]    Compiling digital-garden v0.1.0 (/opt/rustwide/workdir)
[INFO] [stderr]     Finished test [unoptimized + debuginfo] target(s) in 10.96s
[INFO] running `Command { std: "docker" "inspect" "b1d9561451d94dde42424f8cadf1a709dcd83ce44e8b59ec384e7136c56b2031", kill_on_drop: false }`
[INFO] running `Command { std: "docker" "rm" "-f" "b1d9561451d94dde42424f8cadf1a709dcd83ce44e8b59ec384e7136c56b2031", kill_on_drop: false }`
[INFO] [stdout] b1d9561451d94dde42424f8cadf1a709dcd83ce44e8b59ec384e7136c56b2031
[INFO] running `Command { std: "docker" "create" "-v" "/var/lib/crater-agent-workspace/builds/worker-85/target:/opt/rustwide/target:rw,Z" "-v" "/var/lib/crater-agent-workspace/builds/worker-85/source:/opt/rustwide/workdir:ro,Z" "-v" "/var/lib/crater-agent-workspace/cargo-home:/opt/rustwide/cargo-home:ro,Z" "-v" "/var/lib/crater-agent-workspace/rustup-home:/opt/rustwide/rustup-home:ro,Z" "-e" "SOURCE_DIR=/opt/rustwide/workdir" "-e" "CARGO_TARGET_DIR=/opt/rustwide/target" "-e" "CARGO_INCREMENTAL=0" "-e" "RUST_BACKTRACE=full" "-e" "RUSTFLAGS=--cap-lints=warn" "-e" "CARGO_HOME=/opt/rustwide/cargo-home" "-e" "RUSTUP_HOME=/opt/rustwide/rustup-home" "-w" "/opt/rustwide/workdir" "-m" "1610612736" "--user" "0:0" "--network" "none" "ghcr.io/rust-lang/crates-build-env/linux@sha256:34b6a614d2c27851fe6cbf88fbd1137609cefab8b10d0615aaeb6fd47975d74e" "/opt/rustwide/cargo-home/bin/cargo" "+1.54.0" "test" "--frozen", kill_on_drop: false }`
[INFO] [stdout] 4409d59d53ba0d181f0728ed67929e867fa31b980134414c405f857061eae131
[INFO] running `Command { std: "docker" "start" "-a" "4409d59d53ba0d181f0728ed67929e867fa31b980134414c405f857061eae131", kill_on_drop: false }`
[INFO] [stderr]     Blocking waiting for file lock on package cache
[INFO] [stderr]     Finished test [unoptimized + debuginfo] target(s) in 1.23s
[INFO] [stderr]      Running unittests (/opt/rustwide/target/debug/deps/digital_garden-5b69e0dab784c6d1)
[INFO] [stdout] 
[INFO] [stderr]      Running unittests (/opt/rustwide/target/debug/deps/garden-0673191e2e990e97)
[INFO] [stdout] running 0 tests
[INFO] [stderr]      Running tests/integration.rs (/opt/rustwide/target/debug/deps/integration-3b0670cb907598d0)
[INFO] [stdout] 
[INFO] [stdout] test result: ok. 0 passed; 0 failed; 0 ignored; 0 measured; 0 filtered out; finished in 0.00s
[INFO] [stdout] 
[INFO] [stdout] 
[INFO] [stdout] running 0 tests
[INFO] [stdout] 
[INFO] [stdout] test result: ok. 0 passed; 0 failed; 0 ignored; 0 measured; 0 filtered out; finished in 0.00s
[INFO] [stdout] 
[INFO] [stdout] 
[INFO] [stdout] running 4 tests
[INFO] [stdout] test test_help ... ok
[INFO] [stdout] test test_write_help ... ok
[INFO] [stdout] test test_write_with_title ... FAILED
[INFO] [stdout] test test_write_with_written_title ... FAILED
[INFO] [stdout] 
[INFO] [stdout] failures:
[INFO] [stdout] 
[INFO] [stdout] ---- test_write_with_title stdout ----
[INFO] [stdout] thread 'test_write_with_title' panicked at 'Unexpected failure.
[INFO] [stdout] code-1
[INFO] [stdout] stderr=```"[src/main.rs:43] &opt = Opt {\n    garden_path: Some(\n        \"/tmp/.tmpiZ3kcl\",\n    ),\n    cmd: Write {\n        title: Some(\n            \"atitle\",\n        ),\n    },\n}\nError: \n   0: \u{1b}[91mExec format error (os error 8)\u{1b}[0m\n\nLocation:\n   \u{1b}[35m/rustc/a178d0322ce20e33eac124758e837cbd80a6f633/library/core/src/result.rs\u{1b}[0m:\u{1b}[35m1675\u{1b}[0m\n\n  ━━━━━━━━━━━━━━━━━━━━━━━━━━━━━━━━━━ BACKTRACE ━━━━━━━━━━━━━━━━━━━━━━━━━━━━━━━━━━━\n  \u{1b}[96m                              ⋮ 5 frames hidden ⋮                               \u{1b}[0m\n   6: \u{1b}[32m<core::result::Result<T,F> as core::ops::try_trait::FromResidual<core::result::Result<core::convert::Infallible,E>>>::from_residual\u{1b}[0m\u{1b}[90m::h9a84b008bbceaf0a\u{1b}[0m\n      at \u{1b}[35m/rustc/a178d0322ce20e33eac124758e837cbd80a6f633/library/core/src/result.rs\u{1b}[0m:\u{1b}[35m1675\u{1b}[0m\n   7: \u{1b}[91mdigital_garden::write::write\u{1b}[0m\u{1b}[90m::h93a6445c36ecae78\u{1b}[0m\n      at \u{1b}[35m/opt/rustwide/workdir/src/write.rs\u{1b}[0m:\u{1b}[35m25\u{1b}[0m\n        23 │     // let the user write whatever they want in their favorite editor\n        24 │     // before returning to the cli and finishing up\n  \u{1b}[37m\u{1b}[1m      25\u{1b}[0m \u{1b}[37m\u{1b}[1m>\u{1b}[0m \u{1b}[37m\u{1b}[1m    edit_file(&filepath)?;\u{1b}[0m\n        26 │ \n        27 │     // Read the user\'s changes back from the file into a string\n   8: \u{1b}[91mgarden::main\u{1b}[0m\u{1b}[90m::h090fee1faecc365d\u{1b}[0m\n      at \u{1b}[35m/opt/rustwide/workdir/src/main.rs\u{1b}[0m:\u{1b}[35m51\u{1b}[0m\n        49 │ \n        50 │     match opt.cmd {\n  \u{1b}[37m\u{1b}[1m      51\u{1b}[0m \u{1b}[37m\u{1b}[1m>\u{1b}[0m \u{1b}[37m\u{1b}[1m        Command::Write { title } => write(garden_path, title),\u{1b}[0m\n        52 │     }\n        53 │ }\n   9: \u{1b}[32mcore::ops::function::FnOnce::call_once\u{1b}[0m\u{1b}[90m::hf3a27497dc886e60\u{1b}[0m\n      at \u{1b}[35m/rustc/a178d0322ce20e33eac124758e837cbd80a6f633/library/core/src/ops/function.rs\u{1b}[0m:\u{1b}[35m227\u{1b}[0m\n  \u{1b}[96m                              ⋮ 11 frames hidden ⋮                              \u{1b}[0m\n\nRun with COLORBT_SHOW_HIDDEN=1 environment variable to disable frame filtering.\n"```
[INFO] [stdout] command=`"/opt/rustwide/target/debug/garden" "write" "-t" "atitle"`
[INFO] [stdout] stdin=`"N\n"`
[INFO] [stdout] code=1
[INFO] [stdout] stdout=```""```
[INFO] [stdout] stderr=```"[src/main.rs:43] &opt = Opt {\n    garden_path: Some(\n        \"/tmp/.tmpiZ3kcl\",\n    ),\n    cmd: Write {\n        title: Some(\n            \"atitle\",\n        ),\n    },\n}\nError: \n   0: \u{1b}[91mExec format error (os error 8)\u{1b}[0m\n\nLocation:\n   \u{1b}[35m/rustc/a178d0322ce20e33eac124758e837cbd80a6f633/library/core/src/result.rs\u{1b}[0m:\u{1b}[35m1675\u{1b}[0m\n\n  ━━━━━━━━━━━━━━━━━━━━━━━━━━━━━━━━━━ BACKTRACE ━━━━━━━━━━━━━━━━━━━━━━━━━━━━━━━━━━━\n  \u{1b}[96m                              ⋮ 5 frames hidden ⋮                               \u{1b}[0m\n   6: \u{1b}[32m<core::result::Result<T,F> as core::ops::try_trait::FromResidual<core::result::Result<core::convert::Infallible,E>>>::from_residual\u{1b}[0m\u{1b}[90m::h9a84b008bbceaf0a\u{1b}[0m\n      at \u{1b}[35m/rustc/a178d0322ce20e33eac124758e837cbd80a6f633/library/core/src/result.rs\u{1b}[0m:\u{1b}[35m1675\u{1b}[0m\n   7: \u{1b}[91mdigital_garden::write::write\u{1b}[0m\u{1b}[90m::h93a6445c36ecae78\u{1b}[0m\n      at \u{1b}[35m/opt/rustwide/workdir/src/write.rs\u{1b}[0m:\u{1b}[35m25\u{1b}[0m\n        23 │     // let the user write whatever they want in their favorite editor\n        24 │     // before returning to the cli and finishing up\n  \u{1b}[37m\u{1b}[1m      25\u{1b}[0m \u{1b}[37m\u{1b}[1m>\u{1b}[0m \u{1b}[37m\u{1b}[1m    edit_file(&filepath)?;\u{1b}[0m\n        26 │ \n        27 │     // Read the user\'s changes back from the file into a string\n   8: \u{1b}[91mgarden::main\u{1b}[0m\u{1b}[90m::h090fee1faecc365d\u{1b}[0m\n      at \u{1b}[35m/opt/rustwide/workdir/src/main.rs\u{1b}[0m:\u{1b}[35m51\u{1b}[0m\n        49 │ \n        50 │     match opt.cmd {\n  \u{1b}[37m\u{1b}[1m      51\u{1b}[0m \u{1b}[37m\u{1b}[1m>\u{1b}[0m \u{1b}[37m\u{1b}[1m        Command::Write { title } => write(garden_path, title),\u{1b}[0m\n        52 │     }\n        53 │ }\n   9: \u{1b}[32mcore::ops::function::FnOnce::call_once\u{1b}[0m\u{1b}[90m::hf3a27497dc886e60\u{1b}[0m\n      at \u{1b}[35m/rustc/a178d0322ce20e33eac124758e837cbd80a6f633/library/core/src/ops/function.rs\u{1b}[0m:\u{1b}[35m227\u{1b}[0m\n  \u{1b}[96m                              ⋮ 11 frames hidden ⋮                              \u{1b}[0m\n\nRun with COLORBT_SHOW_HIDDEN=1 environment variable to disable frame filtering.\n"```
[INFO] [stdout] ', /opt/rustwide/cargo-home/registry/src/github.com-1ecc6299db9ec823/assert_cmd-1.0.3/src/assert.rs:155:13
[INFO] [stdout] stack backtrace:
[INFO] [stdout]    0:     0x55da70d1a760 - std::backtrace_rs::backtrace::libunwind::trace::h34055254b57d8e79
[INFO] [stdout]                                at /rustc/a178d0322ce20e33eac124758e837cbd80a6f633/library/std/src/../../backtrace/src/backtrace/libunwind.rs:90:5
[INFO] [stdout]    1:     0x55da70d1a760 - std::backtrace_rs::backtrace::trace_unsynchronized::h8f1e3fbd9afff6ec
[INFO] [stdout]                                at /rustc/a178d0322ce20e33eac124758e837cbd80a6f633/library/std/src/../../backtrace/src/backtrace/mod.rs:66:5
[INFO] [stdout]    2:     0x55da70d1a760 - std::sys_common::backtrace::_print_fmt::h3a99a796b770c360
[INFO] [stdout]                                at /rustc/a178d0322ce20e33eac124758e837cbd80a6f633/library/std/src/sys_common/backtrace.rs:67:5
[INFO] [stdout]    3:     0x55da70d1a760 - <std::sys_common::backtrace::_print::DisplayBacktrace as core::fmt::Display>::fmt::h32d1f94a80615d18
[INFO] [stdout]                                at /rustc/a178d0322ce20e33eac124758e837cbd80a6f633/library/std/src/sys_common/backtrace.rs:46:22
[INFO] [stdout]    4:     0x55da70d3e76c - core::fmt::write::h306731c068f7162c
[INFO] [stdout]                                at /rustc/a178d0322ce20e33eac124758e837cbd80a6f633/library/core/src/fmt/mod.rs:1110:17
[INFO] [stdout]    5:     0x55da70d16e35 - std::io::Write::write_fmt::h87f19b0a2cd190bc
[INFO] [stdout]                                at /rustc/a178d0322ce20e33eac124758e837cbd80a6f633/library/std/src/io/mod.rs:1588:15
[INFO] [stdout]    6:     0x55da70d1cd5b - std::sys_common::backtrace::_print::h5abaa2601a852287
[INFO] [stdout]                                at /rustc/a178d0322ce20e33eac124758e837cbd80a6f633/library/std/src/sys_common/backtrace.rs:49:5
[INFO] [stdout]    7:     0x55da70d1cd5b - std::sys_common::backtrace::print::h8d81445442bb638f
[INFO] [stdout]                                at /rustc/a178d0322ce20e33eac124758e837cbd80a6f633/library/std/src/sys_common/backtrace.rs:36:9
[INFO] [stdout]    8:     0x55da70d1cd5b - std::panicking::default_hook::{{closure}}::hcfe804496a9fa747
[INFO] [stdout]                                at /rustc/a178d0322ce20e33eac124758e837cbd80a6f633/library/std/src/panicking.rs:208:50
[INFO] [stdout]    9:     0x55da70d1c86c - std::panicking::default_hook::hbea8e3ccf2ba8901
[INFO] [stdout]                                at /rustc/a178d0322ce20e33eac124758e837cbd80a6f633/library/std/src/panicking.rs:222:9
[INFO] [stdout]   10:     0x55da70d1d424 - std::panicking::rust_panic_with_hook::h7ee9e1a2d0f8975a
[INFO] [stdout]                                at /rustc/a178d0322ce20e33eac124758e837cbd80a6f633/library/std/src/panicking.rs:622:17
[INFO] [stdout]   11:     0x55da70d1cf07 - std::panicking::begin_panic_handler::{{closure}}::h8ab3b4491718b2c7
[INFO] [stdout]                                at /rustc/a178d0322ce20e33eac124758e837cbd80a6f633/library/std/src/panicking.rs:519:13
[INFO] [stdout]   12:     0x55da70d1ac5c - std::sys_common::backtrace::__rust_end_short_backtrace::hd489062ffa586a9f
[INFO] [stdout]                                at /rustc/a178d0322ce20e33eac124758e837cbd80a6f633/library/std/src/sys_common/backtrace.rs:141:18
[INFO] [stdout]   13:     0x55da70d1ce69 - rust_begin_unwind
[INFO] [stdout]                                at /rustc/a178d0322ce20e33eac124758e837cbd80a6f633/library/std/src/panicking.rs:515:5
[INFO] [stdout]   14:     0x55da70c26f4b - std::panicking::begin_panic_fmt::h5479575e112541f8
[INFO] [stdout]                                at /rustc/a178d0322ce20e33eac124758e837cbd80a6f633/library/std/src/panicking.rs:457:5
[INFO] [stdout]   15:     0x55da70cb8cf8 - assert_cmd::assert::Assert::success::h2970a2395376051a
[INFO] [stdout]                                at /opt/rustwide/cargo-home/registry/src/github.com-1ecc6299db9ec823/assert_cmd-1.0.3/src/assert.rs:155:13
[INFO] [stdout]   16:     0x55da70c2e964 - integration::test_write_with_title::hcd96e42c660e4781
[INFO] [stdout]                                at /opt/rustwide/workdir/tests/integration.rs:35:5
[INFO] [stdout]   17:     0x55da70c2e78a - integration::test_write_with_title::{{closure}}::h983ea6ebb5d92b09
[INFO] [stdout]                                at /opt/rustwide/workdir/tests/integration.rs:25:1
[INFO] [stdout]   18:     0x55da70c29e6e - core::ops::function::FnOnce::call_once::hc2aca24bb5ee4c1b
[INFO] [stdout]                                at /rustc/a178d0322ce20e33eac124758e837cbd80a6f633/library/core/src/ops/function.rs:227:5
[INFO] [stdout]   19:     0x55da70c57773 - core::ops::function::FnOnce::call_once::h152e7e439ff59e19
[INFO] [stdout]                                at /rustc/a178d0322ce20e33eac124758e837cbd80a6f633/library/core/src/ops/function.rs:227:5
[INFO] [stdout]   20:     0x55da70c57773 - test::__rust_begin_short_backtrace::h0908f3b1fdbb72ab
[INFO] [stdout]                                at /rustc/a178d0322ce20e33eac124758e837cbd80a6f633/library/test/src/lib.rs:577:5
[INFO] [stdout]   21:     0x55da70c56230 - <alloc::boxed::Box<F,A> as core::ops::function::FnOnce<Args>>::call_once::hf6d2a51e5587546c
[INFO] [stdout]                                at /rustc/a178d0322ce20e33eac124758e837cbd80a6f633/library/alloc/src/boxed.rs:1575:9
[INFO] [stdout]   22:     0x55da70c56230 - <std::panic::AssertUnwindSafe<F> as core::ops::function::FnOnce<()>>::call_once::h8af660f3a89ef593
[INFO] [stdout]                                at /rustc/a178d0322ce20e33eac124758e837cbd80a6f633/library/std/src/panic.rs:347:9
[INFO] [stdout]   23:     0x55da70c56230 - std::panicking::try::do_call::hd36aef60f84b6d36
[INFO] [stdout]                                at /rustc/a178d0322ce20e33eac124758e837cbd80a6f633/library/std/src/panicking.rs:401:40
[INFO] [stdout]   24:     0x55da70c56230 - std::panicking::try::h9932b4480e69817c
[INFO] [stdout]                                at /rustc/a178d0322ce20e33eac124758e837cbd80a6f633/library/std/src/panicking.rs:365:19
[INFO] [stdout]   25:     0x55da70c56230 - std::panic::catch_unwind::h6aa177099cfff5f8
[INFO] [stdout]                                at /rustc/a178d0322ce20e33eac124758e837cbd80a6f633/library/std/src/panic.rs:434:14
[INFO] [stdout]   26:     0x55da70c56230 - test::run_test_in_process::h5884d6f2d99e20c3
[INFO] [stdout]                                at /rustc/a178d0322ce20e33eac124758e837cbd80a6f633/library/test/src/lib.rs:600:18
[INFO] [stdout]   27:     0x55da70c56230 - test::run_test::run_test_inner::{{closure}}::h6fdc58c6d5f5b6e3
[INFO] [stdout]                                at /rustc/a178d0322ce20e33eac124758e837cbd80a6f633/library/test/src/lib.rs:492:39
[INFO] [stdout]   28:     0x55da70c2f8e2 - test::run_test::run_test_inner::{{closure}}::h408365d67a78ade8
[INFO] [stdout]                                at /rustc/a178d0322ce20e33eac124758e837cbd80a6f633/library/test/src/lib.rs:519:37
[INFO] [stdout]   29:     0x55da70c2f8e2 - std::sys_common::backtrace::__rust_begin_short_backtrace::hb560b77c4f701523
[INFO] [stdout]                                at /rustc/a178d0322ce20e33eac124758e837cbd80a6f633/library/std/src/sys_common/backtrace.rs:125:18
[INFO] [stdout]   30:     0x55da70c33498 - std::thread::Builder::spawn_unchecked::{{closure}}::{{closure}}::hf2e7831dad93c597
[INFO] [stdout]                                at /rustc/a178d0322ce20e33eac124758e837cbd80a6f633/library/std/src/thread/mod.rs:481:17
[INFO] [stdout]   31:     0x55da70c33498 - <std::panic::AssertUnwindSafe<F> as core::ops::function::FnOnce<()>>::call_once::hd2e08783d8be4d02
[INFO] [stdout]                                at /rustc/a178d0322ce20e33eac124758e837cbd80a6f633/library/std/src/panic.rs:347:9
[INFO] [stdout]   32:     0x55da70c33498 - std::panicking::try::do_call::h062597b7acfd6b82
[INFO] [stdout]                                at /rustc/a178d0322ce20e33eac124758e837cbd80a6f633/library/std/src/panicking.rs:401:40
[INFO] [stdout]   33:     0x55da70c33498 - std::panicking::try::h0d7b79db04c14552
[INFO] [stdout]                                at /rustc/a178d0322ce20e33eac124758e837cbd80a6f633/library/std/src/panicking.rs:365:19
[INFO] [stdout]   34:     0x55da70c33498 - std::panic::catch_unwind::hb01a0b5e7c8cd43b
[INFO] [stdout]                                at /rustc/a178d0322ce20e33eac124758e837cbd80a6f633/library/std/src/panic.rs:434:14
[INFO] [stdout]   35:     0x55da70c33498 - std::thread::Builder::spawn_unchecked::{{closure}}::h5bde48cc887e0d1e
[INFO] [stdout]                                at /rustc/a178d0322ce20e33eac124758e837cbd80a6f633/library/std/src/thread/mod.rs:480:30
[INFO] [stdout]   36:     0x55da70c33498 - core::ops::function::FnOnce::call_once{{vtable.shim}}::h745ea30807a29e55
[INFO] [stdout]                                at /rustc/a178d0322ce20e33eac124758e837cbd80a6f633/library/core/src/ops/function.rs:227:5
[INFO] [stdout]   37:     0x55da70d22ea7 - <alloc::boxed::Box<F,A> as core::ops::function::FnOnce<Args>>::call_once::h7ece6cfefaff1005
[INFO] [stdout]                                at /rustc/a178d0322ce20e33eac124758e837cbd80a6f633/library/alloc/src/boxed.rs:1575:9
[INFO] [stdout]   38:     0x55da70d22ea7 - <alloc::boxed::Box<F,A> as core::ops::function::FnOnce<Args>>::call_once::hb8b48e55c21f193e
[INFO] [stdout]                                at /rustc/a178d0322ce20e33eac124758e837cbd80a6f633/library/alloc/src/boxed.rs:1575:9
[INFO] [stdout]   39:     0x55da70d22ea7 - std::sys::unix::thread::Thread::new::thread_start::h8c7c4450dba62914
[INFO] [stdout]                                at /rustc/a178d0322ce20e33eac124758e837cbd80a6f633/library/std/src/sys/unix/thread.rs:71:17
[INFO] [stdout]   40:     0x7f1949600609 - start_thread
[INFO] [stdout]   41:     0x7f19493d2293 - clone
[INFO] [stdout]   42:                0x0 - <unknown>
[INFO] [stdout] 
[INFO] [stdout] ---- test_write_with_written_title stdout ----
[INFO] [stdout] thread 'test_write_with_written_title' panicked at 'Unexpected failure.
[INFO] [stdout] code-1
[INFO] [stdout] stderr=```"[src/main.rs:43] &opt = Opt {\n    garden_path: Some(\n        \"/tmp/.tmpitQkNE\",\n    ),\n    cmd: Write {\n        title: None,\n    },\n}\nError: \n   0: \u{1b}[91mExec format error (os error 8)\u{1b}[0m\n\nLocation:\n   \u{1b}[35m/rustc/a178d0322ce20e33eac124758e837cbd80a6f633/library/core/src/result.rs\u{1b}[0m:\u{1b}[35m1675\u{1b}[0m\n\n  ━━━━━━━━━━━━━━━━━━━━━━━━━━━━━━━━━━ BACKTRACE ━━━━━━━━━━━━━━━━━━━━━━━━━━━━━━━━━━━\n  \u{1b}[96m                              ⋮ 5 frames hidden ⋮                               \u{1b}[0m\n   6: \u{1b}[32m<core::result::Result<T,F> as core::ops::try_trait::FromResidual<core::result::Result<core::convert::Infallible,E>>>::from_residual\u{1b}[0m\u{1b}[90m::h9a84b008bbceaf0a\u{1b}[0m\n      at \u{1b}[35m/rustc/a178d0322ce20e33eac124758e837cbd80a6f633/library/core/src/result.rs\u{1b}[0m:\u{1b}[35m1675\u{1b}[0m\n   7: \u{1b}[91mdigital_garden::write::write\u{1b}[0m\u{1b}[90m::h93a6445c36ecae78\u{1b}[0m\n      at \u{1b}[35m/opt/rustwide/workdir/src/write.rs\u{1b}[0m:\u{1b}[35m25\u{1b}[0m\n        23 │     // let the user write whatever they want in their favorite editor\n        24 │     // before returning to the cli and finishing up\n  \u{1b}[37m\u{1b}[1m      25\u{1b}[0m \u{1b}[37m\u{1b}[1m>\u{1b}[0m \u{1b}[37m\u{1b}[1m    edit_file(&filepath)?;\u{1b}[0m\n        26 │ \n        27 │     // Read the user\'s changes back from the file into a string\n   8: \u{1b}[91mgarden::main\u{1b}[0m\u{1b}[90m::h090fee1faecc365d\u{1b}[0m\n      at \u{1b}[35m/opt/rustwide/workdir/src/main.rs\u{1b}[0m:\u{1b}[35m51\u{1b}[0m\n        49 │ \n        50 │     match opt.cmd {\n  \u{1b}[37m\u{1b}[1m      51\u{1b}[0m \u{1b}[37m\u{1b}[1m>\u{1b}[0m \u{1b}[37m\u{1b}[1m        Command::Write { title } => write(garden_path, title),\u{1b}[0m\n        52 │     }\n        53 │ }\n   9: \u{1b}[32mcore::ops::function::FnOnce::call_once\u{1b}[0m\u{1b}[90m::hf3a27497dc886e60\u{1b}[0m\n      at \u{1b}[35m/rustc/a178d0322ce20e33eac124758e837cbd80a6f633/library/core/src/ops/function.rs\u{1b}[0m:\u{1b}[35m227\u{1b}[0m\n  \u{1b}[96m                              ⋮ 11 frames hidden ⋮                              \u{1b}[0m\n\nRun with COLORBT_SHOW_HIDDEN=1 environment variable to disable frame filtering.\n"```
[INFO] [stdout] command=`"/opt/rustwide/target/debug/garden" "write"`
[INFO] [stdout] stdin=`"N\n"`
[INFO] [stdout] code=1
[INFO] [stdout] stdout=```""```
[INFO] [stdout] stderr=```"[src/main.rs:43] &opt = Opt {\n    garden_path: Some(\n        \"/tmp/.tmpitQkNE\",\n    ),\n    cmd: Write {\n        title: None,\n    },\n}\nError: \n   0: \u{1b}[91mExec format error (os error 8)\u{1b}[0m\n\nLocation:\n   \u{1b}[35m/rustc/a178d0322ce20e33eac124758e837cbd80a6f633/library/core/src/result.rs\u{1b}[0m:\u{1b}[35m1675\u{1b}[0m\n\n  ━━━━━━━━━━━━━━━━━━━━━━━━━━━━━━━━━━ BACKTRACE ━━━━━━━━━━━━━━━━━━━━━━━━━━━━━━━━━━━\n  \u{1b}[96m                              ⋮ 5 frames hidden ⋮                               \u{1b}[0m\n   6: \u{1b}[32m<core::result::Result<T,F> as core::ops::try_trait::FromResidual<core::result::Result<core::convert::Infallible,E>>>::from_residual\u{1b}[0m\u{1b}[90m::h9a84b008bbceaf0a\u{1b}[0m\n      at \u{1b}[35m/rustc/a178d0322ce20e33eac124758e837cbd80a6f633/library/core/src/result.rs\u{1b}[0m:\u{1b}[35m1675\u{1b}[0m\n   7: \u{1b}[91mdigital_garden::write::write\u{1b}[0m\u{1b}[90m::h93a6445c36ecae78\u{1b}[0m\n      at \u{1b}[35m/opt/rustwide/workdir/src/write.rs\u{1b}[0m:\u{1b}[35m25\u{1b}[0m\n        23 │     // let the user write whatever they want in their favorite editor\n        24 │     // before returning to the cli and finishing up\n  \u{1b}[37m\u{1b}[1m      25\u{1b}[0m \u{1b}[37m\u{1b}[1m>\u{1b}[0m \u{1b}[37m\u{1b}[1m    edit_file(&filepath)?;\u{1b}[0m\n        26 │ \n        27 │     // Read the user\'s changes back from the file into a string\n   8: \u{1b}[91mgarden::main\u{1b}[0m\u{1b}[90m::h090fee1faecc365d\u{1b}[0m\n      at \u{1b}[35m/opt/rustwide/workdir/src/main.rs\u{1b}[0m:\u{1b}[35m51\u{1b}[0m\n        49 │ \n        50 │     match opt.cmd {\n  \u{1b}[37m\u{1b}[1m      51\u{1b}[0m \u{1b}[37m\u{1b}[1m>\u{1b}[0m \u{1b}[37m\u{1b}[1m        Command::Write { title } => write(garden_path, title),\u{1b}[0m\n        52 │     }\n        53 │ }\n   9: \u{1b}[32mcore::ops::function::FnOnce::call_once\u{1b}[0m\u{1b}[90m::hf3a27497dc886e60\u{1b}[0m\n      at \u{1b}[35m/rustc/a178d0322ce20e33eac124758e837cbd80a6f633/library/core/src/ops/function.rs\u{1b}[0m:\u{1b}[35m227\u{1b}[0m\n  \u{1b}[96m                              ⋮ 11 frames hidden ⋮                              \u{1b}[0m\n\nRun with COLORBT_SHOW_HIDDEN=1 environment variable to disable frame filtering.\n"```
[INFO] [stdout] ', /opt/rustwide/cargo-home/registry/src/github.com-1ecc6299db9ec823/assert_cmd-1.0.3/src/assert.rs:155:13
[INFO] [stdout] stack backtrace:
[INFO] [stdout]    0:     0x55da70d1a760 - std::backtrace_rs::backtrace::libunwind::trace::h34055254b57d8e79
[INFO] [stdout]                                at /rustc/a178d0322ce20e33eac124758e837cbd80a6f633/library/std/src/../../backtrace/src/backtrace/libunwind.rs:90:5
[INFO] [stdout]    1:     0x55da70d1a760 - std::backtrace_rs::backtrace::trace_unsynchronized::h8f1e3fbd9afff6ec
[INFO] [stdout]                                at /rustc/a178d0322ce20e33eac124758e837cbd80a6f633/library/std/src/../../backtrace/src/backtrace/mod.rs:66:5
[INFO] [stdout]    2:     0x55da70d1a760 - std::sys_common::backtrace::_print_fmt::h3a99a796b770c360
[INFO] [stdout]                                at /rustc/a178d0322ce20e33eac124758e837cbd80a6f633/library/std/src/sys_common/backtrace.rs:67:5
[INFO] [stdout]    3:     0x55da70d1a760 - <std::sys_common::backtrace::_print::DisplayBacktrace as core::fmt::Display>::fmt::h32d1f94a80615d18
[INFO] [stdout]                                at /rustc/a178d0322ce20e33eac124758e837cbd80a6f633/library/std/src/sys_common/backtrace.rs:46:22
[INFO] [stdout]    4:     0x55da70d3e76c - core::fmt::write::h306731c068f7162c
[INFO] [stdout]                                at /rustc/a178d0322ce20e33eac124758e837cbd80a6f633/library/core/src/fmt/mod.rs:1110:17
[INFO] [stdout]    5:     0x55da70d16e35 - std::io::Write::write_fmt::h87f19b0a2cd190bc
[INFO] [stdout]                                at /rustc/a178d0322ce20e33eac124758e837cbd80a6f633/library/std/src/io/mod.rs:1588:15
[INFO] [stdout]    6:     0x55da70d1cd5b - std::sys_common::backtrace::_print::h5abaa2601a852287
[INFO] [stdout]                                at /rustc/a178d0322ce20e33eac124758e837cbd80a6f633/library/std/src/sys_common/backtrace.rs:49:5
[INFO] [stdout]    7:     0x55da70d1cd5b - std::sys_common::backtrace::print::h8d81445442bb638f
[INFO] [stdout]                                at /rustc/a178d0322ce20e33eac124758e837cbd80a6f633/library/std/src/sys_common/backtrace.rs:36:9
[INFO] [stdout]    8:     0x55da70d1cd5b - std::panicking::default_hook::{{closure}}::hcfe804496a9fa747
[INFO] [stdout]                                at /rustc/a178d0322ce20e33eac124758e837cbd80a6f633/library/std/src/panicking.rs:208:50
[INFO] [stdout]    9:     0x55da70d1c86c - std::panicking::default_hook::hbea8e3ccf2ba8901
[INFO] [stdout]                                at /rustc/a178d0322ce20e33eac124758e837cbd80a6f633/library/std/src/panicking.rs:222:9
[INFO] [stdout]   10:     0x55da70d1d424 - std::panicking::rust_panic_with_hook::h7ee9e1a2d0f8975a
[INFO] [stdout]                                at /rustc/a178d0322ce20e33eac124758e837cbd80a6f633/library/std/src/panicking.rs:622:17
[INFO] [stdout]   11:     0x55da70d1cf07 - std::panicking::begin_panic_handler::{{closure}}::h8ab3b4491718b2c7
[INFO] [stdout]                                at /rustc/a178d0322ce20e33eac124758e837cbd80a6f633/library/std/src/panicking.rs:519:13
[INFO] [stdout]   12:     0x55da70d1ac5c - std::sys_common::backtrace::__rust_end_short_backtrace::hd489062ffa586a9f
[INFO] [stdout]                                at /rustc/a178d0322ce20e33eac124758e837cbd80a6f633/library/std/src/sys_common/backtrace.rs:141:18
[INFO] [stdout]   13:     0x55da70d1ce69 - rust_begin_unwind
[INFO] [stdout]                                at /rustc/a178d0322ce20e33eac124758e837cbd80a6f633/library/std/src/panicking.rs:515:5
[INFO] [stdout]   14:     0x55da70c26f4b - std::panicking::begin_panic_fmt::h5479575e112541f8
[INFO] [stdout]                                at /rustc/a178d0322ce20e33eac124758e837cbd80a6f633/library/std/src/panicking.rs:457:5
[INFO] [stdout]   15:     0x55da70cb8cf8 - assert_cmd::assert::Assert::success::h2970a2395376051a
[INFO] [stdout]                                at /opt/rustwide/cargo-home/registry/src/github.com-1ecc6299db9ec823/assert_cmd-1.0.3/src/assert.rs:155:13
[INFO] [stdout]   16:     0x55da70c2ec06 - integration::test_write_with_written_title::hca8b4b43830fe34a
[INFO] [stdout]                                at /opt/rustwide/workdir/tests/integration.rs:48:5
[INFO] [stdout]   17:     0x55da70c2ea6a - integration::test_write_with_written_title::{{closure}}::h6fcc5129fa5a849d
[INFO] [stdout]                                at /opt/rustwide/workdir/tests/integration.rs:43:1
[INFO] [stdout]   18:     0x55da70c29dee - core::ops::function::FnOnce::call_once::h5b12230175e93d42
[INFO] [stdout]                                at /rustc/a178d0322ce20e33eac124758e837cbd80a6f633/library/core/src/ops/function.rs:227:5
[INFO] [stdout]   19:     0x55da70c57773 - core::ops::function::FnOnce::call_once::h152e7e439ff59e19
[INFO] [stdout]                                at /rustc/a178d0322ce20e33eac124758e837cbd80a6f633/library/core/src/ops/function.rs:227:5
[INFO] [stdout]   20:     0x55da70c57773 - test::__rust_begin_short_backtrace::h0908f3b1fdbb72ab
[INFO] [stdout]                                at /rustc/a178d0322ce20e33eac124758e837cbd80a6f633/library/test/src/lib.rs:577:5
[INFO] [stdout]   21:     0x55da70c56230 - <alloc::boxed::Box<F,A> as core::ops::function::FnOnce<Args>>::call_once::hf6d2a51e5587546c
[INFO] [stdout]                                at /rustc/a178d0322ce20e33eac124758e837cbd80a6f633/library/alloc/src/boxed.rs:1575:9
[INFO] [stdout]   22:     0x55da70c56230 - <std::panic::AssertUnwindSafe<F> as core::ops::function::FnOnce<()>>::call_once::h8af660f3a89ef593
[INFO] [stdout]                                at /rustc/a178d0322ce20e33eac124758e837cbd80a6f633/library/std/src/panic.rs:347:9
[INFO] [stdout]   23:     0x55da70c56230 - std::panicking::try::do_call::hd36aef60f84b6d36
[INFO] [stdout]                                at /rustc/a178d0322ce20e33eac124758e837cbd80a6f633/library/std/src/panicking.rs:401:40
[INFO] [stdout]   24:     0x55da70c56230 - std::panicking::try::h9932b4480e69817c
[INFO] [stdout]                                at /rustc/a178d0322ce20e33eac124758e837cbd80a6f633/library/std/src/panicking.rs:365:19
[INFO] [stdout]   25:     0x55da70c56230 - std::panic::catch_unwind::h6aa177099cfff5f8
[INFO] [stdout]                                at /rustc/a178d0322ce20e33eac124758e837cbd80a6f633/library/std/src/panic.rs:434:14
[INFO] [stdout]   26:     0x55da70c56230 - test::run_test_in_process::h5884d6f2d99e20c3
[INFO] [stdout]                                at /rustc/a178d0322ce20e33eac124758e837cbd80a6f633/library/test/src/lib.rs:600:18
[INFO] [stdout]   27:     0x55da70c56230 - test::run_test::run_test_inner::{{closure}}::h6fdc58c6d5f5b6e3
[INFO] [stdout]                                at /rustc/a178d0322ce20e33eac124758e837cbd80a6f633/library/test/src/lib.rs:492:39
[INFO] [stdout]   28:     0x55da70c2f8e2 - test::run_test::run_test_inner::{{closure}}::h408365d67a78ade8
[INFO] [stdout]                                at /rustc/a178d0322ce20e33eac124758e837cbd80a6f633/library/test/src/lib.rs:519:37
[INFO] [stdout]   29:     0x55da70c2f8e2 - std::sys_common::backtrace::__rust_begin_short_backtrace::hb560b77c4f701523
[INFO] [stdout]                                at /rustc/a178d0322ce20e33eac124758e837cbd80a6f633/library/std/src/sys_common/backtrace.rs:125:18
[INFO] [stdout]   30:     0x55da70c33498 - std::thread::Builder::spawn_unchecked::{{closure}}::{{closure}}::hf2e7831dad93c597
[INFO] [stdout]                                at /rustc/a178d0322ce20e33eac124758e837cbd80a6f633/library/std/src/thread/mod.rs:481:17
[INFO] [stdout]   31:     0x55da70c33498 - <std::panic::AssertUnwindSafe<F> as core::ops::function::FnOnce<()>>::call_once::hd2e08783d8be4d02
[INFO] [stdout]                                at /rustc/a178d0322ce20e33eac124758e837cbd80a6f633/library/std/src/panic.rs:347:9
[INFO] [stdout]   32:     0x55da70c33498 - std::panicking::try::do_call::h062597b7acfd6b82
[INFO] [stdout]                                at /rustc/a178d0322ce20e33eac124758e837cbd80a6f633/library/std/src/panicking.rs:401:40
[INFO] [stdout]   33:     0x55da70c33498 - std::panicking::try::h0d7b79db04c14552
[INFO] [stdout]                                at /rustc/a178d0322ce20e33eac124758e837cbd80a6f633/library/std/src/panicking.rs:365:19
[INFO] [stdout]   34:     0x55da70c33498 - std::panic::catch_unwind::hb01a0b5e7c8cd43b
[INFO] [stdout]                                at /rustc/a178d0322ce20e33eac124758e837cbd80a6f633/library/std/src/panic.rs:434:14
[INFO] [stdout]   35:     0x55da70c33498 - std::thread::Builder::spawn_unchecked::{{closure}}::h5bde48cc887e0d1e
[INFO] [stdout]                                at /rustc/a178d0322ce20e33eac124758e837cbd80a6f633/library/std/src/thread/mod.rs:480:30
[INFO] [stdout]   36:     0x55da70c33498 - core::ops::function::FnOnce::call_once{{vtable.shim}}::h745ea30807a29e55
[INFO] [stdout]                                at /rustc/a178d0322ce20e33eac124758e837cbd80a6f633/library/core/src/ops/function.rs:227:5
[INFO] [stdout]   37:     0x55da70d22ea7 - <alloc::boxed::Box<F,A> as core::ops::function::FnOnce<Args>>::call_once::h7ece6cfefaff1005
[INFO] [stdout]                                at /rustc/a178d0322ce20e33eac124758e837cbd80a6f633/library/alloc/src/boxed.rs:1575:9
[INFO] [stdout]   38:     0x55da70d22ea7 - <alloc::boxed::Box<F,A> as core::ops::function::FnOnce<Args>>::call_once::hb8b48e55c21f193e
[INFO] [stdout]                                at /rustc/a178d0322ce20e33eac124758e837cbd80a6f633/library/alloc/src/boxed.rs:1575:9
[INFO] [stdout]   39:     0x55da70d22ea7 - std::sys::unix::thread::Thread::new::thread_start::h8c7c4450dba62914
[INFO] [stdout]                                at /rustc/a178d0322ce20e33eac124758e837cbd80a6f633/library/std/src/sys/unix/thread.rs:71:17
[INFO] [stdout]   40:     0x7f1949600609 - start_thread
[INFO] [stdout]   41:     0x7f19493d2293 - clone
[INFO] [stdout]   42:                0x0 - <unknown>
[INFO] [stdout] 
[INFO] [stdout] 
[INFO] [stdout] failures:
[INFO] [stdout]     test_write_with_title
[INFO] [stdout]     test_write_with_written_title
[INFO] [stdout] 
[INFO] [stdout] test result: FAILED. 2 passed; 2 failed; 0 ignored; 0 measured; 0 filtered out; finished in 0.82s
[INFO] [stdout] 
[INFO] [stderr] error: test failed, to rerun pass '--test integration'
[INFO] running `Command { std: "docker" "inspect" "4409d59d53ba0d181f0728ed67929e867fa31b980134414c405f857061eae131", kill_on_drop: false }`
[INFO] running `Command { std: "docker" "rm" "-f" "4409d59d53ba0d181f0728ed67929e867fa31b980134414c405f857061eae131", kill_on_drop: false }`
[INFO] [stdout] 4409d59d53ba0d181f0728ed67929e867fa31b980134414c405f857061eae131
