[INFO] cloning repository https://github.com/bradyjoslin/summarize-url
[INFO] running `Command { std: "git" "-c" "credential.helper=" "-c" "credential.helper=/workspace/cargo-home/bin/git-credential-null" "clone" "--bare" "https://github.com/bradyjoslin/summarize-url" "/workspace/cache/git-repos/https%3A%2F%2Fgithub.com%2Fbradyjoslin%2Fsummarize-url", kill_on_drop: false }`
[INFO] [stderr] Cloning into bare repository '/workspace/cache/git-repos/https%3A%2F%2Fgithub.com%2Fbradyjoslin%2Fsummarize-url'...
[INFO] running `Command { std: "git" "rev-parse" "HEAD", kill_on_drop: false }`
[INFO] [stdout] c54f6feda4db71ac3f63d457fe6166f73d27840d
[INFO] testing bradyjoslin/summarize-url against 1.54.0 for beta-1.55-1
[INFO] running `Command { std: "git" "clone" "/workspace/cache/git-repos/https%3A%2F%2Fgithub.com%2Fbradyjoslin%2Fsummarize-url" "/workspace/builds/worker-98/source", kill_on_drop: false }`
[INFO] [stderr] Cloning into '/workspace/builds/worker-98/source'...
[INFO] [stderr] done.
[INFO] validating manifest of git repo https://github.com/bradyjoslin/summarize-url on toolchain 1.54.0
[INFO] running `Command { std: "/workspace/cargo-home/bin/cargo" "+1.54.0" "metadata" "--manifest-path" "Cargo.toml" "--no-deps", kill_on_drop: false }`
[INFO] started tweaking git repo https://github.com/bradyjoslin/summarize-url
[INFO] finished tweaking git repo https://github.com/bradyjoslin/summarize-url
[INFO] tweaked toml for git repo https://github.com/bradyjoslin/summarize-url written to /workspace/builds/worker-98/source/Cargo.toml
[INFO] crate git repo https://github.com/bradyjoslin/summarize-url already has a lockfile, it will not be regenerated
[INFO] running `Command { std: "/workspace/cargo-home/bin/cargo" "+1.54.0" "fetch" "--manifest-path" "Cargo.toml", kill_on_drop: false }`
[INFO] [stderr]     Blocking waiting for file lock on package cache
[INFO] [stderr]     Blocking waiting for file lock on package cache
[INFO] [stderr]  Downloading crates ...
[INFO] [stderr]   Downloaded pin-project-lite v0.1.6
[INFO] [stderr]   Downloaded openssl-sys v0.9.57
[INFO] [stderr]   Downloaded predicates v1.0.4
[INFO] [stderr]   Downloaded assert_cmd v1.0.2
[INFO] [stderr]   Downloaded algorithmia v3.0.0-beta.3
[INFO] running `Command { std: "docker" "create" "-v" "/var/lib/crater-agent-workspace/builds/worker-98/target:/opt/rustwide/target:rw,Z" "-v" "/var/lib/crater-agent-workspace/builds/worker-98/source:/opt/rustwide/workdir:ro,Z" "-v" "/var/lib/crater-agent-workspace/cargo-home:/opt/rustwide/cargo-home:ro,Z" "-v" "/var/lib/crater-agent-workspace/rustup-home:/opt/rustwide/rustup-home:ro,Z" "-e" "SOURCE_DIR=/opt/rustwide/workdir" "-e" "CARGO_TARGET_DIR=/opt/rustwide/target" "-e" "CARGO_HOME=/opt/rustwide/cargo-home" "-e" "RUSTUP_HOME=/opt/rustwide/rustup-home" "-w" "/opt/rustwide/workdir" "-m" "1610612736" "--user" "0:0" "--network" "none" "ghcr.io/rust-lang/crates-build-env/linux@sha256:34b6a614d2c27851fe6cbf88fbd1137609cefab8b10d0615aaeb6fd47975d74e" "/opt/rustwide/cargo-home/bin/cargo" "+1.54.0" "metadata" "--no-deps" "--format-version=1", kill_on_drop: false }`
[INFO] [stdout] ff7ebf857eab54b2689db8a61031164a25b55a1b148c6c4c5644946c2459603a
[INFO] running `Command { std: "docker" "start" "-a" "ff7ebf857eab54b2689db8a61031164a25b55a1b148c6c4c5644946c2459603a", kill_on_drop: false }`
[INFO] running `Command { std: "docker" "inspect" "ff7ebf857eab54b2689db8a61031164a25b55a1b148c6c4c5644946c2459603a", kill_on_drop: false }`
[INFO] running `Command { std: "docker" "rm" "-f" "ff7ebf857eab54b2689db8a61031164a25b55a1b148c6c4c5644946c2459603a", kill_on_drop: false }`
[INFO] [stdout] ff7ebf857eab54b2689db8a61031164a25b55a1b148c6c4c5644946c2459603a
[INFO] running `Command { std: "docker" "create" "-v" "/var/lib/crater-agent-workspace/builds/worker-98/target:/opt/rustwide/target:rw,Z" "-v" "/var/lib/crater-agent-workspace/builds/worker-98/source:/opt/rustwide/workdir:ro,Z" "-v" "/var/lib/crater-agent-workspace/cargo-home:/opt/rustwide/cargo-home:ro,Z" "-v" "/var/lib/crater-agent-workspace/rustup-home:/opt/rustwide/rustup-home:ro,Z" "-e" "SOURCE_DIR=/opt/rustwide/workdir" "-e" "CARGO_TARGET_DIR=/opt/rustwide/target" "-e" "CARGO_INCREMENTAL=0" "-e" "RUST_BACKTRACE=full" "-e" "RUSTFLAGS=--cap-lints=warn" "-e" "CARGO_HOME=/opt/rustwide/cargo-home" "-e" "RUSTUP_HOME=/opt/rustwide/rustup-home" "-w" "/opt/rustwide/workdir" "-m" "1610612736" "--user" "0:0" "--network" "none" "ghcr.io/rust-lang/crates-build-env/linux@sha256:34b6a614d2c27851fe6cbf88fbd1137609cefab8b10d0615aaeb6fd47975d74e" "/opt/rustwide/cargo-home/bin/cargo" "+1.54.0" "build" "--frozen" "--message-format=json", kill_on_drop: false }`
[INFO] [stdout] 1c03bf49be312495abc43e730aa3b067f264b938cde5ab66cb511d15acf5012b
[INFO] running `Command { std: "docker" "start" "-a" "1c03bf49be312495abc43e730aa3b067f264b938cde5ab66cb511d15acf5012b", kill_on_drop: false }`
[INFO] [stderr]    Compiling libc v0.2.71
[INFO] [stderr]    Compiling proc-macro2 v1.0.18
[INFO] [stderr]    Compiling syn v1.0.30
[INFO] [stderr]    Compiling version_check v0.9.1
[INFO] [stderr]    Compiling log v0.4.8
[INFO] [stderr]    Compiling bytes v0.5.4
[INFO] [stderr]    Compiling fnv v1.0.7
[INFO] [stderr]    Compiling cc v1.0.54
[INFO] [stderr]    Compiling itoa v0.4.5
[INFO] [stderr]    Compiling memchr v2.3.3
[INFO] [stderr]    Compiling futures-core v0.3.5
[INFO] [stderr]    Compiling typenum v1.12.0
[INFO] [stderr]    Compiling pin-project-lite v0.1.6
[INFO] [stderr]    Compiling foreign-types-shared v0.1.1
[INFO] [stderr]    Compiling openssl v0.10.29
[INFO] [stderr]    Compiling once_cell v1.4.0
[INFO] [stderr]    Compiling serde v1.0.111
[INFO] [stderr]    Compiling byteorder v1.3.4
[INFO] [stderr]    Compiling futures-io v0.3.5
[INFO] [stderr]    Compiling matches v0.1.8
[INFO] [stderr]    Compiling smallvec v1.4.0
[INFO] [stderr]    Compiling pin-utils v0.1.0
[INFO] [stderr]    Compiling futures-sink v0.3.5
[INFO] [stderr]    Compiling httparse v1.3.4
[INFO] [stderr]    Compiling native-tls v0.2.4
[INFO] [stderr]    Compiling try-lock v0.2.2
[INFO] [stderr]    Compiling byte-tools v0.3.1
[INFO] [stderr]    Compiling openssl-probe v0.1.2
[INFO] [stderr]    Compiling mime v0.3.16
[INFO] [stderr]    Compiling tower-service v0.3.0
[INFO] [stderr]    Compiling encoding_rs v0.8.23
[INFO] [stderr]    Compiling percent-encoding v2.1.0
[INFO] [stderr]    Compiling opaque-debug v0.2.3
[INFO] [stderr]    Compiling unicode-segmentation v1.6.0
[INFO] [stderr]    Compiling gimli v0.21.0
[INFO] [stderr]    Compiling predicates-core v1.0.0
[INFO] [stderr]    Compiling dtoa v0.4.5
[INFO] [stderr]    Compiling fake-simd v0.1.2
[INFO] [stderr]    Compiling unicode-width v0.1.7
[INFO] [stderr]    Compiling base64 v0.12.1
[INFO] [stderr]    Compiling doc-comment v0.3.3
[INFO] [stderr]    Compiling object v0.19.0
[INFO] [stderr]    Compiling treeline v0.1.0
[INFO] [stderr]    Compiling base64 v0.11.0
[INFO] [stderr]    Compiling indexmap v1.4.0
[INFO] [stderr]    Compiling num-traits v0.2.11
[INFO] [stderr]    Compiling num-integer v0.1.42
[INFO] [stderr]    Compiling unicode-bidi v0.3.4
[INFO] [stderr]    Compiling futures-channel v0.3.5
[INFO] [stderr]    Compiling foreign-types v0.3.2
[INFO] [stderr]    Compiling block-padding v0.1.5
[INFO] [stderr]    Compiling futures-task v0.3.5
[INFO] [stderr]    Compiling unicode-normalization v0.1.12
[INFO] [stderr]    Compiling textwrap v0.11.0
[INFO] [stderr]    Compiling predicates-tree v1.0.0
[INFO] [stderr]    Compiling predicates v1.0.4
[INFO] [stderr]    Compiling unicase v2.6.0
[INFO] [stderr]    Compiling proc-macro-error-attr v1.0.2
[INFO] [stderr]    Compiling proc-macro-error v1.0.2
[INFO] [stderr]    Compiling http v0.2.1
[INFO] [stderr]    Compiling heck v0.3.1
[INFO] [stderr]    Compiling want v0.3.0
[INFO] [stderr]    Compiling quote v1.0.3
[INFO] [stderr]    Compiling idna v0.2.0
[INFO] [stderr]    Compiling openssl-sys v0.9.57
[INFO] [stderr]    Compiling iovec v0.1.4
[INFO] [stderr]    Compiling net2 v0.2.34
[INFO] [stderr]    Compiling num_cpus v1.13.0
[INFO] [stderr]    Compiling time v0.1.43
[INFO] [stderr]    Compiling socket2 v0.3.12
[INFO] [stderr]    Compiling atty v0.2.14
[INFO] [stderr]    Compiling wait-timeout v0.2.0
[INFO] [stderr]    Compiling clap v2.33.0
[INFO] [stderr]    Compiling assert_cmd v1.0.2
[INFO] [stderr]    Compiling mio v0.6.22
[INFO] [stderr]    Compiling generic-array v0.12.3
[INFO] [stderr]    Compiling mime_guess v2.0.3
[INFO] [stderr]    Compiling url v2.1.1
[INFO] [stderr]    Compiling digest v0.8.1
[INFO] [stderr]    Compiling block-buffer v0.7.3
[INFO] [stderr]    Compiling sha-1 v0.8.2
[INFO] [stderr]    Compiling tokio v0.2.21
[INFO] [stderr]    Compiling addr2line v0.12.1
[INFO] [stderr]    Compiling http-body v0.3.1
[INFO] [stderr]    Compiling headers-core v0.2.0
[INFO] [stderr]    Compiling headers v0.3.2
[INFO] [stderr]    Compiling backtrace v0.3.48
[INFO] [stderr]    Compiling syn-mid v0.5.0
[INFO] [stderr]    Compiling tokio-util v0.3.1
[INFO] [stderr]    Compiling tokio-tls v0.3.1
[INFO] [stderr]    Compiling pin-project-internal v0.4.17
[INFO] [stderr]    Compiling serde_derive v1.0.111
[INFO] [stderr]    Compiling structopt-derive v0.4.14
[INFO] [stderr]    Compiling pin-project v0.4.17
[INFO] [stderr]    Compiling futures-util v0.3.5
[INFO] [stderr]    Compiling structopt v0.3.21
[INFO] [stderr]    Compiling h2 v0.2.5
[INFO] [stderr]    Compiling hyper v0.13.6
[INFO] [stderr]    Compiling serde_urlencoded v0.6.1
[INFO] [stderr]    Compiling serde_json v1.0.53
[INFO] [stderr]    Compiling chrono v0.4.11
[INFO] [stderr]    Compiling hyper-tls v0.4.1
[INFO] [stderr]    Compiling reqwest v0.10.6
[INFO] [stderr]    Compiling algorithmia v3.0.0-beta.3
[INFO] [stderr]    Compiling summarize-url v0.0.1 (/opt/rustwide/workdir)
[INFO] [stderr]     Finished dev [unoptimized + debuginfo] target(s) in 38.12s
[INFO] running `Command { std: "docker" "inspect" "1c03bf49be312495abc43e730aa3b067f264b938cde5ab66cb511d15acf5012b", kill_on_drop: false }`
[INFO] running `Command { std: "docker" "rm" "-f" "1c03bf49be312495abc43e730aa3b067f264b938cde5ab66cb511d15acf5012b", kill_on_drop: false }`
[INFO] [stdout] 1c03bf49be312495abc43e730aa3b067f264b938cde5ab66cb511d15acf5012b
[INFO] running `Command { std: "docker" "create" "-v" "/var/lib/crater-agent-workspace/builds/worker-98/target:/opt/rustwide/target:rw,Z" "-v" "/var/lib/crater-agent-workspace/builds/worker-98/source:/opt/rustwide/workdir:ro,Z" "-v" "/var/lib/crater-agent-workspace/cargo-home:/opt/rustwide/cargo-home:ro,Z" "-v" "/var/lib/crater-agent-workspace/rustup-home:/opt/rustwide/rustup-home:ro,Z" "-e" "SOURCE_DIR=/opt/rustwide/workdir" "-e" "CARGO_TARGET_DIR=/opt/rustwide/target" "-e" "CARGO_INCREMENTAL=0" "-e" "RUST_BACKTRACE=full" "-e" "RUSTFLAGS=--cap-lints=warn" "-e" "CARGO_HOME=/opt/rustwide/cargo-home" "-e" "RUSTUP_HOME=/opt/rustwide/rustup-home" "-w" "/opt/rustwide/workdir" "-m" "1610612736" "--user" "0:0" "--network" "none" "ghcr.io/rust-lang/crates-build-env/linux@sha256:34b6a614d2c27851fe6cbf88fbd1137609cefab8b10d0615aaeb6fd47975d74e" "/opt/rustwide/cargo-home/bin/cargo" "+1.54.0" "test" "--frozen" "--no-run" "--message-format=json", kill_on_drop: false }`
[INFO] [stdout] 4e8c50562886c63ab8286f70679ae542e894d26463909b2beb74698879baec5d
[INFO] running `Command { std: "docker" "start" "-a" "4e8c50562886c63ab8286f70679ae542e894d26463909b2beb74698879baec5d", kill_on_drop: false }`
[INFO] [stderr]    Compiling summarize-url v0.0.1 (/opt/rustwide/workdir)
[INFO] [stderr]     Finished test [unoptimized + debuginfo] target(s) in 0.82s
[INFO] running `Command { std: "docker" "inspect" "4e8c50562886c63ab8286f70679ae542e894d26463909b2beb74698879baec5d", kill_on_drop: false }`
[INFO] running `Command { std: "docker" "rm" "-f" "4e8c50562886c63ab8286f70679ae542e894d26463909b2beb74698879baec5d", kill_on_drop: false }`
[INFO] [stdout] 4e8c50562886c63ab8286f70679ae542e894d26463909b2beb74698879baec5d
[INFO] running `Command { std: "docker" "create" "-v" "/var/lib/crater-agent-workspace/builds/worker-98/target:/opt/rustwide/target:rw,Z" "-v" "/var/lib/crater-agent-workspace/builds/worker-98/source:/opt/rustwide/workdir:ro,Z" "-v" "/var/lib/crater-agent-workspace/cargo-home:/opt/rustwide/cargo-home:ro,Z" "-v" "/var/lib/crater-agent-workspace/rustup-home:/opt/rustwide/rustup-home:ro,Z" "-e" "SOURCE_DIR=/opt/rustwide/workdir" "-e" "CARGO_TARGET_DIR=/opt/rustwide/target" "-e" "CARGO_INCREMENTAL=0" "-e" "RUST_BACKTRACE=full" "-e" "RUSTFLAGS=--cap-lints=warn" "-e" "CARGO_HOME=/opt/rustwide/cargo-home" "-e" "RUSTUP_HOME=/opt/rustwide/rustup-home" "-w" "/opt/rustwide/workdir" "-m" "1610612736" "--user" "0:0" "--network" "none" "ghcr.io/rust-lang/crates-build-env/linux@sha256:34b6a614d2c27851fe6cbf88fbd1137609cefab8b10d0615aaeb6fd47975d74e" "/opt/rustwide/cargo-home/bin/cargo" "+1.54.0" "test" "--frozen", kill_on_drop: false }`
[INFO] [stdout] dab298273d57ef38610188f7d1d8d1e2db7e4454eea21ae9cea2cf0fd1f5749f
[INFO] running `Command { std: "docker" "start" "-a" "dab298273d57ef38610188f7d1d8d1e2db7e4454eea21ae9cea2cf0fd1f5749f", kill_on_drop: false }`
[INFO] [stderr]     Blocking waiting for file lock on package cache
[INFO] [stderr]     Finished test [unoptimized + debuginfo] target(s) in 1.12s
[INFO] [stdout] 
[INFO] [stderr]      Running unittests (/opt/rustwide/target/debug/deps/summarize_url-8f4959ce85506084)
[INFO] [stdout] running 0 tests
[INFO] [stderr]      Running tests/tests.rs (/opt/rustwide/target/debug/deps/tests-516db63c7328b97f)
[INFO] [stdout] 
[INFO] [stdout] test result: ok. 0 passed; 0 failed; 0 ignored; 0 measured; 0 filtered out; finished in 0.00s
[INFO] [stdout] 
[INFO] [stdout] 
[INFO] [stdout] running 4 tests
[INFO] [stdout] test it_fails_on_bad_command ... ok
[INFO] [stdout] test it_errors_without_input ... ok
[INFO] [stdout] test it_helps ... ok
[INFO] [stdout] test it_works ... FAILED
[INFO] [stdout] 
[INFO] [stdout] failures:
[INFO] [stdout] 
[INFO] [stdout] ---- it_works stdout ----
[INFO] [stdout] thread 'it_works' panicked at 'Unexpected failure.
[INFO] [stdout] code-1
[INFO] [stdout] stderr=```error: The following required arguments were not provided:
[INFO] [stdout]     <api-key>
[INFO] [stdout] 
[INFO] [stdout] USAGE:
[INFO] [stdout]     summarize-url <url> <api-key> --length <length>
[INFO] [stdout] 
[INFO] [stdout] For more information try --help
[INFO] [stdout] ```
[INFO] [stdout] command=`"/opt/rustwide/target/debug/summarize-url" "http://techcrunch.com/2015/03/12/algorithmia-launches-with-more-than-800-algorithms-on-its-marketplace/"`
[INFO] [stdout] code=1
[INFO] [stdout] stdout=``````
[INFO] [stdout] stderr=```error: The following required arguments were not provided:
[INFO] [stdout]     <api-key>
[INFO] [stdout] 
[INFO] [stdout] USAGE:
[INFO] [stdout]     summarize-url <url> <api-key> --length <length>
[INFO] [stdout] 
[INFO] [stdout] For more information try --help
[INFO] [stdout] ```
[INFO] [stdout] ', /opt/rustwide/cargo-home/registry/src/github.com-1ecc6299db9ec823/assert_cmd-1.0.2/src/assert.rs:158:13
[INFO] [stdout] stack backtrace:
[INFO] [stdout]    0:     0x5584775e51b0 - std::backtrace_rs::backtrace::libunwind::trace::h34055254b57d8e79
[INFO] [stdout]                                at /rustc/a178d0322ce20e33eac124758e837cbd80a6f633/library/std/src/../../backtrace/src/backtrace/libunwind.rs:90:5
[INFO] [stdout]    1:     0x5584775e51b0 - std::backtrace_rs::backtrace::trace_unsynchronized::h8f1e3fbd9afff6ec
[INFO] [stdout]                                at /rustc/a178d0322ce20e33eac124758e837cbd80a6f633/library/std/src/../../backtrace/src/backtrace/mod.rs:66:5
[INFO] [stdout]    2:     0x5584775e51b0 - std::sys_common::backtrace::_print_fmt::h3a99a796b770c360
[INFO] [stdout]                                at /rustc/a178d0322ce20e33eac124758e837cbd80a6f633/library/std/src/sys_common/backtrace.rs:67:5
[INFO] [stdout]    3:     0x5584775e51b0 - <std::sys_common::backtrace::_print::DisplayBacktrace as core::fmt::Display>::fmt::h32d1f94a80615d18
[INFO] [stdout]                                at /rustc/a178d0322ce20e33eac124758e837cbd80a6f633/library/std/src/sys_common/backtrace.rs:46:22
[INFO] [stdout]    4:     0x558477607f6c - core::fmt::write::h306731c068f7162c
[INFO] [stdout]                                at /rustc/a178d0322ce20e33eac124758e837cbd80a6f633/library/core/src/fmt/mod.rs:1110:17
[INFO] [stdout]    5:     0x5584775e1955 - std::io::Write::write_fmt::h87f19b0a2cd190bc
[INFO] [stdout]                                at /rustc/a178d0322ce20e33eac124758e837cbd80a6f633/library/std/src/io/mod.rs:1588:15
[INFO] [stdout]    6:     0x5584775e731b - std::sys_common::backtrace::_print::h5abaa2601a852287
[INFO] [stdout]                                at /rustc/a178d0322ce20e33eac124758e837cbd80a6f633/library/std/src/sys_common/backtrace.rs:49:5
[INFO] [stdout]    7:     0x5584775e731b - std::sys_common::backtrace::print::h8d81445442bb638f
[INFO] [stdout]                                at /rustc/a178d0322ce20e33eac124758e837cbd80a6f633/library/std/src/sys_common/backtrace.rs:36:9
[INFO] [stdout]    8:     0x5584775e731b - std::panicking::default_hook::{{closure}}::hcfe804496a9fa747
[INFO] [stdout]                                at /rustc/a178d0322ce20e33eac124758e837cbd80a6f633/library/std/src/panicking.rs:208:50
[INFO] [stdout]    9:     0x5584775e6e2c - std::panicking::default_hook::hbea8e3ccf2ba8901
[INFO] [stdout]                                at /rustc/a178d0322ce20e33eac124758e837cbd80a6f633/library/std/src/panicking.rs:222:9
[INFO] [stdout]   10:     0x5584775e79e4 - std::panicking::rust_panic_with_hook::h7ee9e1a2d0f8975a
[INFO] [stdout]                                at /rustc/a178d0322ce20e33eac124758e837cbd80a6f633/library/std/src/panicking.rs:622:17
[INFO] [stdout]   11:     0x5584775e74c7 - std::panicking::begin_panic_handler::{{closure}}::h8ab3b4491718b2c7
[INFO] [stdout]                                at /rustc/a178d0322ce20e33eac124758e837cbd80a6f633/library/std/src/panicking.rs:519:13
[INFO] [stdout]   12:     0x5584775e56ac - std::sys_common::backtrace::__rust_end_short_backtrace::hd489062ffa586a9f
[INFO] [stdout]                                at /rustc/a178d0322ce20e33eac124758e837cbd80a6f633/library/std/src/sys_common/backtrace.rs:141:18
[INFO] [stdout]   13:     0x5584775e7429 - rust_begin_unwind
[INFO] [stdout]                                at /rustc/a178d0322ce20e33eac124758e837cbd80a6f633/library/std/src/panicking.rs:515:5
[INFO] [stdout]   14:     0x55847756af2b - std::panicking::begin_panic_fmt::h5479575e112541f8
[INFO] [stdout]                                at /rustc/a178d0322ce20e33eac124758e837cbd80a6f633/library/std/src/panicking.rs:457:5
[INFO] [stdout]   15:     0x5584775aeeab - assert_cmd::assert::Assert::success::hf4667e046af29376
[INFO] [stdout]                                at /opt/rustwide/cargo-home/registry/src/github.com-1ecc6299db9ec823/assert_cmd-1.0.2/src/assert.rs:158:13
[INFO] [stdout]   16:     0x55847756e88c - tests::it_works::h5f0e566f7dd12282
[INFO] [stdout]                                at /opt/rustwide/workdir/tests/tests.rs:14:5
[INFO] [stdout]   17:     0x55847756e7ca - tests::it_works::{{closure}}::hc6208f1acaf63b7f
[INFO] [stdout]                                at /opt/rustwide/workdir/tests/tests.rs:13:1
[INFO] [stdout]   18:     0x55847756f0ce - core::ops::function::FnOnce::call_once::h6d2ba238c980ac46
[INFO] [stdout]                                at /rustc/a178d0322ce20e33eac124758e837cbd80a6f633/library/core/src/ops/function.rs:227:5
[INFO] [stdout]   19:     0x558477598fa3 - core::ops::function::FnOnce::call_once::h152e7e439ff59e19
[INFO] [stdout]                                at /rustc/a178d0322ce20e33eac124758e837cbd80a6f633/library/core/src/ops/function.rs:227:5
[INFO] [stdout]   20:     0x558477598fa3 - test::__rust_begin_short_backtrace::h0908f3b1fdbb72ab
[INFO] [stdout]                                at /rustc/a178d0322ce20e33eac124758e837cbd80a6f633/library/test/src/lib.rs:577:5
[INFO] [stdout]   21:     0x558477597a60 - <alloc::boxed::Box<F,A> as core::ops::function::FnOnce<Args>>::call_once::hf6d2a51e5587546c
[INFO] [stdout]                                at /rustc/a178d0322ce20e33eac124758e837cbd80a6f633/library/alloc/src/boxed.rs:1575:9
[INFO] [stdout]   22:     0x558477597a60 - <std::panic::AssertUnwindSafe<F> as core::ops::function::FnOnce<()>>::call_once::h8af660f3a89ef593
[INFO] [stdout]                                at /rustc/a178d0322ce20e33eac124758e837cbd80a6f633/library/std/src/panic.rs:347:9
[INFO] [stdout]   23:     0x558477597a60 - std::panicking::try::do_call::hd36aef60f84b6d36
[INFO] [stdout]                                at /rustc/a178d0322ce20e33eac124758e837cbd80a6f633/library/std/src/panicking.rs:401:40
[INFO] [stdout]   24:     0x558477597a60 - std::panicking::try::h9932b4480e69817c
[INFO] [stdout]                                at /rustc/a178d0322ce20e33eac124758e837cbd80a6f633/library/std/src/panicking.rs:365:19
[INFO] [stdout]   25:     0x558477597a60 - std::panic::catch_unwind::h6aa177099cfff5f8
[INFO] [stdout]                                at /rustc/a178d0322ce20e33eac124758e837cbd80a6f633/library/std/src/panic.rs:434:14
[INFO] [stdout]   26:     0x558477597a60 - test::run_test_in_process::h5884d6f2d99e20c3
[INFO] [stdout]                                at /rustc/a178d0322ce20e33eac124758e837cbd80a6f633/library/test/src/lib.rs:600:18
[INFO] [stdout]   27:     0x558477597a60 - test::run_test::run_test_inner::{{closure}}::h6fdc58c6d5f5b6e3
[INFO] [stdout]                                at /rustc/a178d0322ce20e33eac124758e837cbd80a6f633/library/test/src/lib.rs:492:39
[INFO] [stdout]   28:     0x558477571112 - test::run_test::run_test_inner::{{closure}}::h408365d67a78ade8
[INFO] [stdout]                                at /rustc/a178d0322ce20e33eac124758e837cbd80a6f633/library/test/src/lib.rs:519:37
[INFO] [stdout]   29:     0x558477571112 - std::sys_common::backtrace::__rust_begin_short_backtrace::hb560b77c4f701523
[INFO] [stdout]                                at /rustc/a178d0322ce20e33eac124758e837cbd80a6f633/library/std/src/sys_common/backtrace.rs:125:18
[INFO] [stdout]   30:     0x558477574cc8 - std::thread::Builder::spawn_unchecked::{{closure}}::{{closure}}::hf2e7831dad93c597
[INFO] [stdout]                                at /rustc/a178d0322ce20e33eac124758e837cbd80a6f633/library/std/src/thread/mod.rs:481:17
[INFO] [stdout]   31:     0x558477574cc8 - <std::panic::AssertUnwindSafe<F> as core::ops::function::FnOnce<()>>::call_once::hd2e08783d8be4d02
[INFO] [stdout]                                at /rustc/a178d0322ce20e33eac124758e837cbd80a6f633/library/std/src/panic.rs:347:9
[INFO] [stdout]   32:     0x558477574cc8 - std::panicking::try::do_call::h062597b7acfd6b82
[INFO] [stdout]                                at /rustc/a178d0322ce20e33eac124758e837cbd80a6f633/library/std/src/panicking.rs:401:40
[INFO] [stdout]   33:     0x558477574cc8 - std::panicking::try::h0d7b79db04c14552
[INFO] [stdout]                                at /rustc/a178d0322ce20e33eac124758e837cbd80a6f633/library/std/src/panicking.rs:365:19
[INFO] [stdout]   34:     0x558477574cc8 - std::panic::catch_unwind::hb01a0b5e7c8cd43b
[INFO] [stdout]                                at /rustc/a178d0322ce20e33eac124758e837cbd80a6f633/library/std/src/panic.rs:434:14
[INFO] [stdout]   35:     0x558477574cc8 - std::thread::Builder::spawn_unchecked::{{closure}}::h5bde48cc887e0d1e
[INFO] [stdout]                                at /rustc/a178d0322ce20e33eac124758e837cbd80a6f633/library/std/src/thread/mod.rs:480:30
[INFO] [stdout]   36:     0x558477574cc8 - core::ops::function::FnOnce::call_once{{vtable.shim}}::h745ea30807a29e55
[INFO] [stdout]                                at /rustc/a178d0322ce20e33eac124758e837cbd80a6f633/library/core/src/ops/function.rs:227:5
[INFO] [stdout]   37:     0x5584775ec8b7 - <alloc::boxed::Box<F,A> as core::ops::function::FnOnce<Args>>::call_once::h7ece6cfefaff1005
[INFO] [stdout]                                at /rustc/a178d0322ce20e33eac124758e837cbd80a6f633/library/alloc/src/boxed.rs:1575:9
[INFO] [stdout]   38:     0x5584775ec8b7 - <alloc::boxed::Box<F,A> as core::ops::function::FnOnce<Args>>::call_once::hb8b48e55c21f193e
[INFO] [stdout]                                at /rustc/a178d0322ce20e33eac124758e837cbd80a6f633/library/alloc/src/boxed.rs:1575:9
[INFO] [stdout]   39:     0x5584775ec8b7 - std::sys::unix::thread::Thread::new::thread_start::h8c7c4450dba62914
[INFO] [stdout]                                at /rustc/a178d0322ce20e33eac124758e837cbd80a6f633/library/std/src/sys/unix/thread.rs:71:17
[INFO] [stdout]   40:     0x7fdf4fbce609 - start_thread
[INFO] [stdout]   41:     0x7fdf4f9a6293 - clone
[INFO] [stdout]   42:                0x0 - <unknown>
[INFO] [stdout] 
[INFO] [stdout] 
[INFO] [stdout] failures:
[INFO] [stdout]     it_works
[INFO] [stdout] 
[INFO] [stdout] test result: FAILED. 3 passed; 1 failed; 0 ignored; 0 measured; 0 filtered out; finished in 0.06s
[INFO] [stdout] 
[INFO] [stderr] error: test failed, to rerun pass '--test tests'
[INFO] running `Command { std: "docker" "inspect" "dab298273d57ef38610188f7d1d8d1e2db7e4454eea21ae9cea2cf0fd1f5749f", kill_on_drop: false }`
[INFO] running `Command { std: "docker" "rm" "-f" "dab298273d57ef38610188f7d1d8d1e2db7e4454eea21ae9cea2cf0fd1f5749f", kill_on_drop: false }`
[INFO] [stdout] dab298273d57ef38610188f7d1d8d1e2db7e4454eea21ae9cea2cf0fd1f5749f
