[INFO] cloning repository https://github.com/bpandreotti/monkey-rust
[INFO] running `Command { std: "git" "-c" "credential.helper=" "-c" "credential.helper=/workspace/cargo-home/bin/git-credential-null" "clone" "--bare" "https://github.com/bpandreotti/monkey-rust" "/workspace/cache/git-repos/https%3A%2F%2Fgithub.com%2Fbpandreotti%2Fmonkey-rust", kill_on_drop: false }`
[INFO] [stderr] Cloning into bare repository '/workspace/cache/git-repos/https%3A%2F%2Fgithub.com%2Fbpandreotti%2Fmonkey-rust'...
[INFO] running `Command { std: "git" "rev-parse" "HEAD", kill_on_drop: false }`
[INFO] [stdout] 970b808530495d94d1bb82a3787c198bcef3b7c7
[INFO] testing bpandreotti/monkey-rust against 1.54.0 for beta-1.55-1
[INFO] running `Command { std: "git" "clone" "/workspace/cache/git-repos/https%3A%2F%2Fgithub.com%2Fbpandreotti%2Fmonkey-rust" "/workspace/builds/worker-100/source", kill_on_drop: false }`
[INFO] [stderr] Cloning into '/workspace/builds/worker-100/source'...
[INFO] [stderr] done.
[INFO] validating manifest of git repo https://github.com/bpandreotti/monkey-rust on toolchain 1.54.0
[INFO] running `Command { std: "/workspace/cargo-home/bin/cargo" "+1.54.0" "metadata" "--manifest-path" "Cargo.toml" "--no-deps", kill_on_drop: false }`
[INFO] started tweaking git repo https://github.com/bpandreotti/monkey-rust
[INFO] finished tweaking git repo https://github.com/bpandreotti/monkey-rust
[INFO] tweaked toml for git repo https://github.com/bpandreotti/monkey-rust written to /workspace/builds/worker-100/source/Cargo.toml
[INFO] crate git repo https://github.com/bpandreotti/monkey-rust already has a lockfile, it will not be regenerated
[INFO] running `Command { std: "/workspace/cargo-home/bin/cargo" "+1.54.0" "fetch" "--manifest-path" "Cargo.toml", kill_on_drop: false }`
[INFO] [stderr]     Blocking waiting for file lock on package cache
[INFO] [stderr]     Blocking waiting for file lock on package cache
[INFO] [stderr]  Downloading crates ...
[INFO] [stderr]   Downloaded rustyline-derive v0.3.1
[INFO] running `Command { std: "docker" "create" "-v" "/var/lib/crater-agent-workspace/builds/worker-100/target:/opt/rustwide/target:rw,Z" "-v" "/var/lib/crater-agent-workspace/builds/worker-100/source:/opt/rustwide/workdir:ro,Z" "-v" "/var/lib/crater-agent-workspace/cargo-home:/opt/rustwide/cargo-home:ro,Z" "-v" "/var/lib/crater-agent-workspace/rustup-home:/opt/rustwide/rustup-home:ro,Z" "-e" "SOURCE_DIR=/opt/rustwide/workdir" "-e" "CARGO_TARGET_DIR=/opt/rustwide/target" "-e" "CARGO_HOME=/opt/rustwide/cargo-home" "-e" "RUSTUP_HOME=/opt/rustwide/rustup-home" "-w" "/opt/rustwide/workdir" "-m" "1610612736" "--user" "0:0" "--network" "none" "ghcr.io/rust-lang/crates-build-env/linux@sha256:34b6a614d2c27851fe6cbf88fbd1137609cefab8b10d0615aaeb6fd47975d74e" "/opt/rustwide/cargo-home/bin/cargo" "+1.54.0" "metadata" "--no-deps" "--format-version=1", kill_on_drop: false }`
[INFO] [stdout] 1ea1301105e7b10cae1e8b6472021198d37d32e2271c7cb45dd1cfbdb2a11a37
[INFO] running `Command { std: "docker" "start" "-a" "1ea1301105e7b10cae1e8b6472021198d37d32e2271c7cb45dd1cfbdb2a11a37", kill_on_drop: false }`
[INFO] running `Command { std: "docker" "inspect" "1ea1301105e7b10cae1e8b6472021198d37d32e2271c7cb45dd1cfbdb2a11a37", kill_on_drop: false }`
[INFO] running `Command { std: "docker" "rm" "-f" "1ea1301105e7b10cae1e8b6472021198d37d32e2271c7cb45dd1cfbdb2a11a37", kill_on_drop: false }`
[INFO] [stdout] 1ea1301105e7b10cae1e8b6472021198d37d32e2271c7cb45dd1cfbdb2a11a37
[INFO] running `Command { std: "docker" "create" "-v" "/var/lib/crater-agent-workspace/builds/worker-100/target:/opt/rustwide/target:rw,Z" "-v" "/var/lib/crater-agent-workspace/builds/worker-100/source:/opt/rustwide/workdir:ro,Z" "-v" "/var/lib/crater-agent-workspace/cargo-home:/opt/rustwide/cargo-home:ro,Z" "-v" "/var/lib/crater-agent-workspace/rustup-home:/opt/rustwide/rustup-home:ro,Z" "-e" "SOURCE_DIR=/opt/rustwide/workdir" "-e" "CARGO_TARGET_DIR=/opt/rustwide/target" "-e" "CARGO_INCREMENTAL=0" "-e" "RUST_BACKTRACE=full" "-e" "RUSTFLAGS=--cap-lints=warn" "-e" "CARGO_HOME=/opt/rustwide/cargo-home" "-e" "RUSTUP_HOME=/opt/rustwide/rustup-home" "-w" "/opt/rustwide/workdir" "-m" "1610612736" "--user" "0:0" "--network" "none" "ghcr.io/rust-lang/crates-build-env/linux@sha256:34b6a614d2c27851fe6cbf88fbd1137609cefab8b10d0615aaeb6fd47975d74e" "/opt/rustwide/cargo-home/bin/cargo" "+1.54.0" "build" "--frozen" "--message-format=json", kill_on_drop: false }`
[INFO] [stdout] a638a2c3f4e19e86c0a61509383fb0c13b9afcd337d60d0bcc91749328ea5ded
[INFO] running `Command { std: "docker" "start" "-a" "a638a2c3f4e19e86c0a61509383fb0c13b9afcd337d60d0bcc91749328ea5ded", kill_on_drop: false }`
[INFO] [stderr]     Blocking waiting for file lock on package cache
[INFO] [stderr]     Blocking waiting for file lock on package cache
[INFO] [stderr]    Compiling libc v0.2.69
[INFO] [stderr]    Compiling proc-macro2 v1.0.10
[INFO] [stderr]    Compiling syn v1.0.18
[INFO] [stderr]    Compiling nix v0.17.0
[INFO] [stderr]    Compiling utf8parse v0.2.0
[INFO] [stderr]    Compiling quote v1.0.3
[INFO] [stderr]    Compiling dirs-sys v0.3.4
[INFO] [stderr]    Compiling atty v0.2.14
[INFO] [stderr]    Compiling colored v1.9.3
[INFO] [stderr]    Compiling dirs v2.0.2
[INFO] [stderr]    Compiling rustyline-derive v0.3.1
[INFO] [stderr]    Compiling rustyline v6.1.2
[INFO] [stderr]    Compiling rusty-monkey v0.1.0 (/opt/rustwide/workdir)
[INFO] [stderr]     Finished dev [unoptimized + debuginfo] target(s) in 15.61s
[INFO] running `Command { std: "docker" "inspect" "a638a2c3f4e19e86c0a61509383fb0c13b9afcd337d60d0bcc91749328ea5ded", kill_on_drop: false }`
[INFO] running `Command { std: "docker" "rm" "-f" "a638a2c3f4e19e86c0a61509383fb0c13b9afcd337d60d0bcc91749328ea5ded", kill_on_drop: false }`
[INFO] [stdout] a638a2c3f4e19e86c0a61509383fb0c13b9afcd337d60d0bcc91749328ea5ded
[INFO] running `Command { std: "docker" "create" "-v" "/var/lib/crater-agent-workspace/builds/worker-100/target:/opt/rustwide/target:rw,Z" "-v" "/var/lib/crater-agent-workspace/builds/worker-100/source:/opt/rustwide/workdir:ro,Z" "-v" "/var/lib/crater-agent-workspace/cargo-home:/opt/rustwide/cargo-home:ro,Z" "-v" "/var/lib/crater-agent-workspace/rustup-home:/opt/rustwide/rustup-home:ro,Z" "-e" "SOURCE_DIR=/opt/rustwide/workdir" "-e" "CARGO_TARGET_DIR=/opt/rustwide/target" "-e" "CARGO_INCREMENTAL=0" "-e" "RUST_BACKTRACE=full" "-e" "RUSTFLAGS=--cap-lints=warn" "-e" "CARGO_HOME=/opt/rustwide/cargo-home" "-e" "RUSTUP_HOME=/opt/rustwide/rustup-home" "-w" "/opt/rustwide/workdir" "-m" "1610612736" "--user" "0:0" "--network" "none" "ghcr.io/rust-lang/crates-build-env/linux@sha256:34b6a614d2c27851fe6cbf88fbd1137609cefab8b10d0615aaeb6fd47975d74e" "/opt/rustwide/cargo-home/bin/cargo" "+1.54.0" "test" "--frozen" "--no-run" "--message-format=json", kill_on_drop: false }`
[INFO] [stdout] 8cfc6edc0dadd22359610c03d235b72056d7755b11a906469d276834fe7a7d1d
[INFO] running `Command { std: "docker" "start" "-a" "8cfc6edc0dadd22359610c03d235b72056d7755b11a906469d276834fe7a7d1d", kill_on_drop: false }`
[INFO] [stderr]     Blocking waiting for file lock on package cache
[INFO] [stderr]    Compiling rusty-monkey v0.1.0 (/opt/rustwide/workdir)
[INFO] [stderr]     Finished test [unoptimized + debuginfo] target(s) in 13.27s
[INFO] running `Command { std: "docker" "inspect" "8cfc6edc0dadd22359610c03d235b72056d7755b11a906469d276834fe7a7d1d", kill_on_drop: false }`
[INFO] running `Command { std: "docker" "rm" "-f" "8cfc6edc0dadd22359610c03d235b72056d7755b11a906469d276834fe7a7d1d", kill_on_drop: false }`
[INFO] [stdout] 8cfc6edc0dadd22359610c03d235b72056d7755b11a906469d276834fe7a7d1d
[INFO] running `Command { std: "docker" "create" "-v" "/var/lib/crater-agent-workspace/builds/worker-100/target:/opt/rustwide/target:rw,Z" "-v" "/var/lib/crater-agent-workspace/builds/worker-100/source:/opt/rustwide/workdir:ro,Z" "-v" "/var/lib/crater-agent-workspace/cargo-home:/opt/rustwide/cargo-home:ro,Z" "-v" "/var/lib/crater-agent-workspace/rustup-home:/opt/rustwide/rustup-home:ro,Z" "-e" "SOURCE_DIR=/opt/rustwide/workdir" "-e" "CARGO_TARGET_DIR=/opt/rustwide/target" "-e" "CARGO_INCREMENTAL=0" "-e" "RUST_BACKTRACE=full" "-e" "RUSTFLAGS=--cap-lints=warn" "-e" "CARGO_HOME=/opt/rustwide/cargo-home" "-e" "RUSTUP_HOME=/opt/rustwide/rustup-home" "-w" "/opt/rustwide/workdir" "-m" "1610612736" "--user" "0:0" "--network" "none" "ghcr.io/rust-lang/crates-build-env/linux@sha256:34b6a614d2c27851fe6cbf88fbd1137609cefab8b10d0615aaeb6fd47975d74e" "/opt/rustwide/cargo-home/bin/cargo" "+1.54.0" "test" "--frozen", kill_on_drop: false }`
[INFO] [stdout] 7a0ee6f930f1c4bd4050be9ea7f538043f1d6c35e814a8fa9aaa309ca1af4597
[INFO] running `Command { std: "docker" "start" "-a" "7a0ee6f930f1c4bd4050be9ea7f538043f1d6c35e814a8fa9aaa309ca1af4597", kill_on_drop: false }`
[INFO] [stderr]     Finished test [unoptimized + debuginfo] target(s) in 0.06s
[INFO] [stderr]      Running unittests (/opt/rustwide/target/debug/deps/rusty_monkey-ba7ce3a84d8223d3)
[INFO] [stdout] 
[INFO] [stdout] running 67 tests
[INFO] [stdout] test compiler::symbol_table::tests::test_define_global ... ok
[INFO] [stdout] test compiler::symbol_table::tests::test_resolve_builtin ... ok
[INFO] [stdout] test compiler::symbol_table::tests::test_resolve_global ... ok
[INFO] [stdout] test compiler::symbol_table::tests::test_resolve_free ... ok
[INFO] [stdout] test compiler::tests::test_arrays ... ok
[INFO] [stdout] test compiler::tests::test_conditionals ... ok
[INFO] [stdout] test compiler::tests::test_index_expressions ... ok
[INFO] [stdout] test compiler::tests::test_function_literals ... ok
[INFO] [stdout] test compiler::tests::test_function_calls ... ok
[INFO] [stdout] test compiler::tests::test_instruction_printing ... ok
[INFO] [stdout] test compiler::tests::test_make ... ok
[INFO] [stdout] test compiler::tests::test_hashes ... ok
[INFO] [stdout] test compiler::tests::test_builtins ... ok
[INFO] [stdout] test compiler::tests::test_strings ... ok
[INFO] [stdout] test interpreter::tests::test_arrays ... ok
[INFO] [stdout] test compiler::tests::test_binding_scopes ... ok
[INFO] [stdout] test compiler::tests::test_boolean_expressions ... ok
[INFO] [stdout] test compiler::tests::test_integer_arithmetic ... ok
[INFO] [stdout] test compiler::tests::test_closures ... ok
[INFO] [stdout] test compiler::tests::test_global_assignment ... ok
[INFO] [stdout] test interpreter::tests::test_blocks ... ok
[INFO] [stdout] test interpreter::tests::test_bool_expressions ... ok
[INFO] [stdout] test interpreter::tests::test_closures ... ok
[INFO] [stdout] test interpreter::tests::test_functions ... ok
[INFO] [stdout] test interpreter::tests::test_if_expressions ... ok
[INFO] [stdout] test interpreter::tests::test_hashes ... ok
[INFO] [stdout] test interpreter::tests::test_int_expressions ... ok
[INFO] [stdout] test interpreter::tests::test_let_statements ... ok
[INFO] [stdout] test interpreter::tests::test_string_operations ... ok
[INFO] [stdout] test interpreter::tests::test_return_statements ... ok
[INFO] [stdout] test lexer::tests::test_comments ... ok
[INFO] [stdout] test interpreter::tests::test_runtime_errors ... ok
[INFO] [stdout] test interpreter::tests::test_return_in_expressions ... ok
[INFO] [stdout] test lexer::tests::test_delimiters ... ok
[INFO] [stdout] test lexer::tests::test_identifiers ... ok
[INFO] [stdout] test lexer::tests::test_large_program ... ok
[INFO] [stdout] test lexer::tests::test_lexer_position ... ok
[INFO] [stdout] test lexer::tests::test_operators ... ok
[INFO] [stdout] test lexer::tests::test_strings ... ok
[INFO] [stdout] test parser::tests::test_block_expressions ... ok
[INFO] [stdout] test parser::tests::test_if_expressions ... ok
[INFO] [stdout] test parser::tests::test_index_expression ... ok
[INFO] [stdout] test parser::tests::test_infix_expressions ... ok
[INFO] [stdout] test parser::tests::test_let_statements ... ok
[INFO] [stdout] test parser::tests::test_prefix_expressions ... ok
[INFO] [stdout] test parser::tests::test_literals ... ok
[INFO] [stdout] test lexer::tests::test_lexer_errors ... ok
[INFO] [stdout] test lexer::tests::test_int_literals ... ok
[INFO] [stdout] test parser::tests::test_grouped_expression ... ok
[INFO] [stdout] test parser::tests::test_call_expressions ... ok
[INFO] [stdout] test parser::tests::test_return_statements ... ok
[INFO] [stdout] test interpreter::tests::test_recursion ... ok
[INFO] [stdout] test vm::tests::test_stack_cleaning_after_call ... ok
[INFO] [stdout] test vm::tests::test_integer_arithmetic ... ok
[INFO] [stdout] test vm::tests::test_function_arguments ... ok
[INFO] [stdout] test vm::tests::test_arrays ... ok
[INFO] [stdout] test vm::tests::test_conditional_expressions ... ok
[INFO] [stdout] test vm::tests::test_hashes ... ok
[INFO] [stdout] test vm::tests::test_boolean_expressions ... ok
[INFO] [stdout] test vm::tests::test_strings ... ok
[INFO] [stdout] test vm::tests::test_global_assignment ... ok
[INFO] [stdout] test vm::tests::test_index_expressions ... ok
[INFO] [stdout] test vm::tests::test_function_calls ... ok
[INFO] [stdout] test vm::tests::test_local_bindings ... ok
[INFO] [stdout] test vm::tests::test_closures ... ok
[INFO] [stdout] test vm::tests::test_builtin_functions ... ok
[INFO] [stdout] test vm::tests::test_recursive_fibonacci ... FAILED
[INFO] [stdout] 
[INFO] [stdout] failures:
[INFO] [stdout] 
[INFO] [stdout] ---- vm::tests::test_recursive_fibonacci stdout ----
[INFO] [stdout] thread 'vm::tests::test_recursive_fibonacci' panicked at 'assertion failed: `(left == right)`
[INFO] [stdout]   left: `Integer(610)`,
[INFO] [stdout]  right: `Integer(832040)`', src/vm/tests.rs:10:9
[INFO] [stdout] stack backtrace:
[INFO] [stdout]    0:     0x556c6a8fde10 - std::backtrace_rs::backtrace::libunwind::trace::h34055254b57d8e79
[INFO] [stdout]                                at /rustc/a178d0322ce20e33eac124758e837cbd80a6f633/library/std/src/../../backtrace/src/backtrace/libunwind.rs:90:5
[INFO] [stdout]    1:     0x556c6a8fde10 - std::backtrace_rs::backtrace::trace_unsynchronized::h8f1e3fbd9afff6ec
[INFO] [stdout]                                at /rustc/a178d0322ce20e33eac124758e837cbd80a6f633/library/std/src/../../backtrace/src/backtrace/mod.rs:66:5
[INFO] [stdout]    2:     0x556c6a8fde10 - std::sys_common::backtrace::_print_fmt::h3a99a796b770c360
[INFO] [stdout]                                at /rustc/a178d0322ce20e33eac124758e837cbd80a6f633/library/std/src/sys_common/backtrace.rs:67:5
[INFO] [stdout]    3:     0x556c6a8fde10 - <std::sys_common::backtrace::_print::DisplayBacktrace as core::fmt::Display>::fmt::h32d1f94a80615d18
[INFO] [stdout]                                at /rustc/a178d0322ce20e33eac124758e837cbd80a6f633/library/std/src/sys_common/backtrace.rs:46:22
[INFO] [stdout]    4:     0x556c6a9208ec - core::fmt::write::h306731c068f7162c
[INFO] [stdout]                                at /rustc/a178d0322ce20e33eac124758e837cbd80a6f633/library/core/src/fmt/mod.rs:1110:17
[INFO] [stdout]    5:     0x556c6a8fad35 - std::io::Write::write_fmt::h87f19b0a2cd190bc
[INFO] [stdout]                                at /rustc/a178d0322ce20e33eac124758e837cbd80a6f633/library/std/src/io/mod.rs:1588:15
[INFO] [stdout]    6:     0x556c6a8fff7b - std::sys_common::backtrace::_print::h5abaa2601a852287
[INFO] [stdout]                                at /rustc/a178d0322ce20e33eac124758e837cbd80a6f633/library/std/src/sys_common/backtrace.rs:49:5
[INFO] [stdout]    7:     0x556c6a8fff7b - std::sys_common::backtrace::print::h8d81445442bb638f
[INFO] [stdout]                                at /rustc/a178d0322ce20e33eac124758e837cbd80a6f633/library/std/src/sys_common/backtrace.rs:36:9
[INFO] [stdout]    8:     0x556c6a8fff7b - std::panicking::default_hook::{{closure}}::hcfe804496a9fa747
[INFO] [stdout]                                at /rustc/a178d0322ce20e33eac124758e837cbd80a6f633/library/std/src/panicking.rs:208:50
[INFO] [stdout]    9:     0x556c6a8ffa8c - std::panicking::default_hook::hbea8e3ccf2ba8901
[INFO] [stdout]                                at /rustc/a178d0322ce20e33eac124758e837cbd80a6f633/library/std/src/panicking.rs:222:9
[INFO] [stdout]   10:     0x556c6a900644 - std::panicking::rust_panic_with_hook::h7ee9e1a2d0f8975a
[INFO] [stdout]                                at /rustc/a178d0322ce20e33eac124758e837cbd80a6f633/library/std/src/panicking.rs:622:17
[INFO] [stdout]   11:     0x556c6a900127 - std::panicking::begin_panic_handler::{{closure}}::h8ab3b4491718b2c7
[INFO] [stdout]                                at /rustc/a178d0322ce20e33eac124758e837cbd80a6f633/library/std/src/panicking.rs:519:13
[INFO] [stdout]   12:     0x556c6a8fe30c - std::sys_common::backtrace::__rust_end_short_backtrace::hd489062ffa586a9f
[INFO] [stdout]                                at /rustc/a178d0322ce20e33eac124758e837cbd80a6f633/library/std/src/sys_common/backtrace.rs:141:18
[INFO] [stdout]   13:     0x556c6a900089 - rust_begin_unwind
[INFO] [stdout]                                at /rustc/a178d0322ce20e33eac124758e837cbd80a6f633/library/std/src/panicking.rs:515:5
[INFO] [stdout]   14:     0x556c6a7fe751 - core::panicking::panic_fmt::hca6330e3e14086b4
[INFO] [stdout]                                at /rustc/a178d0322ce20e33eac124758e837cbd80a6f633/library/core/src/panicking.rs:92:14
[INFO] [stdout]   15:     0x556c6a91ef58 - core::panicking::assert_failed_inner::h33b45280069a80ed
[INFO] [stdout]   16:     0x556c6a80949a - core::panicking::assert_failed::hab57f5252a6148d7
[INFO] [stdout]                                at /rustc/a178d0322ce20e33eac124758e837cbd80a6f633/library/core/src/panicking.rs:117:5
[INFO] [stdout]   17:     0x556c6a84ae55 - rusty_monkey::vm::tests::assert_vm_runs::h9efe3273c74a5daa
[INFO] [stdout]                                at /opt/rustwide/workdir/src/vm/tests.rs:10:9
[INFO] [stdout]   18:     0x556c6a855e35 - rusty_monkey::vm::tests::test_recursive_fibonacci::h12d9102e17d04f5d
[INFO] [stdout]                                at /opt/rustwide/workdir/src/vm/tests.rs:330:5
[INFO] [stdout]   19:     0x556c6a855dda - rusty_monkey::vm::tests::test_recursive_fibonacci::{{closure}}::h27847bbfb98eb972
[INFO] [stdout]                                at /opt/rustwide/workdir/src/vm/tests.rs:318:1
[INFO] [stdout]   20:     0x556c6a87d65e - core::ops::function::FnOnce::call_once::hc900ffad6b1dfb63
[INFO] [stdout]                                at /rustc/a178d0322ce20e33eac124758e837cbd80a6f633/library/core/src/ops/function.rs:227:5
[INFO] [stdout]   21:     0x556c6a8bc2b3 - core::ops::function::FnOnce::call_once::h152e7e439ff59e19
[INFO] [stdout]                                at /rustc/a178d0322ce20e33eac124758e837cbd80a6f633/library/core/src/ops/function.rs:227:5
[INFO] [stdout]   22:     0x556c6a8bc2b3 - test::__rust_begin_short_backtrace::h0908f3b1fdbb72ab
[INFO] [stdout]                                at /rustc/a178d0322ce20e33eac124758e837cbd80a6f633/library/test/src/lib.rs:577:5
[INFO] [stdout]   23:     0x556c6a8bad70 - <alloc::boxed::Box<F,A> as core::ops::function::FnOnce<Args>>::call_once::hf6d2a51e5587546c
[INFO] [stdout]                                at /rustc/a178d0322ce20e33eac124758e837cbd80a6f633/library/alloc/src/boxed.rs:1575:9
[INFO] [stdout]   24:     0x556c6a8bad70 - <std::panic::AssertUnwindSafe<F> as core::ops::function::FnOnce<()>>::call_once::h8af660f3a89ef593
[INFO] [stdout]                                at /rustc/a178d0322ce20e33eac124758e837cbd80a6f633/library/std/src/panic.rs:347:9
[INFO] [stdout]   25:     0x556c6a8bad70 - std::panicking::try::do_call::hd36aef60f84b6d36
[INFO] [stdout]                                at /rustc/a178d0322ce20e33eac124758e837cbd80a6f633/library/std/src/panicking.rs:401:40
[INFO] [stdout]   26:     0x556c6a8bad70 - std::panicking::try::h9932b4480e69817c
[INFO] [stdout]                                at /rustc/a178d0322ce20e33eac124758e837cbd80a6f633/library/std/src/panicking.rs:365:19
[INFO] [stdout]   27:     0x556c6a8bad70 - std::panic::catch_unwind::h6aa177099cfff5f8
[INFO] [stdout]                                at /rustc/a178d0322ce20e33eac124758e837cbd80a6f633/library/std/src/panic.rs:434:14
[INFO] [stdout]   28:     0x556c6a8bad70 - test::run_test_in_process::h5884d6f2d99e20c3
[INFO] [stdout]                                at /rustc/a178d0322ce20e33eac124758e837cbd80a6f633/library/test/src/lib.rs:600:18
[INFO] [stdout]   29:     0x556c6a8bad70 - test::run_test::run_test_inner::{{closure}}::h6fdc58c6d5f5b6e3
[INFO] [stdout]                                at /rustc/a178d0322ce20e33eac124758e837cbd80a6f633/library/test/src/lib.rs:492:39
[INFO] [stdout]   30:     0x556c6a894422 - test::run_test::run_test_inner::{{closure}}::h408365d67a78ade8
[INFO] [stdout]                                at /rustc/a178d0322ce20e33eac124758e837cbd80a6f633/library/test/src/lib.rs:519:37
[INFO] [stdout]   31:     0x556c6a894422 - std::sys_common::backtrace::__rust_begin_short_backtrace::hb560b77c4f701523
[INFO] [stdout]                                at /rustc/a178d0322ce20e33eac124758e837cbd80a6f633/library/std/src/sys_common/backtrace.rs:125:18
[INFO] [stdout]   32:     0x556c6a897fd8 - std::thread::Builder::spawn_unchecked::{{closure}}::{{closure}}::hf2e7831dad93c597
[INFO] [stdout]                                at /rustc/a178d0322ce20e33eac124758e837cbd80a6f633/library/std/src/thread/mod.rs:481:17
[INFO] [stdout]   33:     0x556c6a897fd8 - <std::panic::AssertUnwindSafe<F> as core::ops::function::FnOnce<()>>::call_once::hd2e08783d8be4d02
[INFO] [stdout]                                at /rustc/a178d0322ce20e33eac124758e837cbd80a6f633/library/std/src/panic.rs:347:9
[INFO] [stdout]   34:     0x556c6a897fd8 - std::panicking::try::do_call::h062597b7acfd6b82
[INFO] [stdout]                                at /rustc/a178d0322ce20e33eac124758e837cbd80a6f633/library/std/src/panicking.rs:401:40
[INFO] [stdout]   35:     0x556c6a897fd8 - std::panicking::try::h0d7b79db04c14552
[INFO] [stdout]                                at /rustc/a178d0322ce20e33eac124758e837cbd80a6f633/library/std/src/panicking.rs:365:19
[INFO] [stdout]   36:     0x556c6a897fd8 - std::panic::catch_unwind::hb01a0b5e7c8cd43b
[INFO] [stdout]                                at /rustc/a178d0322ce20e33eac124758e837cbd80a6f633/library/std/src/panic.rs:434:14
[INFO] [stdout]   37:     0x556c6a897fd8 - std::thread::Builder::spawn_unchecked::{{closure}}::h5bde48cc887e0d1e
[INFO] [stdout]                                at /rustc/a178d0322ce20e33eac124758e837cbd80a6f633/library/std/src/thread/mod.rs:480:30
[INFO] [stdout]   38:     0x556c6a897fd8 - core::ops::function::FnOnce::call_once{{vtable.shim}}::h745ea30807a29e55
[INFO] [stdout]                                at /rustc/a178d0322ce20e33eac124758e837cbd80a6f633/library/core/src/ops/function.rs:227:5
[INFO] [stdout]   39:     0x556c6a905137 - <alloc::boxed::Box<F,A> as core::ops::function::FnOnce<Args>>::call_once::h7ece6cfefaff1005
[INFO] [stdout]                                at /rustc/a178d0322ce20e33eac124758e837cbd80a6f633/library/alloc/src/boxed.rs:1575:9
[INFO] [stdout]   40:     0x556c6a905137 - <alloc::boxed::Box<F,A> as core::ops::function::FnOnce<Args>>::call_once::hb8b48e55c21f193e
[INFO] [stdout]                                at /rustc/a178d0322ce20e33eac124758e837cbd80a6f633/library/alloc/src/boxed.rs:1575:9
[INFO] [stdout]   41:     0x556c6a905137 - std::sys::unix::thread::Thread::new::thread_start::h8c7c4450dba62914
[INFO] [stdout]                                at /rustc/a178d0322ce20e33eac124758e837cbd80a6f633/library/std/src/sys/unix/thread.rs:71:17
[INFO] [stdout]   42:     0x7f6d5c99c609 - start_thread
[INFO] [stdout]   43:     0x7f6d5c774293 - clone
[INFO] [stdout]   44:                0x0 - <unknown>
[INFO] [stdout] 
[INFO] [stdout] 
[INFO] [stdout] failures:
[INFO] [stdout]     vm::tests::test_recursive_fibonacci
[INFO] [stdout] 
[INFO] [stdout] test result: FAILED. 66 passed; 1 failed; 0 ignored; 0 measured; 0 filtered out; finished in 29.75s
[INFO] [stdout] 
[INFO] [stderr] error: test failed, to rerun pass '--bin rusty-monkey'
[INFO] running `Command { std: "docker" "inspect" "7a0ee6f930f1c4bd4050be9ea7f538043f1d6c35e814a8fa9aaa309ca1af4597", kill_on_drop: false }`
[INFO] running `Command { std: "docker" "rm" "-f" "7a0ee6f930f1c4bd4050be9ea7f538043f1d6c35e814a8fa9aaa309ca1af4597", kill_on_drop: false }`
[INFO] [stdout] 7a0ee6f930f1c4bd4050be9ea7f538043f1d6c35e814a8fa9aaa309ca1af4597
