[INFO] cloning repository https://github.com/blenten/bricks
[INFO] running `Command { std: "git" "-c" "credential.helper=" "-c" "credential.helper=/workspace/cargo-home/bin/git-credential-null" "clone" "--bare" "https://github.com/blenten/bricks" "/workspace/cache/git-repos/https%3A%2F%2Fgithub.com%2Fblenten%2Fbricks", kill_on_drop: false }`
[INFO] [stderr] Cloning into bare repository '/workspace/cache/git-repos/https%3A%2F%2Fgithub.com%2Fblenten%2Fbricks'...
[INFO] running `Command { std: "git" "rev-parse" "HEAD", kill_on_drop: false }`
[INFO] [stdout] eeca166ec28e127cadeea4fae24dc4a3571975d5
[INFO] testing blenten/bricks against beta-2021-08-01 for beta-1.55-1
[INFO] running `Command { std: "git" "clone" "/workspace/cache/git-repos/https%3A%2F%2Fgithub.com%2Fblenten%2Fbricks" "/workspace/builds/worker-84/source", kill_on_drop: false }`
[INFO] [stderr] Cloning into '/workspace/builds/worker-84/source'...
[INFO] [stderr] done.
[INFO] validating manifest of git repo https://github.com/blenten/bricks on toolchain beta-2021-08-01
[INFO] running `Command { std: "/workspace/cargo-home/bin/cargo" "+beta-2021-08-01" "metadata" "--manifest-path" "Cargo.toml" "--no-deps", kill_on_drop: false }`
[INFO] started tweaking git repo https://github.com/blenten/bricks
[INFO] finished tweaking git repo https://github.com/blenten/bricks
[INFO] tweaked toml for git repo https://github.com/blenten/bricks written to /workspace/builds/worker-84/source/Cargo.toml
[INFO] crate git repo https://github.com/blenten/bricks already has a lockfile, it will not be regenerated
[INFO] running `Command { std: "/workspace/cargo-home/bin/cargo" "+beta-2021-08-01" "fetch" "--manifest-path" "Cargo.toml", kill_on_drop: false }`
[INFO] [stderr]     Blocking waiting for file lock on package cache
[INFO] [stderr]     Blocking waiting for file lock on package cache
[INFO] running `Command { std: "docker" "create" "-v" "/var/lib/crater-agent-workspace/builds/worker-84/target:/opt/rustwide/target:rw,Z" "-v" "/var/lib/crater-agent-workspace/builds/worker-84/source:/opt/rustwide/workdir:ro,Z" "-v" "/var/lib/crater-agent-workspace/cargo-home:/opt/rustwide/cargo-home:ro,Z" "-v" "/var/lib/crater-agent-workspace/rustup-home:/opt/rustwide/rustup-home:ro,Z" "-e" "SOURCE_DIR=/opt/rustwide/workdir" "-e" "CARGO_TARGET_DIR=/opt/rustwide/target" "-e" "CARGO_HOME=/opt/rustwide/cargo-home" "-e" "RUSTUP_HOME=/opt/rustwide/rustup-home" "-w" "/opt/rustwide/workdir" "-m" "1610612736" "--user" "0:0" "--network" "none" "ghcr.io/rust-lang/crates-build-env/linux@sha256:34b6a614d2c27851fe6cbf88fbd1137609cefab8b10d0615aaeb6fd47975d74e" "/opt/rustwide/cargo-home/bin/cargo" "+beta-2021-08-01" "metadata" "--no-deps" "--format-version=1", kill_on_drop: false }`
[INFO] [stdout] ee9ddabfaf97f5bfc1886bacc355f6d29454587835c54b284adcf7e3857aa761
[INFO] running `Command { std: "docker" "start" "-a" "ee9ddabfaf97f5bfc1886bacc355f6d29454587835c54b284adcf7e3857aa761", kill_on_drop: false }`
[INFO] running `Command { std: "docker" "inspect" "ee9ddabfaf97f5bfc1886bacc355f6d29454587835c54b284adcf7e3857aa761", kill_on_drop: false }`
[INFO] running `Command { std: "docker" "rm" "-f" "ee9ddabfaf97f5bfc1886bacc355f6d29454587835c54b284adcf7e3857aa761", kill_on_drop: false }`
[INFO] [stdout] ee9ddabfaf97f5bfc1886bacc355f6d29454587835c54b284adcf7e3857aa761
[INFO] running `Command { std: "docker" "create" "-v" "/var/lib/crater-agent-workspace/builds/worker-84/target:/opt/rustwide/target:rw,Z" "-v" "/var/lib/crater-agent-workspace/builds/worker-84/source:/opt/rustwide/workdir:ro,Z" "-v" "/var/lib/crater-agent-workspace/cargo-home:/opt/rustwide/cargo-home:ro,Z" "-v" "/var/lib/crater-agent-workspace/rustup-home:/opt/rustwide/rustup-home:ro,Z" "-e" "SOURCE_DIR=/opt/rustwide/workdir" "-e" "CARGO_TARGET_DIR=/opt/rustwide/target" "-e" "CARGO_INCREMENTAL=0" "-e" "RUST_BACKTRACE=full" "-e" "RUSTFLAGS=--cap-lints=warn" "-e" "CARGO_HOME=/opt/rustwide/cargo-home" "-e" "RUSTUP_HOME=/opt/rustwide/rustup-home" "-w" "/opt/rustwide/workdir" "-m" "1610612736" "--user" "0:0" "--network" "none" "ghcr.io/rust-lang/crates-build-env/linux@sha256:34b6a614d2c27851fe6cbf88fbd1137609cefab8b10d0615aaeb6fd47975d74e" "/opt/rustwide/cargo-home/bin/cargo" "+beta-2021-08-01" "build" "--frozen" "--message-format=json", kill_on_drop: false }`
[INFO] [stdout] 41f9f43b836355d3e2c2dd6ef087266f9253c86bb4edc458a027dced6aed1a32
[INFO] running `Command { std: "docker" "start" "-a" "41f9f43b836355d3e2c2dd6ef087266f9253c86bb4edc458a027dced6aed1a32", kill_on_drop: false }`
[INFO] [stderr]    Compiling libc v0.2.54
[INFO] [stderr]    Compiling typenum v1.10.0
[INFO] [stderr]    Compiling byteorder v1.3.1
[INFO] [stderr]    Compiling byte-tools v0.2.0
[INFO] [stderr]    Compiling arrayref v0.3.5
[INFO] [stderr]    Compiling smallvec v0.6.9
[INFO] [stderr]    Compiling matches v0.1.8
[INFO] [stderr]    Compiling constant_time_eq v0.1.3
[INFO] [stderr]    Compiling fake-simd v0.1.2
[INFO] [stderr]    Compiling safemem v0.2.0
[INFO] [stderr]    Compiling siphasher v0.2.3
[INFO] [stderr]    Compiling md5 v0.3.8
[INFO] [stderr]    Compiling fallible-iterator v0.1.6
[INFO] [stderr]    Compiling cfg-if v0.1.7
[INFO] [stderr]    Compiling hex v0.2.0
[INFO] [stderr]    Compiling unicode-bidi v0.3.4
[INFO] [stderr]    Compiling log v0.4.6
[INFO] [stderr]    Compiling block-buffer v0.3.3
[INFO] [stderr]    Compiling phf_shared v0.7.24
[INFO] [stderr]    Compiling unicode-normalization v0.1.8
[INFO] [stderr]    Compiling phf v0.7.24
[INFO] [stderr]    Compiling iovec v0.1.2
[INFO] [stderr]    Compiling rand v0.4.6
[INFO] [stderr]    Compiling memchr v1.0.2
[INFO] [stderr]    Compiling socket2 v0.3.8
[INFO] [stderr]    Compiling base64 v0.6.0
[INFO] [stderr]    Compiling bytes v0.4.12
[INFO] [stderr]    Compiling stringprep v0.1.2
[INFO] [stderr]    Compiling generic-array v0.9.0
[INFO] [stderr]    Compiling digest v0.7.6
[INFO] [stderr]    Compiling crypto-mac v0.5.2
[INFO] [stderr]    Compiling sha2 v0.7.1
[INFO] [stderr]    Compiling rand v0.3.23
[INFO] [stderr]    Compiling hmac v0.5.0
[INFO] [stderr]    Compiling postgres-protocol v0.3.2
[INFO] [stderr]    Compiling postgres-shared v0.4.2
[INFO] [stderr]    Compiling postgres v0.15.2
[INFO] [stderr]    Compiling bricks v0.1.0 (/opt/rustwide/workdir)
[INFO] [stdout] warning[E0170]: pattern binding `OksV1` is named the same as one of the variants of the type `Dataset`
[INFO] [stdout]    --> src/lib.rs:111:4
[INFO] [stdout]     |
[INFO] [stdout] 111 |             OksV1 => filter::filter_keystring(
[INFO] [stdout]     |             ^^^^^ help: to match on the variant, qualify the path: `Dataset::OksV1`
[INFO] [stdout]     |
[INFO] [stdout]     = note: `#[warn(bindings_with_variant_name)]` on by default
[INFO] [stdout] 
[INFO] [stdout] 
[INFO] [stdout] warning[E0170]: pattern binding `OksV2` is named the same as one of the variants of the type `Dataset`
[INFO] [stdout]    --> src/lib.rs:114:4
[INFO] [stdout]     |
[INFO] [stdout] 114 |             OksV2 => {
[INFO] [stdout]     |             ^^^^^ help: to match on the variant, qualify the path: `Dataset::OksV2`
[INFO] [stdout] 
[INFO] [stdout] 
[INFO] [stdout] warning[E0170]: pattern binding `Load` is named the same as one of the variants of the type `Dataset`
[INFO] [stdout]    --> src/lib.rs:126:4
[INFO] [stdout]     |
[INFO] [stdout] 126 |             Load => filter::filter_keystring(
[INFO] [stdout]     |             ^^^^ help: to match on the variant, qualify the path: `Dataset::Load`
[INFO] [stdout] 
[INFO] [stdout] 
[INFO] [stdout] warning: unreachable pattern
[INFO] [stdout]    --> src/lib.rs:114:4
[INFO] [stdout]     |
[INFO] [stdout] 111 |             OksV1 => filter::filter_keystring(
[INFO] [stdout]     |             ----- matches any value
[INFO] [stdout] ...
[INFO] [stdout] 114 |             OksV2 => {
[INFO] [stdout]     |             ^^^^^ unreachable pattern
[INFO] [stdout]     |
[INFO] [stdout]     = note: `#[warn(unreachable_patterns)]` on by default
[INFO] [stdout] 
[INFO] [stdout] 
[INFO] [stdout] warning: unreachable pattern
[INFO] [stdout]    --> src/lib.rs:126:4
[INFO] [stdout]     |
[INFO] [stdout] 111 |             OksV1 => filter::filter_keystring(
[INFO] [stdout]     |             ----- matches any value
[INFO] [stdout] ...
[INFO] [stdout] 126 |             Load => filter::filter_keystring(
[INFO] [stdout]     |             ^^^^ unreachable pattern
[INFO] [stdout] 
[INFO] [stdout] 
[INFO] [stdout] warning: unused variable: `config`
[INFO] [stdout]   --> src/lib.rs:40:13
[INFO] [stdout]    |
[INFO] [stdout] 40 | fn classify(config: Config) -> Result<(), String> {
[INFO] [stdout]    |             ^^^^^^ help: if this is intentional, prefix it with an underscore: `_config`
[INFO] [stdout]    |
[INFO] [stdout]    = note: `#[warn(unused_variables)]` on by default
[INFO] [stdout] 
[INFO] [stdout] 
[INFO] [stdout] warning: unused variable: `OksV1`
[INFO] [stdout]    --> src/lib.rs:111:4
[INFO] [stdout]     |
[INFO] [stdout] 111 |             OksV1 => filter::filter_keystring(
[INFO] [stdout]     |             ^^^^^ help: if this is intentional, prefix it with an underscore: `_OksV1`
[INFO] [stdout] 
[INFO] [stdout] 
[INFO] [stdout] warning: unused variable: `OksV2`
[INFO] [stdout]    --> src/lib.rs:114:4
[INFO] [stdout]     |
[INFO] [stdout] 114 |             OksV2 => {
[INFO] [stdout]     |             ^^^^^ help: if this is intentional, prefix it with an underscore: `_OksV2`
[INFO] [stdout] 
[INFO] [stdout] 
[INFO] [stdout] warning: unused variable: `Load`
[INFO] [stdout]    --> src/lib.rs:126:4
[INFO] [stdout]     |
[INFO] [stdout] 126 |             Load => filter::filter_keystring(
[INFO] [stdout]     |             ^^^^ help: if this is intentional, prefix it with an underscore: `_Load`
[INFO] [stdout] 
[INFO] [stdout] 
[INFO] [stdout] warning: variable does not need to be mutable
[INFO] [stdout]    --> src/lib.rs:110:7
[INFO] [stdout]     |
[INFO] [stdout] 110 |         let mut kwords: Vec<String> = match self {
[INFO] [stdout]     |             ----^^^^^^
[INFO] [stdout]     |             |
[INFO] [stdout]     |             help: remove this `mut`
[INFO] [stdout]     |
[INFO] [stdout]     = note: `#[warn(unused_mut)]` on by default
[INFO] [stdout] 
[INFO] [stdout] 
[INFO] [stdout] warning: associated function is never used: `to_strec`
[INFO] [stdout]   --> src/classifier.rs:35:9
[INFO] [stdout]    |
[INFO] [stdout] 35 |     pub fn to_strec(self) -> Vec<Vec<String>> {
[INFO] [stdout]    |            ^^^^^^^^
[INFO] [stdout]    |
[INFO] [stdout]    = note: `#[warn(dead_code)]` on by default
[INFO] [stdout] 
[INFO] [stdout] 
[INFO] [stdout] warning: struct is never constructed: `Probs`
[INFO] [stdout]   --> src/classifier.rs:61:12
[INFO] [stdout]    |
[INFO] [stdout] 61 | pub struct Probs {
[INFO] [stdout]    |            ^^^^^
[INFO] [stdout] 
[INFO] [stdout] 
[INFO] [stdout] warning: associated function is never used: `from_stats`
[INFO] [stdout]   --> src/classifier.rs:66:9
[INFO] [stdout]    |
[INFO] [stdout] 66 |     pub fn from_stats(stats: Statistics) -> Probs {
[INFO] [stdout]    |            ^^^^^^^^^^
[INFO] [stdout] 
[INFO] [stdout] 
[INFO] [stdout] warning: associated function is never used: `classify`
[INFO] [stdout]   --> src/classifier.rs:85:9
[INFO] [stdout]    |
[INFO] [stdout] 85 |     pub fn classify(&self, keywords: Vec<String>) ->  Vec<&String>{
[INFO] [stdout]    |            ^^^^^^^^
[INFO] [stdout] 
[INFO] [stdout] 
[INFO] [stdout] warning: associated function is never used: `name`
[INFO] [stdout]   --> src/db/models.rs:25:9
[INFO] [stdout]    |
[INFO] [stdout] 25 |     pub fn name(&self) -> &str {
[INFO] [stdout]    |            ^^^^
[INFO] [stdout] 
[INFO] [stdout] 
[INFO] [stdout] warning: associated function is never used: `fields`
[INFO] [stdout]   --> src/db/models.rs:29:9
[INFO] [stdout]    |
[INFO] [stdout] 29 |     pub fn fields(&self) -> &'static [&'static str] {
[INFO] [stdout]    |            ^^^^^^
[INFO] [stdout] 
[INFO] [stdout] 
[INFO] [stdout] warning: associated function is never used: `push`
[INFO] [stdout]   --> src/db/models.rs:60:9
[INFO] [stdout]    |
[INFO] [stdout] 60 |     pub fn push(&self, rows: Vec<TableRow>) -> Result<u64, String> {
[INFO] [stdout]    |            ^^^^
[INFO] [stdout] 
[INFO] [stdout] 
[INFO] [stdout] warning: associated function is never used: `newrow`
[INFO] [stdout]   --> src/db/models.rs:73:9
[INFO] [stdout]    |
[INFO] [stdout] 73 |     pub fn newrow(&self, values: Vec<String>) -> Result<TableRow, String> {
[INFO] [stdout]    |            ^^^^^^
[INFO] [stdout] 
[INFO] [stdout] 
[INFO] [stdout] warning: associated function is never used: `method`
[INFO] [stdout]    --> src/db/models.rs:106:5
[INFO] [stdout]     |
[INFO] [stdout] 106 |     fn method(&self) -> InsertMethod {
[INFO] [stdout]     |        ^^^^^^
[INFO] [stdout] 
[INFO] [stdout] 
[INFO] [stdout] warning: enum is never used: `InsertMethod`
[INFO] [stdout]    --> src/db/models.rs:118:6
[INFO] [stdout]     |
[INFO] [stdout] 118 | enum InsertMethod {
[INFO] [stdout]     |      ^^^^^^^^^^^^
[INFO] [stdout] 
[INFO] [stdout] 
[INFO] [stdout] warning: associated function is never used: `push`
[INFO] [stdout]    --> src/db/models.rs:123:5
[INFO] [stdout]     |
[INFO] [stdout] 123 |     fn push(&self, tname: &str, tfields: &[&'static str], mut rows: Vec<TableRow>) -> u64 {
[INFO] [stdout]     |        ^^^^
[INFO] [stdout] 
[INFO] [stdout] 
[INFO] [stdout] warning: associated function is never used: `len`
[INFO] [stdout]    --> src/db/models.rs:146:9
[INFO] [stdout]     |
[INFO] [stdout] 146 |     pub fn len(&self) -> usize {
[INFO] [stdout]     |            ^^^
[INFO] [stdout] 
[INFO] [stdout] 
[INFO] [stdout] warning: associated function is never used: `to_cpstr`
[INFO] [stdout]    --> src/db/models.rs:150:9
[INFO] [stdout]     |
[INFO] [stdout] 150 |     pub fn to_cpstr(self) -> String {
[INFO] [stdout]     |            ^^^^^^^^
[INFO] [stdout] 
[INFO] [stdout] 
[INFO] [stdout] warning: function is never used: `copy_in`
[INFO] [stdout]   --> src/db/pgdb.rs:20:8
[INFO] [stdout]    |
[INFO] [stdout] 20 | pub fn copy_in(tname: &str, fields: &[&'static str], mut rows: Vec<TableRow>) -> u64 {
[INFO] [stdout]    |        ^^^^^^^
[INFO] [stdout] 
[INFO] [stdout] 
[INFO] [stdout] warning: function is never used: `insert_one`
[INFO] [stdout]   --> src/db/pgdb.rs:35:8
[INFO] [stdout]    |
[INFO] [stdout] 35 | pub fn insert_one(tname: &str, fields: &[&'static str], row: TableRow) -> u64 {
[INFO] [stdout]    |        ^^^^^^^^^^
[INFO] [stdout] 
[INFO] [stdout] 
[INFO] [stdout] warning: field is never read: `output`
[INFO] [stdout]   --> src/lib.rs:48:2
[INFO] [stdout]    |
[INFO] [stdout] 48 |     output: DbTable,
[INFO] [stdout]    |     ^^^^^^^^^^^^^^^
[INFO] [stdout] 
[INFO] [stdout] 
[INFO] [stdout] warning: associated function is never used: `data_from_strec`
[INFO] [stdout]    --> src/lib.rs:100:5
[INFO] [stdout]     |
[INFO] [stdout] 100 |     fn data_from_strec(table_row: TableRow) -> Result<StatsData, String> {
[INFO] [stdout]     |        ^^^^^^^^^^^^^^^
[INFO] [stdout] 
[INFO] [stdout] 
[INFO] [stdout] warning: variable `OksV1` should have a snake case name
[INFO] [stdout]    --> src/lib.rs:111:4
[INFO] [stdout]     |
[INFO] [stdout] 111 |             OksV1 => filter::filter_keystring(
[INFO] [stdout]     |             ^^^^^ help: convert the identifier to snake case: `oks_v1`
[INFO] [stdout]     |
[INFO] [stdout]     = note: `#[warn(non_snake_case)]` on by default
[INFO] [stdout] 
[INFO] [stdout] 
[INFO] [stdout] warning: variable `OksV2` should have a snake case name
[INFO] [stdout]    --> src/lib.rs:114:4
[INFO] [stdout]     |
[INFO] [stdout] 114 |             OksV2 => {
[INFO] [stdout]     |             ^^^^^ help: convert the identifier to snake case: `oks_v2`
[INFO] [stdout] 
[INFO] [stdout] 
[INFO] [stdout] warning: variable `Load` should have a snake case name
[INFO] [stdout]    --> src/lib.rs:126:4
[INFO] [stdout]     |
[INFO] [stdout] 126 |             Load => filter::filter_keystring(
[INFO] [stdout]     |             ^^^^ help: convert the identifier to snake case: `load`
[INFO] [stdout] 
[INFO] [stdout] 
[INFO] [stdout] warning: 30 warnings emitted
[INFO] [stdout] 
[INFO] [stdout] 
[INFO] [stdout] For more information about this error, try `rustc --explain E0170`.
[INFO] [stdout] 
[INFO] [stderr]     Finished dev [unoptimized + debuginfo] target(s) in 9.75s
[INFO] running `Command { std: "docker" "inspect" "41f9f43b836355d3e2c2dd6ef087266f9253c86bb4edc458a027dced6aed1a32", kill_on_drop: false }`
[INFO] running `Command { std: "docker" "rm" "-f" "41f9f43b836355d3e2c2dd6ef087266f9253c86bb4edc458a027dced6aed1a32", kill_on_drop: false }`
[INFO] [stdout] 41f9f43b836355d3e2c2dd6ef087266f9253c86bb4edc458a027dced6aed1a32
[INFO] running `Command { std: "docker" "create" "-v" "/var/lib/crater-agent-workspace/builds/worker-84/target:/opt/rustwide/target:rw,Z" "-v" "/var/lib/crater-agent-workspace/builds/worker-84/source:/opt/rustwide/workdir:ro,Z" "-v" "/var/lib/crater-agent-workspace/cargo-home:/opt/rustwide/cargo-home:ro,Z" "-v" "/var/lib/crater-agent-workspace/rustup-home:/opt/rustwide/rustup-home:ro,Z" "-e" "SOURCE_DIR=/opt/rustwide/workdir" "-e" "CARGO_TARGET_DIR=/opt/rustwide/target" "-e" "CARGO_INCREMENTAL=0" "-e" "RUST_BACKTRACE=full" "-e" "RUSTFLAGS=--cap-lints=warn" "-e" "CARGO_HOME=/opt/rustwide/cargo-home" "-e" "RUSTUP_HOME=/opt/rustwide/rustup-home" "-w" "/opt/rustwide/workdir" "-m" "1610612736" "--user" "0:0" "--network" "none" "ghcr.io/rust-lang/crates-build-env/linux@sha256:34b6a614d2c27851fe6cbf88fbd1137609cefab8b10d0615aaeb6fd47975d74e" "/opt/rustwide/cargo-home/bin/cargo" "+beta-2021-08-01" "test" "--frozen" "--no-run" "--message-format=json", kill_on_drop: false }`
[INFO] [stdout] f3ea4ea19ff9ab1d29115b316a37c73ef58e7f280dab26b098c3e6f9e4d907ad
[INFO] running `Command { std: "docker" "start" "-a" "f3ea4ea19ff9ab1d29115b316a37c73ef58e7f280dab26b098c3e6f9e4d907ad", kill_on_drop: false }`
[INFO] [stderr]     Blocking waiting for file lock on package cache
[INFO] [stderr]    Compiling bricks v0.1.0 (/opt/rustwide/workdir)
[INFO] [stdout] warning[E0170]: pattern binding `OksV1` is named the same as one of the variants of the type `Dataset`
[INFO] [stdout]    --> src/lib.rs:111:4
[INFO] [stdout]     |
[INFO] [stdout] 111 |             OksV1 => filter::filter_keystring(
[INFO] [stdout]     |             ^^^^^ help: to match on the variant, qualify the path: `Dataset::OksV1`
[INFO] [stdout]     |
[INFO] [stdout]     = note: `#[warn(bindings_with_variant_name)]` on by default
[INFO] [stdout] 
[INFO] [stdout] 
[INFO] [stdout] warning[E0170]: pattern binding `OksV2` is named the same as one of the variants of the type `Dataset`
[INFO] [stdout]    --> src/lib.rs:114:4
[INFO] [stdout]     |
[INFO] [stdout] 114 |             OksV2 => {
[INFO] [stdout]     |             ^^^^^ help: to match on the variant, qualify the path: `Dataset::OksV2`
[INFO] [stdout] 
[INFO] [stdout] 
[INFO] [stdout] warning[E0170]: pattern binding `Load` is named the same as one of the variants of the type `Dataset`
[INFO] [stdout]    --> src/lib.rs:126:4
[INFO] [stdout]     |
[INFO] [stdout] 126 |             Load => filter::filter_keystring(
[INFO] [stdout]     |             ^^^^ help: to match on the variant, qualify the path: `Dataset::Load`
[INFO] [stdout] 
[INFO] [stdout] 
[INFO] [stdout] warning: unreachable pattern
[INFO] [stdout]    --> src/lib.rs:114:4
[INFO] [stdout]     |
[INFO] [stdout] 111 |             OksV1 => filter::filter_keystring(
[INFO] [stdout]     |             ----- matches any value
[INFO] [stdout] ...
[INFO] [stdout] 114 |             OksV2 => {
[INFO] [stdout]     |             ^^^^^ unreachable pattern
[INFO] [stdout]     |
[INFO] [stdout]     = note: `#[warn(unreachable_patterns)]` on by default
[INFO] [stdout] 
[INFO] [stdout] 
[INFO] [stdout] warning: unreachable pattern
[INFO] [stdout]    --> src/lib.rs:126:4
[INFO] [stdout]     |
[INFO] [stdout] 111 |             OksV1 => filter::filter_keystring(
[INFO] [stdout]     |             ----- matches any value
[INFO] [stdout] ...
[INFO] [stdout] 126 |             Load => filter::filter_keystring(
[INFO] [stdout]     |             ^^^^ unreachable pattern
[INFO] [stdout] 
[INFO] [stdout] 
[INFO] [stdout] warning: unused variable: `config`
[INFO] [stdout]   --> src/lib.rs:40:13
[INFO] [stdout]    |
[INFO] [stdout] 40 | fn classify(config: Config) -> Result<(), String> {
[INFO] [stdout]    |             ^^^^^^ help: if this is intentional, prefix it with an underscore: `_config`
[INFO] [stdout]    |
[INFO] [stdout]    = note: `#[warn(unused_variables)]` on by default
[INFO] [stdout] 
[INFO] [stdout] 
[INFO] [stdout] warning: unused variable: `OksV1`
[INFO] [stdout]    --> src/lib.rs:111:4
[INFO] [stdout]     |
[INFO] [stdout] 111 |             OksV1 => filter::filter_keystring(
[INFO] [stdout]     |             ^^^^^ help: if this is intentional, prefix it with an underscore: `_OksV1`
[INFO] [stdout] 
[INFO] [stdout] 
[INFO] [stdout] warning: unused variable: `OksV2`
[INFO] [stdout]    --> src/lib.rs:114:4
[INFO] [stdout]     |
[INFO] [stdout] 114 |             OksV2 => {
[INFO] [stdout]     |             ^^^^^ help: if this is intentional, prefix it with an underscore: `_OksV2`
[INFO] [stdout] 
[INFO] [stdout] 
[INFO] [stdout] warning: unused variable: `Load`
[INFO] [stdout]    --> src/lib.rs:126:4
[INFO] [stdout]     |
[INFO] [stdout] 126 |             Load => filter::filter_keystring(
[INFO] [stdout]     |             ^^^^ help: if this is intentional, prefix it with an underscore: `_Load`
[INFO] [stdout] 
[INFO] [stdout] 
[INFO] [stdout] warning: variable does not need to be mutable
[INFO] [stdout]    --> src/lib.rs:110:7
[INFO] [stdout]     |
[INFO] [stdout] 110 |         let mut kwords: Vec<String> = match self {
[INFO] [stdout]     |             ----^^^^^^
[INFO] [stdout]     |             |
[INFO] [stdout]     |             help: remove this `mut`
[INFO] [stdout]     |
[INFO] [stdout]     = note: `#[warn(unused_mut)]` on by default
[INFO] [stdout] 
[INFO] [stdout] 
[INFO] [stdout] warning: associated function is never used: `to_strec`
[INFO] [stdout]   --> src/classifier.rs:35:9
[INFO] [stdout]    |
[INFO] [stdout] 35 |     pub fn to_strec(self) -> Vec<Vec<String>> {
[INFO] [stdout]    |            ^^^^^^^^
[INFO] [stdout]    |
[INFO] [stdout]    = note: `#[warn(dead_code)]` on by default
[INFO] [stdout] 
[INFO] [stdout] 
[INFO] [stdout] warning: struct is never constructed: `Probs`
[INFO] [stdout]   --> src/classifier.rs:61:12
[INFO] [stdout]    |
[INFO] [stdout] 61 | pub struct Probs {
[INFO] [stdout]    |            ^^^^^
[INFO] [stdout] 
[INFO] [stdout] 
[INFO] [stdout] warning: associated function is never used: `from_stats`
[INFO] [stdout]   --> src/classifier.rs:66:9
[INFO] [stdout]    |
[INFO] [stdout] 66 |     pub fn from_stats(stats: Statistics) -> Probs {
[INFO] [stdout]    |            ^^^^^^^^^^
[INFO] [stdout] 
[INFO] [stdout] 
[INFO] [stdout] warning: associated function is never used: `classify`
[INFO] [stdout]   --> src/classifier.rs:85:9
[INFO] [stdout]    |
[INFO] [stdout] 85 |     pub fn classify(&self, keywords: Vec<String>) ->  Vec<&String>{
[INFO] [stdout]    |            ^^^^^^^^
[INFO] [stdout] 
[INFO] [stdout] 
[INFO] [stdout] warning: associated function is never used: `name`
[INFO] [stdout]   --> src/db/models.rs:25:9
[INFO] [stdout]    |
[INFO] [stdout] 25 |     pub fn name(&self) -> &str {
[INFO] [stdout]    |            ^^^^
[INFO] [stdout] 
[INFO] [stdout] 
[INFO] [stdout] warning: associated function is never used: `fields`
[INFO] [stdout]   --> src/db/models.rs:29:9
[INFO] [stdout]    |
[INFO] [stdout] 29 |     pub fn fields(&self) -> &'static [&'static str] {
[INFO] [stdout]    |            ^^^^^^
[INFO] [stdout] 
[INFO] [stdout] 
[INFO] [stdout] warning: associated function is never used: `push`
[INFO] [stdout]   --> src/db/models.rs:60:9
[INFO] [stdout]    |
[INFO] [stdout] 60 |     pub fn push(&self, rows: Vec<TableRow>) -> Result<u64, String> {
[INFO] [stdout]    |            ^^^^
[INFO] [stdout] 
[INFO] [stdout] 
[INFO] [stdout] warning: associated function is never used: `newrow`
[INFO] [stdout]   --> src/db/models.rs:73:9
[INFO] [stdout]    |
[INFO] [stdout] 73 |     pub fn newrow(&self, values: Vec<String>) -> Result<TableRow, String> {
[INFO] [stdout]    |            ^^^^^^
[INFO] [stdout] 
[INFO] [stdout] 
[INFO] [stdout] warning: associated function is never used: `method`
[INFO] [stdout]    --> src/db/models.rs:106:5
[INFO] [stdout]     |
[INFO] [stdout] 106 |     fn method(&self) -> InsertMethod {
[INFO] [stdout]     |        ^^^^^^
[INFO] [stdout] 
[INFO] [stdout] 
[INFO] [stdout] warning: enum is never used: `InsertMethod`
[INFO] [stdout]    --> src/db/models.rs:118:6
[INFO] [stdout]     |
[INFO] [stdout] 118 | enum InsertMethod {
[INFO] [stdout]     |      ^^^^^^^^^^^^
[INFO] [stdout] 
[INFO] [stdout] 
[INFO] [stdout] warning: associated function is never used: `push`
[INFO] [stdout]    --> src/db/models.rs:123:5
[INFO] [stdout]     |
[INFO] [stdout] 123 |     fn push(&self, tname: &str, tfields: &[&'static str], mut rows: Vec<TableRow>) -> u64 {
[INFO] [stdout]     |        ^^^^
[INFO] [stdout] 
[INFO] [stdout] 
[INFO] [stdout] warning: associated function is never used: `len`
[INFO] [stdout]    --> src/db/models.rs:146:9
[INFO] [stdout]     |
[INFO] [stdout] 146 |     pub fn len(&self) -> usize {
[INFO] [stdout]     |            ^^^
[INFO] [stdout] 
[INFO] [stdout] 
[INFO] [stdout] warning: associated function is never used: `to_cpstr`
[INFO] [stdout]    --> src/db/models.rs:150:9
[INFO] [stdout]     |
[INFO] [stdout] 150 |     pub fn to_cpstr(self) -> String {
[INFO] [stdout]     |            ^^^^^^^^
[INFO] [stdout] 
[INFO] [stdout] 
[INFO] [stdout] warning: function is never used: `copy_in`
[INFO] [stdout]   --> src/db/pgdb.rs:20:8
[INFO] [stdout]    |
[INFO] [stdout] 20 | pub fn copy_in(tname: &str, fields: &[&'static str], mut rows: Vec<TableRow>) -> u64 {
[INFO] [stdout]    |        ^^^^^^^
[INFO] [stdout] 
[INFO] [stdout] 
[INFO] [stdout] warning: function is never used: `insert_one`
[INFO] [stdout]   --> src/db/pgdb.rs:35:8
[INFO] [stdout]    |
[INFO] [stdout] 35 | pub fn insert_one(tname: &str, fields: &[&'static str], row: TableRow) -> u64 {
[INFO] [stdout]    |        ^^^^^^^^^^
[INFO] [stdout] 
[INFO] [stdout] 
[INFO] [stdout] warning: field is never read: `output`
[INFO] [stdout]   --> src/lib.rs:48:2
[INFO] [stdout]    |
[INFO] [stdout] 48 |     output: DbTable,
[INFO] [stdout]    |     ^^^^^^^^^^^^^^^
[INFO] [stdout] 
[INFO] [stdout] 
[INFO] [stdout] warning: associated function is never used: `data_from_strec`
[INFO] [stdout]    --> src/lib.rs:100:5
[INFO] [stdout]     |
[INFO] [stdout] 100 |     fn data_from_strec(table_row: TableRow) -> Result<StatsData, String> {
[INFO] [stdout]     |        ^^^^^^^^^^^^^^^
[INFO] [stdout] 
[INFO] [stdout] 
[INFO] [stdout] warning: variable `OksV1` should have a snake case name
[INFO] [stdout]    --> src/lib.rs:111:4
[INFO] [stdout]     |
[INFO] [stdout] 111 |             OksV1 => filter::filter_keystring(
[INFO] [stdout]     |             ^^^^^ help: convert the identifier to snake case: `oks_v1`
[INFO] [stdout]     |
[INFO] [stdout]     = note: `#[warn(non_snake_case)]` on by default
[INFO] [stdout] 
[INFO] [stdout] 
[INFO] [stdout] warning: variable `OksV2` should have a snake case name
[INFO] [stdout]    --> src/lib.rs:114:4
[INFO] [stdout]     |
[INFO] [stdout] 114 |             OksV2 => {
[INFO] [stdout]     |             ^^^^^ help: convert the identifier to snake case: `oks_v2`
[INFO] [stdout] 
[INFO] [stdout] 
[INFO] [stdout] warning: variable `Load` should have a snake case name
[INFO] [stdout]    --> src/lib.rs:126:4
[INFO] [stdout]     |
[INFO] [stdout] 126 |             Load => filter::filter_keystring(
[INFO] [stdout]     |             ^^^^ help: convert the identifier to snake case: `load`
[INFO] [stdout] 
[INFO] [stdout] 
[INFO] [stdout] warning: 30 warnings emitted
[INFO] [stdout] 
[INFO] [stdout] 
[INFO] [stdout] For more information about this error, try `rustc --explain E0170`.
[INFO] [stdout] 
[INFO] [stdout] warning[E0170]: pattern binding `OksV1` is named the same as one of the variants of the type `Dataset`
[INFO] [stdout]    --> src/lib.rs:111:4
[INFO] [stdout]     |
[INFO] [stdout] 111 |             OksV1 => filter::filter_keystring(
[INFO] [stdout]     |             ^^^^^ help: to match on the variant, qualify the path: `Dataset::OksV1`
[INFO] [stdout]     |
[INFO] [stdout]     = note: `#[warn(bindings_with_variant_name)]` on by default
[INFO] [stdout] 
[INFO] [stdout] 
[INFO] [stdout] warning[E0170]: pattern binding `OksV2` is named the same as one of the variants of the type `Dataset`
[INFO] [stdout]    --> src/lib.rs:114:4
[INFO] [stdout]     |
[INFO] [stdout] 114 |             OksV2 => {
[INFO] [stdout]     |             ^^^^^ help: to match on the variant, qualify the path: `Dataset::OksV2`
[INFO] [stdout] 
[INFO] [stdout] 
[INFO] [stdout] warning[E0170]: pattern binding `Load` is named the same as one of the variants of the type `Dataset`
[INFO] [stdout]    --> src/lib.rs:126:4
[INFO] [stdout]     |
[INFO] [stdout] 126 |             Load => filter::filter_keystring(
[INFO] [stdout]     |             ^^^^ help: to match on the variant, qualify the path: `Dataset::Load`
[INFO] [stdout] 
[INFO] [stdout] 
[INFO] [stdout] warning: unreachable pattern
[INFO] [stdout]    --> src/lib.rs:114:4
[INFO] [stdout]     |
[INFO] [stdout] 111 |             OksV1 => filter::filter_keystring(
[INFO] [stdout]     |             ----- matches any value
[INFO] [stdout] ...
[INFO] [stdout] 114 |             OksV2 => {
[INFO] [stdout]     |             ^^^^^ unreachable pattern
[INFO] [stdout]     |
[INFO] [stdout]     = note: `#[warn(unreachable_patterns)]` on by default
[INFO] [stdout] 
[INFO] [stdout] 
[INFO] [stdout] warning: unreachable pattern
[INFO] [stdout]    --> src/lib.rs:126:4
[INFO] [stdout]     |
[INFO] [stdout] 111 |             OksV1 => filter::filter_keystring(
[INFO] [stdout]     |             ----- matches any value
[INFO] [stdout] ...
[INFO] [stdout] 126 |             Load => filter::filter_keystring(
[INFO] [stdout]     |             ^^^^ unreachable pattern
[INFO] [stdout] 
[INFO] [stdout] 
[INFO] [stdout] warning: unused variable: `config`
[INFO] [stdout]   --> src/lib.rs:40:13
[INFO] [stdout]    |
[INFO] [stdout] 40 | fn classify(config: Config) -> Result<(), String> {
[INFO] [stdout]    |             ^^^^^^ help: if this is intentional, prefix it with an underscore: `_config`
[INFO] [stdout]    |
[INFO] [stdout]    = note: `#[warn(unused_variables)]` on by default
[INFO] [stdout] 
[INFO] [stdout] 
[INFO] [stdout] warning: unused variable: `OksV1`
[INFO] [stdout]    --> src/lib.rs:111:4
[INFO] [stdout]     |
[INFO] [stdout] 111 |             OksV1 => filter::filter_keystring(
[INFO] [stdout]     |             ^^^^^ help: if this is intentional, prefix it with an underscore: `_OksV1`
[INFO] [stdout] 
[INFO] [stdout] 
[INFO] [stdout] warning: unused variable: `OksV2`
[INFO] [stdout]    --> src/lib.rs:114:4
[INFO] [stdout]     |
[INFO] [stdout] 114 |             OksV2 => {
[INFO] [stdout]     |             ^^^^^ help: if this is intentional, prefix it with an underscore: `_OksV2`
[INFO] [stdout] 
[INFO] [stdout] 
[INFO] [stdout] warning: unused variable: `Load`
[INFO] [stdout]    --> src/lib.rs:126:4
[INFO] [stdout]     |
[INFO] [stdout] 126 |             Load => filter::filter_keystring(
[INFO] [stdout]     |             ^^^^ help: if this is intentional, prefix it with an underscore: `_Load`
[INFO] [stdout] 
[INFO] [stdout] 
[INFO] [stdout] warning: variable does not need to be mutable
[INFO] [stdout]    --> src/lib.rs:110:7
[INFO] [stdout]     |
[INFO] [stdout] 110 |         let mut kwords: Vec<String> = match self {
[INFO] [stdout]     |             ----^^^^^^
[INFO] [stdout]     |             |
[INFO] [stdout]     |             help: remove this `mut`
[INFO] [stdout]     |
[INFO] [stdout]     = note: `#[warn(unused_mut)]` on by default
[INFO] [stdout] 
[INFO] [stdout] 
[INFO] [stdout] warning: associated function is never used: `name`
[INFO] [stdout]   --> src/db/models.rs:25:9
[INFO] [stdout]    |
[INFO] [stdout] 25 |     pub fn name(&self) -> &str {
[INFO] [stdout]    |            ^^^^
[INFO] [stdout]    |
[INFO] [stdout]    = note: `#[warn(dead_code)]` on by default
[INFO] [stdout] 
[INFO] [stdout] 
[INFO] [stdout] warning: associated function is never used: `push`
[INFO] [stdout]   --> src/db/models.rs:60:9
[INFO] [stdout]    |
[INFO] [stdout] 60 |     pub fn push(&self, rows: Vec<TableRow>) -> Result<u64, String> {
[INFO] [stdout]    |            ^^^^
[INFO] [stdout] 
[INFO] [stdout] 
[INFO] [stdout] warning: associated function is never used: `method`
[INFO] [stdout]    --> src/db/models.rs:106:5
[INFO] [stdout]     |
[INFO] [stdout] 106 |     fn method(&self) -> InsertMethod {
[INFO] [stdout]     |        ^^^^^^
[INFO] [stdout] 
[INFO] [stdout] 
[INFO] [stdout] warning: enum is never used: `InsertMethod`
[INFO] [stdout]    --> src/db/models.rs:118:6
[INFO] [stdout]     |
[INFO] [stdout] 118 | enum InsertMethod {
[INFO] [stdout]     |      ^^^^^^^^^^^^
[INFO] [stdout] 
[INFO] [stdout] 
[INFO] [stdout] warning: associated function is never used: `push`
[INFO] [stdout]    --> src/db/models.rs:123:5
[INFO] [stdout]     |
[INFO] [stdout] 123 |     fn push(&self, tname: &str, tfields: &[&'static str], mut rows: Vec<TableRow>) -> u64 {
[INFO] [stdout]     |        ^^^^
[INFO] [stdout] 
[INFO] [stdout] 
[INFO] [stdout] warning: associated function is never used: `len`
[INFO] [stdout]    --> src/db/models.rs:146:9
[INFO] [stdout]     |
[INFO] [stdout] 146 |     pub fn len(&self) -> usize {
[INFO] [stdout]     |            ^^^
[INFO] [stdout] 
[INFO] [stdout] 
[INFO] [stdout] warning: associated function is never used: `to_cpstr`
[INFO] [stdout]    --> src/db/models.rs:150:9
[INFO] [stdout]     |
[INFO] [stdout] 150 |     pub fn to_cpstr(self) -> String {
[INFO] [stdout]     |            ^^^^^^^^
[INFO] [stdout] 
[INFO] [stdout] 
[INFO] [stdout] warning: function is never used: `copy_in`
[INFO] [stdout]   --> src/db/pgdb.rs:20:8
[INFO] [stdout]    |
[INFO] [stdout] 20 | pub fn copy_in(tname: &str, fields: &[&'static str], mut rows: Vec<TableRow>) -> u64 {
[INFO] [stdout]    |        ^^^^^^^
[INFO] [stdout] 
[INFO] [stdout] 
[INFO] [stdout] warning: function is never used: `insert_one`
[INFO] [stdout]   --> src/db/pgdb.rs:35:8
[INFO] [stdout]    |
[INFO] [stdout] 35 | pub fn insert_one(tname: &str, fields: &[&'static str], row: TableRow) -> u64 {
[INFO] [stdout]    |        ^^^^^^^^^^
[INFO] [stdout] 
[INFO] [stdout] 
[INFO] [stdout] warning: field is never read: `output`
[INFO] [stdout]   --> src/lib.rs:48:2
[INFO] [stdout]    |
[INFO] [stdout] 48 |     output: DbTable,
[INFO] [stdout]    |     ^^^^^^^^^^^^^^^
[INFO] [stdout] 
[INFO] [stdout] 
[INFO] [stdout] warning: associated function is never used: `data_from_strec`
[INFO] [stdout]    --> src/lib.rs:100:5
[INFO] [stdout]     |
[INFO] [stdout] 100 |     fn data_from_strec(table_row: TableRow) -> Result<StatsData, String> {
[INFO] [stdout]     |        ^^^^^^^^^^^^^^^
[INFO] [stdout] 
[INFO] [stdout] 
[INFO] [stdout] warning: variable `OksV1` should have a snake case name
[INFO] [stdout]    --> src/lib.rs:111:4
[INFO] [stdout]     |
[INFO] [stdout] 111 |             OksV1 => filter::filter_keystring(
[INFO] [stdout]     |             ^^^^^ help: convert the identifier to snake case: `oks_v1`
[INFO] [stdout]     |
[INFO] [stdout]     = note: `#[warn(non_snake_case)]` on by default
[INFO] [stdout] 
[INFO] [stdout] 
[INFO] [stdout] warning: variable `OksV2` should have a snake case name
[INFO] [stdout]    --> src/lib.rs:114:4
[INFO] [stdout]     |
[INFO] [stdout] 114 |             OksV2 => {
[INFO] [stdout]     |             ^^^^^ help: convert the identifier to snake case: `oks_v2`
[INFO] [stdout] 
[INFO] [stdout] 
[INFO] [stdout] warning: variable `Load` should have a snake case name
[INFO] [stdout]    --> src/lib.rs:126:4
[INFO] [stdout]     |
[INFO] [stdout] 126 |             Load => filter::filter_keystring(
[INFO] [stdout]     |             ^^^^ help: convert the identifier to snake case: `load`
[INFO] [stdout] 
[INFO] [stdout] 
[INFO] [stdout] warning: 24 warnings emitted
[INFO] [stdout] 
[INFO] [stdout] 
[INFO] [stdout] For more information about this error, try `rustc --explain E0170`.
[INFO] [stdout] 
[INFO] [stderr]     Finished test [unoptimized + debuginfo] target(s) in 1m 25s
[INFO] running `Command { std: "docker" "inspect" "f3ea4ea19ff9ab1d29115b316a37c73ef58e7f280dab26b098c3e6f9e4d907ad", kill_on_drop: false }`
[INFO] running `Command { std: "docker" "rm" "-f" "f3ea4ea19ff9ab1d29115b316a37c73ef58e7f280dab26b098c3e6f9e4d907ad", kill_on_drop: false }`
[INFO] [stdout] f3ea4ea19ff9ab1d29115b316a37c73ef58e7f280dab26b098c3e6f9e4d907ad
[INFO] running `Command { std: "docker" "create" "-v" "/var/lib/crater-agent-workspace/builds/worker-84/target:/opt/rustwide/target:rw,Z" "-v" "/var/lib/crater-agent-workspace/builds/worker-84/source:/opt/rustwide/workdir:ro,Z" "-v" "/var/lib/crater-agent-workspace/cargo-home:/opt/rustwide/cargo-home:ro,Z" "-v" "/var/lib/crater-agent-workspace/rustup-home:/opt/rustwide/rustup-home:ro,Z" "-e" "SOURCE_DIR=/opt/rustwide/workdir" "-e" "CARGO_TARGET_DIR=/opt/rustwide/target" "-e" "CARGO_INCREMENTAL=0" "-e" "RUST_BACKTRACE=full" "-e" "RUSTFLAGS=--cap-lints=warn" "-e" "CARGO_HOME=/opt/rustwide/cargo-home" "-e" "RUSTUP_HOME=/opt/rustwide/rustup-home" "-w" "/opt/rustwide/workdir" "-m" "1610612736" "--user" "0:0" "--network" "none" "ghcr.io/rust-lang/crates-build-env/linux@sha256:34b6a614d2c27851fe6cbf88fbd1137609cefab8b10d0615aaeb6fd47975d74e" "/opt/rustwide/cargo-home/bin/cargo" "+beta-2021-08-01" "test" "--frozen", kill_on_drop: false }`
[INFO] [stdout] 2c1c914284703d119b72f8b715b0b426692266c93993cd54d8f1bb92f2651bb2
[INFO] running `Command { std: "docker" "start" "-a" "2c1c914284703d119b72f8b715b0b426692266c93993cd54d8f1bb92f2651bb2", kill_on_drop: false }`
[INFO] [stderr] warning[E0170]: pattern binding `OksV1` is named the same as one of the variants of the type `Dataset`
[INFO] [stderr]    --> src/lib.rs:111:4
[INFO] [stderr]     |
[INFO] [stderr] 111 |             OksV1 => filter::filter_keystring(
[INFO] [stderr]     |             ^^^^^ help: to match on the variant, qualify the path: `Dataset::OksV1`
[INFO] [stderr]     |
[INFO] [stderr]     = note: `#[warn(bindings_with_variant_name)]` on by default
[INFO] [stderr] 
[INFO] [stderr] warning[E0170]: pattern binding `OksV2` is named the same as one of the variants of the type `Dataset`
[INFO] [stderr]    --> src/lib.rs:114:4
[INFO] [stderr]     |
[INFO] [stderr] 114 |             OksV2 => {
[INFO] [stderr]     |             ^^^^^ help: to match on the variant, qualify the path: `Dataset::OksV2`
[INFO] [stderr] 
[INFO] [stderr] warning[E0170]: pattern binding `Load` is named the same as one of the variants of the type `Dataset`
[INFO] [stderr]    --> src/lib.rs:126:4
[INFO] [stderr]     |
[INFO] [stderr] 126 |             Load => filter::filter_keystring(
[INFO] [stderr]     |             ^^^^ help: to match on the variant, qualify the path: `Dataset::Load`
[INFO] [stderr] 
[INFO] [stderr] warning: unreachable pattern
[INFO] [stderr]    --> src/lib.rs:114:4
[INFO] [stderr]     |
[INFO] [stderr] 111 |             OksV1 => filter::filter_keystring(
[INFO] [stderr]     |             ----- matches any value
[INFO] [stderr] ...
[INFO] [stderr] 114 |             OksV2 => {
[INFO] [stderr]     |             ^^^^^ unreachable pattern
[INFO] [stderr]     |
[INFO] [stderr]     = note: `#[warn(unreachable_patterns)]` on by default
[INFO] [stderr] 
[INFO] [stderr] warning: unreachable pattern
[INFO] [stderr]    --> src/lib.rs:126:4
[INFO] [stderr]     |
[INFO] [stderr] 111 |             OksV1 => filter::filter_keystring(
[INFO] [stderr]     |             ----- matches any value
[INFO] [stderr] ...
[INFO] [stderr] 126 |             Load => filter::filter_keystring(
[INFO] [stderr]     |             ^^^^ unreachable pattern
[INFO] [stderr] 
[INFO] [stderr] warning: unused variable: `config`
[INFO] [stderr]   --> src/lib.rs:40:13
[INFO] [stderr]    |
[INFO] [stderr] 40 | fn classify(config: Config) -> Result<(), String> {
[INFO] [stderr]    |             ^^^^^^ help: if this is intentional, prefix it with an underscore: `_config`
[INFO] [stderr]    |
[INFO] [stderr]    = note: `#[warn(unused_variables)]` on by default
[INFO] [stderr] 
[INFO] [stderr] warning: unused variable: `OksV1`
[INFO] [stderr]    --> src/lib.rs:111:4
[INFO] [stderr]     |
[INFO] [stderr] 111 |             OksV1 => filter::filter_keystring(
[INFO] [stderr]     |             ^^^^^ help: if this is intentional, prefix it with an underscore: `_OksV1`
[INFO] [stderr] 
[INFO] [stderr] warning: unused variable: `OksV2`
[INFO] [stderr]    --> src/lib.rs:114:4
[INFO] [stderr]     |
[INFO] [stderr] 114 |             OksV2 => {
[INFO] [stderr]     |             ^^^^^ help: if this is intentional, prefix it with an underscore: `_OksV2`
[INFO] [stderr] 
[INFO] [stderr] warning: unused variable: `Load`
[INFO] [stderr]    --> src/lib.rs:126:4
[INFO] [stderr]     |
[INFO] [stderr] 126 |             Load => filter::filter_keystring(
[INFO] [stderr]     |             ^^^^ help: if this is intentional, prefix it with an underscore: `_Load`
[INFO] [stderr] 
[INFO] [stderr] warning: variable does not need to be mutable
[INFO] [stderr]    --> src/lib.rs:110:7
[INFO] [stderr]     |
[INFO] [stderr] 110 |         let mut kwords: Vec<String> = match self {
[INFO] [stderr]     |             ----^^^^^^
[INFO] [stderr]     |             |
[INFO] [stderr]     |             help: remove this `mut`
[INFO] [stderr]     |
[INFO] [stderr]     = note: `#[warn(unused_mut)]` on by default
[INFO] [stderr] 
[INFO] [stderr] warning: associated function is never used: `to_strec`
[INFO] [stderr]   --> src/classifier.rs:35:9
[INFO] [stderr]    |
[INFO] [stderr] 35 |     pub fn to_strec(self) -> Vec<Vec<String>> {
[INFO] [stderr]    |            ^^^^^^^^
[INFO] [stderr]    |
[INFO] [stderr]    = note: `#[warn(dead_code)]` on by default
[INFO] [stderr] 
[INFO] [stderr] warning: struct is never constructed: `Probs`
[INFO] [stderr]   --> src/classifier.rs:61:12
[INFO] [stderr]    |
[INFO] [stderr] 61 | pub struct Probs {
[INFO] [stderr]    |            ^^^^^
[INFO] [stderr] 
[INFO] [stderr] warning: associated function is never used: `from_stats`
[INFO] [stderr]   --> src/classifier.rs:66:9
[INFO] [stderr]    |
[INFO] [stderr] 66 |     pub fn from_stats(stats: Statistics) -> Probs {
[INFO] [stderr]    |            ^^^^^^^^^^
[INFO] [stderr] 
[INFO] [stderr] warning: associated function is never used: `classify`
[INFO] [stderr]   --> src/classifier.rs:85:9
[INFO] [stderr]    |
[INFO] [stderr] 85 |     pub fn classify(&self, keywords: Vec<String>) ->  Vec<&String>{
[INFO] [stderr]    |            ^^^^^^^^
[INFO] [stderr] 
[INFO] [stderr] warning: associated function is never used: `name`
[INFO] [stderr]   --> src/db/models.rs:25:9
[INFO] [stderr]    |
[INFO] [stderr] 25 |     pub fn name(&self) -> &str {
[INFO] [stderr]    |            ^^^^
[INFO] [stderr] 
[INFO] [stderr] warning: associated function is never used: `fields`
[INFO] [stderr]   --> src/db/models.rs:29:9
[INFO] [stderr]    |
[INFO] [stderr] 29 |     pub fn fields(&self) -> &'static [&'static str] {
[INFO] [stderr]    |            ^^^^^^
[INFO] [stderr] 
[INFO] [stderr] warning: associated function is never used: `push`
[INFO] [stderr]   --> src/db/models.rs:60:9
[INFO] [stderr]    |
[INFO] [stderr] 60 |     pub fn push(&self, rows: Vec<TableRow>) -> Result<u64, String> {
[INFO] [stderr]    |            ^^^^
[INFO] [stderr] 
[INFO] [stderr] warning: associated function is never used: `newrow`
[INFO] [stderr]   --> src/db/models.rs:73:9
[INFO] [stderr]    |
[INFO] [stderr] 73 |     pub fn newrow(&self, values: Vec<String>) -> Result<TableRow, String> {
[INFO] [stderr]    |            ^^^^^^
[INFO] [stderr] 
[INFO] [stderr] warning: associated function is never used: `method`
[INFO] [stderr]    --> src/db/models.rs:106:5
[INFO] [stderr]     |
[INFO] [stderr] 106 |     fn method(&self) -> InsertMethod {
[INFO] [stderr]     |        ^^^^^^
[INFO] [stderr] 
[INFO] [stderr] warning: enum is never used: `InsertMethod`
[INFO] [stderr]    --> src/db/models.rs:118:6
[INFO] [stderr]     |
[INFO] [stderr] 118 | enum InsertMethod {
[INFO] [stderr]     |      ^^^^^^^^^^^^
[INFO] [stderr] 
[INFO] [stderr] warning: associated function is never used: `push`
[INFO] [stderr]    --> src/db/models.rs:123:5
[INFO] [stderr]     |
[INFO] [stderr] 123 |     fn push(&self, tname: &str, tfields: &[&'static str], mut rows: Vec<TableRow>) -> u64 {
[INFO] [stderr]     |        ^^^^
[INFO] [stderr] 
[INFO] [stderr] warning: associated function is never used: `len`
[INFO] [stderr]    --> src/db/models.rs:146:9
[INFO] [stderr]     |
[INFO] [stderr] 146 |     pub fn len(&self) -> usize {
[INFO] [stderr]     |            ^^^
[INFO] [stderr] 
[INFO] [stderr] warning: associated function is never used: `to_cpstr`
[INFO] [stderr]    --> src/db/models.rs:150:9
[INFO] [stderr]     |
[INFO] [stderr] 150 |     pub fn to_cpstr(self) -> String {
[INFO] [stderr]     |            ^^^^^^^^
[INFO] [stderr] 
[INFO] [stderr] warning: function is never used: `copy_in`
[INFO] [stderr]   --> src/db/pgdb.rs:20:8
[INFO] [stderr]    |
[INFO] [stderr] 20 | pub fn copy_in(tname: &str, fields: &[&'static str], mut rows: Vec<TableRow>) -> u64 {
[INFO] [stderr]    |        ^^^^^^^
[INFO] [stderr] 
[INFO] [stderr] warning: function is never used: `insert_one`
[INFO] [stderr]   --> src/db/pgdb.rs:35:8
[INFO] [stderr]    |
[INFO] [stderr] 35 | pub fn insert_one(tname: &str, fields: &[&'static str], row: TableRow) -> u64 {
[INFO] [stderr]    |        ^^^^^^^^^^
[INFO] [stderr] 
[INFO] [stderr] warning: field is never read: `output`
[INFO] [stderr]   --> src/lib.rs:48:2
[INFO] [stderr]    |
[INFO] [stderr] 48 |     output: DbTable,
[INFO] [stderr]    |     ^^^^^^^^^^^^^^^
[INFO] [stderr] 
[INFO] [stderr] warning: associated function is never used: `data_from_strec`
[INFO] [stderr]    --> src/lib.rs:100:5
[INFO] [stderr]     |
[INFO] [stderr] 100 |     fn data_from_strec(table_row: TableRow) -> Result<StatsData, String> {
[INFO] [stderr]     |        ^^^^^^^^^^^^^^^
[INFO] [stderr] 
[INFO] [stderr] warning: variable `OksV1` should have a snake case name
[INFO] [stderr]    --> src/lib.rs:111:4
[INFO] [stderr]     |
[INFO] [stderr] 111 |             OksV1 => filter::filter_keystring(
[INFO] [stderr]     |             ^^^^^ help: convert the identifier to snake case: `oks_v1`
[INFO] [stderr]     |
[INFO] [stderr]     = note: `#[warn(non_snake_case)]` on by default
[INFO] [stderr] 
[INFO] [stderr] warning: variable `OksV2` should have a snake case name
[INFO] [stderr]    --> src/lib.rs:114:4
[INFO] [stderr]     |
[INFO] [stderr] 114 |             OksV2 => {
[INFO] [stderr]     |             ^^^^^ help: convert the identifier to snake case: `oks_v2`
[INFO] [stderr] 
[INFO] [stderr] warning: variable `Load` should have a snake case name
[INFO] [stderr]    --> src/lib.rs:126:4
[INFO] [stderr]     |
[INFO] [stderr] 126 |             Load => filter::filter_keystring(
[INFO] [stderr]     |             ^^^^ help: convert the identifier to snake case: `load`
[INFO] [stderr] 
[INFO] [stderr] For more information about this error, try `rustc --explain E0170`.
[INFO] [stderr] warning: associated function is never used: `name`
[INFO] [stderr]   --> src/db/models.rs:25:9
[INFO] [stderr]    |
[INFO] [stderr] 25 |     pub fn name(&self) -> &str {
[INFO] [stderr]    |            ^^^^
[INFO] [stderr]    |
[INFO] [stderr]    = note: `#[warn(dead_code)]` on by default
[INFO] [stderr] 
[INFO] [stderr] warning: `bricks` (lib) generated 30 warnings
[INFO] [stderr] warning: `bricks` (lib test) generated 24 warnings (23 duplicates)
[INFO] [stderr]     Finished test [unoptimized + debuginfo] target(s) in 0.04s
[INFO] [stderr]      Running unittests (/opt/rustwide/target/debug/deps/bricks-2ead0bf789c20ad0)
[INFO] [stdout] 
[INFO] [stdout] running 8 tests
[INFO] [stdout] test classifier::tests::classify_tst ... ok
[INFO] [stdout] test classifier::tests::probs_from_stats ... ok
[INFO] [stdout] test classifier::tests::stats_add_data_multi ... ok
[INFO] [stdout] test classifier::tests::stats_add_data_simple ... ok
[INFO] [stdout] test classifier::tests::stats_to_strec ... ok
[INFO] [stdout] test db::models::tests::newrow_oks ... ok
[INFO] [stdout] test filter::tests::filter_keystr_tst ... ok
[INFO] [stdout] test db::pgdb::tests::connect_tst ... FAILED
[INFO] [stdout] 
[INFO] [stdout] failures:
[INFO] [stdout] 
[INFO] [stdout] ---- db::pgdb::tests::connect_tst stdout ----
[INFO] [stdout] thread 'db::pgdb::tests::connect_tst' panicked at 'called `Result::unwrap()` on an `Err` value: Error(Io(Os { code: 101, kind: NetworkUnreachable, message: "Network is unreachable" }))', src/db/pgdb.rs:9:49
[INFO] [stdout] stack backtrace:
[INFO] [stdout]    0:     0x55d5cbeca520 - std::backtrace_rs::backtrace::libunwind::trace::hff4d1766e93f64f1
[INFO] [stdout]                                at /rustc/53fd98ca776cb875bc9e5514f56b52eb74f9e7a9/library/std/src/../../backtrace/src/backtrace/libunwind.rs:90:5
[INFO] [stdout]    1:     0x55d5cbeca520 - std::backtrace_rs::backtrace::trace_unsynchronized::h56bbc8eb78770bcb
[INFO] [stdout]                                at /rustc/53fd98ca776cb875bc9e5514f56b52eb74f9e7a9/library/std/src/../../backtrace/src/backtrace/mod.rs:66:5
[INFO] [stdout]    2:     0x55d5cbeca520 - std::sys_common::backtrace::_print_fmt::h5c8e75464faca780
[INFO] [stdout]                                at /rustc/53fd98ca776cb875bc9e5514f56b52eb74f9e7a9/library/std/src/sys_common/backtrace.rs:67:5
[INFO] [stdout]    3:     0x55d5cbeca520 - <std::sys_common::backtrace::_print::DisplayBacktrace as core::fmt::Display>::fmt::h48b88277def8b362
[INFO] [stdout]                                at /rustc/53fd98ca776cb875bc9e5514f56b52eb74f9e7a9/library/std/src/sys_common/backtrace.rs:46:22
[INFO] [stdout]    4:     0x55d5cbeeda2c - core::fmt::write::h3381b3176fe2b3d3
[INFO] [stdout]                                at /rustc/53fd98ca776cb875bc9e5514f56b52eb74f9e7a9/library/core/src/fmt/mod.rs:1115:17
[INFO] [stdout]    5:     0x55d5cbec45c5 - std::io::Write::write_fmt::h5f34a676f60246b5
[INFO] [stdout]                                at /rustc/53fd98ca776cb875bc9e5514f56b52eb74f9e7a9/library/std/src/io/mod.rs:1665:15
[INFO] [stdout]    6:     0x55d5cbecc6bb - std::sys_common::backtrace::_print::ha537687d6c17dd0d
[INFO] [stdout]                                at /rustc/53fd98ca776cb875bc9e5514f56b52eb74f9e7a9/library/std/src/sys_common/backtrace.rs:49:5
[INFO] [stdout]    7:     0x55d5cbecc6bb - std::sys_common::backtrace::print::h61376ae57d131d72
[INFO] [stdout]                                at /rustc/53fd98ca776cb875bc9e5514f56b52eb74f9e7a9/library/std/src/sys_common/backtrace.rs:36:9
[INFO] [stdout]    8:     0x55d5cbecc6bb - std::panicking::default_hook::{{closure}}::h0f7208c0b9644a54
[INFO] [stdout]                                at /rustc/53fd98ca776cb875bc9e5514f56b52eb74f9e7a9/library/std/src/panicking.rs:208:50
[INFO] [stdout]    9:     0x55d5cbecc1cc - std::panicking::default_hook::hdac7fc06578c14ce
[INFO] [stdout]                                at /rustc/53fd98ca776cb875bc9e5514f56b52eb74f9e7a9/library/std/src/panicking.rs:222:9
[INFO] [stdout]   10:     0x55d5cbeccd84 - std::panicking::rust_panic_with_hook::h72b21c283da3d1ef
[INFO] [stdout]                                at /rustc/53fd98ca776cb875bc9e5514f56b52eb74f9e7a9/library/std/src/panicking.rs:622:17
[INFO] [stdout]   11:     0x55d5cbecc867 - std::panicking::begin_panic_handler::{{closure}}::he5778f1729cff84a
[INFO] [stdout]                                at /rustc/53fd98ca776cb875bc9e5514f56b52eb74f9e7a9/library/std/src/panicking.rs:519:13
[INFO] [stdout]   12:     0x55d5cbeca9fc - std::sys_common::backtrace::__rust_end_short_backtrace::h2d11ca8b453b4b1d
[INFO] [stdout]                                at /rustc/53fd98ca776cb875bc9e5514f56b52eb74f9e7a9/library/std/src/sys_common/backtrace.rs:141:18
[INFO] [stdout]   13:     0x55d5cbecc7c9 - rust_begin_unwind
[INFO] [stdout]                                at /rustc/53fd98ca776cb875bc9e5514f56b52eb74f9e7a9/library/std/src/panicking.rs:515:5
[INFO] [stdout]   14:     0x55d5cbd64501 - core::panicking::panic_fmt::hf9de31d4acbce4db
[INFO] [stdout]                                at /rustc/53fd98ca776cb875bc9e5514f56b52eb74f9e7a9/library/core/src/panicking.rs:92:14
[INFO] [stdout]   15:     0x55d5cbd645f3 - core::result::unwrap_failed::ha0c84e81219e5878
[INFO] [stdout]                                at /rustc/53fd98ca776cb875bc9e5514f56b52eb74f9e7a9/library/core/src/result.rs:1599:5
[INFO] [stdout]   16:     0x55d5cbd7859b - core::result::Result<T,E>::unwrap::h7337ad444c56fd4a
[INFO] [stdout]                                at /rustc/53fd98ca776cb875bc9e5514f56b52eb74f9e7a9/library/core/src/result.rs:1281:23
[INFO] [stdout]   17:     0x55d5cbd979aa - bricks::db::pgdb::connect::h99c0804f768a0730
[INFO] [stdout]                                at /opt/rustwide/workdir/src/db/pgdb.rs:9:2
[INFO] [stdout]   18:     0x55d5cbd97c4f - bricks::db::pgdb::tests::connect_tst::h49647ea8d8fb8fcd
[INFO] [stdout]                                at /opt/rustwide/workdir/src/db/pgdb.rs:57:3
[INFO] [stdout]   19:     0x55d5cbd97c2a - bricks::db::pgdb::tests::connect_tst::{{closure}}::h8fd0945291f52c2e
[INFO] [stdout]                                at /opt/rustwide/workdir/src/db/pgdb.rs:56:2
[INFO] [stdout]   20:     0x55d5cbd7d58e - core::ops::function::FnOnce::call_once::h7725b33ad3d1232f
[INFO] [stdout]                                at /rustc/53fd98ca776cb875bc9e5514f56b52eb74f9e7a9/library/core/src/ops/function.rs:227:5
[INFO] [stdout]   21:     0x55d5cbdcae23 - core::ops::function::FnOnce::call_once::hbb52c4519d3137b0
[INFO] [stdout]                                at /rustc/53fd98ca776cb875bc9e5514f56b52eb74f9e7a9/library/core/src/ops/function.rs:227:5
[INFO] [stdout]   22:     0x55d5cbdcae23 - test::__rust_begin_short_backtrace::h86fe3a2a5a5121af
[INFO] [stdout]                                at /rustc/53fd98ca776cb875bc9e5514f56b52eb74f9e7a9/library/test/src/lib.rs:578:5
[INFO] [stdout]   23:     0x55d5cbdc98d8 - <alloc::boxed::Box<F,A> as core::ops::function::FnOnce<Args>>::call_once::hfd956bc3d57399be
[INFO] [stdout]                                at /rustc/53fd98ca776cb875bc9e5514f56b52eb74f9e7a9/library/alloc/src/boxed.rs:1572:9
[INFO] [stdout]   24:     0x55d5cbdc98d8 - <std::panic::AssertUnwindSafe<F> as core::ops::function::FnOnce<()>>::call_once::h40dc93e0ddb5938a
[INFO] [stdout]                                at /rustc/53fd98ca776cb875bc9e5514f56b52eb74f9e7a9/library/std/src/panic.rs:347:9
[INFO] [stdout]   25:     0x55d5cbdc98d8 - std::panicking::try::do_call::h90d07750cb47c562
[INFO] [stdout]                                at /rustc/53fd98ca776cb875bc9e5514f56b52eb74f9e7a9/library/std/src/panicking.rs:401:40
[INFO] [stdout]   26:     0x55d5cbdc98d8 - std::panicking::try::h063c84733ad2a629
[INFO] [stdout]                                at /rustc/53fd98ca776cb875bc9e5514f56b52eb74f9e7a9/library/std/src/panicking.rs:365:19
[INFO] [stdout]   27:     0x55d5cbdc98d8 - std::panic::catch_unwind::h0c464836a84e7c08
[INFO] [stdout]                                at /rustc/53fd98ca776cb875bc9e5514f56b52eb74f9e7a9/library/std/src/panic.rs:434:14
[INFO] [stdout]   28:     0x55d5cbdc98d8 - test::run_test_in_process::h5cb06ef620b157fc
[INFO] [stdout]                                at /rustc/53fd98ca776cb875bc9e5514f56b52eb74f9e7a9/library/test/src/lib.rs:601:18
[INFO] [stdout]   29:     0x55d5cbdc98d8 - test::run_test::run_test_inner::{{closure}}::h76f677f4b93f9828
[INFO] [stdout]                                at /rustc/53fd98ca776cb875bc9e5514f56b52eb74f9e7a9/library/test/src/lib.rs:493:39
[INFO] [stdout]   30:     0x55d5cbd9806d - test::run_test::run_test_inner::{{closure}}::h366d01fe04f4d67a
[INFO] [stdout]                                at /rustc/53fd98ca776cb875bc9e5514f56b52eb74f9e7a9/library/test/src/lib.rs:520:37
[INFO] [stdout]   31:     0x55d5cbd9806d - std::sys_common::backtrace::__rust_begin_short_backtrace::h7dfa0de4eb395af2
[INFO] [stdout]                                at /rustc/53fd98ca776cb875bc9e5514f56b52eb74f9e7a9/library/std/src/sys_common/backtrace.rs:125:18
[INFO] [stdout]   32:     0x55d5cbd9c838 - std::thread::Builder::spawn_unchecked::{{closure}}::{{closure}}::hf0a74bb58798037f
[INFO] [stdout]                                at /rustc/53fd98ca776cb875bc9e5514f56b52eb74f9e7a9/library/std/src/thread/mod.rs:476:17
[INFO] [stdout]   33:     0x55d5cbd9c838 - <std::panic::AssertUnwindSafe<F> as core::ops::function::FnOnce<()>>::call_once::hb024e854818586ac
[INFO] [stdout]                                at /rustc/53fd98ca776cb875bc9e5514f56b52eb74f9e7a9/library/std/src/panic.rs:347:9
[INFO] [stdout]   34:     0x55d5cbd9c838 - std::panicking::try::do_call::hb2dd9f1d0d48e41d
[INFO] [stdout]                                at /rustc/53fd98ca776cb875bc9e5514f56b52eb74f9e7a9/library/std/src/panicking.rs:401:40
[INFO] [stdout]   35:     0x55d5cbd9c838 - std::panicking::try::h4717ae7bac8b2bf3
[INFO] [stdout]                                at /rustc/53fd98ca776cb875bc9e5514f56b52eb74f9e7a9/library/std/src/panicking.rs:365:19
[INFO] [stdout]   36:     0x55d5cbd9c838 - std::panic::catch_unwind::h0dc8a061326ce8d8
[INFO] [stdout]                                at /rustc/53fd98ca776cb875bc9e5514f56b52eb74f9e7a9/library/std/src/panic.rs:434:14
[INFO] [stdout]   37:     0x55d5cbd9c838 - std::thread::Builder::spawn_unchecked::{{closure}}::haa369e2d6fd00aa1
[INFO] [stdout]                                at /rustc/53fd98ca776cb875bc9e5514f56b52eb74f9e7a9/library/std/src/thread/mod.rs:475:30
[INFO] [stdout]   38:     0x55d5cbd9c838 - core::ops::function::FnOnce::call_once{{vtable.shim}}::h36dcf3de8b056f17
[INFO] [stdout]                                at /rustc/53fd98ca776cb875bc9e5514f56b52eb74f9e7a9/library/core/src/ops/function.rs:227:5
[INFO] [stdout]   39:     0x55d5cbed1df7 - <alloc::boxed::Box<F,A> as core::ops::function::FnOnce<Args>>::call_once::h65c29e4642be2358
[INFO] [stdout]                                at /rustc/53fd98ca776cb875bc9e5514f56b52eb74f9e7a9/library/alloc/src/boxed.rs:1572:9
[INFO] [stdout]   40:     0x55d5cbed1df7 - <alloc::boxed::Box<F,A> as core::ops::function::FnOnce<Args>>::call_once::hd0f8f7fbbd9fffbf
[INFO] [stdout]                                at /rustc/53fd98ca776cb875bc9e5514f56b52eb74f9e7a9/library/alloc/src/boxed.rs:1572:9
[INFO] [stdout]   41:     0x55d5cbed1df7 - std::sys::unix::thread::Thread::new::thread_start::h2fd22fee3ca77b65
[INFO] [stdout]                                at /rustc/53fd98ca776cb875bc9e5514f56b52eb74f9e7a9/library/std/src/sys/unix/thread.rs:74:17
[INFO] [stdout]   42:     0x7f8460027609 - start_thread
[INFO] [stdout]   43:     0x7f845fdf9293 - clone
[INFO] [stdout]   44:                0x0 - <unknown>
[INFO] [stdout] 
[INFO] [stdout] 
[INFO] [stdout] failures:
[INFO] [stdout]     db::pgdb::tests::connect_tst
[INFO] [stdout] 
[INFO] [stdout] test result: FAILED. 7 passed; 1 failed; 0 ignored; 0 measured; 0 filtered out; finished in 0.02s
[INFO] [stdout] 
[INFO] [stderr] error: test failed, to rerun pass '--lib'
[INFO] running `Command { std: "docker" "inspect" "2c1c914284703d119b72f8b715b0b426692266c93993cd54d8f1bb92f2651bb2", kill_on_drop: false }`
[INFO] running `Command { std: "docker" "rm" "-f" "2c1c914284703d119b72f8b715b0b426692266c93993cd54d8f1bb92f2651bb2", kill_on_drop: false }`
[INFO] [stdout] 2c1c914284703d119b72f8b715b0b426692266c93993cd54d8f1bb92f2651bb2
