[INFO] cloning repository https://github.com/benrussell80/slope-lang
[INFO] running `Command { std: "git" "-c" "credential.helper=" "-c" "credential.helper=/workspace/cargo-home/bin/git-credential-null" "clone" "--bare" "https://github.com/benrussell80/slope-lang" "/workspace/cache/git-repos/https%3A%2F%2Fgithub.com%2Fbenrussell80%2Fslope-lang", kill_on_drop: false }`
[INFO] [stderr] Cloning into bare repository '/workspace/cache/git-repos/https%3A%2F%2Fgithub.com%2Fbenrussell80%2Fslope-lang'...
[INFO] running `Command { std: "git" "rev-parse" "HEAD", kill_on_drop: false }`
[INFO] [stdout] 52cce6dde78c0246701c2d8b953bb7cbfa86aa10
[INFO] testing benrussell80/slope-lang against 1.54.0 for beta-1.55-1
[INFO] running `Command { std: "git" "clone" "/workspace/cache/git-repos/https%3A%2F%2Fgithub.com%2Fbenrussell80%2Fslope-lang" "/workspace/builds/worker-55/source", kill_on_drop: false }`
[INFO] [stderr] Cloning into '/workspace/builds/worker-55/source'...
[INFO] [stderr] done.
[INFO] validating manifest of git repo https://github.com/benrussell80/slope-lang on toolchain 1.54.0
[INFO] running `Command { std: "/workspace/cargo-home/bin/cargo" "+1.54.0" "metadata" "--manifest-path" "Cargo.toml" "--no-deps", kill_on_drop: false }`
[INFO] started tweaking git repo https://github.com/benrussell80/slope-lang
[INFO] finished tweaking git repo https://github.com/benrussell80/slope-lang
[INFO] tweaked toml for git repo https://github.com/benrussell80/slope-lang written to /workspace/builds/worker-55/source/Cargo.toml
[INFO] crate git repo https://github.com/benrussell80/slope-lang already has a lockfile, it will not be regenerated
[INFO] running `Command { std: "/workspace/cargo-home/bin/cargo" "+1.54.0" "fetch" "--manifest-path" "Cargo.toml", kill_on_drop: false }`
[INFO] [stderr]     Blocking waiting for file lock on package cache
[INFO] running `Command { std: "docker" "create" "-v" "/var/lib/crater-agent-workspace/builds/worker-55/target:/opt/rustwide/target:rw,Z" "-v" "/var/lib/crater-agent-workspace/builds/worker-55/source:/opt/rustwide/workdir:ro,Z" "-v" "/var/lib/crater-agent-workspace/cargo-home:/opt/rustwide/cargo-home:ro,Z" "-v" "/var/lib/crater-agent-workspace/rustup-home:/opt/rustwide/rustup-home:ro,Z" "-e" "SOURCE_DIR=/opt/rustwide/workdir" "-e" "CARGO_TARGET_DIR=/opt/rustwide/target" "-e" "CARGO_HOME=/opt/rustwide/cargo-home" "-e" "RUSTUP_HOME=/opt/rustwide/rustup-home" "-w" "/opt/rustwide/workdir" "-m" "1610612736" "--user" "0:0" "--network" "none" "ghcr.io/rust-lang/crates-build-env/linux@sha256:34b6a614d2c27851fe6cbf88fbd1137609cefab8b10d0615aaeb6fd47975d74e" "/opt/rustwide/cargo-home/bin/cargo" "+1.54.0" "metadata" "--no-deps" "--format-version=1", kill_on_drop: false }`
[INFO] [stdout] 198efe241f7738f740762f6870e1a4b5bd6b611a5131adf081b8bdf2b53167c7
[INFO] running `Command { std: "docker" "start" "-a" "198efe241f7738f740762f6870e1a4b5bd6b611a5131adf081b8bdf2b53167c7", kill_on_drop: false }`
[INFO] running `Command { std: "docker" "inspect" "198efe241f7738f740762f6870e1a4b5bd6b611a5131adf081b8bdf2b53167c7", kill_on_drop: false }`
[INFO] running `Command { std: "docker" "rm" "-f" "198efe241f7738f740762f6870e1a4b5bd6b611a5131adf081b8bdf2b53167c7", kill_on_drop: false }`
[INFO] [stdout] 198efe241f7738f740762f6870e1a4b5bd6b611a5131adf081b8bdf2b53167c7
[INFO] running `Command { std: "docker" "create" "-v" "/var/lib/crater-agent-workspace/builds/worker-55/target:/opt/rustwide/target:rw,Z" "-v" "/var/lib/crater-agent-workspace/builds/worker-55/source:/opt/rustwide/workdir:ro,Z" "-v" "/var/lib/crater-agent-workspace/cargo-home:/opt/rustwide/cargo-home:ro,Z" "-v" "/var/lib/crater-agent-workspace/rustup-home:/opt/rustwide/rustup-home:ro,Z" "-e" "SOURCE_DIR=/opt/rustwide/workdir" "-e" "CARGO_TARGET_DIR=/opt/rustwide/target" "-e" "CARGO_INCREMENTAL=0" "-e" "RUST_BACKTRACE=full" "-e" "RUSTFLAGS=--cap-lints=warn" "-e" "CARGO_HOME=/opt/rustwide/cargo-home" "-e" "RUSTUP_HOME=/opt/rustwide/rustup-home" "-w" "/opt/rustwide/workdir" "-m" "1610612736" "--user" "0:0" "--network" "none" "ghcr.io/rust-lang/crates-build-env/linux@sha256:34b6a614d2c27851fe6cbf88fbd1137609cefab8b10d0615aaeb6fd47975d74e" "/opt/rustwide/cargo-home/bin/cargo" "+1.54.0" "build" "--frozen" "--message-format=json", kill_on_drop: false }`
[INFO] [stdout] 6139db08f98958d4d0c527bd2ae5948867ad0aefcba4ccaae5ecb2195c2e4405
[INFO] running `Command { std: "docker" "start" "-a" "6139db08f98958d4d0c527bd2ae5948867ad0aefcba4ccaae5ecb2195c2e4405", kill_on_drop: false }`
[INFO] [stderr]     Blocking waiting for file lock on package cache
[INFO] [stderr]    Compiling proc-macro2 v1.0.24
[INFO] [stderr]    Compiling unicode-xid v0.2.1
[INFO] [stderr]    Compiling syn v1.0.64
[INFO] [stderr]    Compiling serde v1.0.125
[INFO] [stderr]    Compiling argh_shared v0.1.4
[INFO] [stderr]    Compiling arrayvec v0.5.2
[INFO] [stderr]    Compiling either v1.6.1
[INFO] [stderr]    Compiling num-traits v0.2.14
[INFO] [stderr]    Compiling itertools v0.10.0
[INFO] [stderr]    Compiling quote v1.0.9
[INFO] [stderr]    Compiling rust_decimal v1.11.1
[INFO] [stderr]    Compiling argh_derive v0.1.4
[INFO] [stderr]    Compiling argh v0.1.4
[INFO] [stderr]    Compiling slope v0.1.0 (/opt/rustwide/workdir)
[INFO] [stdout] warning: unused imports: `math_constants_builtins`, `set_builtins`
[INFO] [stdout]   --> src/main.rs:12:20
[INFO] [stdout]    |
[INFO] [stdout] 12 | use ast::modules::{set_builtins, math_constants_builtins};
[INFO] [stdout]    |                    ^^^^^^^^^^^^  ^^^^^^^^^^^^^^^^^^^^^^^
[INFO] [stdout]    |
[INFO] [stdout]    = note: `#[warn(unused_imports)]` on by default
[INFO] [stdout] 
[INFO] [stdout] 
[INFO] [stdout] warning: 1 warning emitted
[INFO] [stdout] 
[INFO] [stdout] 
[INFO] [stderr]     Finished dev [unoptimized + debuginfo] target(s) in 15.39s
[INFO] running `Command { std: "docker" "inspect" "6139db08f98958d4d0c527bd2ae5948867ad0aefcba4ccaae5ecb2195c2e4405", kill_on_drop: false }`
[INFO] running `Command { std: "docker" "rm" "-f" "6139db08f98958d4d0c527bd2ae5948867ad0aefcba4ccaae5ecb2195c2e4405", kill_on_drop: false }`
[INFO] [stdout] 6139db08f98958d4d0c527bd2ae5948867ad0aefcba4ccaae5ecb2195c2e4405
[INFO] running `Command { std: "docker" "create" "-v" "/var/lib/crater-agent-workspace/builds/worker-55/target:/opt/rustwide/target:rw,Z" "-v" "/var/lib/crater-agent-workspace/builds/worker-55/source:/opt/rustwide/workdir:ro,Z" "-v" "/var/lib/crater-agent-workspace/cargo-home:/opt/rustwide/cargo-home:ro,Z" "-v" "/var/lib/crater-agent-workspace/rustup-home:/opt/rustwide/rustup-home:ro,Z" "-e" "SOURCE_DIR=/opt/rustwide/workdir" "-e" "CARGO_TARGET_DIR=/opt/rustwide/target" "-e" "CARGO_INCREMENTAL=0" "-e" "RUST_BACKTRACE=full" "-e" "RUSTFLAGS=--cap-lints=warn" "-e" "CARGO_HOME=/opt/rustwide/cargo-home" "-e" "RUSTUP_HOME=/opt/rustwide/rustup-home" "-w" "/opt/rustwide/workdir" "-m" "1610612736" "--user" "0:0" "--network" "none" "ghcr.io/rust-lang/crates-build-env/linux@sha256:34b6a614d2c27851fe6cbf88fbd1137609cefab8b10d0615aaeb6fd47975d74e" "/opt/rustwide/cargo-home/bin/cargo" "+1.54.0" "test" "--frozen" "--no-run" "--message-format=json", kill_on_drop: false }`
[INFO] [stdout] 5a7b7c38fa6e72df44d545adce54a8167c404cb023d0c0cfcbfd9db6bbf6dd3f
[INFO] running `Command { std: "docker" "start" "-a" "5a7b7c38fa6e72df44d545adce54a8167c404cb023d0c0cfcbfd9db6bbf6dd3f", kill_on_drop: false }`
[INFO] [stderr]     Blocking waiting for file lock on package cache
[INFO] [stderr]    Compiling slope v0.1.0 (/opt/rustwide/workdir)
[INFO] [stdout] warning: unused imports: `math_constants_builtins`, `set_builtins`
[INFO] [stdout]   --> src/main.rs:12:20
[INFO] [stdout]    |
[INFO] [stdout] 12 | use ast::modules::{set_builtins, math_constants_builtins};
[INFO] [stdout]    |                    ^^^^^^^^^^^^  ^^^^^^^^^^^^^^^^^^^^^^^
[INFO] [stdout]    |
[INFO] [stdout]    = note: `#[warn(unused_imports)]` on by default
[INFO] [stdout] 
[INFO] [stdout] 
[INFO] [stdout] warning: 1 warning emitted
[INFO] [stdout] 
[INFO] [stdout] 
[INFO] [stderr]     Finished test [unoptimized + debuginfo] target(s) in 17.96s
[INFO] running `Command { std: "docker" "inspect" "5a7b7c38fa6e72df44d545adce54a8167c404cb023d0c0cfcbfd9db6bbf6dd3f", kill_on_drop: false }`
[INFO] running `Command { std: "docker" "rm" "-f" "5a7b7c38fa6e72df44d545adce54a8167c404cb023d0c0cfcbfd9db6bbf6dd3f", kill_on_drop: false }`
[INFO] [stdout] 5a7b7c38fa6e72df44d545adce54a8167c404cb023d0c0cfcbfd9db6bbf6dd3f
[INFO] running `Command { std: "docker" "create" "-v" "/var/lib/crater-agent-workspace/builds/worker-55/target:/opt/rustwide/target:rw,Z" "-v" "/var/lib/crater-agent-workspace/builds/worker-55/source:/opt/rustwide/workdir:ro,Z" "-v" "/var/lib/crater-agent-workspace/cargo-home:/opt/rustwide/cargo-home:ro,Z" "-v" "/var/lib/crater-agent-workspace/rustup-home:/opt/rustwide/rustup-home:ro,Z" "-e" "SOURCE_DIR=/opt/rustwide/workdir" "-e" "CARGO_TARGET_DIR=/opt/rustwide/target" "-e" "CARGO_INCREMENTAL=0" "-e" "RUST_BACKTRACE=full" "-e" "RUSTFLAGS=--cap-lints=warn" "-e" "CARGO_HOME=/opt/rustwide/cargo-home" "-e" "RUSTUP_HOME=/opt/rustwide/rustup-home" "-w" "/opt/rustwide/workdir" "-m" "1610612736" "--user" "0:0" "--network" "none" "ghcr.io/rust-lang/crates-build-env/linux@sha256:34b6a614d2c27851fe6cbf88fbd1137609cefab8b10d0615aaeb6fd47975d74e" "/opt/rustwide/cargo-home/bin/cargo" "+1.54.0" "test" "--frozen", kill_on_drop: false }`
[INFO] [stdout] fcd1728444513dc3774add023f160ddcf4118d06ff1a15a7af496e84d381ced1
[INFO] running `Command { std: "docker" "start" "-a" "fcd1728444513dc3774add023f160ddcf4118d06ff1a15a7af496e84d381ced1", kill_on_drop: false }`
[INFO] [stderr]     Blocking waiting for file lock on package cache
[INFO] [stderr] warning: unused imports: `math_constants_builtins`, `set_builtins`
[INFO] [stderr]   --> src/main.rs:12:20
[INFO] [stderr]    |
[INFO] [stderr] 12 | use ast::modules::{set_builtins, math_constants_builtins};
[INFO] [stderr]    |                    ^^^^^^^^^^^^  ^^^^^^^^^^^^^^^^^^^^^^^
[INFO] [stderr]    |
[INFO] [stderr]    = note: `#[warn(unused_imports)]` on by default
[INFO] [stderr] 
[INFO] [stderr] warning: 1 warning emitted
[INFO] [stderr] 
[INFO] [stderr]     Finished test [unoptimized + debuginfo] target(s) in 0.88s
[INFO] [stderr]      Running unittests (/opt/rustwide/target/debug/deps/slope-d7ee2a1127031c0c)
[INFO] [stdout] 
[INFO] [stdout] running 159 tests
[INFO] [stdout] test ast::tests::composite_expression_2 ... ok
[INFO] [stdout] test ast::tests::test_call_expression_in_prefix_expression ... ok
[INFO] [stdout] test ast::tests::composite_expression ... ok
[INFO] [stdout] test ast::tests::test_call_expression_with_multiple_params ... ok
[INFO] [stdout] test ast::tests::test_call_expression_in_composite_expression ... ok
[INFO] [stdout] test ast::tests::test_absolute_value ... ok
[INFO] [stdout] test ast::tests::test_call_expression ... ok
[INFO] [stdout] test ast::tests::test_bad_consecutive_tokens - should panic ... ok
[INFO] [stdout] test ast::tests::test_bad_infixed_token - should panic ... ok
[INFO] [stdout] test ast::tests::test_bad_consecutive_tokens_in_call_expression - should panic ... ok
[INFO] [stdout] test ast::tests::test_bad_function_declaration - should panic ... ok
[INFO] [stdout] test ast::tests::test_function_declaration_without_assisgnment - should panic ... ok
[INFO] [stdout] test ast::tests::test_function_declaration_without_body - should panic ... ok
[INFO] [stdout] test ast::tests::test_expression_statement ... ok
[INFO] [stdout] test ast::tests::test_expression_with_exponent ... ok
[INFO] [stdout] test ast::tests::test_factorial ... ok
[INFO] [stdout] test ast::tests::test_integer_literal_expression ... ok
[INFO] [stdout] test ast::tests::test_function_declaration_without_identifier - should panic ... ok
[INFO] [stdout] test ast::tests::test_expression_with_negative_exponent ... ok
[INFO] [stdout] test ast::tests::test_integer_assignment ... ok
[INFO] [stdout] test ast::tests::test_expression_statement_with_semicolon ... ok
[INFO] [stdout] test ast::tests::test_factorial_grouped ... ok
[INFO] [stdout] test ast::tests::test_grouped_expression ... ok
[INFO] [stdout] test ast::tests::test_function_statement ... ok
[INFO] [stdout] test ast::tests::test_function_statement_with_params ... ok
[INFO] [stdout] test ast::tests::test_missing_expression - should panic ... ok
[INFO] [stdout] test ast::tests::test_empty_call_expression ... ok
[INFO] [stdout] test ast::tests::test_empty_set_literal ... ok
[INFO] [stdout] test ast::tests::test_abs_val_never_closed - should panic ... ok
[INFO] [stdout] test ast::tests::test_call_expression_with_trailing_comma ... FAILED
[INFO] [stdout] test ast::tests::test_else_outside_piecewise_block - should panic ... ok
[INFO] [stdout] test ast::tests::test_equality_in_assignment - should panic ... ok
[INFO] [stdout] test ast::tests::test_missing_let_in_assignment - should panic ... ok
[INFO] [stdout] test ast::tests::test_if_outside_piecewise_block - should panic ... ok
[INFO] [stdout] test ast::tests::test_missing_semicolon_in_assignment - should panic ... ok
[INFO] [stdout] test ast::tests::test_negative_negative_number ... ok
[INFO] [stdout] test ast::tests::test_negative_integer_assignment ... ok
[INFO] [stdout] test ast::tests::test_nested_abs_val ... ok
[INFO] [stdout] test ast::tests::test_nested_grouped_expression ... ok
[INFO] [stdout] test ast::tests::test_multiple_statements ... ok
[INFO] [stdout] test ast::tests::test_missing_semicolon_in_expression_statement - should panic ... ok
[INFO] [stdout] test ast::tests::test_negative_number ... ok
[INFO] [stdout] test ast::tests::test_negative_subtraction ... ok
[INFO] [stdout] test ast::tests::test_not_not_operator ... ok
[INFO] [stdout] test ast::tests::test_not_as_precedence ... ok
[INFO] [stdout] test ast::tests::test_not_operator ... ok
[INFO] [stdout] test ast::tests::test_objects::test_abs_val ... ok
[INFO] [stdout] test ast::tests::test_objects::test_add_int_int ... ok
[INFO] [stdout] test ast::tests::test_objects::test_assignment_set ... ok
[INFO] [stdout] test ast::tests::test_objects::test_add_real_real ... ok
[INFO] [stdout] test ast::tests::test_objects::test_add_int_real ... ok
[INFO] [stdout] test ast::tests::test_objects::test_coalesce_2 ... ok
[INFO] [stdout] test ast::tests::test_objects::test_and ... ok
[INFO] [stdout] test ast::tests::test_objects::test_eq_int_int ... ok
[INFO] [stdout] test ast::tests::test_objects::test_eq_int_real ... ok
[INFO] [stdout] test ast::tests::test_objects::test_add_real_int ... ok
[INFO] [stdout] test ast::tests::test_objects::test_assignment_get ... ok
[INFO] [stdout] test ast::tests::test_objects::test_coalesce_1 ... ok
[INFO] [stdout] test ast::tests::test_objects::test_div_real_int ... ok
[INFO] [stdout] test ast::tests::test_objects::test_div_int_real ... ok
[INFO] [stdout] test ast::tests::test_objects::test_eq_real_int ... ok
[INFO] [stdout] test ast::tests::test_objects::test_eq_boolean ... ok
[INFO] [stdout] test ast::tests::test_objects::test_div_int_int ... ok
[INFO] [stdout] test ast::tests::test_objects::test_div_real_real ... ok
[INFO] [stdout] test ast::tests::test_objects::test_eq_undefined ... ok
[INFO] [stdout] test ast::tests::test_objects::test_exp_int_int ... ok
[INFO] [stdout] test ast::tests::test_objects::test_eq_real_real ... ok
[INFO] [stdout] test ast::tests::test_objects::test_factorial ... ok
[INFO] [stdout] test ast::tests::test_objects::test_eq_undefined_2 ... ok
[INFO] [stdout] test ast::tests::test_objects::test_exp_real_int ... ok
[INFO] [stdout] test ast::tests::test_objects::test_gt_int_int ... ok
[INFO] [stdout] test ast::tests::test_objects::test_exp_real_real ... ok
[INFO] [stdout] test ast::tests::test_objects::test_exp_int_real ... ok
[INFO] [stdout] test ast::tests::test_objects::test_integer_in_set ... ok
[INFO] [stdout] test ast::tests::test_objects::test_gt_int_real ... ok
[INFO] [stdout] test ast::tests::test_objects::test_gt_real_real ... ok
[INFO] [stdout] test ast::tests::test_objects::test_gte_int_int ... ok
[INFO] [stdout] test ast::tests::test_objects::test_gte_real_int ... ok
[INFO] [stdout] test ast::tests::test_objects::test_gt_real_int ... ok
[INFO] [stdout] test ast::tests::test_objects::test_gte_int_real ... ok
[INFO] [stdout] test ast::tests::test_objects::test_gte_real_real ... ok
[INFO] [stdout] test ast::tests::test_objects::test_lte_real_real ... ok
[INFO] [stdout] test ast::tests::test_objects::test_lte_real_int ... ok
[INFO] [stdout] test ast::tests::test_objects::test_lt_real_int ... ok
[INFO] [stdout] test ast::tests::test_objects::test_mult_int_int ... ok
[INFO] [stdout] test ast::tests::test_objects::test_lte_int_int ... ok
[INFO] [stdout] test ast::tests::test_objects::test_mult_int_real ... ok
[INFO] [stdout] test ast::tests::test_objects::test_lt_real_real ... ok
[INFO] [stdout] test ast::tests::test_objects::test_mod_int_int ... ok
[INFO] [stdout] test ast::tests::test_objects::test_mult_real_int ... ok
[INFO] [stdout] test ast::tests::test_objects::test_lte_int_real ... ok
[INFO] [stdout] test ast::tests::test_objects::test_lt_int_int ... ok
[INFO] [stdout] test ast::tests::test_objects::test_lt_int_real ... ok
[INFO] [stdout] test ast::tests::test_objects::test_mult_real_real ... ok
[INFO] [stdout] test ast::tests::test_objects::test_set_literal_assignment_with_reals ... ok
[INFO] [stdout] test ast::tests::test_objects::test_set_literal_with_different_types - should panic ... ok
[INFO] [stdout] test ast::tests::test_objects::test_set_of_duplicate_integers ... ok
[INFO] [stdout] test ast::tests::test_piecewise_block_in_assignment_statement ... ok
[INFO] [stdout] test ast::tests::test_piecewise_block_expression_wo_semicolons_2 - should panic ... ok
[INFO] [stdout] test ast::tests::test_objects::test_not_bool_1 ... ok
[INFO] [stdout] test ast::tests::test_objects::test_ne_undefined ... ok
[INFO] [stdout] test ast::tests::test_objects::test_not_bool_2 ... ok
[INFO] [stdout] test ast::tests::test_objects::test_or ... ok
[INFO] [stdout] test ast::tests::test_objects::test_ne_real_real ... ok
[INFO] [stdout] test ast::tests::test_objects::test_set_intersection ... ok
[INFO] [stdout] test ast::tests::test_objects::test_set_of_sets ... ok
[INFO] [stdout] test ast::tests::test_objects::test_sub_int_int ... ok
[INFO] [stdout] test ast::tests::test_objects::test_set_symmetric_difference ... ok
[INFO] [stdout] test ast::tests::test_objects::test_sub_int_real ... ok
[INFO] [stdout] test ast::tests::test_piecewise_block_expression ... ok
[INFO] [stdout] test ast::tests::test_one_element_set_literal ... ok
[INFO] [stdout] test ast::tests::test_real_assignment ... ok
[INFO] [stdout] test ast::tests::test_objects::test_xor ... ok
[INFO] [stdout] test ast::tests::test_piecewise_block_expression_with_two_else_arms - should panic ... ok
[INFO] [stdout] test ast::tests::test_objects::test_set_literal_with_undefined - should panic ... ok
[INFO] [stdout] test ast::tests::test_set_intersection ... ok
[INFO] [stdout] test ast::tests::test_objects::test_ne_int_int ... ok
[INFO] [stdout] test ast::tests::test_objects::test_ne_int_real ... ok
[INFO] [stdout] test ast::tests::test_objects::test_ne_real_int ... ok
[INFO] [stdout] test ast::tests::test_objects::test_set_proper_subset ... ok
[INFO] [stdout] test ast::tests::test_objects::test_sub_real_int ... ok
[INFO] [stdout] test ast::tests::test_objects::test_set_union ... ok
[INFO] [stdout] test ast::tests::test_objects::test_ne_boolean ... ok
[INFO] [stdout] test ast::tests::test_objects::test_sub_real_real ... ok
[INFO] [stdout] test ast::tests::test_semicolon_in_grouped_statement - should panic ... ok
[INFO] [stdout] test ast::tests::test_objects::test_set_difference ... ok
[INFO] [stdout] test ast::tests::test_set_difference ... ok
[INFO] [stdout] test ast::tests::test_objects::test_neg_real ... ok
[INFO] [stdout] test ast::tests::test_set_literal_expression ... ok
[INFO] [stdout] test ast::tests::test_set_literal_with_reals ... ok
[INFO] [stdout] test ast::tests::test_set_literal_expression_with_trailing_comma ... FAILED
[INFO] [stdout] test ast::tests::test_objects::test_set_literal_assignment ... ok
[INFO] [stdout] test ast::tests::test_piecewise_block_expression_wo_semicolons - should panic ... ok
[INFO] [stdout] test ast::tests::test_objects::test_neg_int ... ok
[INFO] [stdout] test ast::tests::test_objects::test_set_subset ... ok
[INFO] [stdout] test ast::tests::test_objects::test_nested_abs_val ... ok
[INFO] [stdout] test ast::tests::test_set_subset ... ok
[INFO] [stdout] test ast::tests::test_set_symmetric_difference ... ok
[INFO] [stdout] test ast::tests::test_unmatched_right_paren - should panic ... ok
[INFO] [stdout] test interpreter::tests::comments_should_be_ignored ... ok
[INFO] [stdout] test interpreter::tests::function ... ok
[INFO] [stdout] test interpreter::tests::comments_breaking_an_expression_should_be_ignored ... ok
[INFO] [stdout] test ast::tests::test_unmatched_left_paren - should panic ... ok
[INFO] [stdout] test ast::tests::test_set_union ... ok
[INFO] [stdout] test interpreter::tests::lex_abs_val ... ok
[INFO] [stdout] test ast::tests::test_set_proper_subset ... ok
[INFO] [stdout] test interpreter::tests::lex_fuction_declaration ... ok
[INFO] [stdout] test interpreter::tests::lex_leading_underscore_in_identifier ... ok
[INFO] [stdout] test interpreter::tests::lex_less_than_equals ... ok
[INFO] [stdout] test interpreter::tests::lex_less_than ... ok
[INFO] [stdout] test interpreter::tests::multiline_source_code ... ok
[INFO] [stdout] test interpreter::tests::lex_set_intersection ... ok
[INFO] [stdout] test interpreter::tests::lex_set_literal ... ok
[INFO] [stdout] test interpreter::tests::lex_set_symmetric_difference ... ok
[INFO] [stdout] test interpreter::tests::lex_set_difference ... ok
[INFO] [stdout] test interpreter::tests::lex_set_union ... ok
[INFO] [stdout] test interpreter::tests::negative_integer ... ok
[INFO] [stdout] test interpreter::tests::random ... ok
[INFO] [stdout] test interpreter::tests::two_plus_two ... ok
[INFO] [stdout] 
[INFO] [stdout] failures:
[INFO] [stdout] 
[INFO] [stdout] ---- ast::tests::test_call_expression_with_trailing_comma stdout ----
[INFO] [stdout] thread 'ast::tests::test_call_expression_with_trailing_comma' panicked at 'called `Result::unwrap()` on an `Err` value: SyntaxError("Invalid syntax: Some(RightParen).")', src/ast/tests/mod.rs:435:5
[INFO] [stdout] stack backtrace:
[INFO] [stdout]    0:     0x55dca256dae0 - std::backtrace_rs::backtrace::libunwind::trace::h34055254b57d8e79
[INFO] [stdout]                                at /rustc/a178d0322ce20e33eac124758e837cbd80a6f633/library/std/src/../../backtrace/src/backtrace/libunwind.rs:90:5
[INFO] [stdout]    1:     0x55dca256dae0 - std::backtrace_rs::backtrace::trace_unsynchronized::h8f1e3fbd9afff6ec
[INFO] [stdout]                                at /rustc/a178d0322ce20e33eac124758e837cbd80a6f633/library/std/src/../../backtrace/src/backtrace/mod.rs:66:5
[INFO] [stdout]    2:     0x55dca256dae0 - std::sys_common::backtrace::_print_fmt::h3a99a796b770c360
[INFO] [stdout]                                at /rustc/a178d0322ce20e33eac124758e837cbd80a6f633/library/std/src/sys_common/backtrace.rs:67:5
[INFO] [stdout]    3:     0x55dca256dae0 - <std::sys_common::backtrace::_print::DisplayBacktrace as core::fmt::Display>::fmt::h32d1f94a80615d18
[INFO] [stdout]                                at /rustc/a178d0322ce20e33eac124758e837cbd80a6f633/library/std/src/sys_common/backtrace.rs:46:22
[INFO] [stdout]    4:     0x55dca259151c - core::fmt::write::h306731c068f7162c
[INFO] [stdout]                                at /rustc/a178d0322ce20e33eac124758e837cbd80a6f633/library/core/src/fmt/mod.rs:1110:17
[INFO] [stdout]    5:     0x55dca256aa05 - std::io::Write::write_fmt::h87f19b0a2cd190bc
[INFO] [stdout]                                at /rustc/a178d0322ce20e33eac124758e837cbd80a6f633/library/std/src/io/mod.rs:1588:15
[INFO] [stdout]    6:     0x55dca256fc4b - std::sys_common::backtrace::_print::h5abaa2601a852287
[INFO] [stdout]                                at /rustc/a178d0322ce20e33eac124758e837cbd80a6f633/library/std/src/sys_common/backtrace.rs:49:5
[INFO] [stdout]    7:     0x55dca256fc4b - std::sys_common::backtrace::print::h8d81445442bb638f
[INFO] [stdout]                                at /rustc/a178d0322ce20e33eac124758e837cbd80a6f633/library/std/src/sys_common/backtrace.rs:36:9
[INFO] [stdout]    8:     0x55dca256fc4b - std::panicking::default_hook::{{closure}}::hcfe804496a9fa747
[INFO] [stdout]                                at /rustc/a178d0322ce20e33eac124758e837cbd80a6f633/library/std/src/panicking.rs:208:50
[INFO] [stdout]    9:     0x55dca256f75c - std::panicking::default_hook::hbea8e3ccf2ba8901
[INFO] [stdout]                                at /rustc/a178d0322ce20e33eac124758e837cbd80a6f633/library/std/src/panicking.rs:222:9
[INFO] [stdout]   10:     0x55dca2570314 - std::panicking::rust_panic_with_hook::h7ee9e1a2d0f8975a
[INFO] [stdout]                                at /rustc/a178d0322ce20e33eac124758e837cbd80a6f633/library/std/src/panicking.rs:622:17
[INFO] [stdout]   11:     0x55dca256fdf7 - std::panicking::begin_panic_handler::{{closure}}::h8ab3b4491718b2c7
[INFO] [stdout]                                at /rustc/a178d0322ce20e33eac124758e837cbd80a6f633/library/std/src/panicking.rs:519:13
[INFO] [stdout]   12:     0x55dca256dfdc - std::sys_common::backtrace::__rust_end_short_backtrace::hd489062ffa586a9f
[INFO] [stdout]                                at /rustc/a178d0322ce20e33eac124758e837cbd80a6f633/library/std/src/sys_common/backtrace.rs:141:18
[INFO] [stdout]   13:     0x55dca256fd59 - rust_begin_unwind
[INFO] [stdout]                                at /rustc/a178d0322ce20e33eac124758e837cbd80a6f633/library/std/src/panicking.rs:515:5
[INFO] [stdout]   14:     0x55dca2483651 - core::panicking::panic_fmt::hca6330e3e14086b4
[INFO] [stdout]                                at /rustc/a178d0322ce20e33eac124758e837cbd80a6f633/library/core/src/panicking.rs:92:14
[INFO] [stdout]   15:     0x55dca2483743 - core::result::unwrap_failed::h6160d2b4bfbb0e87
[INFO] [stdout]                                at /rustc/a178d0322ce20e33eac124758e837cbd80a6f633/library/core/src/result.rs:1355:5
[INFO] [stdout]   16:     0x55dca24de97d - core::result::Result<T,E>::unwrap::hfc82ec79e50e3e22
[INFO] [stdout]                                at /rustc/a178d0322ce20e33eac124758e837cbd80a6f633/library/core/src/result.rs:1037:23
[INFO] [stdout]   17:     0x55dca24b25c4 - slope::ast::tests::test_call_expression_with_trailing_comma::h098da43f652a29b3
[INFO] [stdout]                                at /opt/rustwide/workdir/src/ast/tests/mod.rs:435:5
[INFO] [stdout]   18:     0x55dca24b251a - slope::ast::tests::test_call_expression_with_trailing_comma::{{closure}}::hdd8259b427262006
[INFO] [stdout]                                at /opt/rustwide/workdir/src/ast/tests/mod.rs:434:1
[INFO] [stdout]   19:     0x55dca249b5fe - core::ops::function::FnOnce::call_once::hd4df8b953990cd8b
[INFO] [stdout]                                at /rustc/a178d0322ce20e33eac124758e837cbd80a6f633/library/core/src/ops/function.rs:227:5
[INFO] [stdout]   20:     0x55dca2538453 - core::ops::function::FnOnce::call_once::h152e7e439ff59e19
[INFO] [stdout]                                at /rustc/a178d0322ce20e33eac124758e837cbd80a6f633/library/core/src/ops/function.rs:227:5
[INFO] [stdout]   21:     0x55dca2538453 - test::__rust_begin_short_backtrace::h0908f3b1fdbb72ab
[INFO] [stdout]                                at /rustc/a178d0322ce20e33eac124758e837cbd80a6f633/library/test/src/lib.rs:577:5
[INFO] [stdout]   22:     0x55dca2536f10 - <alloc::boxed::Box<F,A> as core::ops::function::FnOnce<Args>>::call_once::hf6d2a51e5587546c
[INFO] [stdout]                                at /rustc/a178d0322ce20e33eac124758e837cbd80a6f633/library/alloc/src/boxed.rs:1575:9
[INFO] [stdout]   23:     0x55dca2536f10 - <std::panic::AssertUnwindSafe<F> as core::ops::function::FnOnce<()>>::call_once::h8af660f3a89ef593
[INFO] [stdout]                                at /rustc/a178d0322ce20e33eac124758e837cbd80a6f633/library/std/src/panic.rs:347:9
[INFO] [stdout]   24:     0x55dca2536f10 - std::panicking::try::do_call::hd36aef60f84b6d36
[INFO] [stdout]                                at /rustc/a178d0322ce20e33eac124758e837cbd80a6f633/library/std/src/panicking.rs:401:40
[INFO] [stdout]   25:     0x55dca2536f10 - std::panicking::try::h9932b4480e69817c
[INFO] [stdout]                                at /rustc/a178d0322ce20e33eac124758e837cbd80a6f633/library/std/src/panicking.rs:365:19
[INFO] [stdout]   26:     0x55dca2536f10 - std::panic::catch_unwind::h6aa177099cfff5f8
[INFO] [stdout]                                at /rustc/a178d0322ce20e33eac124758e837cbd80a6f633/library/std/src/panic.rs:434:14
[INFO] [stdout]   27:     0x55dca2536f10 - test::run_test_in_process::h5884d6f2d99e20c3
[INFO] [stdout]                                at /rustc/a178d0322ce20e33eac124758e837cbd80a6f633/library/test/src/lib.rs:600:18
[INFO] [stdout]   28:     0x55dca2536f10 - test::run_test::run_test_inner::{{closure}}::h6fdc58c6d5f5b6e3
[INFO] [stdout]                                at /rustc/a178d0322ce20e33eac124758e837cbd80a6f633/library/test/src/lib.rs:492:39
[INFO] [stdout]   29:     0x55dca25105c2 - test::run_test::run_test_inner::{{closure}}::h408365d67a78ade8
[INFO] [stdout]                                at /rustc/a178d0322ce20e33eac124758e837cbd80a6f633/library/test/src/lib.rs:519:37
[INFO] [stdout]   30:     0x55dca25105c2 - std::sys_common::backtrace::__rust_begin_short_backtrace::hb560b77c4f701523
[INFO] [stdout]                                at /rustc/a178d0322ce20e33eac124758e837cbd80a6f633/library/std/src/sys_common/backtrace.rs:125:18
[INFO] [stdout]   31:     0x55dca2514178 - std::thread::Builder::spawn_unchecked::{{closure}}::{{closure}}::hf2e7831dad93c597
[INFO] [stdout]                                at /rustc/a178d0322ce20e33eac124758e837cbd80a6f633/library/std/src/thread/mod.rs:481:17
[INFO] [stdout]   32:     0x55dca2514178 - <std::panic::AssertUnwindSafe<F> as core::ops::function::FnOnce<()>>::call_once::hd2e08783d8be4d02
[INFO] [stdout]                                at /rustc/a178d0322ce20e33eac124758e837cbd80a6f633/library/std/src/panic.rs:347:9
[INFO] [stdout]   33:     0x55dca2514178 - std::panicking::try::do_call::h062597b7acfd6b82
[INFO] [stdout]                                at /rustc/a178d0322ce20e33eac124758e837cbd80a6f633/library/std/src/panicking.rs:401:40
[INFO] [stdout]   34:     0x55dca2514178 - std::panicking::try::h0d7b79db04c14552
[INFO] [stdout]                                at /rustc/a178d0322ce20e33eac124758e837cbd80a6f633/library/std/src/panicking.rs:365:19
[INFO] [stdout]   35:     0x55dca2514178 - std::panic::catch_unwind::hb01a0b5e7c8cd43b
[INFO] [stdout]                                at /rustc/a178d0322ce20e33eac124758e837cbd80a6f633/library/std/src/panic.rs:434:14
[INFO] [stdout]   36:     0x55dca2514178 - std::thread::Builder::spawn_unchecked::{{closure}}::h5bde48cc887e0d1e
[INFO] [stdout]                                at /rustc/a178d0322ce20e33eac124758e837cbd80a6f633/library/std/src/thread/mod.rs:480:30
[INFO] [stdout]   37:     0x55dca2514178 - core::ops::function::FnOnce::call_once{{vtable.shim}}::h745ea30807a29e55
[INFO] [stdout]                                at /rustc/a178d0322ce20e33eac124758e837cbd80a6f633/library/core/src/ops/function.rs:227:5
[INFO] [stdout]   38:     0x55dca2574dd7 - <alloc::boxed::Box<F,A> as core::ops::function::FnOnce<Args>>::call_once::h7ece6cfefaff1005
[INFO] [stdout]                                at /rustc/a178d0322ce20e33eac124758e837cbd80a6f633/library/alloc/src/boxed.rs:1575:9
[INFO] [stdout]   39:     0x55dca2574dd7 - <alloc::boxed::Box<F,A> as core::ops::function::FnOnce<Args>>::call_once::hb8b48e55c21f193e
[INFO] [stdout]                                at /rustc/a178d0322ce20e33eac124758e837cbd80a6f633/library/alloc/src/boxed.rs:1575:9
[INFO] [stdout]   40:     0x55dca2574dd7 - std::sys::unix::thread::Thread::new::thread_start::h8c7c4450dba62914
[INFO] [stdout]                                at /rustc/a178d0322ce20e33eac124758e837cbd80a6f633/library/std/src/sys/unix/thread.rs:71:17
[INFO] [stdout]   41:     0x7efc76889609 - start_thread
[INFO] [stdout]   42:     0x7efc7665b293 - clone
[INFO] [stdout]   43:                0x0 - <unknown>
[INFO] [stdout] 
[INFO] [stdout] ---- ast::tests::test_set_literal_expression_with_trailing_comma stdout ----
[INFO] [stdout] thread 'ast::tests::test_set_literal_expression_with_trailing_comma' panicked at 'called `Result::unwrap()` on an `Err` value: SyntaxError("Invalid syntax: Some(RightBrace).")', src/ast/tests/mod.rs:655:5
[INFO] [stdout] stack backtrace:
[INFO] [stdout]    0:     0x55dca256dae0 - std::backtrace_rs::backtrace::libunwind::trace::h34055254b57d8e79
[INFO] [stdout]                                at /rustc/a178d0322ce20e33eac124758e837cbd80a6f633/library/std/src/../../backtrace/src/backtrace/libunwind.rs:90:5
[INFO] [stdout]    1:     0x55dca256dae0 - std::backtrace_rs::backtrace::trace_unsynchronized::h8f1e3fbd9afff6ec
[INFO] [stdout]                                at /rustc/a178d0322ce20e33eac124758e837cbd80a6f633/library/std/src/../../backtrace/src/backtrace/mod.rs:66:5
[INFO] [stdout]    2:     0x55dca256dae0 - std::sys_common::backtrace::_print_fmt::h3a99a796b770c360
[INFO] [stdout]                                at /rustc/a178d0322ce20e33eac124758e837cbd80a6f633/library/std/src/sys_common/backtrace.rs:67:5
[INFO] [stdout]    3:     0x55dca256dae0 - <std::sys_common::backtrace::_print::DisplayBacktrace as core::fmt::Display>::fmt::h32d1f94a80615d18
[INFO] [stdout]                                at /rustc/a178d0322ce20e33eac124758e837cbd80a6f633/library/std/src/sys_common/backtrace.rs:46:22
[INFO] [stdout]    4:     0x55dca259151c - core::fmt::write::h306731c068f7162c
[INFO] [stdout]                                at /rustc/a178d0322ce20e33eac124758e837cbd80a6f633/library/core/src/fmt/mod.rs:1110:17
[INFO] [stdout]    5:     0x55dca256aa05 - std::io::Write::write_fmt::h87f19b0a2cd190bc
[INFO] [stdout]                                at /rustc/a178d0322ce20e33eac124758e837cbd80a6f633/library/std/src/io/mod.rs:1588:15
[INFO] [stdout]    6:     0x55dca256fc4b - std::sys_common::backtrace::_print::h5abaa2601a852287
[INFO] [stdout]                                at /rustc/a178d0322ce20e33eac124758e837cbd80a6f633/library/std/src/sys_common/backtrace.rs:49:5
[INFO] [stdout]    7:     0x55dca256fc4b - std::sys_common::backtrace::print::h8d81445442bb638f
[INFO] [stdout]                                at /rustc/a178d0322ce20e33eac124758e837cbd80a6f633/library/std/src/sys_common/backtrace.rs:36:9
[INFO] [stdout]    8:     0x55dca256fc4b - std::panicking::default_hook::{{closure}}::hcfe804496a9fa747
[INFO] [stdout]                                at /rustc/a178d0322ce20e33eac124758e837cbd80a6f633/library/std/src/panicking.rs:208:50
[INFO] [stdout]    9:     0x55dca256f75c - std::panicking::default_hook::hbea8e3ccf2ba8901
[INFO] [stdout]                                at /rustc/a178d0322ce20e33eac124758e837cbd80a6f633/library/std/src/panicking.rs:222:9
[INFO] [stdout]   10:     0x55dca2570314 - std::panicking::rust_panic_with_hook::h7ee9e1a2d0f8975a
[INFO] [stdout]                                at /rustc/a178d0322ce20e33eac124758e837cbd80a6f633/library/std/src/panicking.rs:622:17
[INFO] [stdout]   11:     0x55dca256fdf7 - std::panicking::begin_panic_handler::{{closure}}::h8ab3b4491718b2c7
[INFO] [stdout]                                at /rustc/a178d0322ce20e33eac124758e837cbd80a6f633/library/std/src/panicking.rs:519:13
[INFO] [stdout]   12:     0x55dca256dfdc - std::sys_common::backtrace::__rust_end_short_backtrace::hd489062ffa586a9f
[INFO] [stdout]                                at /rustc/a178d0322ce20e33eac124758e837cbd80a6f633/library/std/src/sys_common/backtrace.rs:141:18
[INFO] [stdout]   13:     0x55dca256fd59 - rust_begin_unwind
[INFO] [stdout]                                at /rustc/a178d0322ce20e33eac124758e837cbd80a6f633/library/std/src/panicking.rs:515:5
[INFO] [stdout]   14:     0x55dca2483651 - core::panicking::panic_fmt::hca6330e3e14086b4
[INFO] [stdout]                                at /rustc/a178d0322ce20e33eac124758e837cbd80a6f633/library/core/src/panicking.rs:92:14
[INFO] [stdout]   15:     0x55dca2483743 - core::result::unwrap_failed::h6160d2b4bfbb0e87
[INFO] [stdout]                                at /rustc/a178d0322ce20e33eac124758e837cbd80a6f633/library/core/src/result.rs:1355:5
[INFO] [stdout]   16:     0x55dca24de97d - core::result::Result<T,E>::unwrap::hfc82ec79e50e3e22
[INFO] [stdout]                                at /rustc/a178d0322ce20e33eac124758e837cbd80a6f633/library/core/src/result.rs:1037:23
[INFO] [stdout]   17:     0x55dca24b676b - slope::ast::tests::test_set_literal_expression_with_trailing_comma::h285c4d65922c6913
[INFO] [stdout]                                at /opt/rustwide/workdir/src/ast/tests/mod.rs:655:5
[INFO] [stdout]   18:     0x55dca24b66ca - slope::ast::tests::test_set_literal_expression_with_trailing_comma::{{closure}}::h1d9ed16eaeda9f94
[INFO] [stdout]                                at /opt/rustwide/workdir/src/ast/tests/mod.rs:654:1
[INFO] [stdout]   19:     0x55dca249ae0e - core::ops::function::FnOnce::call_once::ha6603ceb4b103c12
[INFO] [stdout]                                at /rustc/a178d0322ce20e33eac124758e837cbd80a6f633/library/core/src/ops/function.rs:227:5
[INFO] [stdout]   20:     0x55dca2538453 - core::ops::function::FnOnce::call_once::h152e7e439ff59e19
[INFO] [stdout]                                at /rustc/a178d0322ce20e33eac124758e837cbd80a6f633/library/core/src/ops/function.rs:227:5
[INFO] [stdout]   21:     0x55dca2538453 - test::__rust_begin_short_backtrace::h0908f3b1fdbb72ab
[INFO] [stdout]                                at /rustc/a178d0322ce20e33eac124758e837cbd80a6f633/library/test/src/lib.rs:577:5
[INFO] [stdout]   22:     0x55dca2536f10 - <alloc::boxed::Box<F,A> as core::ops::function::FnOnce<Args>>::call_once::hf6d2a51e5587546c
[INFO] [stdout]                                at /rustc/a178d0322ce20e33eac124758e837cbd80a6f633/library/alloc/src/boxed.rs:1575:9
[INFO] [stdout]   23:     0x55dca2536f10 - <std::panic::AssertUnwindSafe<F> as core::ops::function::FnOnce<()>>::call_once::h8af660f3a89ef593
[INFO] [stdout]                                at /rustc/a178d0322ce20e33eac124758e837cbd80a6f633/library/std/src/panic.rs:347:9
[INFO] [stdout]   24:     0x55dca2536f10 - std::panicking::try::do_call::hd36aef60f84b6d36
[INFO] [stdout]                                at /rustc/a178d0322ce20e33eac124758e837cbd80a6f633/library/std/src/panicking.rs:401:40
[INFO] [stdout]   25:     0x55dca2536f10 - std::panicking::try::h9932b4480e69817c
[INFO] [stdout]                                at /rustc/a178d0322ce20e33eac124758e837cbd80a6f633/library/std/src/panicking.rs:365:19
[INFO] [stdout]   26:     0x55dca2536f10 - std::panic::catch_unwind::h6aa177099cfff5f8
[INFO] [stdout]                                at /rustc/a178d0322ce20e33eac124758e837cbd80a6f633/library/std/src/panic.rs:434:14
[INFO] [stdout]   27:     0x55dca2536f10 - test::run_test_in_process::h5884d6f2d99e20c3
[INFO] [stdout]                                at /rustc/a178d0322ce20e33eac124758e837cbd80a6f633/library/test/src/lib.rs:600:18
[INFO] [stdout]   28:     0x55dca2536f10 - test::run_test::run_test_inner::{{closure}}::h6fdc58c6d5f5b6e3
[INFO] [stdout]                                at /rustc/a178d0322ce20e33eac124758e837cbd80a6f633/library/test/src/lib.rs:492:39
[INFO] [stdout]   29:     0x55dca25105c2 - test::run_test::run_test_inner::{{closure}}::h408365d67a78ade8
[INFO] [stdout]                                at /rustc/a178d0322ce20e33eac124758e837cbd80a6f633/library/test/src/lib.rs:519:37
[INFO] [stdout]   30:     0x55dca25105c2 - std::sys_common::backtrace::__rust_begin_short_backtrace::hb560b77c4f701523
[INFO] [stdout]                                at /rustc/a178d0322ce20e33eac124758e837cbd80a6f633/library/std/src/sys_common/backtrace.rs:125:18
[INFO] [stdout]   31:     0x55dca2514178 - std::thread::Builder::spawn_unchecked::{{closure}}::{{closure}}::hf2e7831dad93c597
[INFO] [stdout]                                at /rustc/a178d0322ce20e33eac124758e837cbd80a6f633/library/std/src/thread/mod.rs:481:17
[INFO] [stdout]   32:     0x55dca2514178 - <std::panic::AssertUnwindSafe<F> as core::ops::function::FnOnce<()>>::call_once::hd2e08783d8be4d02
[INFO] [stdout]                                at /rustc/a178d0322ce20e33eac124758e837cbd80a6f633/library/std/src/panic.rs:347:9
[INFO] [stdout]   33:     0x55dca2514178 - std::panicking::try::do_call::h062597b7acfd6b82
[INFO] [stdout]                                at /rustc/a178d0322ce20e33eac124758e837cbd80a6f633/library/std/src/panicking.rs:401:40
[INFO] [stdout]   34:     0x55dca2514178 - std::panicking::try::h0d7b79db04c14552
[INFO] [stdout]                                at /rustc/a178d0322ce20e33eac124758e837cbd80a6f633/library/std/src/panicking.rs:365:19
[INFO] [stdout]   35:     0x55dca2514178 - std::panic::catch_unwind::hb01a0b5e7c8cd43b
[INFO] [stdout]                                at /rustc/a178d0322ce20e33eac124758e837cbd80a6f633/library/std/src/panic.rs:434:14
[INFO] [stdout]   36:     0x55dca2514178 - std::thread::Builder::spawn_unchecked::{{closure}}::h5bde48cc887e0d1e
[INFO] [stdout]                                at /rustc/a178d0322ce20e33eac124758e837cbd80a6f633/library/std/src/thread/mod.rs:480:30
[INFO] [stdout]   37:     0x55dca2514178 - core::ops::function::FnOnce::call_once{{vtable.shim}}::h745ea30807a29e55
[INFO] [stdout]                                at /rustc/a178d0322ce20e33eac124758e837cbd80a6f633/library/core/src/ops/function.rs:227:5
[INFO] [stdout]   38:     0x55dca2574dd7 - <alloc::boxed::Box<F,A> as core::ops::function::FnOnce<Args>>::call_once::h7ece6cfefaff1005
[INFO] [stdout]                                at /rustc/a178d0322ce20e33eac124758e837cbd80a6f633/library/alloc/src/boxed.rs:1575:9
[INFO] [stdout]   39:     0x55dca2574dd7 - <alloc::boxed::Box<F,A> as core::ops::function::FnOnce<Args>>::call_once::hb8b48e55c21f193e
[INFO] [stdout]                                at /rustc/a178d0322ce20e33eac124758e837cbd80a6f633/library/alloc/src/boxed.rs:1575:9
[INFO] [stdout]   40:     0x55dca2574dd7 - std::sys::unix::thread::Thread::new::thread_start::h8c7c4450dba62914
[INFO] [stdout]                                at /rustc/a178d0322ce20e33eac124758e837cbd80a6f633/library/std/src/sys/unix/thread.rs:71:17
[INFO] [stdout]   41:     0x7efc76889609 - start_thread
[INFO] [stdout]   42:     0x7efc7665b293 - clone
[INFO] [stdout]   43:                0x0 - <unknown>
[INFO] [stdout] 
[INFO] [stdout] 
[INFO] [stdout] failures:
[INFO] [stdout]     ast::tests::test_call_expression_with_trailing_comma
[INFO] [stdout]     ast::tests::test_set_literal_expression_with_trailing_comma
[INFO] [stdout] 
[INFO] [stdout] test result: FAILED. 157 passed; 2 failed; 0 ignored; 0 measured; 0 filtered out; finished in 0.24s
[INFO] [stdout] 
[INFO] [stderr] error: test failed, to rerun pass '--lib'
[INFO] running `Command { std: "docker" "inspect" "fcd1728444513dc3774add023f160ddcf4118d06ff1a15a7af496e84d381ced1", kill_on_drop: false }`
[INFO] running `Command { std: "docker" "rm" "-f" "fcd1728444513dc3774add023f160ddcf4118d06ff1a15a7af496e84d381ced1", kill_on_drop: false }`
[INFO] [stdout] fcd1728444513dc3774add023f160ddcf4118d06ff1a15a7af496e84d381ced1
