[INFO] cloning repository https://github.com/benbrunton/kanben
[INFO] running `Command { std: "git" "-c" "credential.helper=" "-c" "credential.helper=/workspace/cargo-home/bin/git-credential-null" "clone" "--bare" "https://github.com/benbrunton/kanben" "/workspace/cache/git-repos/https%3A%2F%2Fgithub.com%2Fbenbrunton%2Fkanben", kill_on_drop: false }`
[INFO] [stderr] Cloning into bare repository '/workspace/cache/git-repos/https%3A%2F%2Fgithub.com%2Fbenbrunton%2Fkanben'...
[INFO] running `Command { std: "git" "rev-parse" "HEAD", kill_on_drop: false }`
[INFO] [stdout] d78ac9afa55615ccca40ef267f6c930657e8c21d
[INFO] testing benbrunton/kanben against 1.54.0 for beta-1.55-1
[INFO] running `Command { std: "git" "clone" "/workspace/cache/git-repos/https%3A%2F%2Fgithub.com%2Fbenbrunton%2Fkanben" "/workspace/builds/worker-78/source", kill_on_drop: false }`
[INFO] [stderr] Cloning into '/workspace/builds/worker-78/source'...
[INFO] [stderr] done.
[INFO] validating manifest of git repo https://github.com/benbrunton/kanben on toolchain 1.54.0
[INFO] running `Command { std: "/workspace/cargo-home/bin/cargo" "+1.54.0" "metadata" "--manifest-path" "Cargo.toml" "--no-deps", kill_on_drop: false }`
[INFO] started tweaking git repo https://github.com/benbrunton/kanben
[INFO] finished tweaking git repo https://github.com/benbrunton/kanben
[INFO] tweaked toml for git repo https://github.com/benbrunton/kanben written to /workspace/builds/worker-78/source/Cargo.toml
[INFO] crate git repo https://github.com/benbrunton/kanben already has a lockfile, it will not be regenerated
[INFO] running `Command { std: "/workspace/cargo-home/bin/cargo" "+1.54.0" "fetch" "--manifest-path" "Cargo.toml", kill_on_drop: false }`
[INFO] [stderr]     Blocking waiting for file lock on package cache
[INFO] running `Command { std: "docker" "create" "-v" "/var/lib/crater-agent-workspace/builds/worker-78/target:/opt/rustwide/target:rw,Z" "-v" "/var/lib/crater-agent-workspace/builds/worker-78/source:/opt/rustwide/workdir:ro,Z" "-v" "/var/lib/crater-agent-workspace/cargo-home:/opt/rustwide/cargo-home:ro,Z" "-v" "/var/lib/crater-agent-workspace/rustup-home:/opt/rustwide/rustup-home:ro,Z" "-e" "SOURCE_DIR=/opt/rustwide/workdir" "-e" "CARGO_TARGET_DIR=/opt/rustwide/target" "-e" "CARGO_HOME=/opt/rustwide/cargo-home" "-e" "RUSTUP_HOME=/opt/rustwide/rustup-home" "-w" "/opt/rustwide/workdir" "-m" "1610612736" "--user" "0:0" "--network" "none" "ghcr.io/rust-lang/crates-build-env/linux@sha256:34b6a614d2c27851fe6cbf88fbd1137609cefab8b10d0615aaeb6fd47975d74e" "/opt/rustwide/cargo-home/bin/cargo" "+1.54.0" "metadata" "--no-deps" "--format-version=1", kill_on_drop: false }`
[INFO] [stdout] 49d752f8bbe6de4ba768f6a161008f2f799ecfae1e1f7061409e7c6c9785b752
[INFO] running `Command { std: "docker" "start" "-a" "49d752f8bbe6de4ba768f6a161008f2f799ecfae1e1f7061409e7c6c9785b752", kill_on_drop: false }`
[INFO] running `Command { std: "docker" "inspect" "49d752f8bbe6de4ba768f6a161008f2f799ecfae1e1f7061409e7c6c9785b752", kill_on_drop: false }`
[INFO] running `Command { std: "docker" "rm" "-f" "49d752f8bbe6de4ba768f6a161008f2f799ecfae1e1f7061409e7c6c9785b752", kill_on_drop: false }`
[INFO] [stdout] 49d752f8bbe6de4ba768f6a161008f2f799ecfae1e1f7061409e7c6c9785b752
[INFO] running `Command { std: "docker" "create" "-v" "/var/lib/crater-agent-workspace/builds/worker-78/target:/opt/rustwide/target:rw,Z" "-v" "/var/lib/crater-agent-workspace/builds/worker-78/source:/opt/rustwide/workdir:ro,Z" "-v" "/var/lib/crater-agent-workspace/cargo-home:/opt/rustwide/cargo-home:ro,Z" "-v" "/var/lib/crater-agent-workspace/rustup-home:/opt/rustwide/rustup-home:ro,Z" "-e" "SOURCE_DIR=/opt/rustwide/workdir" "-e" "CARGO_TARGET_DIR=/opt/rustwide/target" "-e" "CARGO_INCREMENTAL=0" "-e" "RUST_BACKTRACE=full" "-e" "RUSTFLAGS=--cap-lints=warn" "-e" "CARGO_HOME=/opt/rustwide/cargo-home" "-e" "RUSTUP_HOME=/opt/rustwide/rustup-home" "-w" "/opt/rustwide/workdir" "-m" "1610612736" "--user" "0:0" "--network" "none" "ghcr.io/rust-lang/crates-build-env/linux@sha256:34b6a614d2c27851fe6cbf88fbd1137609cefab8b10d0615aaeb6fd47975d74e" "/opt/rustwide/cargo-home/bin/cargo" "+1.54.0" "build" "--frozen" "--message-format=json", kill_on_drop: false }`
[INFO] [stdout] 4275482ce96d2c592f5d4266c8aec0e85e777ba502ef93bdfd4dbf0110b90939
[INFO] running `Command { std: "docker" "start" "-a" "4275482ce96d2c592f5d4266c8aec0e85e777ba502ef93bdfd4dbf0110b90939", kill_on_drop: false }`
[INFO] [stderr]     Blocking waiting for file lock on package cache
[INFO] [stderr]     Blocking waiting for file lock on package cache
[INFO] [stderr]    Compiling libc v0.2.70
[INFO] [stderr]    Compiling autocfg v1.0.0
[INFO] [stderr]    Compiling proc-macro2 v1.0.13
[INFO] [stderr]    Compiling syn v1.0.31
[INFO] [stderr]    Compiling pkg-config v0.3.17
[INFO] [stderr]    Compiling log v0.4.8
[INFO] [stderr]    Compiling cc v1.0.54
[INFO] [stderr]    Compiling version_check v0.9.1
[INFO] [stderr]    Compiling memchr v2.3.3
[INFO] [stderr]    Compiling smallvec v1.4.0
[INFO] [stderr]    Compiling itoa v0.4.5
[INFO] [stderr]    Compiling futures-core v0.3.5
[INFO] [stderr]    Compiling bytes v0.5.4
[INFO] [stderr]    Compiling pin-project-lite v0.1.7
[INFO] [stderr]    Compiling serde v1.0.110
[INFO] [stderr]    Compiling openssl v0.10.29
[INFO] [stderr]    Compiling once_cell v1.4.0
[INFO] [stderr]    Compiling native-tls v0.2.4
[INFO] [stderr]    Compiling futures-sink v0.3.5
[INFO] [stderr]    Compiling futures-io v0.3.5
[INFO] [stderr]    Compiling ryu v1.0.4
[INFO] [stderr]    Compiling try-lock v0.2.2
[INFO] [stderr]    Compiling encoding_rs v0.8.23
[INFO] [stderr]    Compiling adler32 v1.0.4
[INFO] [stderr]    Compiling unicode-width v0.1.7
[INFO] [stderr]    Compiling mime v0.3.16
[INFO] [stderr]    Compiling dtoa v0.4.5
[INFO] [stderr]    Compiling glob v0.3.0
[INFO] [stderr]    Compiling podio v0.1.7
[INFO] [stderr]    Compiling termcolor v1.1.0
[INFO] [stderr]    Compiling os_str_bytes v2.3.1
[INFO] [stderr]    Compiling base64 v0.12.1
[INFO] [stderr]    Compiling fs_extra v1.1.0
[INFO] [stderr]    Compiling foreign-types v0.3.2
[INFO] [stderr]    Compiling httparse v1.3.4
[INFO] [stderr]    Compiling lock_api v0.3.4
[INFO] [stderr]    Compiling minimad v0.4.3
[INFO] [stderr]    Compiling fxhash v0.2.1
[INFO] [stderr]    Compiling futures-channel v0.3.5
[INFO] [stderr]    Compiling miniz_oxide v0.3.7
[INFO] [stderr]    Compiling futures-task v0.3.5
[INFO] [stderr]    Compiling textwrap v0.11.0
[INFO] [stderr]    Compiling unicode-normalization v0.1.12
[INFO] [stderr]    Compiling http v0.2.1
[INFO] [stderr]    Compiling want v0.3.0
[INFO] [stderr]    Compiling idna v0.2.0
[INFO] [stderr]    Compiling unicase v2.6.0
[INFO] [stderr]    Compiling proc-macro-error-attr v0.4.12
[INFO] [stderr]    Compiling proc-macro-error v0.4.12
[INFO] [stderr]    Compiling indexmap v1.3.2
[INFO] [stderr]    Compiling memoffset v0.5.4
[INFO] [stderr]    Compiling num-traits v0.2.12
[INFO] [stderr]    Compiling crossbeam-utils v0.7.2
[INFO] [stderr]    Compiling num-integer v0.1.43
[INFO] [stderr]    Compiling crossbeam-epoch v0.8.2
[INFO] [stderr]    Compiling iovec v0.1.4
[INFO] [stderr]    Compiling net2 v0.2.34
[INFO] [stderr]    Compiling num_cpus v1.13.0
[INFO] [stderr]    Compiling crossterm_utils v0.2.4
[INFO] [stderr]    Compiling time v0.1.43
[INFO] [stderr]    Compiling parking_lot_core v0.7.2
[INFO] [stderr]    Compiling socket2 v0.3.12
[INFO] [stderr]    Compiling atty v0.2.14
[INFO] [stderr]    Compiling fs2 v0.4.3
[INFO] [stderr]    Compiling rand v0.4.6
[INFO] [stderr]    Compiling flate2 v1.0.14
[INFO] [stderr]    Compiling dirs-sys v0.3.4
[INFO] [stderr]    Compiling quote v1.0.6
[INFO] [stderr]    Compiling crossterm_cursor v0.2.6
[INFO] [stderr]    Compiling crossterm_screen v0.2.5
[INFO] [stderr]    Compiling crossterm_style v0.3.3
[INFO] [stderr]    Compiling mio v0.6.22
[INFO] [stderr]    Compiling dirs v2.0.2
[INFO] [stderr]    Compiling colored v1.9.3
[INFO] [stderr]    Compiling parking_lot v0.10.2
[INFO] [stderr]    Compiling openssl-sys v0.9.58
[INFO] [stderr]    Compiling bzip2-sys v0.1.9+1.0.8
[INFO] [stderr]    Compiling crossterm_input v0.3.9
[INFO] [stderr]    Compiling crossterm_terminal v0.2.6
[INFO] [stderr]    Compiling url v2.1.1
[INFO] [stderr]    Compiling rand v0.3.23
[INFO] [stderr]    Compiling libmath v0.2.1
[INFO] [stderr]    Compiling crossterm v0.9.6
[INFO] [stderr]    Compiling mime_guess v2.0.3
[INFO] [stderr]    Compiling termimad v0.5.1
[INFO] [stderr]    Compiling tokio v0.2.21
[INFO] [stderr]    Compiling http-body v0.3.1
[INFO] [stderr]    Compiling chrono v0.4.11
[INFO] [stderr]    Compiling bzip2 v0.3.3
[INFO] [stderr]    Compiling sled v0.31.0
[INFO] [stderr]    Compiling zip v0.5.6
[INFO] [stderr]    Compiling syn-mid v0.5.0
[INFO] [stderr]    Compiling tokio-util v0.3.1
[INFO] [stderr]    Compiling tokio-tls v0.3.1
[INFO] [stderr]    Compiling pin-project-internal v0.4.20
[INFO] [stderr]    Compiling serde_derive v1.0.110
[INFO] [stderr]    Compiling thiserror-impl v1.0.18
[INFO] [stderr]    Compiling thiserror v1.0.18
[INFO] [stderr]    Compiling clap_derive v3.0.0-beta.1
[INFO] [stderr]    Compiling flexi_logger v0.15.4
[INFO] [stderr]    Compiling pin-project v0.4.20
[INFO] [stderr]    Compiling futures-util v0.3.5
[INFO] [stderr]    Compiling clap v3.0.0-beta.1
[INFO] [stderr]    Compiling h2 v0.2.5
[INFO] [stderr]    Compiling hyper v0.13.6
[INFO] [stderr]    Compiling serde_json v1.0.53
[INFO] [stderr]    Compiling serde_urlencoded v0.6.1
[INFO] [stderr]    Compiling toml v0.5.6
[INFO] [stderr]    Compiling kv v0.20.2
[INFO] [stderr]    Compiling hyper-tls v0.4.1
[INFO] [stderr]    Compiling reqwest v0.10.6
[INFO] [stderr]    Compiling kanben v0.1.3 (/opt/rustwide/workdir)
[INFO] [stderr]     Finished dev [unoptimized + debuginfo] target(s) in 52.18s
[INFO] running `Command { std: "docker" "inspect" "4275482ce96d2c592f5d4266c8aec0e85e777ba502ef93bdfd4dbf0110b90939", kill_on_drop: false }`
[INFO] running `Command { std: "docker" "rm" "-f" "4275482ce96d2c592f5d4266c8aec0e85e777ba502ef93bdfd4dbf0110b90939", kill_on_drop: false }`
[INFO] [stdout] 4275482ce96d2c592f5d4266c8aec0e85e777ba502ef93bdfd4dbf0110b90939
[INFO] running `Command { std: "docker" "create" "-v" "/var/lib/crater-agent-workspace/builds/worker-78/target:/opt/rustwide/target:rw,Z" "-v" "/var/lib/crater-agent-workspace/builds/worker-78/source:/opt/rustwide/workdir:ro,Z" "-v" "/var/lib/crater-agent-workspace/cargo-home:/opt/rustwide/cargo-home:ro,Z" "-v" "/var/lib/crater-agent-workspace/rustup-home:/opt/rustwide/rustup-home:ro,Z" "-e" "SOURCE_DIR=/opt/rustwide/workdir" "-e" "CARGO_TARGET_DIR=/opt/rustwide/target" "-e" "CARGO_INCREMENTAL=0" "-e" "RUST_BACKTRACE=full" "-e" "RUSTFLAGS=--cap-lints=warn" "-e" "CARGO_HOME=/opt/rustwide/cargo-home" "-e" "RUSTUP_HOME=/opt/rustwide/rustup-home" "-w" "/opt/rustwide/workdir" "-m" "1610612736" "--user" "0:0" "--network" "none" "ghcr.io/rust-lang/crates-build-env/linux@sha256:34b6a614d2c27851fe6cbf88fbd1137609cefab8b10d0615aaeb6fd47975d74e" "/opt/rustwide/cargo-home/bin/cargo" "+1.54.0" "test" "--frozen" "--no-run" "--message-format=json", kill_on_drop: false }`
[INFO] [stdout] d2e406b98e16adbacc61ce2d5a16a4643aef919a3ac11572231fbc7bb67a7d19
[INFO] running `Command { std: "docker" "start" "-a" "d2e406b98e16adbacc61ce2d5a16a4643aef919a3ac11572231fbc7bb67a7d19", kill_on_drop: false }`
[INFO] [stderr]    Compiling kanben v0.1.3 (/opt/rustwide/workdir)
[INFO] [stdout] warning: variable does not need to be mutable
[INFO] [stdout]   --> src/commands/backup.rs:26:13
[INFO] [stdout]    |
[INFO] [stdout] 26 |         let mut archive = ArchiveMock::new();
[INFO] [stdout]    |             ----^^^^^^^
[INFO] [stdout]    |             |
[INFO] [stdout]    |             help: remove this `mut`
[INFO] [stdout]    |
[INFO] [stdout]    = note: `#[warn(unused_mut)]` on by default
[INFO] [stdout] 
[INFO] [stdout] 
[INFO] [stdout] warning: 1 warning emitted
[INFO] [stdout] 
[INFO] [stdout] 
[INFO] [stderr]     Finished test [unoptimized + debuginfo] target(s) in 6.82s
[INFO] running `Command { std: "docker" "inspect" "d2e406b98e16adbacc61ce2d5a16a4643aef919a3ac11572231fbc7bb67a7d19", kill_on_drop: false }`
[INFO] running `Command { std: "docker" "rm" "-f" "d2e406b98e16adbacc61ce2d5a16a4643aef919a3ac11572231fbc7bb67a7d19", kill_on_drop: false }`
[INFO] [stdout] d2e406b98e16adbacc61ce2d5a16a4643aef919a3ac11572231fbc7bb67a7d19
[INFO] running `Command { std: "docker" "create" "-v" "/var/lib/crater-agent-workspace/builds/worker-78/target:/opt/rustwide/target:rw,Z" "-v" "/var/lib/crater-agent-workspace/builds/worker-78/source:/opt/rustwide/workdir:ro,Z" "-v" "/var/lib/crater-agent-workspace/cargo-home:/opt/rustwide/cargo-home:ro,Z" "-v" "/var/lib/crater-agent-workspace/rustup-home:/opt/rustwide/rustup-home:ro,Z" "-e" "SOURCE_DIR=/opt/rustwide/workdir" "-e" "CARGO_TARGET_DIR=/opt/rustwide/target" "-e" "CARGO_INCREMENTAL=0" "-e" "RUST_BACKTRACE=full" "-e" "RUSTFLAGS=--cap-lints=warn" "-e" "CARGO_HOME=/opt/rustwide/cargo-home" "-e" "RUSTUP_HOME=/opt/rustwide/rustup-home" "-w" "/opt/rustwide/workdir" "-m" "1610612736" "--user" "0:0" "--network" "none" "ghcr.io/rust-lang/crates-build-env/linux@sha256:34b6a614d2c27851fe6cbf88fbd1137609cefab8b10d0615aaeb6fd47975d74e" "/opt/rustwide/cargo-home/bin/cargo" "+1.54.0" "test" "--frozen", kill_on_drop: false }`
[INFO] [stdout] af2cb0ce441ee5e2fad28280a52a47c2d51f7836edbd789ad8481b5c946ff25f
[INFO] running `Command { std: "docker" "start" "-a" "af2cb0ce441ee5e2fad28280a52a47c2d51f7836edbd789ad8481b5c946ff25f", kill_on_drop: false }`
[INFO] [stderr]     Blocking waiting for file lock on package cache
[INFO] [stderr] warning: variable does not need to be mutable
[INFO] [stderr]   --> src/commands/backup.rs:26:13
[INFO] [stderr]    |
[INFO] [stderr] 26 |         let mut archive = ArchiveMock::new();
[INFO] [stderr]    |             ----^^^^^^^
[INFO] [stderr]    |             |
[INFO] [stderr]    |             help: remove this `mut`
[INFO] [stderr]    |
[INFO] [stderr]    = note: `#[warn(unused_mut)]` on by default
[INFO] [stderr] 
[INFO] [stderr] warning: 1 warning emitted
[INFO] [stderr] 
[INFO] [stderr]     Finished test [unoptimized + debuginfo] target(s) in 1m 46s
[INFO] [stderr]      Running unittests (/opt/rustwide/target/debug/deps/kanben-d4a1a7ba9d965d9b)
[INFO] [stdout] 
[INFO] [stdout] running 89 tests
[INFO] [stdout] test board::tests::it_adds_new_tasks_to_todo ... ok
[INFO] [stdout] test board::tests::it_can_create_a_task_with_a_tag ... ok
[INFO] [stdout] test board::tests::it_adds_to_existing_indexes_when_there_is_a_tag ... ok
[INFO] [stdout] test board::tests::it_can_get_a_task_with_a_key ... ok
[INFO] [stdout] test board::tests::it_can_repeat_a_priority_action ... ok
[INFO] [stdout] test board::tests::it_can_get_all_tasks ... ok
[INFO] [stdout] test board::tests::it_can_make_an_item_top_priority ... ok
[INFO] [stdout] test board::tests::it_can_return_tasks_by_column_filtered_by_tag ... ok
[INFO] [stdout] test board::tests::it_can_update ... ok
[INFO] [stdout] test board::tests::it_indexes_tags_from_new_tasks ... ok
[INFO] [stdout] test board::tests::new_tasks_added_to_bottom_of_todo_column ... ok
[INFO] [stdout] test board::tests::update_moves_items_between_columns ... ok
[INFO] [stdout] test commands::edit::tests::it_creates_a_new_file_when_there_is_none ... ok
[INFO] [stdout] test commands::edit::tests::it_opens_an_associated_file_when_there_is_one ... ok
[INFO] [stdout] test commands::edit::tests::it_stores_the_path_to_a_task_when_a_file_is_created ... ok
[INFO] [stdout] test commands::list::tests::it_displays_all_tasks_as_a_list ... ok
[INFO] [stdout] test commands::tests::it_doesnt_create_a_new_item_for_a_blank_key ... ok
[INFO] [stdout] test commands::now::tests::it_outputs_the_inprogress_task_when_it_exists ... ok
[INFO] [stdout] test commands::list::tests::it_displays_any_tasks_on_the_board ... ok
[INFO] [stdout] test commands::tag::tests::it_indexes_tags_when_they_are_created ... ok
[INFO] [stdout] test commands::tag::tests::it_adds_a_tag_when_one_is_passed ... ok
[INFO] [stdout] test commands::tag::tests::it_exits_gracefully_when_no_task_is_found ... ok
[INFO] [stdout] test commands::tag::tests::it_outputs_the_tasks_tags_when_no_new_tag_is_set ... ok
[INFO] [stdout] test commands::tag::tests::it_outputs_a_message_when_there_are_no_tags ... ok
[INFO] [stdout] test commands::now::tests::it_outputs_the_kanban_headers_when_there_are_no_tasks ... ok
[INFO] [stdout] test commands::tag::tests::it_outputs_multiple_tags_with_a_comma_delimit ... ok
[INFO] [stdout] test commands::tests::it_opens_an_editor_when_edit_command_is_passed ... ok
[INFO] [stdout] test commands::tests::it_backs_up_to_the_cloud ... ok
[INFO] [stdout] test commands::tests::it_can_delete_an_item ... ok
[INFO] [stdout] test commands::tests::it_outputs_nothing_when_there_are_no_tasks_for_now ... ok
[INFO] [stdout] test commands::tests::it_outputs_to_stdout_when_viewing_description ... ok
[INFO] [stdout] test commands::tag::tests::priority_is_maintained_when_a_tag_is_added ... ok
[INFO] [stdout] test commands::view::tests::it_opens_the_file_in_description ... ok
[INFO] [stdout] test commands::tag::tests::it_removes_tags_when_flag_is_passed ... ok
[INFO] [stdout] test commands::now::tests::it_omits_newlines_when_not_set ... ok
[INFO] [stdout] test commands::tests::it_can_clear_done_column ... ok
[INFO] [stdout] test commands::tests::it_lists_tasks_when_no_command_is_passed ... ok
[INFO] [stdout] test commands::edit::tests::when_a_path_is_empty_string_it_creates_a_new_file ... ok
[INFO] [stdout] test board::tests::it_can_create_a_task_with_a_key ... ok
[INFO] [stdout] test board::tests::it_can_return_tasks_by_column ... ok
[INFO] [stdout] test board::tests::it_can_rm_a_task_with_a_key ... ok
[INFO] [stdout] test board::tests::it_can_reindex_columns ... ok
[INFO] [stdout] test board::tests::it_indexes_tags_when_they_are_created ... ok
[INFO] [stdout] test board::tests::removing_a_task_removes_it_from_the_column ... ok
[INFO] [stdout] test commands::edit::tests::it_outputs_a_message_when_there_is_no_task ... ok
[INFO] [stdout] test commands::list::tests::it_sorts_into_rows ... ok
[INFO] [stdout] test commands::now::tests::it_delimits_multiple_tasks_by_comma_when_no_newlines ... ok
[INFO] [stdout] test commands::now::tests::it_filters_by_tag ... ok
[INFO] [stdout] test commands::list::tests::it_outputs_the_kanban_headers_when_there_are_no_tasks ... ok
[INFO] [stdout] test commands::list::tests::it_takes_long_names_off_the_tabs ... ok
[INFO] [stdout] test board::tests::it_doesnt_dupe_tag_indices ... ok
[INFO] [stdout] test commands::now::tests::it_delimits_multiple_tasks_by_newline_by_default ... ok
[INFO] [stdout] test commands::backup::tests::it_sends_to_web_service ... ok
[INFO] [stdout] test board::tests::it_removes_old_tags ... ok
[INFO] [stdout] test board::tests::it_can_move_an_item_after_making_it_priority ... ok
[INFO] [stdout] test commands::tests::it_adds_a_new_item_to_the_store ... ok
[INFO] [stdout] test commands::view::tests::it_outputs_a_message_when_description_file_fails_to_open ... ok
[INFO] [stdout] test commands::view::tests::it_outputs_tags_at_the_top_of_a_message ... ok
[INFO] [stdout] test commands::view::tests::it_outputs_a_message_when_no_task_exists ... ok
[INFO] [stdout] test test::board::tests::it_can_report_on_created_tasks ... ok
[INFO] [stdout] test test::board::tests::it_can_set_all_tasks_to_be_returned ... ok
[INFO] [stdout] test commands::view::tests::it_outputs_a_message_when_no_description_exists ... ok
[INFO] [stdout] test test::board::tests::it_can_report_on_removed_tasks ... ok
[INFO] [stdout] test test::board::tests::it_can_set_for_get ... ok
[INFO] [stdout] test test::board::tests::it_returns_false_when_created_check_doesnt_match ... ok
[INFO] [stdout] test test::board::tests::it_returns_false_when_remove_check_doesnt_match ... ok
[INFO] [stdout] test test::board::tests::it_returns_false_when_update_check_doesnt_match ... ok
[INFO] [stdout] test test::board::tests::it_returns_none_by_default ... ok
[INFO] [stdout] test test::editor::tests::it_can_match_on_open_parameters ... ok
[INFO] [stdout] test test::editor::tests::it_returns_false_when_open_is_not_called ... ok
[INFO] [stdout] test test::board::tests::it_returns_true_for_all_remove_checks ... ok
[INFO] [stdout] test test::editor::tests::it_can_report_when_open_is_called ... ok
[INFO] [stdout] test test::file::tests::it_can_map_read_and_returns ... ok
[INFO] [stdout] test test::file::tests::it_can_set_the_read_output ... ok
[INFO] [stdout] test test::file::tests::it_returns_none_if_read_with_wrong_path ... ok
[INFO] [stdout] test test::store::tests::it_can_bulk_add_for_get_by_key ... ok
[INFO] [stdout] test test::store::tests::it_can_bulk_add_tasks ... ok
[INFO] [stdout] test test::store::tests::it_can_report_multiple_calls_to_rm ... ok
[INFO] [stdout] test test::store::tests::it_can_report_on_calls_to_rm ... ok
[INFO] [stdout] test test::store::tests::it_records_what_is_set ... ok
[INFO] [stdout] test test::store::tests::it_returns_false_if_set_not_called_with_passed_values ... ok
[INFO] [stdout] test test::store::tests::it_can_set_the_response_of_get ... ok
[INFO] [stdout] test test::store::tests::it_reports_on_whether_set_is_called ... ok
[INFO] [stdout] test test::store::tests::it_returns_true_when_set_was_called ... ok
[INFO] [stdout] test test::web::tests::it_returns_false_when_send_to_backup_is_not_called ... ok
[INFO] [stdout] test test::board::tests::it_can_report_on_updated_tasks ... ok
[INFO] [stdout] test commands::view::tests::it_outputs_to_writer_from_reader ... ok
[INFO] [stdout] test test::editor::tests::it_reports_when_create_has_been_called ... ok
[INFO] [stdout] test test::web::tests::it_returns_true_when_send_to_backup_is_called ... FAILED
[INFO] [stdout] 
[INFO] [stdout] failures:
[INFO] [stdout] 
[INFO] [stdout] ---- test::web::tests::it_returns_true_when_send_to_backup_is_called stdout ----
[INFO] [stdout] thread 'test::web::tests::it_returns_true_when_send_to_backup_is_called' panicked at 'called `Result::unwrap()` on an `Err` value: Os { code: 30, kind: Other, message: "Read-only file system" }', src/test/web.rs:33:44
[INFO] [stdout] stack backtrace:
[INFO] [stdout]    0:     0x55876d2f3e90 - std::backtrace_rs::backtrace::libunwind::trace::h34055254b57d8e79
[INFO] [stdout]                                at /rustc/a178d0322ce20e33eac124758e837cbd80a6f633/library/std/src/../../backtrace/src/backtrace/libunwind.rs:90:5
[INFO] [stdout]    1:     0x55876d2f3e90 - std::backtrace_rs::backtrace::trace_unsynchronized::h8f1e3fbd9afff6ec
[INFO] [stdout]                                at /rustc/a178d0322ce20e33eac124758e837cbd80a6f633/library/std/src/../../backtrace/src/backtrace/mod.rs:66:5
[INFO] [stdout]    2:     0x55876d2f3e90 - std::sys_common::backtrace::_print_fmt::h3a99a796b770c360
[INFO] [stdout]                                at /rustc/a178d0322ce20e33eac124758e837cbd80a6f633/library/std/src/sys_common/backtrace.rs:67:5
[INFO] [stdout]    3:     0x55876d2f3e90 - <std::sys_common::backtrace::_print::DisplayBacktrace as core::fmt::Display>::fmt::h32d1f94a80615d18
[INFO] [stdout]                                at /rustc/a178d0322ce20e33eac124758e837cbd80a6f633/library/std/src/sys_common/backtrace.rs:46:22
[INFO] [stdout]    4:     0x55876d31670c - core::fmt::write::h306731c068f7162c
[INFO] [stdout]                                at /rustc/a178d0322ce20e33eac124758e837cbd80a6f633/library/core/src/fmt/mod.rs:1110:17
[INFO] [stdout]    5:     0x55876d2f0db5 - std::io::Write::write_fmt::h87f19b0a2cd190bc
[INFO] [stdout]                                at /rustc/a178d0322ce20e33eac124758e837cbd80a6f633/library/std/src/io/mod.rs:1588:15
[INFO] [stdout]    6:     0x55876d2f5ffb - std::sys_common::backtrace::_print::h5abaa2601a852287
[INFO] [stdout]                                at /rustc/a178d0322ce20e33eac124758e837cbd80a6f633/library/std/src/sys_common/backtrace.rs:49:5
[INFO] [stdout]    7:     0x55876d2f5ffb - std::sys_common::backtrace::print::h8d81445442bb638f
[INFO] [stdout]                                at /rustc/a178d0322ce20e33eac124758e837cbd80a6f633/library/std/src/sys_common/backtrace.rs:36:9
[INFO] [stdout]    8:     0x55876d2f5ffb - std::panicking::default_hook::{{closure}}::hcfe804496a9fa747
[INFO] [stdout]                                at /rustc/a178d0322ce20e33eac124758e837cbd80a6f633/library/std/src/panicking.rs:208:50
[INFO] [stdout]    9:     0x55876d2f5b0c - std::panicking::default_hook::hbea8e3ccf2ba8901
[INFO] [stdout]                                at /rustc/a178d0322ce20e33eac124758e837cbd80a6f633/library/std/src/panicking.rs:222:9
[INFO] [stdout]   10:     0x55876d2f66c4 - std::panicking::rust_panic_with_hook::h7ee9e1a2d0f8975a
[INFO] [stdout]                                at /rustc/a178d0322ce20e33eac124758e837cbd80a6f633/library/std/src/panicking.rs:622:17
[INFO] [stdout]   11:     0x55876d2f61a7 - std::panicking::begin_panic_handler::{{closure}}::h8ab3b4491718b2c7
[INFO] [stdout]                                at /rustc/a178d0322ce20e33eac124758e837cbd80a6f633/library/std/src/panicking.rs:519:13
[INFO] [stdout]   12:     0x55876d2f438c - std::sys_common::backtrace::__rust_end_short_backtrace::hd489062ffa586a9f
[INFO] [stdout]                                at /rustc/a178d0322ce20e33eac124758e837cbd80a6f633/library/std/src/sys_common/backtrace.rs:141:18
[INFO] [stdout]   13:     0x55876d2f6109 - rust_begin_unwind
[INFO] [stdout]                                at /rustc/a178d0322ce20e33eac124758e837cbd80a6f633/library/std/src/panicking.rs:515:5
[INFO] [stdout]   14:     0x55876d213751 - core::panicking::panic_fmt::hca6330e3e14086b4
[INFO] [stdout]                                at /rustc/a178d0322ce20e33eac124758e837cbd80a6f633/library/core/src/panicking.rs:92:14
[INFO] [stdout]   15:     0x55876d213843 - core::result::unwrap_failed::h6160d2b4bfbb0e87
[INFO] [stdout]                                at /rustc/a178d0322ce20e33eac124758e837cbd80a6f633/library/core/src/result.rs:1355:5
[INFO] [stdout]   16:     0x55876d2aaf2e - core::result::Result<T,E>::unwrap::h552fcc1819ef86ac
[INFO] [stdout]                                at /rustc/a178d0322ce20e33eac124758e837cbd80a6f633/library/core/src/result.rs:1037:23
[INFO] [stdout]   17:     0x55876d22fbd1 - kanben::test::web::tests::it_returns_true_when_send_to_backup_is_called::h3c6c90433c949f95
[INFO] [stdout]                                at /opt/rustwide/workdir/src/test/web.rs:33:20
[INFO] [stdout]   18:     0x55876d22fb8a - kanben::test::web::tests::it_returns_true_when_send_to_backup_is_called::{{closure}}::h5bfb8bee0827c9f4
[INFO] [stdout]                                at /opt/rustwide/workdir/src/test/web.rs:32:5
[INFO] [stdout]   19:     0x55876d23696e - core::ops::function::FnOnce::call_once::hbda1c8de6183a461
[INFO] [stdout]                                at /rustc/a178d0322ce20e33eac124758e837cbd80a6f633/library/core/src/ops/function.rs:227:5
[INFO] [stdout]   20:     0x55876d27d763 - core::ops::function::FnOnce::call_once::h152e7e439ff59e19
[INFO] [stdout]                                at /rustc/a178d0322ce20e33eac124758e837cbd80a6f633/library/core/src/ops/function.rs:227:5
[INFO] [stdout]   21:     0x55876d27d763 - test::__rust_begin_short_backtrace::h0908f3b1fdbb72ab
[INFO] [stdout]                                at /rustc/a178d0322ce20e33eac124758e837cbd80a6f633/library/test/src/lib.rs:577:5
[INFO] [stdout]   22:     0x55876d27c220 - <alloc::boxed::Box<F,A> as core::ops::function::FnOnce<Args>>::call_once::hf6d2a51e5587546c
[INFO] [stdout]                                at /rustc/a178d0322ce20e33eac124758e837cbd80a6f633/library/alloc/src/boxed.rs:1575:9
[INFO] [stdout]   23:     0x55876d27c220 - <std::panic::AssertUnwindSafe<F> as core::ops::function::FnOnce<()>>::call_once::h8af660f3a89ef593
[INFO] [stdout]                                at /rustc/a178d0322ce20e33eac124758e837cbd80a6f633/library/std/src/panic.rs:347:9
[INFO] [stdout]   24:     0x55876d27c220 - std::panicking::try::do_call::hd36aef60f84b6d36
[INFO] [stdout]                                at /rustc/a178d0322ce20e33eac124758e837cbd80a6f633/library/std/src/panicking.rs:401:40
[INFO] [stdout]   25:     0x55876d27c220 - std::panicking::try::h9932b4480e69817c
[INFO] [stdout]                                at /rustc/a178d0322ce20e33eac124758e837cbd80a6f633/library/std/src/panicking.rs:365:19
[INFO] [stdout]   26:     0x55876d27c220 - std::panic::catch_unwind::h6aa177099cfff5f8
[INFO] [stdout]                                at /rustc/a178d0322ce20e33eac124758e837cbd80a6f633/library/std/src/panic.rs:434:14
[INFO] [stdout]   27:     0x55876d27c220 - test::run_test_in_process::h5884d6f2d99e20c3
[INFO] [stdout]                                at /rustc/a178d0322ce20e33eac124758e837cbd80a6f633/library/test/src/lib.rs:600:18
[INFO] [stdout]   28:     0x55876d27c220 - test::run_test::run_test_inner::{{closure}}::h6fdc58c6d5f5b6e3
[INFO] [stdout]                                at /rustc/a178d0322ce20e33eac124758e837cbd80a6f633/library/test/src/lib.rs:492:39
[INFO] [stdout]   29:     0x55876d2558d2 - test::run_test::run_test_inner::{{closure}}::h408365d67a78ade8
[INFO] [stdout]                                at /rustc/a178d0322ce20e33eac124758e837cbd80a6f633/library/test/src/lib.rs:519:37
[INFO] [stdout]   30:     0x55876d2558d2 - std::sys_common::backtrace::__rust_begin_short_backtrace::hb560b77c4f701523
[INFO] [stdout]                                at /rustc/a178d0322ce20e33eac124758e837cbd80a6f633/library/std/src/sys_common/backtrace.rs:125:18
[INFO] [stdout]   31:     0x55876d259488 - std::thread::Builder::spawn_unchecked::{{closure}}::{{closure}}::hf2e7831dad93c597
[INFO] [stdout]                                at /rustc/a178d0322ce20e33eac124758e837cbd80a6f633/library/std/src/thread/mod.rs:481:17
[INFO] [stdout]   32:     0x55876d259488 - <std::panic::AssertUnwindSafe<F> as core::ops::function::FnOnce<()>>::call_once::hd2e08783d8be4d02
[INFO] [stdout]                                at /rustc/a178d0322ce20e33eac124758e837cbd80a6f633/library/std/src/panic.rs:347:9
[INFO] [stdout]   33:     0x55876d259488 - std::panicking::try::do_call::h062597b7acfd6b82
[INFO] [stdout]                                at /rustc/a178d0322ce20e33eac124758e837cbd80a6f633/library/std/src/panicking.rs:401:40
[INFO] [stdout]   34:     0x55876d259488 - std::panicking::try::h0d7b79db04c14552
[INFO] [stdout]                                at /rustc/a178d0322ce20e33eac124758e837cbd80a6f633/library/std/src/panicking.rs:365:19
[INFO] [stdout]   35:     0x55876d259488 - std::panic::catch_unwind::hb01a0b5e7c8cd43b
[INFO] [stdout]                                at /rustc/a178d0322ce20e33eac124758e837cbd80a6f633/library/std/src/panic.rs:434:14
[INFO] [stdout]   36:     0x55876d259488 - std::thread::Builder::spawn_unchecked::{{closure}}::h5bde48cc887e0d1e
[INFO] [stdout]                                at /rustc/a178d0322ce20e33eac124758e837cbd80a6f633/library/std/src/thread/mod.rs:480:30
[INFO] [stdout]   37:     0x55876d259488 - core::ops::function::FnOnce::call_once{{vtable.shim}}::h745ea30807a29e55
[INFO] [stdout]                                at /rustc/a178d0322ce20e33eac124758e837cbd80a6f633/library/core/src/ops/function.rs:227:5
[INFO] [stdout]   38:     0x55876d2fb187 - <alloc::boxed::Box<F,A> as core::ops::function::FnOnce<Args>>::call_once::h7ece6cfefaff1005
[INFO] [stdout]                                at /rustc/a178d0322ce20e33eac124758e837cbd80a6f633/library/alloc/src/boxed.rs:1575:9
[INFO] [stdout]   39:     0x55876d2fb187 - <alloc::boxed::Box<F,A> as core::ops::function::FnOnce<Args>>::call_once::hb8b48e55c21f193e
[INFO] [stdout]                                at /rustc/a178d0322ce20e33eac124758e837cbd80a6f633/library/alloc/src/boxed.rs:1575:9
[INFO] [stdout]   40:     0x55876d2fb187 - std::sys::unix::thread::Thread::new::thread_start::h8c7c4450dba62914
[INFO] [stdout]                                at /rustc/a178d0322ce20e33eac124758e837cbd80a6f633/library/std/src/sys/unix/thread.rs:71:17
[INFO] [stdout]   41:     0x7fb36157a609 - start_thread
[INFO] [stdout]   42:     0x7fb361352293 - clone
[INFO] [stdout]   43:                0x0 - <unknown>
[INFO] [stdout] 
[INFO] [stdout] 
[INFO] [stdout] failures:
[INFO] [stdout]     test::web::tests::it_returns_true_when_send_to_backup_is_called
[INFO] [stdout] 
[INFO] [stdout] test result: FAILED. 88 passed; 1 failed; 0 ignored; 0 measured; 0 filtered out; finished in 0.19s
[INFO] [stdout] 
[INFO] [stderr] error: test failed, to rerun pass '--bin kanben'
[INFO] running `Command { std: "docker" "inspect" "af2cb0ce441ee5e2fad28280a52a47c2d51f7836edbd789ad8481b5c946ff25f", kill_on_drop: false }`
[INFO] running `Command { std: "docker" "rm" "-f" "af2cb0ce441ee5e2fad28280a52a47c2d51f7836edbd789ad8481b5c946ff25f", kill_on_drop: false }`
[INFO] [stdout] af2cb0ce441ee5e2fad28280a52a47c2d51f7836edbd789ad8481b5c946ff25f
