[INFO] cloning repository https://github.com/belgoking/log_work
[INFO] running `Command { std: "git" "-c" "credential.helper=" "-c" "credential.helper=/workspace/cargo-home/bin/git-credential-null" "clone" "--bare" "https://github.com/belgoking/log_work" "/workspace/cache/git-repos/https%3A%2F%2Fgithub.com%2Fbelgoking%2Flog_work", kill_on_drop: false }`
[INFO] [stderr] Cloning into bare repository '/workspace/cache/git-repos/https%3A%2F%2Fgithub.com%2Fbelgoking%2Flog_work'...
[INFO] running `Command { std: "git" "rev-parse" "HEAD", kill_on_drop: false }`
[INFO] [stdout] f0e72b209f9e2f73097be128a42576148f40de9f
[INFO] testing belgoking/log_work against beta-2021-08-01 for beta-1.55-1
[INFO] running `Command { std: "git" "clone" "/workspace/cache/git-repos/https%3A%2F%2Fgithub.com%2Fbelgoking%2Flog_work" "/workspace/builds/worker-13/source", kill_on_drop: false }`
[INFO] [stderr] Cloning into '/workspace/builds/worker-13/source'...
[INFO] [stderr] done.
[INFO] validating manifest of git repo https://github.com/belgoking/log_work on toolchain beta-2021-08-01
[INFO] running `Command { std: "/workspace/cargo-home/bin/cargo" "+beta-2021-08-01" "metadata" "--manifest-path" "Cargo.toml" "--no-deps", kill_on_drop: false }`
[INFO] started tweaking git repo https://github.com/belgoking/log_work
[INFO] finished tweaking git repo https://github.com/belgoking/log_work
[INFO] tweaked toml for git repo https://github.com/belgoking/log_work written to /workspace/builds/worker-13/source/Cargo.toml
[INFO] crate git repo https://github.com/belgoking/log_work already has a lockfile, it will not be regenerated
[INFO] running `Command { std: "/workspace/cargo-home/bin/cargo" "+beta-2021-08-01" "fetch" "--manifest-path" "Cargo.toml", kill_on_drop: false }`
[INFO] [stderr]     Blocking waiting for file lock on package cache
[INFO] [stderr]     Blocking waiting for file lock on package cache
[INFO] running `Command { std: "docker" "create" "-v" "/var/lib/crater-agent-workspace/builds/worker-13/target:/opt/rustwide/target:rw,Z" "-v" "/var/lib/crater-agent-workspace/builds/worker-13/source:/opt/rustwide/workdir:ro,Z" "-v" "/var/lib/crater-agent-workspace/cargo-home:/opt/rustwide/cargo-home:ro,Z" "-v" "/var/lib/crater-agent-workspace/rustup-home:/opt/rustwide/rustup-home:ro,Z" "-e" "SOURCE_DIR=/opt/rustwide/workdir" "-e" "CARGO_TARGET_DIR=/opt/rustwide/target" "-e" "CARGO_HOME=/opt/rustwide/cargo-home" "-e" "RUSTUP_HOME=/opt/rustwide/rustup-home" "-w" "/opt/rustwide/workdir" "-m" "1610612736" "--user" "0:0" "--network" "none" "ghcr.io/rust-lang/crates-build-env/linux@sha256:34b6a614d2c27851fe6cbf88fbd1137609cefab8b10d0615aaeb6fd47975d74e" "/opt/rustwide/cargo-home/bin/cargo" "+beta-2021-08-01" "metadata" "--no-deps" "--format-version=1", kill_on_drop: false }`
[INFO] [stdout] d1c8ed85784e430331476edc72c95df6ed3ae170858a46b94efddbfe825f488c
[INFO] running `Command { std: "docker" "start" "-a" "d1c8ed85784e430331476edc72c95df6ed3ae170858a46b94efddbfe825f488c", kill_on_drop: false }`
[INFO] running `Command { std: "docker" "inspect" "d1c8ed85784e430331476edc72c95df6ed3ae170858a46b94efddbfe825f488c", kill_on_drop: false }`
[INFO] running `Command { std: "docker" "rm" "-f" "d1c8ed85784e430331476edc72c95df6ed3ae170858a46b94efddbfe825f488c", kill_on_drop: false }`
[INFO] [stdout] d1c8ed85784e430331476edc72c95df6ed3ae170858a46b94efddbfe825f488c
[INFO] running `Command { std: "docker" "create" "-v" "/var/lib/crater-agent-workspace/builds/worker-13/target:/opt/rustwide/target:rw,Z" "-v" "/var/lib/crater-agent-workspace/builds/worker-13/source:/opt/rustwide/workdir:ro,Z" "-v" "/var/lib/crater-agent-workspace/cargo-home:/opt/rustwide/cargo-home:ro,Z" "-v" "/var/lib/crater-agent-workspace/rustup-home:/opt/rustwide/rustup-home:ro,Z" "-e" "SOURCE_DIR=/opt/rustwide/workdir" "-e" "CARGO_TARGET_DIR=/opt/rustwide/target" "-e" "CARGO_INCREMENTAL=0" "-e" "RUST_BACKTRACE=full" "-e" "RUSTFLAGS=--cap-lints=warn" "-e" "CARGO_HOME=/opt/rustwide/cargo-home" "-e" "RUSTUP_HOME=/opt/rustwide/rustup-home" "-w" "/opt/rustwide/workdir" "-m" "1610612736" "--user" "0:0" "--network" "none" "ghcr.io/rust-lang/crates-build-env/linux@sha256:34b6a614d2c27851fe6cbf88fbd1137609cefab8b10d0615aaeb6fd47975d74e" "/opt/rustwide/cargo-home/bin/cargo" "+beta-2021-08-01" "build" "--frozen" "--message-format=json", kill_on_drop: false }`
[INFO] [stdout] 9e80cc93140577f3e227e45b7a3424fd928480fd7e4cfc33bbe325f0ff10f31a
[INFO] running `Command { std: "docker" "start" "-a" "9e80cc93140577f3e227e45b7a3424fd928480fd7e4cfc33bbe325f0ff10f31a", kill_on_drop: false }`
[INFO] [stderr]     Blocking waiting for file lock on package cache
[INFO] [stderr]    Compiling autocfg v1.0.1
[INFO] [stderr]    Compiling proc-macro2 v1.0.24
[INFO] [stderr]    Compiling unicode-xid v0.2.1
[INFO] [stderr]    Compiling libc v0.2.82
[INFO] [stderr]    Compiling syn v1.0.59
[INFO] [stderr]    Compiling log v0.4.13
[INFO] [stderr]    Compiling memchr v2.3.4
[INFO] [stderr]    Compiling pin-project-lite v0.2.4
[INFO] [stderr]    Compiling cc v1.0.66
[INFO] [stderr]    Compiling smallvec v1.6.1
[INFO] [stderr]    Compiling bytes v1.0.1
[INFO] [stderr]    Compiling scopeguard v1.1.0
[INFO] [stderr]    Compiling pkg-config v0.3.19
[INFO] [stderr]    Compiling futures-core v0.3.12
[INFO] [stderr]    Compiling itoa v0.4.7
[INFO] [stderr]    Compiling once_cell v1.5.2
[INFO] [stderr]    Compiling pin-project-internal v0.4.27
[INFO] [stderr]    Compiling serde_derive v1.0.121
[INFO] [stderr]    Compiling openssl v0.10.32
[INFO] [stderr]    Compiling serde v1.0.121
[INFO] [stderr]    Compiling fnv v1.0.7
[INFO] [stderr]    Compiling matches v0.1.8
[INFO] [stderr]    Compiling native-tls v0.2.7
[INFO] [stderr]    Compiling pin-utils v0.1.0
[INFO] [stderr]    Compiling futures-task v0.3.12
[INFO] [stderr]    Compiling hashbrown v0.9.1
[INFO] [stderr]    Compiling tinyvec_macros v0.1.0
[INFO] [stderr]    Compiling httparse v1.3.4
[INFO] [stderr]    Compiling ryu v1.0.5
[INFO] [stderr]    Compiling futures-sink v0.3.12
[INFO] [stderr]    Compiling try-lock v0.2.3
[INFO] [stderr]    Compiling percent-encoding v2.1.0
[INFO] [stderr]    Compiling syn v0.15.44
[INFO] [stderr]    Compiling unicode-width v0.1.8
[INFO] [stderr]    Compiling unicode-segmentation v1.7.1
[INFO] [stderr]    Compiling httpdate v0.3.2
[INFO] [stderr]    Compiling serde_json v1.0.61
[INFO] [stderr]    Compiling tower-service v0.3.1
[INFO] [stderr]    Compiling encoding_rs v0.8.26
[INFO] [stderr]    Compiling regex v0.2.11
[INFO] [stderr]    Compiling ucd-util v0.1.8
[INFO] [stderr]    Compiling utf8-ranges v1.0.4
[INFO] [stderr]    Compiling base64 v0.13.0
[INFO] [stderr]    Compiling mime v0.3.16
[INFO] [stderr]    Compiling ipnet v2.3.0
[INFO] [stderr]    Compiling either v1.6.1
[INFO] [stderr]    Compiling xdg v2.2.0
[INFO] [stderr]    Compiling instant v0.1.9
[INFO] [stderr]    Compiling tracing-core v0.1.17
[INFO] [stderr]    Compiling thread_local v0.3.6
[INFO] [stderr]    Compiling quote v0.6.13
[INFO] [stderr]    Compiling lock_api v0.4.2
[INFO] [stderr]    Compiling regex-syntax v0.5.6
[INFO] [stderr]    Compiling futures-channel v0.3.12
[INFO] [stderr]    Compiling itertools v0.10.0
[INFO] [stderr]    Compiling unicode-bidi v0.3.4
[INFO] [stderr]    Compiling form_urlencoded v1.0.0
[INFO] [stderr]    Compiling app_dirs v1.2.1
[INFO] [stderr]    Compiling futures-util v0.3.12
[INFO] [stderr]    Compiling textwrap v0.11.0
[INFO] [stderr]    Compiling tokio v1.1.0
[INFO] [stderr]    Compiling indexmap v1.6.1
[INFO] [stderr]    Compiling num-traits v0.2.14
[INFO] [stderr]    Compiling num-integer v0.1.44
[INFO] [stderr]    Compiling http v0.2.3
[INFO] [stderr]    Compiling want v0.3.0
[INFO] [stderr]    Compiling tracing v0.1.22
[INFO] [stderr]    Compiling tinyvec v1.1.0
[INFO] [stderr]    Compiling aho-corasick v0.6.10
[INFO] [stderr]    Compiling heck v0.3.2
[INFO] [stderr]    Compiling quote v1.0.8
[INFO] [stderr]    Compiling parking_lot_core v0.8.2
[INFO] [stderr]    Compiling mio v0.7.7
[INFO] [stderr]    Compiling num_cpus v1.13.0
[INFO] [stderr]    Compiling signal-hook-registry v1.3.0
[INFO] [stderr]    Compiling socket2 v0.3.19
[INFO] [stderr]    Compiling atty v0.2.14
[INFO] [stderr]    Compiling time v0.1.43
[INFO] [stderr]    Compiling parking_lot v0.11.1
[INFO] [stderr]    Compiling clap v2.33.3
[INFO] [stderr]    Compiling unicode-normalization v0.1.16
[INFO] [stderr]    Compiling openssl-sys v0.9.60
[INFO] [stderr]    Compiling http-body v0.4.0
[INFO] [stderr]    Compiling idna v0.2.0
[INFO] [stderr]    Compiling structopt-derive v0.2.18
[INFO] [stderr]    Compiling url v2.2.0
[INFO] [stderr]    Compiling structopt v0.2.18
[INFO] [stderr]    Compiling tokio-macros v1.0.0
[INFO] [stderr]    Compiling async-stream-impl v0.3.0
[INFO] [stderr]    Compiling pin-project-internal v1.0.4
[INFO] [stderr]    Compiling async-stream v0.3.0
[INFO] [stderr]    Compiling pin-project v0.4.27
[INFO] [stderr]    Compiling tracing-futures v0.2.4
[INFO] [stderr]    Compiling pin-project v1.0.4
[INFO] [stderr]    Compiling tokio-stream v0.1.2
[INFO] [stderr]    Compiling tokio-native-tls v0.3.0
[INFO] [stderr]    Compiling tokio-util v0.6.2
[INFO] [stderr]    Compiling h2 v0.3.0
[INFO] [stderr]    Compiling hyper v0.14.2
[INFO] [stderr]    Compiling serde_urlencoded v0.7.0
[INFO] [stderr]    Compiling chrono v0.4.19
[INFO] [stderr]    Compiling hyper-tls v0.5.0
[INFO] [stderr]    Compiling reqwest v0.11.0
[INFO] [stderr]    Compiling log_work v0.1.0 (/opt/rustwide/workdir)
[INFO] [stderr]     Finished dev [unoptimized + debuginfo] target(s) in 53.07s
[INFO] running `Command { std: "docker" "inspect" "9e80cc93140577f3e227e45b7a3424fd928480fd7e4cfc33bbe325f0ff10f31a", kill_on_drop: false }`
[INFO] running `Command { std: "docker" "rm" "-f" "9e80cc93140577f3e227e45b7a3424fd928480fd7e4cfc33bbe325f0ff10f31a", kill_on_drop: false }`
[INFO] [stdout] 9e80cc93140577f3e227e45b7a3424fd928480fd7e4cfc33bbe325f0ff10f31a
[INFO] running `Command { std: "docker" "create" "-v" "/var/lib/crater-agent-workspace/builds/worker-13/target:/opt/rustwide/target:rw,Z" "-v" "/var/lib/crater-agent-workspace/builds/worker-13/source:/opt/rustwide/workdir:ro,Z" "-v" "/var/lib/crater-agent-workspace/cargo-home:/opt/rustwide/cargo-home:ro,Z" "-v" "/var/lib/crater-agent-workspace/rustup-home:/opt/rustwide/rustup-home:ro,Z" "-e" "SOURCE_DIR=/opt/rustwide/workdir" "-e" "CARGO_TARGET_DIR=/opt/rustwide/target" "-e" "CARGO_INCREMENTAL=0" "-e" "RUST_BACKTRACE=full" "-e" "RUSTFLAGS=--cap-lints=warn" "-e" "CARGO_HOME=/opt/rustwide/cargo-home" "-e" "RUSTUP_HOME=/opt/rustwide/rustup-home" "-w" "/opt/rustwide/workdir" "-m" "1610612736" "--user" "0:0" "--network" "none" "ghcr.io/rust-lang/crates-build-env/linux@sha256:34b6a614d2c27851fe6cbf88fbd1137609cefab8b10d0615aaeb6fd47975d74e" "/opt/rustwide/cargo-home/bin/cargo" "+beta-2021-08-01" "test" "--frozen" "--no-run" "--message-format=json", kill_on_drop: false }`
[INFO] [stdout] 59095f2c2d33b474239a8997d4d3fbabe0778db815b77e80e0db7f25acfd6e53
[INFO] running `Command { std: "docker" "start" "-a" "59095f2c2d33b474239a8997d4d3fbabe0778db815b77e80e0db7f25acfd6e53", kill_on_drop: false }`
[INFO] [stderr]     Blocking waiting for file lock on package cache
[INFO] [stderr]    Compiling log_work v0.1.0 (/opt/rustwide/workdir)
[INFO] [stderr]     Finished test [unoptimized + debuginfo] target(s) in 7.14s
[INFO] running `Command { std: "docker" "inspect" "59095f2c2d33b474239a8997d4d3fbabe0778db815b77e80e0db7f25acfd6e53", kill_on_drop: false }`
[INFO] running `Command { std: "docker" "rm" "-f" "59095f2c2d33b474239a8997d4d3fbabe0778db815b77e80e0db7f25acfd6e53", kill_on_drop: false }`
[INFO] [stdout] 59095f2c2d33b474239a8997d4d3fbabe0778db815b77e80e0db7f25acfd6e53
[INFO] running `Command { std: "docker" "create" "-v" "/var/lib/crater-agent-workspace/builds/worker-13/target:/opt/rustwide/target:rw,Z" "-v" "/var/lib/crater-agent-workspace/builds/worker-13/source:/opt/rustwide/workdir:ro,Z" "-v" "/var/lib/crater-agent-workspace/cargo-home:/opt/rustwide/cargo-home:ro,Z" "-v" "/var/lib/crater-agent-workspace/rustup-home:/opt/rustwide/rustup-home:ro,Z" "-e" "SOURCE_DIR=/opt/rustwide/workdir" "-e" "CARGO_TARGET_DIR=/opt/rustwide/target" "-e" "CARGO_INCREMENTAL=0" "-e" "RUST_BACKTRACE=full" "-e" "RUSTFLAGS=--cap-lints=warn" "-e" "CARGO_HOME=/opt/rustwide/cargo-home" "-e" "RUSTUP_HOME=/opt/rustwide/rustup-home" "-w" "/opt/rustwide/workdir" "-m" "1610612736" "--user" "0:0" "--network" "none" "ghcr.io/rust-lang/crates-build-env/linux@sha256:34b6a614d2c27851fe6cbf88fbd1137609cefab8b10d0615aaeb6fd47975d74e" "/opt/rustwide/cargo-home/bin/cargo" "+beta-2021-08-01" "test" "--frozen", kill_on_drop: false }`
[INFO] [stdout] 76c0346a3a8191dedd4d97c43529dc7102df59da1236f23bd07e1857f6adf91a
[INFO] running `Command { std: "docker" "start" "-a" "76c0346a3a8191dedd4d97c43529dc7102df59da1236f23bd07e1857f6adf91a", kill_on_drop: false }`
[INFO] [stderr]     Finished test [unoptimized + debuginfo] target(s) in 0.20s
[INFO] [stderr]      Running unittests (/opt/rustwide/target/debug/deps/log_work-b631b37b9450b99c)
[INFO] [stdout] 
[INFO] [stdout] running 19 tests
[INFO] [stdout] test log_work::required_time::tests::test_parse_required_time_with_conflict_error_2 ... ok
[INFO] [stdout] test log_work::required_time::tests::test_parse_required_time_duplicate_without_conflict ... ok
[INFO] [stdout] test log_work::required_time::tests::test_parse_required_time_with_conflict_error_1 ... ok
[INFO] [stdout] test log_work::required_time::tests::test_consolidate_required_time ... ok
[INFO] [stdout] test log_work::required_time::tests::test_parse_required_time_2 ... ok
[INFO] [stdout] test log_work::required_time::tests::test_parse_required_time_1 ... ok
[INFO] [stdout] test log_work::required_time::tests::test_parse_required_time_4 ... ok
[INFO] [stdout] test log_work::required_time::tests::test_parse_required_time_with_unknown_type_error ... ok
[INFO] [stdout] test log_work::required_time::tests::test_parse_required_time_with_foo ... ok
[INFO] [stdout] test log_work::required_time::tests::test_parse_required_time_3 ... ok
[INFO] [stdout] test log_work::required_time::tests::test_parse_required_time_with_invalid_range_error ... ok
[INFO] [stdout] test log_work::work_day::tests::test_parse_error_wrong_day_2 ... ok
[INFO] [stdout] test log_work::work_day::tests::test_parse_error_wrong_day_1 ... ok
[INFO] [stdout] test log_work::work_day::tests::test_parse_missing_final_pause_in_lenient_mode ... ok
[INFO] [stdout] test log_work::work_day::tests::test_parse_error_missing_final_pause ... ok
[INFO] [stdout] test log_work::work_day::tests::test_parse_error_entry_after_separator ... ok
[INFO] [stdout] test log_work::work_day::tests::test_parse_error_wrong_day_3 ... ok
[INFO] [stdout] test log_work::work_day::tests::test_parse_error_time_non_monotonic ... ok
[INFO] [stdout] test log_work::work_day::tests::test_parse_entries_line_with_empty_lines ... FAILED
[INFO] [stdout] 
[INFO] [stdout] failures:
[INFO] [stdout] 
[INFO] [stdout] ---- log_work::work_day::tests::test_parse_entries_line_with_empty_lines stdout ----
[INFO] [stdout] thread 'log_work::work_day::tests::test_parse_entries_line_with_empty_lines' panicked at 'assertion failed: `(left == right)`
[INFO] [stdout]   left: `WorkDay { date: 2018-05-04+00:00, entries: [Entry { start_ts: 12:27:00, duration: Duration { secs: 1200, nanos: 0 }, key: "Foo", sub_keys: [], raw_data: "-- 2018-05-04 Mo 12:27 -- Foo\nBar Baz\n" }, Entry { start_ts: 12:47:00, duration: Duration { secs: 3660, nanos: 0 }, key: "Bam", sub_keys: [], raw_data: "-- 2018-05-04 Mo 12:47 -- Bam\n" }, Entry { start_ts: 13:48:00, duration: Duration { secs: 0, nanos: 0 }, key: "Pause", sub_keys: ["Blah"], raw_data: "-- 2018-05-04 Mo 13:48 -- Pause Blah\n" }], additional_text: "Hier kommt jetzt einfach nur noch geblubber\n" }`,
[INFO] [stdout]  right: `WorkDay { date: 2018-05-04+00:00, entries: [Entry { start_ts: 12:27:00, duration: Duration { secs: 1200, nanos: 0 }, key: "Foo", sub_keys: [], raw_data: "-- 2018-05-04 Mo 12:27 -- Foo\nBar Baz\n" }, Entry { start_ts: 12:47:00, duration: Duration { secs: 3660, nanos: 0 }, key: "Bam", sub_keys: [], raw_data: "-- 2018-05-04 Mo 12:47 -- Bam\n" }, Entry { start_ts: 13:48:00, duration: Duration { secs: 0, nanos: 0 }, key: "Pause", sub_keys: [], raw_data: "-- 2018-05-04 Mo 13:48 -- Pause Blah\n" }], additional_text: "Hier kommt jetzt einfach nur noch geblubber\n" }`', src/log_work/work_day.rs:541:9
[INFO] [stdout] stack backtrace:
[INFO] [stdout]    0:     0x55be55358dc0 - std::backtrace_rs::backtrace::libunwind::trace::hff4d1766e93f64f1
[INFO] [stdout]                                at /rustc/53fd98ca776cb875bc9e5514f56b52eb74f9e7a9/library/std/src/../../backtrace/src/backtrace/libunwind.rs:90:5
[INFO] [stdout]    1:     0x55be55358dc0 - std::backtrace_rs::backtrace::trace_unsynchronized::h56bbc8eb78770bcb
[INFO] [stdout]                                at /rustc/53fd98ca776cb875bc9e5514f56b52eb74f9e7a9/library/std/src/../../backtrace/src/backtrace/mod.rs:66:5
[INFO] [stdout]    2:     0x55be55358dc0 - std::sys_common::backtrace::_print_fmt::h5c8e75464faca780
[INFO] [stdout]                                at /rustc/53fd98ca776cb875bc9e5514f56b52eb74f9e7a9/library/std/src/sys_common/backtrace.rs:67:5
[INFO] [stdout]    3:     0x55be55358dc0 - <std::sys_common::backtrace::_print::DisplayBacktrace as core::fmt::Display>::fmt::h48b88277def8b362
[INFO] [stdout]                                at /rustc/53fd98ca776cb875bc9e5514f56b52eb74f9e7a9/library/std/src/sys_common/backtrace.rs:46:22
[INFO] [stdout]    4:     0x55be5537b5dc - core::fmt::write::h3381b3176fe2b3d3
[INFO] [stdout]                                at /rustc/53fd98ca776cb875bc9e5514f56b52eb74f9e7a9/library/core/src/fmt/mod.rs:1115:17
[INFO] [stdout]    5:     0x55be55355cf5 - std::io::Write::write_fmt::h5f34a676f60246b5
[INFO] [stdout]                                at /rustc/53fd98ca776cb875bc9e5514f56b52eb74f9e7a9/library/std/src/io/mod.rs:1665:15
[INFO] [stdout]    6:     0x55be5535af3b - std::sys_common::backtrace::_print::ha537687d6c17dd0d
[INFO] [stdout]                                at /rustc/53fd98ca776cb875bc9e5514f56b52eb74f9e7a9/library/std/src/sys_common/backtrace.rs:49:5
[INFO] [stdout]    7:     0x55be5535af3b - std::sys_common::backtrace::print::h61376ae57d131d72
[INFO] [stdout]                                at /rustc/53fd98ca776cb875bc9e5514f56b52eb74f9e7a9/library/std/src/sys_common/backtrace.rs:36:9
[INFO] [stdout]    8:     0x55be5535af3b - std::panicking::default_hook::{{closure}}::h0f7208c0b9644a54
[INFO] [stdout]                                at /rustc/53fd98ca776cb875bc9e5514f56b52eb74f9e7a9/library/std/src/panicking.rs:208:50
[INFO] [stdout]    9:     0x55be5535aa4c - std::panicking::default_hook::hdac7fc06578c14ce
[INFO] [stdout]                                at /rustc/53fd98ca776cb875bc9e5514f56b52eb74f9e7a9/library/std/src/panicking.rs:222:9
[INFO] [stdout]   10:     0x55be5535b604 - std::panicking::rust_panic_with_hook::h72b21c283da3d1ef
[INFO] [stdout]                                at /rustc/53fd98ca776cb875bc9e5514f56b52eb74f9e7a9/library/std/src/panicking.rs:622:17
[INFO] [stdout]   11:     0x55be5535b0e7 - std::panicking::begin_panic_handler::{{closure}}::he5778f1729cff84a
[INFO] [stdout]                                at /rustc/53fd98ca776cb875bc9e5514f56b52eb74f9e7a9/library/std/src/panicking.rs:519:13
[INFO] [stdout]   12:     0x55be5535929c - std::sys_common::backtrace::__rust_end_short_backtrace::h2d11ca8b453b4b1d
[INFO] [stdout]                                at /rustc/53fd98ca776cb875bc9e5514f56b52eb74f9e7a9/library/std/src/sys_common/backtrace.rs:141:18
[INFO] [stdout]   13:     0x55be5535b049 - rust_begin_unwind
[INFO] [stdout]                                at /rustc/53fd98ca776cb875bc9e5514f56b52eb74f9e7a9/library/std/src/panicking.rs:515:5
[INFO] [stdout]   14:     0x55be5517f8c1 - core::panicking::panic_fmt::hf9de31d4acbce4db
[INFO] [stdout]                                at /rustc/53fd98ca776cb875bc9e5514f56b52eb74f9e7a9/library/core/src/panicking.rs:92:14
[INFO] [stdout]   15:     0x55be55379ef8 - core::panicking::assert_failed_inner::h62e8cb2847a6e7ec
[INFO] [stdout]   16:     0x55be5518b91a - core::panicking::assert_failed::h0b7ac9a568f16523
[INFO] [stdout]                                at /rustc/53fd98ca776cb875bc9e5514f56b52eb74f9e7a9/library/core/src/panicking.rs:117:5
[INFO] [stdout]   17:     0x55be55192d84 - log_work::log_work::work_day::tests::test_parse_entries_line_with_empty_lines::h95d5d2c1a3770cb7
[INFO] [stdout]                                at /opt/rustwide/workdir/src/log_work/work_day.rs:541:9
[INFO] [stdout]   18:     0x55be551922ea - log_work::log_work::work_day::tests::test_parse_entries_line_with_empty_lines::{{closure}}::h25c11cf120068254
[INFO] [stdout]                                at /opt/rustwide/workdir/src/log_work/work_day.rs:509:5
[INFO] [stdout]   19:     0x55be551a359e - core::ops::function::FnOnce::call_once::h89512a122adf1ae5
[INFO] [stdout]                                at /rustc/53fd98ca776cb875bc9e5514f56b52eb74f9e7a9/library/core/src/ops/function.rs:227:5
[INFO] [stdout]   20:     0x55be551e4333 - core::ops::function::FnOnce::call_once::hbb52c4519d3137b0
[INFO] [stdout]                                at /rustc/53fd98ca776cb875bc9e5514f56b52eb74f9e7a9/library/core/src/ops/function.rs:227:5
[INFO] [stdout]   21:     0x55be551e4333 - test::__rust_begin_short_backtrace::h86fe3a2a5a5121af
[INFO] [stdout]                                at /rustc/53fd98ca776cb875bc9e5514f56b52eb74f9e7a9/library/test/src/lib.rs:578:5
[INFO] [stdout]   22:     0x55be551e2de8 - <alloc::boxed::Box<F,A> as core::ops::function::FnOnce<Args>>::call_once::hfd956bc3d57399be
[INFO] [stdout]                                at /rustc/53fd98ca776cb875bc9e5514f56b52eb74f9e7a9/library/alloc/src/boxed.rs:1572:9
[INFO] [stdout]   23:     0x55be551e2de8 - <std::panic::AssertUnwindSafe<F> as core::ops::function::FnOnce<()>>::call_once::h40dc93e0ddb5938a
[INFO] [stdout]                                at /rustc/53fd98ca776cb875bc9e5514f56b52eb74f9e7a9/library/std/src/panic.rs:347:9
[INFO] [stdout]   24:     0x55be551e2de8 - std::panicking::try::do_call::h90d07750cb47c562
[INFO] [stdout]                                at /rustc/53fd98ca776cb875bc9e5514f56b52eb74f9e7a9/library/std/src/panicking.rs:401:40
[INFO] [stdout]   25:     0x55be551e2de8 - std::panicking::try::h063c84733ad2a629
[INFO] [stdout]                                at /rustc/53fd98ca776cb875bc9e5514f56b52eb74f9e7a9/library/std/src/panicking.rs:365:19
[INFO] [stdout]   26:     0x55be551e2de8 - std::panic::catch_unwind::h0c464836a84e7c08
[INFO] [stdout]                                at /rustc/53fd98ca776cb875bc9e5514f56b52eb74f9e7a9/library/std/src/panic.rs:434:14
[INFO] [stdout]   27:     0x55be551e2de8 - test::run_test_in_process::h5cb06ef620b157fc
[INFO] [stdout]                                at /rustc/53fd98ca776cb875bc9e5514f56b52eb74f9e7a9/library/test/src/lib.rs:601:18
[INFO] [stdout]   28:     0x55be551e2de8 - test::run_test::run_test_inner::{{closure}}::h76f677f4b93f9828
[INFO] [stdout]                                at /rustc/53fd98ca776cb875bc9e5514f56b52eb74f9e7a9/library/test/src/lib.rs:493:39
[INFO] [stdout]   29:     0x55be551b157d - test::run_test::run_test_inner::{{closure}}::h366d01fe04f4d67a
[INFO] [stdout]                                at /rustc/53fd98ca776cb875bc9e5514f56b52eb74f9e7a9/library/test/src/lib.rs:520:37
[INFO] [stdout]   30:     0x55be551b157d - std::sys_common::backtrace::__rust_begin_short_backtrace::h7dfa0de4eb395af2
[INFO] [stdout]                                at /rustc/53fd98ca776cb875bc9e5514f56b52eb74f9e7a9/library/std/src/sys_common/backtrace.rs:125:18
[INFO] [stdout]   31:     0x55be551b5d48 - std::thread::Builder::spawn_unchecked::{{closure}}::{{closure}}::hf0a74bb58798037f
[INFO] [stdout]                                at /rustc/53fd98ca776cb875bc9e5514f56b52eb74f9e7a9/library/std/src/thread/mod.rs:476:17
[INFO] [stdout]   32:     0x55be551b5d48 - <std::panic::AssertUnwindSafe<F> as core::ops::function::FnOnce<()>>::call_once::hb024e854818586ac
[INFO] [stdout]                                at /rustc/53fd98ca776cb875bc9e5514f56b52eb74f9e7a9/library/std/src/panic.rs:347:9
[INFO] [stdout]   33:     0x55be551b5d48 - std::panicking::try::do_call::hb2dd9f1d0d48e41d
[INFO] [stdout]                                at /rustc/53fd98ca776cb875bc9e5514f56b52eb74f9e7a9/library/std/src/panicking.rs:401:40
[INFO] [stdout]   34:     0x55be551b5d48 - std::panicking::try::h4717ae7bac8b2bf3
[INFO] [stdout]                                at /rustc/53fd98ca776cb875bc9e5514f56b52eb74f9e7a9/library/std/src/panicking.rs:365:19
[INFO] [stdout]   35:     0x55be551b5d48 - std::panic::catch_unwind::h0dc8a061326ce8d8
[INFO] [stdout]                                at /rustc/53fd98ca776cb875bc9e5514f56b52eb74f9e7a9/library/std/src/panic.rs:434:14
[INFO] [stdout]   36:     0x55be551b5d48 - std::thread::Builder::spawn_unchecked::{{closure}}::haa369e2d6fd00aa1
[INFO] [stdout]                                at /rustc/53fd98ca776cb875bc9e5514f56b52eb74f9e7a9/library/std/src/thread/mod.rs:475:30
[INFO] [stdout]   37:     0x55be551b5d48 - core::ops::function::FnOnce::call_once{{vtable.shim}}::h36dcf3de8b056f17
[INFO] [stdout]                                at /rustc/53fd98ca776cb875bc9e5514f56b52eb74f9e7a9/library/core/src/ops/function.rs:227:5
[INFO] [stdout]   38:     0x55be553601b7 - <alloc::boxed::Box<F,A> as core::ops::function::FnOnce<Args>>::call_once::h65c29e4642be2358
[INFO] [stdout]                                at /rustc/53fd98ca776cb875bc9e5514f56b52eb74f9e7a9/library/alloc/src/boxed.rs:1572:9
[INFO] [stdout]   39:     0x55be553601b7 - <alloc::boxed::Box<F,A> as core::ops::function::FnOnce<Args>>::call_once::hd0f8f7fbbd9fffbf
[INFO] [stdout]                                at /rustc/53fd98ca776cb875bc9e5514f56b52eb74f9e7a9/library/alloc/src/boxed.rs:1572:9
[INFO] [stdout]   40:     0x55be553601b7 - std::sys::unix::thread::Thread::new::thread_start::h2fd22fee3ca77b65
[INFO] [stdout]                                at /rustc/53fd98ca776cb875bc9e5514f56b52eb74f9e7a9/library/std/src/sys/unix/thread.rs:74:17
[INFO] [stdout]   41:     0x7f5136a6f609 - start_thread
[INFO] [stdout]   42:     0x7f513683f293 - clone
[INFO] [stdout]   43:                0x0 - <unknown>
[INFO] [stdout] 
[INFO] [stdout] 
[INFO] [stdout] failures:
[INFO] [stdout]     log_work::work_day::tests::test_parse_entries_line_with_empty_lines
[INFO] [stdout] 
[INFO] [stdout] test result: FAILED. 18 passed; 1 failed; 0 ignored; 0 measured; 0 filtered out; finished in 0.06s
[INFO] [stdout] 
[INFO] [stderr] error: test failed, to rerun pass '--bin log_work'
[INFO] running `Command { std: "docker" "inspect" "76c0346a3a8191dedd4d97c43529dc7102df59da1236f23bd07e1857f6adf91a", kill_on_drop: false }`
[INFO] running `Command { std: "docker" "rm" "-f" "76c0346a3a8191dedd4d97c43529dc7102df59da1236f23bd07e1857f6adf91a", kill_on_drop: false }`
[INFO] [stdout] 76c0346a3a8191dedd4d97c43529dc7102df59da1236f23bd07e1857f6adf91a
