[INFO] cloning repository https://github.com/beagleknight/raytracer
[INFO] running `Command { std: "git" "-c" "credential.helper=" "-c" "credential.helper=/workspace/cargo-home/bin/git-credential-null" "clone" "--bare" "https://github.com/beagleknight/raytracer" "/workspace/cache/git-repos/https%3A%2F%2Fgithub.com%2Fbeagleknight%2Fraytracer", kill_on_drop: false }`
[INFO] [stderr] Cloning into bare repository '/workspace/cache/git-repos/https%3A%2F%2Fgithub.com%2Fbeagleknight%2Fraytracer'...
[INFO] running `Command { std: "git" "rev-parse" "HEAD", kill_on_drop: false }`
[INFO] [stdout] 028aefbbd1f5a1ba623d232ff4503f56ff340aa0
[INFO] testing beagleknight/raytracer against beta-2021-08-01 for beta-1.55-1
[INFO] running `Command { std: "git" "clone" "/workspace/cache/git-repos/https%3A%2F%2Fgithub.com%2Fbeagleknight%2Fraytracer" "/workspace/builds/worker-87/source", kill_on_drop: false }`
[INFO] [stderr] Cloning into '/workspace/builds/worker-87/source'...
[INFO] [stderr] done.
[INFO] validating manifest of git repo https://github.com/beagleknight/raytracer on toolchain beta-2021-08-01
[INFO] running `Command { std: "/workspace/cargo-home/bin/cargo" "+beta-2021-08-01" "metadata" "--manifest-path" "Cargo.toml" "--no-deps", kill_on_drop: false }`
[INFO] started tweaking git repo https://github.com/beagleknight/raytracer
[INFO] finished tweaking git repo https://github.com/beagleknight/raytracer
[INFO] tweaked toml for git repo https://github.com/beagleknight/raytracer written to /workspace/builds/worker-87/source/Cargo.toml
[INFO] crate git repo https://github.com/beagleknight/raytracer already has a lockfile, it will not be regenerated
[INFO] running `Command { std: "/workspace/cargo-home/bin/cargo" "+beta-2021-08-01" "fetch" "--manifest-path" "Cargo.toml", kill_on_drop: false }`
[INFO] [stderr]     Blocking waiting for file lock on package cache
[INFO] [stderr]     Blocking waiting for file lock on package cache
[INFO] [stderr]  Downloading crates ...
[INFO] [stderr]   Downloaded float-cmp v0.5.3
[INFO] running `Command { std: "docker" "create" "-v" "/var/lib/crater-agent-workspace/builds/worker-87/target:/opt/rustwide/target:rw,Z" "-v" "/var/lib/crater-agent-workspace/builds/worker-87/source:/opt/rustwide/workdir:ro,Z" "-v" "/var/lib/crater-agent-workspace/cargo-home:/opt/rustwide/cargo-home:ro,Z" "-v" "/var/lib/crater-agent-workspace/rustup-home:/opt/rustwide/rustup-home:ro,Z" "-e" "SOURCE_DIR=/opt/rustwide/workdir" "-e" "CARGO_TARGET_DIR=/opt/rustwide/target" "-e" "CARGO_HOME=/opt/rustwide/cargo-home" "-e" "RUSTUP_HOME=/opt/rustwide/rustup-home" "-w" "/opt/rustwide/workdir" "-m" "1610612736" "--user" "0:0" "--network" "none" "ghcr.io/rust-lang/crates-build-env/linux@sha256:34b6a614d2c27851fe6cbf88fbd1137609cefab8b10d0615aaeb6fd47975d74e" "/opt/rustwide/cargo-home/bin/cargo" "+beta-2021-08-01" "metadata" "--no-deps" "--format-version=1", kill_on_drop: false }`
[INFO] [stdout] 985ebce5bcf8996649658762cb6a2c5ca26536fd5e841d858c4fd231765f4634
[INFO] running `Command { std: "docker" "start" "-a" "985ebce5bcf8996649658762cb6a2c5ca26536fd5e841d858c4fd231765f4634", kill_on_drop: false }`
[INFO] running `Command { std: "docker" "inspect" "985ebce5bcf8996649658762cb6a2c5ca26536fd5e841d858c4fd231765f4634", kill_on_drop: false }`
[INFO] running `Command { std: "docker" "rm" "-f" "985ebce5bcf8996649658762cb6a2c5ca26536fd5e841d858c4fd231765f4634", kill_on_drop: false }`
[INFO] [stdout] 985ebce5bcf8996649658762cb6a2c5ca26536fd5e841d858c4fd231765f4634
[INFO] running `Command { std: "docker" "create" "-v" "/var/lib/crater-agent-workspace/builds/worker-87/target:/opt/rustwide/target:rw,Z" "-v" "/var/lib/crater-agent-workspace/builds/worker-87/source:/opt/rustwide/workdir:ro,Z" "-v" "/var/lib/crater-agent-workspace/cargo-home:/opt/rustwide/cargo-home:ro,Z" "-v" "/var/lib/crater-agent-workspace/rustup-home:/opt/rustwide/rustup-home:ro,Z" "-e" "SOURCE_DIR=/opt/rustwide/workdir" "-e" "CARGO_TARGET_DIR=/opt/rustwide/target" "-e" "CARGO_INCREMENTAL=0" "-e" "RUST_BACKTRACE=full" "-e" "RUSTFLAGS=--cap-lints=warn" "-e" "CARGO_HOME=/opt/rustwide/cargo-home" "-e" "RUSTUP_HOME=/opt/rustwide/rustup-home" "-w" "/opt/rustwide/workdir" "-m" "1610612736" "--user" "0:0" "--network" "none" "ghcr.io/rust-lang/crates-build-env/linux@sha256:34b6a614d2c27851fe6cbf88fbd1137609cefab8b10d0615aaeb6fd47975d74e" "/opt/rustwide/cargo-home/bin/cargo" "+beta-2021-08-01" "build" "--frozen" "--message-format=json", kill_on_drop: false }`
[INFO] [stdout] a4b466d467be94f6140ccbc0571be6c5eec870eb717975d5a8f77f84a09b894a
[INFO] running `Command { std: "docker" "start" "-a" "a4b466d467be94f6140ccbc0571be6c5eec870eb717975d5a8f77f84a09b894a", kill_on_drop: false }`
[INFO] [stderr]    Compiling autocfg v0.1.6
[INFO] [stderr]    Compiling libc v0.2.65
[INFO] [stderr]    Compiling num-traits v0.2.8
[INFO] [stderr]    Compiling rand_chacha v0.1.1
[INFO] [stderr]    Compiling rand_pcg v0.1.2
[INFO] [stderr]    Compiling rand v0.6.5
[INFO] [stderr]    Compiling rand_os v0.1.3
[INFO] [stderr]    Compiling float-cmp v0.5.3
[INFO] [stderr]    Compiling tuples v0.1.0 (/opt/rustwide/workdir/tuples)
[INFO] [stderr]    Compiling colors v0.1.0 (/opt/rustwide/workdir/colors)
[INFO] [stderr]    Compiling canvas v0.1.0 (/opt/rustwide/workdir/canvas)
[INFO] [stderr]    Compiling matrices v0.1.0 (/opt/rustwide/workdir/matrices)
[INFO] [stderr]    Compiling lights v0.1.0 (/opt/rustwide/workdir/lights)
[INFO] [stderr]    Compiling transformations v0.1.0 (/opt/rustwide/workdir/transformations)
[INFO] [stderr]    Compiling rays v0.1.0 (/opt/rustwide/workdir/rays)
[INFO] [stderr]    Compiling cannon v0.1.0 (/opt/rustwide/workdir/cannon)
[INFO] [stderr]    Compiling clock v0.1.0 (/opt/rustwide/workdir/clock)
[INFO] [stderr]    Compiling uuid v0.7.4
[INFO] [stderr]    Compiling world v0.1.0 (/opt/rustwide/workdir/world)
[INFO] [stdout] warning: unused variable: `relative_intersections`
[INFO] [stdout]   --> world/src/intersections.rs:32:9
[INFO] [stdout]    |
[INFO] [stdout] 32 |         relative_intersections: &[&Intersection],
[INFO] [stdout]    |         ^^^^^^^^^^^^^^^^^^^^^^ help: if this is intentional, prefix it with an underscore: `_relative_intersections`
[INFO] [stdout]    |
[INFO] [stdout]    = note: `#[warn(unused_variables)]` on by default
[INFO] [stdout] 
[INFO] [stdout] 
[INFO] [stdout] warning: 1 warning emitted
[INFO] [stdout] 
[INFO] [stdout] 
[INFO] [stderr]    Compiling draw_scene v0.1.0 (/opt/rustwide/workdir/draw_scene)
[INFO] [stderr]    Compiling draw_sphere v0.1.0 (/opt/rustwide/workdir/draw_sphere)
[INFO] [stderr]     Finished dev [unoptimized + debuginfo] target(s) in 14.48s
[INFO] running `Command { std: "docker" "inspect" "a4b466d467be94f6140ccbc0571be6c5eec870eb717975d5a8f77f84a09b894a", kill_on_drop: false }`
[INFO] running `Command { std: "docker" "rm" "-f" "a4b466d467be94f6140ccbc0571be6c5eec870eb717975d5a8f77f84a09b894a", kill_on_drop: false }`
[INFO] [stdout] a4b466d467be94f6140ccbc0571be6c5eec870eb717975d5a8f77f84a09b894a
[INFO] running `Command { std: "docker" "create" "-v" "/var/lib/crater-agent-workspace/builds/worker-87/target:/opt/rustwide/target:rw,Z" "-v" "/var/lib/crater-agent-workspace/builds/worker-87/source:/opt/rustwide/workdir:ro,Z" "-v" "/var/lib/crater-agent-workspace/cargo-home:/opt/rustwide/cargo-home:ro,Z" "-v" "/var/lib/crater-agent-workspace/rustup-home:/opt/rustwide/rustup-home:ro,Z" "-e" "SOURCE_DIR=/opt/rustwide/workdir" "-e" "CARGO_TARGET_DIR=/opt/rustwide/target" "-e" "CARGO_INCREMENTAL=0" "-e" "RUST_BACKTRACE=full" "-e" "RUSTFLAGS=--cap-lints=warn" "-e" "CARGO_HOME=/opt/rustwide/cargo-home" "-e" "RUSTUP_HOME=/opt/rustwide/rustup-home" "-w" "/opt/rustwide/workdir" "-m" "1610612736" "--user" "0:0" "--network" "none" "ghcr.io/rust-lang/crates-build-env/linux@sha256:34b6a614d2c27851fe6cbf88fbd1137609cefab8b10d0615aaeb6fd47975d74e" "/opt/rustwide/cargo-home/bin/cargo" "+beta-2021-08-01" "test" "--frozen" "--no-run" "--message-format=json", kill_on_drop: false }`
[INFO] [stdout] c52a8f94026f25191d864d99350cb95042428449a48e7a065dc563e5d7b5015c
[INFO] running `Command { std: "docker" "start" "-a" "c52a8f94026f25191d864d99350cb95042428449a48e7a065dc563e5d7b5015c", kill_on_drop: false }`
[INFO] [stderr]     Blocking waiting for file lock on package cache
[INFO] [stderr]    Compiling tuples v0.1.0 (/opt/rustwide/workdir/tuples)
[INFO] [stderr]    Compiling colors v0.1.0 (/opt/rustwide/workdir/colors)
[INFO] [stderr]    Compiling matrices v0.1.0 (/opt/rustwide/workdir/matrices)
[INFO] [stderr]    Compiling canvas v0.1.0 (/opt/rustwide/workdir/canvas)
[INFO] [stderr]    Compiling lights v0.1.0 (/opt/rustwide/workdir/lights)
[INFO] [stderr]    Compiling transformations v0.1.0 (/opt/rustwide/workdir/transformations)
[INFO] [stderr]    Compiling cannon v0.1.0 (/opt/rustwide/workdir/cannon)
[INFO] [stderr]    Compiling clock v0.1.0 (/opt/rustwide/workdir/clock)
[INFO] [stderr]    Compiling rays v0.1.0 (/opt/rustwide/workdir/rays)
[INFO] [stderr]    Compiling world v0.1.0 (/opt/rustwide/workdir/world)
[INFO] [stdout] warning: unused variable: `relative_intersections`
[INFO] [stdout]   --> world/src/intersections.rs:32:9
[INFO] [stdout]    |
[INFO] [stdout] 32 |         relative_intersections: &[&Intersection],
[INFO] [stdout]    |         ^^^^^^^^^^^^^^^^^^^^^^ help: if this is intentional, prefix it with an underscore: `_relative_intersections`
[INFO] [stdout]    |
[INFO] [stdout]    = note: `#[warn(unused_variables)]` on by default
[INFO] [stdout] 
[INFO] [stdout] 
[INFO] [stderr]    Compiling draw_sphere v0.1.0 (/opt/rustwide/workdir/draw_sphere)
[INFO] [stdout] warning: 1 warning emitted
[INFO] [stdout] 
[INFO] [stdout] 
[INFO] [stderr]    Compiling draw_scene v0.1.0 (/opt/rustwide/workdir/draw_scene)
[INFO] [stdout] warning: unused variable: `relative_intersections`
[INFO] [stdout]   --> world/src/intersections.rs:32:9
[INFO] [stdout]    |
[INFO] [stdout] 32 |         relative_intersections: &[&Intersection],
[INFO] [stdout]    |         ^^^^^^^^^^^^^^^^^^^^^^ help: if this is intentional, prefix it with an underscore: `_relative_intersections`
[INFO] [stdout]    |
[INFO] [stdout]    = note: `#[warn(unused_variables)]` on by default
[INFO] [stdout] 
[INFO] [stdout] 
[INFO] [stdout] warning: 1 warning emitted
[INFO] [stdout] 
[INFO] [stdout] 
[INFO] [stderr]     Finished test [unoptimized + debuginfo] target(s) in 5.68s
[INFO] running `Command { std: "docker" "inspect" "c52a8f94026f25191d864d99350cb95042428449a48e7a065dc563e5d7b5015c", kill_on_drop: false }`
[INFO] running `Command { std: "docker" "rm" "-f" "c52a8f94026f25191d864d99350cb95042428449a48e7a065dc563e5d7b5015c", kill_on_drop: false }`
[INFO] [stdout] c52a8f94026f25191d864d99350cb95042428449a48e7a065dc563e5d7b5015c
[INFO] running `Command { std: "docker" "create" "-v" "/var/lib/crater-agent-workspace/builds/worker-87/target:/opt/rustwide/target:rw,Z" "-v" "/var/lib/crater-agent-workspace/builds/worker-87/source:/opt/rustwide/workdir:ro,Z" "-v" "/var/lib/crater-agent-workspace/cargo-home:/opt/rustwide/cargo-home:ro,Z" "-v" "/var/lib/crater-agent-workspace/rustup-home:/opt/rustwide/rustup-home:ro,Z" "-e" "SOURCE_DIR=/opt/rustwide/workdir" "-e" "CARGO_TARGET_DIR=/opt/rustwide/target" "-e" "CARGO_INCREMENTAL=0" "-e" "RUST_BACKTRACE=full" "-e" "RUSTFLAGS=--cap-lints=warn" "-e" "CARGO_HOME=/opt/rustwide/cargo-home" "-e" "RUSTUP_HOME=/opt/rustwide/rustup-home" "-w" "/opt/rustwide/workdir" "-m" "1610612736" "--user" "0:0" "--network" "none" "ghcr.io/rust-lang/crates-build-env/linux@sha256:34b6a614d2c27851fe6cbf88fbd1137609cefab8b10d0615aaeb6fd47975d74e" "/opt/rustwide/cargo-home/bin/cargo" "+beta-2021-08-01" "test" "--frozen", kill_on_drop: false }`
[INFO] [stdout] 26875d033e700e812a2a409f3e67650508a2c9eaa95319e15701e2b8d78c6c62
[INFO] running `Command { std: "docker" "start" "-a" "26875d033e700e812a2a409f3e67650508a2c9eaa95319e15701e2b8d78c6c62", kill_on_drop: false }`
[INFO] [stderr]     Blocking waiting for file lock on package cache
[INFO] [stderr] warning: unused variable: `relative_intersections`
[INFO] [stderr]   --> world/src/intersections.rs:32:9
[INFO] [stderr]    |
[INFO] [stderr] 32 |         relative_intersections: &[&Intersection],
[INFO] [stderr]    |         ^^^^^^^^^^^^^^^^^^^^^^ help: if this is intentional, prefix it with an underscore: `_relative_intersections`
[INFO] [stderr]    |
[INFO] [stderr]    = note: `#[warn(unused_variables)]` on by default
[INFO] [stderr] 
[INFO] [stderr] warning: `world` (lib) generated 1 warning
[INFO] [stderr] warning: `world` (lib test) generated 1 warning (1 duplicate)
[INFO] [stderr]     Finished test [unoptimized + debuginfo] target(s) in 5.70s
[INFO] [stderr]      Running unittests (/opt/rustwide/target/debug/deps/cannon-0e8ef16865d30e50)
[INFO] [stdout] 
[INFO] [stdout] running 0 tests
[INFO] [stdout] 
[INFO] [stdout] test result: ok. 0 passed; 0 failed; 0 ignored; 0 measured; 0 filtered out; finished in 0.00s
[INFO] [stdout] 
[INFO] [stdout] 
[INFO] [stdout] running 6 tests
[INFO] [stdout] test tests::constructing_the_ppm_header ... ok
[INFO] [stdout] test tests::creating_a_canvas ... ok
[INFO] [stderr]      Running unittests (/opt/rustwide/target/debug/deps/canvas-ae8897322321af17)
[INFO] [stdout] test tests::ppm_files_are_terminated_by_a_newline_character ... ok
[INFO] [stdout] test tests::constructing_the_ppm_pixel_data ... ok
[INFO] [stdout] test tests::splitting_long_lines_in_ppm_files ... ok
[INFO] [stdout] test tests::writing_pixels_to_a_canvas ... ok
[INFO] [stdout] 
[INFO] [stdout] test result: ok. 6 passed; 0 failed; 0 ignored; 0 measured; 0 filtered out; finished in 0.01s
[INFO] [stdout] 
[INFO] [stderr]      Running unittests (/opt/rustwide/target/debug/deps/clock-edbaf840eb016d68)
[INFO] [stdout] 
[INFO] [stdout] running 0 tests
[INFO] [stdout] 
[INFO] [stdout] test result: ok. 0 passed; 0 failed; 0 ignored; 0 measured; 0 filtered out; finished in 0.00s
[INFO] [stdout] 
[INFO] [stderr]      Running unittests (/opt/rustwide/target/debug/deps/colors-256c12a6d0183fff)
[INFO] [stdout] 
[INFO] [stdout] running 5 tests
[INFO] [stdout] test tests::adding_colors ... ok
[INFO] [stdout] test tests::colors_are_tuples ... ok
[INFO] [stdout] test tests::multiplying_a_color_by_a_scalar ... ok
[INFO] [stdout] test tests::multiplying_colors ... ok
[INFO] [stdout] test tests::subtracting_colors ... ok
[INFO] [stdout] 
[INFO] [stdout] test result: ok. 5 passed; 0 failed; 0 ignored; 0 measured; 0 filtered out; finished in 0.01s
[INFO] [stdout] 
[INFO] [stderr]      Running unittests (/opt/rustwide/target/debug/deps/draw_scene-1539a061527253ea)
[INFO] [stdout] 
[INFO] [stdout] running 0 tests
[INFO] [stdout] 
[INFO] [stdout] test result: ok. 0 passed; 0 failed; 0 ignored; 0 measured; 0 filtered out; finished in 0.00s
[INFO] [stdout] 
[INFO] [stdout] 
[INFO] [stdout] running 0 tests
[INFO] [stdout] 
[INFO] [stdout] test result: ok. 0 passed; 0 failed; 0 ignored; 0 measured; 0 filtered out; finished in 0.00s
[INFO] [stdout] 
[INFO] [stderr]      Running unittests (/opt/rustwide/target/debug/deps/draw_sphere-d330d17c3c0c1713)
[INFO] [stderr]      Running unittests (/opt/rustwide/target/debug/deps/lights-7d8788c8dff9798a)
[INFO] [stdout] 
[INFO] [stdout] running 1 test
[INFO] [stdout] test tests::point_light_has_a_position_and_intensity ... ok
[INFO] [stdout] 
[INFO] [stdout] test result: ok. 1 passed; 0 failed; 0 ignored; 0 measured; 0 filtered out; finished in 0.00s
[INFO] [stdout] 
[INFO] [stdout] 
[INFO] [stdout] running 22 tests
[INFO] [stdout] test tests::calculating_a_cofactor_of_a_3x3_matrix ... ok
[INFO] [stdout] test tests::calculating_a_minor_of_a_3x3_matrix ... ok
[INFO] [stdout] test tests::transposing_the_identity_matrix ... ok
[INFO] [stdout] test tests::testing_an_invertible_matrix_for_invertibility ... ok
[INFO] [stdout] test tests::multiplying_a_product_by_its_inverse ... ok
[INFO] [stderr]      Running unittests (/opt/rustwide/target/debug/deps/matrices-afcea7175e31b607)
[INFO] [stdout] test tests::matrix_multiplied_by_a_tuple ... ok
[INFO] [stdout] test tests::can_represent_3x3_matrix ... ok
[INFO] [stdout] test tests::can_represent_2x2_matrix ... ok
[INFO] [stdout] test tests::matrix_equality_with_different_matrices ... ok
[INFO] [stdout] test tests::multipliying_a_matrix_by_a_tuple ... ok
[INFO] [stdout] test tests::matrix_equality_with_identical_matrices ... ok
[INFO] [stdout] test tests::calculating_the_determinant_of_4x4_matrix ... ok
[INFO] [stdout] test tests::constructing_and_inspecting_a_4x4_matrix ... ok
[INFO] [stdout] test tests::multipliying_a_matrix_by_the_identity_matrix ... ok
[INFO] [stdout] test tests::multiplying_two_matrices ... ok
[INFO] [stdout] test tests::calculating_the_determinant_of_3x3_matrix ... ok
[INFO] [stdout] test tests::calculating_the_inverse_of_a_matrix ... ok
[INFO] [stdout] test tests::submatrix_of_3x3_matrix_is_2x2_matrix ... ok
[INFO] [stdout] test tests::submatrix_of_4x4_matrix_is_3x3_matrix ... ok
[INFO] [stdout] test tests::testing_a_non_invertible_matrix_for_invertibility ... ok
[INFO] [stdout] test tests::transposing_a_matrix ... ok
[INFO] [stdout] test tests::calculating_the_determinant_of_2x2_matrix ... ok
[INFO] [stdout] 
[INFO] [stdout] test result: ok. 22 passed; 0 failed; 0 ignored; 0 measured; 0 filtered out; finished in 0.01s
[INFO] [stdout] 
[INFO] [stderr]      Running unittests (/opt/rustwide/target/debug/deps/rays-f814ba5982e1cadd)
[INFO] [stdout] 
[INFO] [stdout] running 4 tests
[INFO] [stdout] test tests::computing_a_point_from_a_distance ... ok
[INFO] [stdout] test tests::creating_and_querying_a_ray ... ok
[INFO] [stdout] test tests::scaling_a_ray ... ok
[INFO] [stdout] test tests::translating_a_ray ... ok
[INFO] [stdout] 
[INFO] [stdout] test result: ok. 4 passed; 0 failed; 0 ignored; 0 measured; 0 filtered out; finished in 0.01s
[INFO] [stdout] 
[INFO] [stdout] 
[INFO] [stdout] running 23 tests
[INFO] [stderr]      Running unittests (/opt/rustwide/target/debug/deps/transformations-d37d94f65b57d72d)
[INFO] [stdout] test tests::shearing_transformation_moves_z_in_proportion_to_y ... ok
[INFO] [stderr]      Running unittests (/opt/rustwide/target/debug/deps/tuples-ace4563f89e64b20)
[INFO] [stdout] test tests::multiplying_by_a_translation_matrix ... ok
[INFO] [stdout] test tests::multiplying_by_the_inverse_of_scaling_matrix ... ok
[INFO] [stdout] test tests::multiplying_by_the_inverse_of_translation_matrix ... ok
[INFO] [stdout] test tests::reflection_is_scaling_by_a_negative_value ... ok
[INFO] [stdout] test tests::scaling_matrix_applied_to_a_point ... ok
[INFO] [stdout] test tests::scaling_matrix_applied_to_a_vector ... ok
[INFO] [stdout] test tests::shearing_transformation_moves_x_in_proportion_to_y ... ok
[INFO] [stdout] test tests::shearing_transformation_moves_x_in_proportion_to_z ... ok
[INFO] [stdout] test tests::shearing_transformation_moves_y_in_proportion_to_x ... ok
[INFO] [stdout] test tests::shearing_transformation_moves_y_in_proportion_to_z ... ok
[INFO] [stdout] test tests::shearing_transformation_moves_z_in_proportion_to_x ... ok
[INFO] [stdout] test tests::translation_does_not_affect_vectors ... ok
[INFO] [stdout] test tests::view_transformation_matrix_for_the_default_orientation ... ok
[INFO] [stdout] test tests::chained_transformations_must_be_applied_in_reverse_order ... ok
[INFO] [stdout] test tests::view_transformation_matrix_moves_the_world ... ok
[INFO] [stdout] test tests::view_transformation_matrix_looking_in_positive_z_direction ... ok
[INFO] [stdout] test tests::individual_transformations_are_applied_in_sequence ... ok
[INFO] [stdout] test tests::an_arbitrary_view_transformation ... ok
[INFO] [stdout] test tests::inverse_of_an_x_rotation_rotates_in_the_opposite_direction ... ok
[INFO] [stdout] test tests::rotating_a_point_around_the_x_axis ... ok
[INFO] [stdout] test tests::rotating_a_point_around_the_y_axis ... ok
[INFO] [stdout] test tests::rotating_a_point_around_the_z_axis ... ok
[INFO] [stdout] 
[INFO] [stdout] test result: ok. 23 passed; 0 failed; 0 ignored; 0 measured; 0 filtered out; finished in 0.03s
[INFO] [stdout] 
[INFO] [stdout] 
[INFO] [stdout] running 20 tests
[INFO] [stdout] test tests::adding_two_tuples ... ok
[INFO] [stdout] test tests::cross_product_of_two_vectors ... ok
[INFO] [stdout] test tests::computing_the_magnitude_of_some_vectors ... ok
[INFO] [stdout] test tests::multiplying_a_tuple_by_a_scalar ... ok
[INFO] [stdout] test tests::normalizing_some_vectors ... ok
[INFO] [stdout] test tests::point_creates_tuples_with_w_equal_to_1 ... ok
[INFO] [stdout] test tests::dividing_a_tuple_by_a_scalar ... ok
[INFO] [stdout] test tests::magnitude_of_a_normalized_vector ... ok
[INFO] [stdout] test tests::dot_product_of_two_vectors ... ok
[INFO] [stdout] test tests::reflecting_a_vector_approaching_at_45_degree ... ok
[INFO] [stdout] test tests::multiplying_a_tuple_by_a_fraction ... ok
[INFO] [stdout] test tests::negating_a_tuple ... ok
[INFO] [stdout] test tests::substracting_two_vectors ... ok
[INFO] [stdout] test tests::tuple_with_w_equal_to_0_is_a_vector ... ok
[INFO] [stdout] test tests::substracting_two_points ... ok
[INFO] [stdout] test tests::reflecting_a_vector_off_a_slanted_surface ... ok
[INFO] [stdout] test tests::vector_creates_tuples_with_w_equal_to_0 ... ok
[INFO] [stdout] test tests::tuple_with_w_equal_to_1_is_a_point ... ok
[INFO] [stdout] test tests::substracting_a_vector_from_a_point ... ok
[INFO] [stdout] test tests::subtracting_a_vector_from_the_zero_vector ... ok
[INFO] [stdout] 
[INFO] [stdout] test result: ok. 20 passed; 0 failed; 0 ignored; 0 measured; 0 filtered out; finished in 0.06s
[INFO] [stdout] 
[INFO] [stderr]      Running unittests (/opt/rustwide/target/debug/deps/world-cfd27e8e483a74f3)
[INFO] [stdout] 
[INFO] [stdout] running 83 tests
[INFO] [stdout] test intersections::tests::aggregating_intersections ... ok
[INFO] [stdout] test camera::tests::constructing_a_camera ... ok
[INFO] [stdout] test camera::tests::constructing_a_ray_through_the_center_of_the_canvas ... ok
[INFO] [stdout] test camera::tests::pixel_size_for_a_horizontal_canvas ... ok
[INFO] [stdout] test camera::tests::constructing_a_ray_when_the_camera_is_transformed ... ok
[INFO] [stdout] test camera::tests::constructing_a_ray_through_a_corner_of_the_canvas ... ok
[INFO] [stdout] test camera::tests::pixel_size_for_a_vertical_canvas ... ok
[INFO] [stdout] test intersections::tests::hit_when_some_intersections_have_negative_t ... ok
[INFO] [stdout] test intersections::tests::precomputing_the_reflection_vector ... ok
[INFO] [stdout] test materials::tests::lighting_with_eye_in_the_path_of_the_reflection_vector ... ok
[INFO] [stdout] test intersections::tests::hit_when_all_intersections_have_negative_t ... ok
[INFO] [stdout] test materials::tests::lighting_with_eye_opposite_surface_light_offset_45_degree ... ok
[INFO] [stdout] test materials::tests::lightning_with_the_light_behind_the_surface ... ok
[INFO] [stdout] test patterns::gradient::test::gradient_pattern_interpolates_between_colors ... ok
[INFO] [stdout] test materials::tests::lightning_with_the_surface_in_shadow ... ok
[INFO] [stdout] test materials::tests::transparency_and_refractive_index_for_the_default_material ... ok
[INFO] [stdout] test object::tests::intersecting_a_scaled_object_with_a_ray ... ok
[INFO] [stdout] test patterns::checkers::test::checkers_should_repeat_in_x ... ok
[INFO] [stdout] test patterns::checkers::test::checkers_should_repeat_in_y ... ok
[INFO] [stdout] test patterns::checkers::test::checkers_should_repeat_in_z ... ok
[INFO] [stdout] test materials::tests::lighting_with_the_eye_between_the_light_and_the_surface ... ok
[INFO] [stdout] test materials::tests::lightning_with_a_pattern_applied ... ok
[INFO] [stdout] test object::tests::intersecting_a_translated_object_with_a_ray ... ok
[INFO] [stdout] test patterns::ring::test::ring_should_extend_in_both_x_and_z ... ok
[INFO] [stdout] test object::tests::default_material ... ok
[INFO] [stdout] test patterns::stripes::test::stripe_pattern_alternates_in_x ... ok
[INFO] [stdout] test patterns::stripes::test::stripe_pattern_is_constant_in_y ... ok
[INFO] [stdout] test shapes::planes::test::intersect_with_a_coplanar_ray ... ok
[INFO] [stdout] test shapes::planes::test::intersect_with_a_ray_parallel_to_the_plane ... ok
[INFO] [stdout] test shapes::spheres::tests::normal_is_a_normalized_vector ... ok
[INFO] [stdout] test tests::intersect_a_world_with_a_ray ... ok
[INFO] [stdout] test shapes::spheres::tests::ray_misses_a_sphere ... ok
[INFO] [stdout] test shapes::spheres::tests::ray_originates_inside_a_sphere ... ok
[INFO] [stdout] test tests::color_when_a_ray_misses ... ok
[INFO] [stdout] test tests::no_shadow_when_nothing_is_collinear_with_point_and_light ... ok
[INFO] [stdout] test tests::creating_a_world ... ok
[INFO] [stdout] test tests::shading_and_intersection ... ok
[INFO] [stdout] test tests::reflected_color_for_a_reflective_material ... ok
[INFO] [stdout] test patterns::tests::assigning_a_transformation ... ok
[INFO] [stdout] test shapes::spheres::tests::helper_for_producing_a_sphere_with_a_glassy_material ... ok
[INFO] [stdout] test shapes::spheres::tests::hit_should_offset_the_point ... ok
[INFO] [stdout] test shapes::spheres::tests::hit_when_an_intersection_occurs_on_the_inside ... ok
[INFO] [stdout] test shapes::spheres::tests::hit_when_an_intersection_occurs_on_the_outside ... ok
[INFO] [stdout] test patterns::stripes::test::stripe_pattern_is_constant_in_z ... ok
[INFO] [stdout] test shapes::spheres::tests::normal_on_sphere_at_a_point_on_the_x_axis ... ok
[INFO] [stdout] test shapes::spheres::tests::normal_on_sphere_at_a_point_on_the_y_axis ... ok
[INFO] [stdout] test shapes::spheres::tests::normal_on_sphere_at_a_point_on_the_z_axis ... ok
[INFO] [stdout] test shapes::spheres::tests::precomputing_the_state_of_an_intersection ... ok
[INFO] [stdout] test shapes::spheres::tests::ray_intersects_a_sphere_at_a_tangent ... ok
[INFO] [stdout] test shapes::planes::test::ray_intersecting_a_plane_from_above ... ok
[INFO] [stdout] test patterns::tests::default_papttern_transformation ... ok
[INFO] [stdout] test shapes::planes::test::ray_intersecting_a_plane_from_below ... ok
[INFO] [stdout] test patterns::tests::pattern_with_a_pattern_transformation ... ok
[INFO] [stdout] test shapes::planes::test::normal_of_a_plane_is_constant_everywhere ... ok
[INFO] [stdout] test patterns::tests::pattern_with_an_object_transformation ... ok
[INFO] [stdout] test tests::shade_hit_for_a_reflective_material ... ok
[INFO] [stdout] test tests::reflected_color_for_a_nonreflective_material ... ok
[INFO] [stdout] test shapes::spheres::tests::ray_intersects_a_sphere_at_two_points ... ok
[INFO] [stdout] test tests::shadow_when_an_object_is_between_the_point_and_the_light ... ok
[INFO] [stdout] test tests::shade_hit_is_given_an_intersection_in_shadow ... ok
[INFO] [stdout] test tests::no_shadow_when_an_object_is_behind_the_point ... ok
[INFO] [stdout] test shapes::spheres::tests::sphere_is_behind_a_ray ... ok
[INFO] [stdout] test tests::color_when_ray_hits ... ok
[INFO] [stdout] test object::tests::default_transformation ... ok
[INFO] [stdout] test object::tests::assigning_a_transformation ... ok
[INFO] [stdout] test patterns::tests::pattern_with_both_an_object_and_a_pattern_transformation ... ok
[INFO] [stdout] test materials::tests::default_material ... ok
[INFO] [stdout] test intersections::tests::intersection_encapsulates_t_and_object ... ok
[INFO] [stdout] test object::tests::computing_the_normal_on_a_transformed_object ... ok
[INFO] [stdout] test intersections::tests::hit_when_all_intersections_have_positive_t ... ok
[INFO] [stdout] test materials::tests::lighting_with_the_eye_between_the_light_and_the_surface_eye_offset_45_degree ... ok
[INFO] [stdout] test object::tests::assigning_a_material ... ok
[INFO] [stdout] test intersections::tests::hit_is_always_the_lowest_nonnegative_intersection ... ok
[INFO] [stdout] test tests::reflected_color_at_the_maximum_recursive_depth ... ok
[INFO] [stdout] test object::tests::computing_the_normal_on_a_translated_object ... ok
[INFO] [stdout] test tests::no_shadow_when_an_object_is_behind_the_light ... ok
[INFO] [stdout] test intersections::tests::finding_n1_and_n2_at_various_intersections ... FAILED
[INFO] [stdout] test shapes::spheres::tests::intersect_sets_the_object_on_the_intersection ... ok
[INFO] [stdout] test shapes::spheres::tests::normal_on_sphere_at_a_nonaxial_point ... ok
[INFO] [stdout] test tests::default_world ... ok
[INFO] [stdout] test tests::color_with_an_intersection_behind_the_ray ... ok
[INFO] [stdout] test tests::color_at_with_manually_reflective_surfaces ... ok
[INFO] [stdout] test camera::tests::rendering_a_world_with_a_camera ... ok
[INFO] [stdout] 
[INFO] [stdout] failures:
[INFO] [stdout] 
[INFO] [stdout] ---- intersections::tests::finding_n1_and_n2_at_various_intersections stdout ----
[INFO] [stdout] thread 'intersections::tests::finding_n1_and_n2_at_various_intersections' panicked at 'assertion failed: `(left == right)`
[INFO] [stdout]   left: `0.0`,
[INFO] [stdout]  right: `1.0`', world/src/intersections.rs:216:13
[INFO] [stdout] stack backtrace:
[INFO] [stdout]    0:     0x55b68ae3cea0 - std::backtrace_rs::backtrace::libunwind::trace::hff4d1766e93f64f1
[INFO] [stdout]                                at /rustc/53fd98ca776cb875bc9e5514f56b52eb74f9e7a9/library/std/src/../../backtrace/src/backtrace/libunwind.rs:90:5
[INFO] [stdout]    1:     0x55b68ae3cea0 - std::backtrace_rs::backtrace::trace_unsynchronized::h56bbc8eb78770bcb
[INFO] [stdout]                                at /rustc/53fd98ca776cb875bc9e5514f56b52eb74f9e7a9/library/std/src/../../backtrace/src/backtrace/mod.rs:66:5
[INFO] [stdout]    2:     0x55b68ae3cea0 - std::sys_common::backtrace::_print_fmt::h5c8e75464faca780
[INFO] [stdout]                                at /rustc/53fd98ca776cb875bc9e5514f56b52eb74f9e7a9/library/std/src/sys_common/backtrace.rs:67:5
[INFO] [stdout]    3:     0x55b68ae3cea0 - <std::sys_common::backtrace::_print::DisplayBacktrace as core::fmt::Display>::fmt::h48b88277def8b362
[INFO] [stdout]                                at /rustc/53fd98ca776cb875bc9e5514f56b52eb74f9e7a9/library/std/src/sys_common/backtrace.rs:46:22
[INFO] [stdout]    4:     0x55b68ae5f6cc - core::fmt::write::h3381b3176fe2b3d3
[INFO] [stdout]                                at /rustc/53fd98ca776cb875bc9e5514f56b52eb74f9e7a9/library/core/src/fmt/mod.rs:1115:17
[INFO] [stdout]    5:     0x55b68ae39d25 - std::io::Write::write_fmt::h5f34a676f60246b5
[INFO] [stdout]                                at /rustc/53fd98ca776cb875bc9e5514f56b52eb74f9e7a9/library/std/src/io/mod.rs:1665:15
[INFO] [stdout]    6:     0x55b68ae3f01b - std::sys_common::backtrace::_print::ha537687d6c17dd0d
[INFO] [stdout]                                at /rustc/53fd98ca776cb875bc9e5514f56b52eb74f9e7a9/library/std/src/sys_common/backtrace.rs:49:5
[INFO] [stdout]    7:     0x55b68ae3f01b - std::sys_common::backtrace::print::h61376ae57d131d72
[INFO] [stdout]                                at /rustc/53fd98ca776cb875bc9e5514f56b52eb74f9e7a9/library/std/src/sys_common/backtrace.rs:36:9
[INFO] [stdout]    8:     0x55b68ae3f01b - std::panicking::default_hook::{{closure}}::h0f7208c0b9644a54
[INFO] [stdout]                                at /rustc/53fd98ca776cb875bc9e5514f56b52eb74f9e7a9/library/std/src/panicking.rs:208:50
[INFO] [stdout]    9:     0x55b68ae3eb2c - std::panicking::default_hook::hdac7fc06578c14ce
[INFO] [stdout]                                at /rustc/53fd98ca776cb875bc9e5514f56b52eb74f9e7a9/library/std/src/panicking.rs:222:9
[INFO] [stdout]   10:     0x55b68ae3f6e4 - std::panicking::rust_panic_with_hook::h72b21c283da3d1ef
[INFO] [stdout]                                at /rustc/53fd98ca776cb875bc9e5514f56b52eb74f9e7a9/library/std/src/panicking.rs:622:17
[INFO] [stdout]   11:     0x55b68ae3f1c7 - std::panicking::begin_panic_handler::{{closure}}::he5778f1729cff84a
[INFO] [stdout]                                at /rustc/53fd98ca776cb875bc9e5514f56b52eb74f9e7a9/library/std/src/panicking.rs:519:13
[INFO] [stdout]   12:     0x55b68ae3d37c - std::sys_common::backtrace::__rust_end_short_backtrace::h2d11ca8b453b4b1d
[INFO] [stdout]                                at /rustc/53fd98ca776cb875bc9e5514f56b52eb74f9e7a9/library/std/src/sys_common/backtrace.rs:141:18
[INFO] [stdout]   13:     0x55b68ae3f129 - rust_begin_unwind
[INFO] [stdout]                                at /rustc/53fd98ca776cb875bc9e5514f56b52eb74f9e7a9/library/std/src/panicking.rs:515:5
[INFO] [stdout]   14:     0x55b68ad8b441 - core::panicking::panic_fmt::hf9de31d4acbce4db
[INFO] [stdout]                                at /rustc/53fd98ca776cb875bc9e5514f56b52eb74f9e7a9/library/core/src/panicking.rs:92:14
[INFO] [stdout]   15:     0x55b68ae5dfe8 - core::panicking::assert_failed_inner::h62e8cb2847a6e7ec
[INFO] [stdout]   16:     0x55b68ada5afa - core::panicking::assert_failed::h2a0026aaba619b31
[INFO] [stdout]                                at /rustc/53fd98ca776cb875bc9e5514f56b52eb74f9e7a9/library/core/src/panicking.rs:117:5
[INFO] [stdout]   17:     0x55b68adb708c - world::intersections::tests::finding_n1_and_n2_at_various_intersections::run_scenario::h8b8ef4f393abfc4a
[INFO] [stdout]                                at /opt/rustwide/workdir/world/src/intersections.rs:216:13
[INFO] [stdout]   18:     0x55b68adb651a - world::intersections::tests::finding_n1_and_n2_at_various_intersections::h0008e685e97f05a1
[INFO] [stdout]                                at /opt/rustwide/workdir/world/src/intersections.rs:220:9
[INFO] [stdout]   19:     0x55b68adb64ea - world::intersections::tests::finding_n1_and_n2_at_various_intersections::{{closure}}::h27aa45c48cb0ed55
[INFO] [stdout]                                at /opt/rustwide/workdir/world/src/intersections.rs:182:5
[INFO] [stdout]   20:     0x55b68adb229e - core::ops::function::FnOnce::call_once::hbdb8e28dd4fcc5b2
[INFO] [stdout]                                at /rustc/53fd98ca776cb875bc9e5514f56b52eb74f9e7a9/library/core/src/ops/function.rs:227:5
[INFO] [stdout]   21:     0x55b68adea293 - core::ops::function::FnOnce::call_once::hbb52c4519d3137b0
[INFO] [stdout]                                at /rustc/53fd98ca776cb875bc9e5514f56b52eb74f9e7a9/library/core/src/ops/function.rs:227:5
[INFO] [stdout]   22:     0x55b68adea293 - test::__rust_begin_short_backtrace::h86fe3a2a5a5121af
[INFO] [stdout]                                at /rustc/53fd98ca776cb875bc9e5514f56b52eb74f9e7a9/library/test/src/lib.rs:578:5
[INFO] [stdout]   23:     0x55b68ade8d48 - <alloc::boxed::Box<F,A> as core::ops::function::FnOnce<Args>>::call_once::hfd956bc3d57399be
[INFO] [stdout]                                at /rustc/53fd98ca776cb875bc9e5514f56b52eb74f9e7a9/library/alloc/src/boxed.rs:1572:9
[INFO] [stdout]   24:     0x55b68ade8d48 - <std::panic::AssertUnwindSafe<F> as core::ops::function::FnOnce<()>>::call_once::h40dc93e0ddb5938a
[INFO] [stdout]                                at /rustc/53fd98ca776cb875bc9e5514f56b52eb74f9e7a9/library/std/src/panic.rs:347:9
[INFO] [stdout]   25:     0x55b68ade8d48 - std::panicking::try::do_call::h90d07750cb47c562
[INFO] [stdout]                                at /rustc/53fd98ca776cb875bc9e5514f56b52eb74f9e7a9/library/std/src/panicking.rs:401:40
[INFO] [stdout]   26:     0x55b68ade8d48 - std::panicking::try::h063c84733ad2a629
[INFO] [stdout]                                at /rustc/53fd98ca776cb875bc9e5514f56b52eb74f9e7a9/library/std/src/panicking.rs:365:19
[INFO] [stdout]   27:     0x55b68ade8d48 - std::panic::catch_unwind::h0c464836a84e7c08
[INFO] [stdout]                                at /rustc/53fd98ca776cb875bc9e5514f56b52eb74f9e7a9/library/std/src/panic.rs:434:14
[INFO] [stdout]   28:     0x55b68ade8d48 - test::run_test_in_process::h5cb06ef620b157fc
[INFO] [stdout]                                at /rustc/53fd98ca776cb875bc9e5514f56b52eb74f9e7a9/library/test/src/lib.rs:601:18
[INFO] [stdout]   29:     0x55b68ade8d48 - test::run_test::run_test_inner::{{closure}}::h76f677f4b93f9828
[INFO] [stdout]                                at /rustc/53fd98ca776cb875bc9e5514f56b52eb74f9e7a9/library/test/src/lib.rs:493:39
[INFO] [stdout]   30:     0x55b68adb74dd - test::run_test::run_test_inner::{{closure}}::h366d01fe04f4d67a
[INFO] [stdout]                                at /rustc/53fd98ca776cb875bc9e5514f56b52eb74f9e7a9/library/test/src/lib.rs:520:37
[INFO] [stdout]   31:     0x55b68adb74dd - std::sys_common::backtrace::__rust_begin_short_backtrace::h7dfa0de4eb395af2
[INFO] [stdout]                                at /rustc/53fd98ca776cb875bc9e5514f56b52eb74f9e7a9/library/std/src/sys_common/backtrace.rs:125:18
[INFO] [stdout]   32:     0x55b68adbbca8 - std::thread::Builder::spawn_unchecked::{{closure}}::{{closure}}::hf0a74bb58798037f
[INFO] [stdout]                                at /rustc/53fd98ca776cb875bc9e5514f56b52eb74f9e7a9/library/std/src/thread/mod.rs:476:17
[INFO] [stdout]   33:     0x55b68adbbca8 - <std::panic::AssertUnwindSafe<F> as core::ops::function::FnOnce<()>>::call_once::hb024e854818586ac
[INFO] [stdout]                                at /rustc/53fd98ca776cb875bc9e5514f56b52eb74f9e7a9/library/std/src/panic.rs:347:9
[INFO] [stdout]   34:     0x55b68adbbca8 - std::panicking::try::do_call::hb2dd9f1d0d48e41d
[INFO] [stdout]                                at /rustc/53fd98ca776cb875bc9e5514f56b52eb74f9e7a9/library/std/src/panicking.rs:401:40
[INFO] [stdout]   35:     0x55b68adbbca8 - std::panicking::try::h4717ae7bac8b2bf3
[INFO] [stdout]                                at /rustc/53fd98ca776cb875bc9e5514f56b52eb74f9e7a9/library/std/src/panicking.rs:365:19
[INFO] [stdout]   36:     0x55b68adbbca8 - std::panic::catch_unwind::h0dc8a061326ce8d8
[INFO] [stdout]                                at /rustc/53fd98ca776cb875bc9e5514f56b52eb74f9e7a9/library/std/src/panic.rs:434:14
[INFO] [stdout]   37:     0x55b68adbbca8 - std::thread::Builder::spawn_unchecked::{{closure}}::haa369e2d6fd00aa1
[INFO] [stdout]                                at /rustc/53fd98ca776cb875bc9e5514f56b52eb74f9e7a9/library/std/src/thread/mod.rs:475:30
[INFO] [stdout]   38:     0x55b68adbbca8 - core::ops::function::FnOnce::call_once{{vtable.shim}}::h36dcf3de8b056f17
[INFO] [stdout]                                at /rustc/53fd98ca776cb875bc9e5514f56b52eb74f9e7a9/library/core/src/ops/function.rs:227:5
[INFO] [stdout]   39:     0x55b68ae442b7 - <alloc::boxed::Box<F,A> as core::ops::function::FnOnce<Args>>::call_once::h65c29e4642be2358
[INFO] [stdout]                                at /rustc/53fd98ca776cb875bc9e5514f56b52eb74f9e7a9/library/alloc/src/boxed.rs:1572:9
[INFO] [stdout]   40:     0x55b68ae442b7 - <alloc::boxed::Box<F,A> as core::ops::function::FnOnce<Args>>::call_once::hd0f8f7fbbd9fffbf
[INFO] [stdout]                                at /rustc/53fd98ca776cb875bc9e5514f56b52eb74f9e7a9/library/alloc/src/boxed.rs:1572:9
[INFO] [stdout]   41:     0x55b68ae442b7 - std::sys::unix::thread::Thread::new::thread_start::h2fd22fee3ca77b65
[INFO] [stdout]                                at /rustc/53fd98ca776cb875bc9e5514f56b52eb74f9e7a9/library/std/src/sys/unix/thread.rs:74:17
[INFO] [stdout]   42:     0x7f1b03b85609 - start_thread
[INFO] [stdout]   43:     0x7f1b03957293 - clone
[INFO] [stdout]   44:                0x0 - <unknown>
[INFO] [stdout] 
[INFO] [stdout] 
[INFO] [stdout] failures:
[INFO] [stdout]     intersections::tests::finding_n1_and_n2_at_various_intersections
[INFO] [stdout] 
[INFO] [stdout] test result: FAILED. 82 passed; 1 failed; 0 ignored; 0 measured; 0 filtered out; finished in 0.54s
[INFO] [stdout] 
[INFO] [stderr] error: test failed, to rerun pass '-p world --lib'
[INFO] running `Command { std: "docker" "inspect" "26875d033e700e812a2a409f3e67650508a2c9eaa95319e15701e2b8d78c6c62", kill_on_drop: false }`
[INFO] running `Command { std: "docker" "rm" "-f" "26875d033e700e812a2a409f3e67650508a2c9eaa95319e15701e2b8d78c6c62", kill_on_drop: false }`
[INFO] [stdout] 26875d033e700e812a2a409f3e67650508a2c9eaa95319e15701e2b8d78c6c62
