[INFO] cloning repository https://github.com/bbqsrc/regex-static
[INFO] running `Command { std: "git" "-c" "credential.helper=" "-c" "credential.helper=/workspace/cargo-home/bin/git-credential-null" "clone" "--bare" "https://github.com/bbqsrc/regex-static" "/workspace/cache/git-repos/https%3A%2F%2Fgithub.com%2Fbbqsrc%2Fregex-static", kill_on_drop: false }`
[INFO] [stderr] Cloning into bare repository '/workspace/cache/git-repos/https%3A%2F%2Fgithub.com%2Fbbqsrc%2Fregex-static'...
[INFO] running `Command { std: "git" "rev-parse" "HEAD", kill_on_drop: false }`
[INFO] [stdout] a10fa428123d3686ff99aab860eaa5231a930b7e
[INFO] testing bbqsrc/regex-static against beta-2021-08-01 for beta-1.55-1
[INFO] running `Command { std: "git" "clone" "/workspace/cache/git-repos/https%3A%2F%2Fgithub.com%2Fbbqsrc%2Fregex-static" "/workspace/builds/worker-100/source", kill_on_drop: false }`
[INFO] [stderr] Cloning into '/workspace/builds/worker-100/source'...
[INFO] [stderr] done.
[INFO] validating manifest of git repo https://github.com/bbqsrc/regex-static on toolchain beta-2021-08-01
[INFO] running `Command { std: "/workspace/cargo-home/bin/cargo" "+beta-2021-08-01" "metadata" "--manifest-path" "Cargo.toml" "--no-deps", kill_on_drop: false }`
[INFO] started tweaking git repo https://github.com/bbqsrc/regex-static
[INFO] finished tweaking git repo https://github.com/bbqsrc/regex-static
[INFO] tweaked toml for git repo https://github.com/bbqsrc/regex-static written to /workspace/builds/worker-100/source/Cargo.toml
[INFO] crate git repo https://github.com/bbqsrc/regex-static already has a lockfile, it will not be regenerated
[INFO] running `Command { std: "/workspace/cargo-home/bin/cargo" "+beta-2021-08-01" "fetch" "--manifest-path" "Cargo.toml", kill_on_drop: false }`
[INFO] [stderr]     Blocking waiting for file lock on package cache
[INFO] [stderr]     Blocking waiting for file lock on package cache
[INFO] running `Command { std: "docker" "create" "-v" "/var/lib/crater-agent-workspace/builds/worker-100/target:/opt/rustwide/target:rw,Z" "-v" "/var/lib/crater-agent-workspace/builds/worker-100/source:/opt/rustwide/workdir:ro,Z" "-v" "/var/lib/crater-agent-workspace/cargo-home:/opt/rustwide/cargo-home:ro,Z" "-v" "/var/lib/crater-agent-workspace/rustup-home:/opt/rustwide/rustup-home:ro,Z" "-e" "SOURCE_DIR=/opt/rustwide/workdir" "-e" "CARGO_TARGET_DIR=/opt/rustwide/target" "-e" "CARGO_HOME=/opt/rustwide/cargo-home" "-e" "RUSTUP_HOME=/opt/rustwide/rustup-home" "-w" "/opt/rustwide/workdir" "-m" "1610612736" "--user" "0:0" "--network" "none" "ghcr.io/rust-lang/crates-build-env/linux@sha256:34b6a614d2c27851fe6cbf88fbd1137609cefab8b10d0615aaeb6fd47975d74e" "/opt/rustwide/cargo-home/bin/cargo" "+beta-2021-08-01" "metadata" "--no-deps" "--format-version=1", kill_on_drop: false }`
[INFO] [stdout] cd062d19d98939a2cae3fd75075d8c0e74f9f23d7ce1304231f9c69837582ecb
[INFO] running `Command { std: "docker" "start" "-a" "cd062d19d98939a2cae3fd75075d8c0e74f9f23d7ce1304231f9c69837582ecb", kill_on_drop: false }`
[INFO] running `Command { std: "docker" "inspect" "cd062d19d98939a2cae3fd75075d8c0e74f9f23d7ce1304231f9c69837582ecb", kill_on_drop: false }`
[INFO] running `Command { std: "docker" "rm" "-f" "cd062d19d98939a2cae3fd75075d8c0e74f9f23d7ce1304231f9c69837582ecb", kill_on_drop: false }`
[INFO] [stdout] cd062d19d98939a2cae3fd75075d8c0e74f9f23d7ce1304231f9c69837582ecb
[INFO] running `Command { std: "docker" "create" "-v" "/var/lib/crater-agent-workspace/builds/worker-100/target:/opt/rustwide/target:rw,Z" "-v" "/var/lib/crater-agent-workspace/builds/worker-100/source:/opt/rustwide/workdir:ro,Z" "-v" "/var/lib/crater-agent-workspace/cargo-home:/opt/rustwide/cargo-home:ro,Z" "-v" "/var/lib/crater-agent-workspace/rustup-home:/opt/rustwide/rustup-home:ro,Z" "-e" "SOURCE_DIR=/opt/rustwide/workdir" "-e" "CARGO_TARGET_DIR=/opt/rustwide/target" "-e" "CARGO_INCREMENTAL=0" "-e" "RUST_BACKTRACE=full" "-e" "RUSTFLAGS=--cap-lints=warn" "-e" "CARGO_HOME=/opt/rustwide/cargo-home" "-e" "RUSTUP_HOME=/opt/rustwide/rustup-home" "-w" "/opt/rustwide/workdir" "-m" "1610612736" "--user" "0:0" "--network" "none" "ghcr.io/rust-lang/crates-build-env/linux@sha256:34b6a614d2c27851fe6cbf88fbd1137609cefab8b10d0615aaeb6fd47975d74e" "/opt/rustwide/cargo-home/bin/cargo" "+beta-2021-08-01" "build" "--frozen" "--message-format=json", kill_on_drop: false }`
[INFO] [stdout] 1b84d9bb9c4c797db3b6a857e9ec4c400e052d613a86b6ace54a72e3d3be414e
[INFO] running `Command { std: "docker" "start" "-a" "1b84d9bb9c4c797db3b6a857e9ec4c400e052d613a86b6ace54a72e3d3be414e", kill_on_drop: false }`
[INFO] [stderr]     Blocking waiting for file lock on package cache
[INFO] [stderr]    Compiling memchr v2.3.4
[INFO] [stderr]    Compiling syn v1.0.60
[INFO] [stderr]    Compiling regex-syntax v0.6.22
[INFO] [stderr]    Compiling once_cell v1.7.2
[INFO] [stderr]    Compiling proc-macro2 v1.0.24
[INFO] [stderr]    Compiling quote v1.0.9
[INFO] [stderr]    Compiling thread_local v1.1.3
[INFO] [stderr]    Compiling aho-corasick v0.7.15
[INFO] [stderr]    Compiling regex_static_impl v0.1.0 (/opt/rustwide/workdir/impl)
[INFO] [stderr]    Compiling regex v1.4.3
[INFO] [stderr]    Compiling regex_static_macro v0.1.0 (/opt/rustwide/workdir/macro)
[INFO] [stderr]    Compiling regex_static v0.1.1 (/opt/rustwide/workdir)
[INFO] [stderr]     Finished dev [unoptimized + debuginfo] target(s) in 28.30s
[INFO] running `Command { std: "docker" "inspect" "1b84d9bb9c4c797db3b6a857e9ec4c400e052d613a86b6ace54a72e3d3be414e", kill_on_drop: false }`
[INFO] running `Command { std: "docker" "rm" "-f" "1b84d9bb9c4c797db3b6a857e9ec4c400e052d613a86b6ace54a72e3d3be414e", kill_on_drop: false }`
[INFO] [stdout] 1b84d9bb9c4c797db3b6a857e9ec4c400e052d613a86b6ace54a72e3d3be414e
[INFO] running `Command { std: "docker" "create" "-v" "/var/lib/crater-agent-workspace/builds/worker-100/target:/opt/rustwide/target:rw,Z" "-v" "/var/lib/crater-agent-workspace/builds/worker-100/source:/opt/rustwide/workdir:ro,Z" "-v" "/var/lib/crater-agent-workspace/cargo-home:/opt/rustwide/cargo-home:ro,Z" "-v" "/var/lib/crater-agent-workspace/rustup-home:/opt/rustwide/rustup-home:ro,Z" "-e" "SOURCE_DIR=/opt/rustwide/workdir" "-e" "CARGO_TARGET_DIR=/opt/rustwide/target" "-e" "CARGO_INCREMENTAL=0" "-e" "RUST_BACKTRACE=full" "-e" "RUSTFLAGS=--cap-lints=warn" "-e" "CARGO_HOME=/opt/rustwide/cargo-home" "-e" "RUSTUP_HOME=/opt/rustwide/rustup-home" "-w" "/opt/rustwide/workdir" "-m" "1610612736" "--user" "0:0" "--network" "none" "ghcr.io/rust-lang/crates-build-env/linux@sha256:34b6a614d2c27851fe6cbf88fbd1137609cefab8b10d0615aaeb6fd47975d74e" "/opt/rustwide/cargo-home/bin/cargo" "+beta-2021-08-01" "test" "--frozen" "--no-run" "--message-format=json", kill_on_drop: false }`
[INFO] [stdout] 4c47c040b94811a9d43b5e3339976c02d73e95e5d619905d42602c68785e1bab
[INFO] running `Command { std: "docker" "start" "-a" "4c47c040b94811a9d43b5e3339976c02d73e95e5d619905d42602c68785e1bab", kill_on_drop: false }`
[INFO] [stderr]     Blocking waiting for file lock on package cache
[INFO] [stderr]    Compiling regex_static v0.1.1 (/opt/rustwide/workdir)
[INFO] [stderr]     Finished test [unoptimized + debuginfo] target(s) in 3.70s
[INFO] running `Command { std: "docker" "inspect" "4c47c040b94811a9d43b5e3339976c02d73e95e5d619905d42602c68785e1bab", kill_on_drop: false }`
[INFO] running `Command { std: "docker" "rm" "-f" "4c47c040b94811a9d43b5e3339976c02d73e95e5d619905d42602c68785e1bab", kill_on_drop: false }`
[INFO] [stdout] 4c47c040b94811a9d43b5e3339976c02d73e95e5d619905d42602c68785e1bab
[INFO] running `Command { std: "docker" "create" "-v" "/var/lib/crater-agent-workspace/builds/worker-100/target:/opt/rustwide/target:rw,Z" "-v" "/var/lib/crater-agent-workspace/builds/worker-100/source:/opt/rustwide/workdir:ro,Z" "-v" "/var/lib/crater-agent-workspace/cargo-home:/opt/rustwide/cargo-home:ro,Z" "-v" "/var/lib/crater-agent-workspace/rustup-home:/opt/rustwide/rustup-home:ro,Z" "-e" "SOURCE_DIR=/opt/rustwide/workdir" "-e" "CARGO_TARGET_DIR=/opt/rustwide/target" "-e" "CARGO_INCREMENTAL=0" "-e" "RUST_BACKTRACE=full" "-e" "RUSTFLAGS=--cap-lints=warn" "-e" "CARGO_HOME=/opt/rustwide/cargo-home" "-e" "RUSTUP_HOME=/opt/rustwide/rustup-home" "-w" "/opt/rustwide/workdir" "-m" "1610612736" "--user" "0:0" "--network" "none" "ghcr.io/rust-lang/crates-build-env/linux@sha256:34b6a614d2c27851fe6cbf88fbd1137609cefab8b10d0615aaeb6fd47975d74e" "/opt/rustwide/cargo-home/bin/cargo" "+beta-2021-08-01" "test" "--frozen", kill_on_drop: false }`
[INFO] [stdout] e28ec3d7115b99f3e6f1020d2e468c633d330ca5bf26d9949d1a916f3b21b8e3
[INFO] running `Command { std: "docker" "start" "-a" "e28ec3d7115b99f3e6f1020d2e468c633d330ca5bf26d9949d1a916f3b21b8e3", kill_on_drop: false }`
[INFO] [stderr]     Blocking waiting for file lock on package cache
[INFO] [stderr]     Finished test [unoptimized + debuginfo] target(s) in 1.48s
[INFO] [stderr]      Running unittests (/opt/rustwide/target/debug/deps/regex_static-4d6124d963b999e2)
[INFO] [stdout] 
[INFO] [stdout] running 1 test
[INFO] [stderr]    Doc-tests regex_static
[INFO] [stdout] test tests::it_works ... ok
[INFO] [stdout] 
[INFO] [stdout] test result: ok. 1 passed; 0 failed; 0 ignored; 0 measured; 0 filtered out; finished in 0.04s
[INFO] [stdout] 
[INFO] [stdout] 
[INFO] [stdout] running 3 tests
[INFO] [stdout] test src/lib.rs - (line 9) ... FAILED
[INFO] [stdout] test src/lib.rs - (line 17) ... ok
[INFO] [stdout] test src/lib.rs - (line 25) ... ok
[INFO] [stdout] 
[INFO] [stdout] failures:
[INFO] [stdout] 
[INFO] [stdout] ---- src/lib.rs - (line 9) stdout ----
[INFO] [stdout] error[E0412]: cannot find type `Lazy` in this scope
[INFO] [stdout]  --> src/lib.rs:10:12
[INFO] [stdout]   |
[INFO] [stdout] 4 | static RE: Lazy<Regex> = regex_static::lazy_regex!("^yesss$");
[INFO] [stdout]   |            ^^^^ not found in this scope
[INFO] [stdout]   |
[INFO] [stdout] help: consider importing one of these items
[INFO] [stdout]   |
[INFO] [stdout] 3 | use core::lazy::Lazy;
[INFO] [stdout]   |
[INFO] [stdout] 3 | use once_cell::sync::Lazy;
[INFO] [stdout]   |
[INFO] [stdout] 3 | use once_cell::unsync::Lazy;
[INFO] [stdout]   |
[INFO] [stdout] 3 | use std::lazy::Lazy;
[INFO] [stdout]   |
[INFO] [stdout] 
[INFO] [stdout] error[E0412]: cannot find type `Regex` in this scope
[INFO] [stdout]  --> src/lib.rs:10:17
[INFO] [stdout]   |
[INFO] [stdout] 4 | static RE: Lazy<Regex> = regex_static::lazy_regex!("^yesss$");
[INFO] [stdout]   |                 ^^^^^ not found in this scope
[INFO] [stdout]   |
[INFO] [stdout] help: consider importing one of these items
[INFO] [stdout]   |
[INFO] [stdout] 3 | use regex::Regex;
[INFO] [stdout]   |
[INFO] [stdout] 3 | use regex::bytes::Regex;
[INFO] [stdout]   |
[INFO] [stdout] 3 | use regex_static::Regex;
[INFO] [stdout]   |
[INFO] [stdout] 
[INFO] [stdout] error: aborting due to 2 previous errors
[INFO] [stdout] 
[INFO] [stdout] For more information about this error, try `rustc --explain E0412`.
[INFO] [stdout] Couldn't compile the test.
[INFO] [stdout] 
[INFO] [stdout] failures:
[INFO] [stdout]     src/lib.rs - (line 9)
[INFO] [stdout] 
[INFO] [stdout] test result: FAILED. 2 passed; 1 failed; 0 ignored; 0 measured; 0 filtered out; finished in 1.48s
[INFO] [stdout] 
[INFO] [stderr] error: test failed, to rerun pass '--doc'
[INFO] running `Command { std: "docker" "inspect" "e28ec3d7115b99f3e6f1020d2e468c633d330ca5bf26d9949d1a916f3b21b8e3", kill_on_drop: false }`
[INFO] running `Command { std: "docker" "rm" "-f" "e28ec3d7115b99f3e6f1020d2e468c633d330ca5bf26d9949d1a916f3b21b8e3", kill_on_drop: false }`
[INFO] [stdout] e28ec3d7115b99f3e6f1020d2e468c633d330ca5bf26d9949d1a916f3b21b8e3
