[INFO] cloning repository https://github.com/bbarnickel/oas-lint-rs
[INFO] running `Command { std: "git" "-c" "credential.helper=" "-c" "credential.helper=/workspace/cargo-home/bin/git-credential-null" "clone" "--bare" "https://github.com/bbarnickel/oas-lint-rs" "/workspace/cache/git-repos/https%3A%2F%2Fgithub.com%2Fbbarnickel%2Foas-lint-rs", kill_on_drop: false }`
[INFO] [stderr] Cloning into bare repository '/workspace/cache/git-repos/https%3A%2F%2Fgithub.com%2Fbbarnickel%2Foas-lint-rs'...
[INFO] running `Command { std: "git" "rev-parse" "HEAD", kill_on_drop: false }`
[INFO] [stdout] c2e14be1901b4150792618f84ee184658d1340d1
[INFO] testing bbarnickel/oas-lint-rs against 1.54.0 for beta-1.55-1
[INFO] running `Command { std: "git" "clone" "/workspace/cache/git-repos/https%3A%2F%2Fgithub.com%2Fbbarnickel%2Foas-lint-rs" "/workspace/builds/worker-83/source", kill_on_drop: false }`
[INFO] [stderr] Cloning into '/workspace/builds/worker-83/source'...
[INFO] [stderr] done.
[INFO] validating manifest of git repo https://github.com/bbarnickel/oas-lint-rs on toolchain 1.54.0
[INFO] running `Command { std: "/workspace/cargo-home/bin/cargo" "+1.54.0" "metadata" "--manifest-path" "Cargo.toml" "--no-deps", kill_on_drop: false }`
[INFO] started tweaking git repo https://github.com/bbarnickel/oas-lint-rs
[INFO] finished tweaking git repo https://github.com/bbarnickel/oas-lint-rs
[INFO] tweaked toml for git repo https://github.com/bbarnickel/oas-lint-rs written to /workspace/builds/worker-83/source/Cargo.toml
[INFO] crate git repo https://github.com/bbarnickel/oas-lint-rs already has a lockfile, it will not be regenerated
[INFO] running `Command { std: "/workspace/cargo-home/bin/cargo" "+1.54.0" "fetch" "--manifest-path" "Cargo.toml", kill_on_drop: false }`
[INFO] [stderr]     Blocking waiting for file lock on package cache
[INFO] [stderr]     Blocking waiting for file lock on package cache
[INFO] running `Command { std: "docker" "create" "-v" "/var/lib/crater-agent-workspace/builds/worker-83/target:/opt/rustwide/target:rw,Z" "-v" "/var/lib/crater-agent-workspace/builds/worker-83/source:/opt/rustwide/workdir:ro,Z" "-v" "/var/lib/crater-agent-workspace/cargo-home:/opt/rustwide/cargo-home:ro,Z" "-v" "/var/lib/crater-agent-workspace/rustup-home:/opt/rustwide/rustup-home:ro,Z" "-e" "SOURCE_DIR=/opt/rustwide/workdir" "-e" "CARGO_TARGET_DIR=/opt/rustwide/target" "-e" "CARGO_HOME=/opt/rustwide/cargo-home" "-e" "RUSTUP_HOME=/opt/rustwide/rustup-home" "-w" "/opt/rustwide/workdir" "-m" "1610612736" "--user" "0:0" "--network" "none" "ghcr.io/rust-lang/crates-build-env/linux@sha256:34b6a614d2c27851fe6cbf88fbd1137609cefab8b10d0615aaeb6fd47975d74e" "/opt/rustwide/cargo-home/bin/cargo" "+1.54.0" "metadata" "--no-deps" "--format-version=1", kill_on_drop: false }`
[INFO] [stdout] a7f3b3b9d435253bad6a96183c85d459702f0bb9d959317c62bef47b59f27d3c
[INFO] running `Command { std: "docker" "start" "-a" "a7f3b3b9d435253bad6a96183c85d459702f0bb9d959317c62bef47b59f27d3c", kill_on_drop: false }`
[INFO] running `Command { std: "docker" "inspect" "a7f3b3b9d435253bad6a96183c85d459702f0bb9d959317c62bef47b59f27d3c", kill_on_drop: false }`
[INFO] running `Command { std: "docker" "rm" "-f" "a7f3b3b9d435253bad6a96183c85d459702f0bb9d959317c62bef47b59f27d3c", kill_on_drop: false }`
[INFO] [stdout] a7f3b3b9d435253bad6a96183c85d459702f0bb9d959317c62bef47b59f27d3c
[INFO] running `Command { std: "docker" "create" "-v" "/var/lib/crater-agent-workspace/builds/worker-83/target:/opt/rustwide/target:rw,Z" "-v" "/var/lib/crater-agent-workspace/builds/worker-83/source:/opt/rustwide/workdir:ro,Z" "-v" "/var/lib/crater-agent-workspace/cargo-home:/opt/rustwide/cargo-home:ro,Z" "-v" "/var/lib/crater-agent-workspace/rustup-home:/opt/rustwide/rustup-home:ro,Z" "-e" "SOURCE_DIR=/opt/rustwide/workdir" "-e" "CARGO_TARGET_DIR=/opt/rustwide/target" "-e" "CARGO_INCREMENTAL=0" "-e" "RUST_BACKTRACE=full" "-e" "RUSTFLAGS=--cap-lints=warn" "-e" "CARGO_HOME=/opt/rustwide/cargo-home" "-e" "RUSTUP_HOME=/opt/rustwide/rustup-home" "-w" "/opt/rustwide/workdir" "-m" "1610612736" "--user" "0:0" "--network" "none" "ghcr.io/rust-lang/crates-build-env/linux@sha256:34b6a614d2c27851fe6cbf88fbd1137609cefab8b10d0615aaeb6fd47975d74e" "/opt/rustwide/cargo-home/bin/cargo" "+1.54.0" "build" "--frozen" "--message-format=json", kill_on_drop: false }`
[INFO] [stdout] 0d971ef64ebb95f6b66fb5b5b13f0da3ac391a5783a73070c417e8a583a58b07
[INFO] running `Command { std: "docker" "start" "-a" "0d971ef64ebb95f6b66fb5b5b13f0da3ac391a5783a73070c417e8a583a58b07", kill_on_drop: false }`
[INFO] [stderr]     Blocking waiting for file lock on package cache
[INFO] [stderr]    Compiling oas-lint-rs v0.1.0 (/opt/rustwide/workdir)
[INFO] [stdout] warning: unused variable: `cc`
[INFO] [stdout]   --> src/parser/scanner.rs:56:18
[INFO] [stdout]    |
[INFO] [stdout] 56 |             Some(cc) => (self.peeked_char.take(), self.stream.get_position()),
[INFO] [stdout]    |                  ^^ help: if this is intentional, prefix it with an underscore: `_cc`
[INFO] [stdout]    |
[INFO] [stdout]    = note: `#[warn(unused_variables)]` on by default
[INFO] [stdout] 
[INFO] [stdout] 
[INFO] [stdout] warning: variable does not need to be mutable
[INFO] [stdout]   --> src/parser/scanner.rs:43:13
[INFO] [stdout]    |
[INFO] [stdout] 43 |         let mut result = Self {
[INFO] [stdout]    |             ----^^^^^^
[INFO] [stdout]    |             |
[INFO] [stdout]    |             help: remove this `mut`
[INFO] [stdout]    |
[INFO] [stdout]    = note: `#[warn(unused_mut)]` on by default
[INFO] [stdout] 
[INFO] [stdout] 
[INFO] [stdout] warning: struct is never constructed: `Stream`
[INFO] [stdout]  --> src/parser/stream.rs:5:19
[INFO] [stdout]   |
[INFO] [stdout] 5 | pub(crate) struct Stream<'a> {
[INFO] [stdout]   |                   ^^^^^^
[INFO] [stdout]   |
[INFO] [stdout]   = note: `#[warn(dead_code)]` on by default
[INFO] [stdout] 
[INFO] [stdout] 
[INFO] [stdout] warning: associated function is never used: `new`
[INFO] [stdout]   --> src/parser/stream.rs:15:19
[INFO] [stdout]    |
[INFO] [stdout] 15 |     pub(crate) fn new(data: &'a str) -> Self {
[INFO] [stdout]    |                   ^^^
[INFO] [stdout] 
[INFO] [stdout] 
[INFO] [stdout] warning: associated function is never used: `get_position`
[INFO] [stdout]   --> src/parser/stream.rs:26:19
[INFO] [stdout]    |
[INFO] [stdout] 26 |     pub(crate) fn get_position(&self) -> Position {
[INFO] [stdout]    |                   ^^^^^^^^^^^^
[INFO] [stdout] 
[INFO] [stdout] 
[INFO] [stdout] warning: associated function is never used: `next`
[INFO] [stdout]   --> src/parser/stream.rs:34:19
[INFO] [stdout]    |
[INFO] [stdout] 34 |     pub(crate) fn next(&mut self) -> Option<char> {
[INFO] [stdout]    |                   ^^^^
[INFO] [stdout] 
[INFO] [stdout] 
[INFO] [stdout] warning: associated function is never used: `next_internal`
[INFO] [stdout]   --> src/parser/stream.rs:68:8
[INFO] [stdout]    |
[INFO] [stdout] 68 |     fn next_internal(&mut self) -> Option<(usize, char)> {
[INFO] [stdout]    |        ^^^^^^^^^^^^^
[INFO] [stdout] 
[INFO] [stdout] 
[INFO] [stdout] warning: associated function is never used: `update_pos`
[INFO] [stdout]   --> src/parser/stream.rs:75:8
[INFO] [stdout]    |
[INFO] [stdout] 75 |     fn update_pos(&mut self, offset: usize) {
[INFO] [stdout]    |        ^^^^^^^^^^
[INFO] [stdout] 
[INFO] [stdout] 
[INFO] [stdout] warning: associated function is never used: `new`
[INFO] [stdout]   --> src/parser/scanner.rs:10:8
[INFO] [stdout]    |
[INFO] [stdout] 10 |     fn new(pos: Position, content: TokenType<'a>) -> Self {
[INFO] [stdout]    |        ^^^
[INFO] [stdout] 
[INFO] [stdout] 
[INFO] [stdout] warning: variant is never constructed: `Spaces`
[INFO] [stdout]   --> src/parser/scanner.rs:17:5
[INFO] [stdout]    |
[INFO] [stdout] 17 |     Spaces(usize),
[INFO] [stdout]    |     ^^^^^^^^^^^^^
[INFO] [stdout] 
[INFO] [stdout] 
[INFO] [stdout] warning: variant is never constructed: `QuestionMark`
[INFO] [stdout]   --> src/parser/scanner.rs:18:5
[INFO] [stdout]    |
[INFO] [stdout] 18 |     QuestionMark,
[INFO] [stdout]    |     ^^^^^^^^^^^^
[INFO] [stdout] 
[INFO] [stdout] 
[INFO] [stdout] warning: variant is never constructed: `Dash`
[INFO] [stdout]   --> src/parser/scanner.rs:19:5
[INFO] [stdout]    |
[INFO] [stdout] 19 |     Dash,
[INFO] [stdout]    |     ^^^^
[INFO] [stdout] 
[INFO] [stdout] 
[INFO] [stdout] warning: variant is never constructed: `Newline`
[INFO] [stdout]   --> src/parser/scanner.rs:20:5
[INFO] [stdout]    |
[INFO] [stdout] 20 |     Newline,
[INFO] [stdout]    |     ^^^^^^^
[INFO] [stdout] 
[INFO] [stdout] 
[INFO] [stdout] warning: variant is never constructed: `Colon`
[INFO] [stdout]   --> src/parser/scanner.rs:21:5
[INFO] [stdout]    |
[INFO] [stdout] 21 |     Colon,
[INFO] [stdout]    |     ^^^^^
[INFO] [stdout] 
[INFO] [stdout] 
[INFO] [stdout] warning: variant is never constructed: `LeftBraket`
[INFO] [stdout]   --> src/parser/scanner.rs:22:5
[INFO] [stdout]    |
[INFO] [stdout] 22 |     LeftBraket,
[INFO] [stdout]    |     ^^^^^^^^^^
[INFO] [stdout] 
[INFO] [stdout] 
[INFO] [stdout] warning: variant is never constructed: `RightBraket`
[INFO] [stdout]   --> src/parser/scanner.rs:23:5
[INFO] [stdout]    |
[INFO] [stdout] 23 |     RightBraket,
[INFO] [stdout]    |     ^^^^^^^^^^^
[INFO] [stdout] 
[INFO] [stdout] 
[INFO] [stdout] warning: variant is never constructed: `LeftSqBraket`
[INFO] [stdout]   --> src/parser/scanner.rs:24:5
[INFO] [stdout]    |
[INFO] [stdout] 24 |     LeftSqBraket,
[INFO] [stdout]    |     ^^^^^^^^^^^^
[INFO] [stdout] 
[INFO] [stdout] 
[INFO] [stdout] warning: variant is never constructed: `RightSqBraket`
[INFO] [stdout]   --> src/parser/scanner.rs:25:5
[INFO] [stdout]    |
[INFO] [stdout] 25 |     RightSqBraket,
[INFO] [stdout]    |     ^^^^^^^^^^^^^
[INFO] [stdout] 
[INFO] [stdout] 
[INFO] [stdout] warning: variant is never constructed: `DoubleQuote`
[INFO] [stdout]   --> src/parser/scanner.rs:26:5
[INFO] [stdout]    |
[INFO] [stdout] 26 |     DoubleQuote,
[INFO] [stdout]    |     ^^^^^^^^^^^
[INFO] [stdout] 
[INFO] [stdout] 
[INFO] [stdout] warning: variant is never constructed: `SingleQuote`
[INFO] [stdout]   --> src/parser/scanner.rs:27:5
[INFO] [stdout]    |
[INFO] [stdout] 27 |     SingleQuote,
[INFO] [stdout]    |     ^^^^^^^^^^^
[INFO] [stdout] 
[INFO] [stdout] 
[INFO] [stdout] warning: variant is never constructed: `String`
[INFO] [stdout]   --> src/parser/scanner.rs:30:5
[INFO] [stdout]    |
[INFO] [stdout] 30 |     String(&'a str),
[INFO] [stdout]    |     ^^^^^^^^^^^^^^^
[INFO] [stdout] 
[INFO] [stdout] 
[INFO] [stdout] warning: struct is never constructed: `Scanner`
[INFO] [stdout]   --> src/parser/scanner.rs:33:19
[INFO] [stdout]    |
[INFO] [stdout] 33 | pub(crate) struct Scanner<'a> {
[INFO] [stdout]    |                   ^^^^^^^
[INFO] [stdout] 
[INFO] [stdout] 
[INFO] [stdout] warning: associated function is never used: `new`
[INFO] [stdout]   --> src/parser/scanner.rs:42:19
[INFO] [stdout]    |
[INFO] [stdout] 42 |     pub(crate) fn new(data: &'a str) -> Self {
[INFO] [stdout]    |                   ^^^
[INFO] [stdout] 
[INFO] [stdout] 
[INFO] [stdout] warning: associated function is never used: `next`
[INFO] [stdout]   --> src/parser/scanner.rs:54:19
[INFO] [stdout]    |
[INFO] [stdout] 54 |     pub(crate) fn next(&mut self) -> Option<Token> {
[INFO] [stdout]    |                   ^^^^
[INFO] [stdout] 
[INFO] [stdout] 
[INFO] [stdout] warning: associated function is never used: `create_indent`
[INFO] [stdout]   --> src/parser/scanner.rs:98:8
[INFO] [stdout]    |
[INFO] [stdout] 98 |     fn create_indent(&mut self, pos: Position) -> Option<Token> {
[INFO] [stdout]    |        ^^^^^^^^^^^^^
[INFO] [stdout] 
[INFO] [stdout] 
[INFO] [stdout] warning: associated function is never used: `create_token`
[INFO] [stdout]    --> src/parser/scanner.rs:112:8
[INFO] [stdout]     |
[INFO] [stdout] 112 |     fn create_token(&self, pos: Position, content: TokenType<'a>) -> Option<Token> {
[INFO] [stdout]     |        ^^^^^^^^^^^^
[INFO] [stdout] 
[INFO] [stdout] 
[INFO] [stdout] warning: 26 warnings emitted
[INFO] [stdout] 
[INFO] [stdout] 
[INFO] [stderr]     Finished dev [unoptimized + debuginfo] target(s) in 1.75s
[INFO] running `Command { std: "docker" "inspect" "0d971ef64ebb95f6b66fb5b5b13f0da3ac391a5783a73070c417e8a583a58b07", kill_on_drop: false }`
[INFO] running `Command { std: "docker" "rm" "-f" "0d971ef64ebb95f6b66fb5b5b13f0da3ac391a5783a73070c417e8a583a58b07", kill_on_drop: false }`
[INFO] [stdout] 0d971ef64ebb95f6b66fb5b5b13f0da3ac391a5783a73070c417e8a583a58b07
[INFO] running `Command { std: "docker" "create" "-v" "/var/lib/crater-agent-workspace/builds/worker-83/target:/opt/rustwide/target:rw,Z" "-v" "/var/lib/crater-agent-workspace/builds/worker-83/source:/opt/rustwide/workdir:ro,Z" "-v" "/var/lib/crater-agent-workspace/cargo-home:/opt/rustwide/cargo-home:ro,Z" "-v" "/var/lib/crater-agent-workspace/rustup-home:/opt/rustwide/rustup-home:ro,Z" "-e" "SOURCE_DIR=/opt/rustwide/workdir" "-e" "CARGO_TARGET_DIR=/opt/rustwide/target" "-e" "CARGO_INCREMENTAL=0" "-e" "RUST_BACKTRACE=full" "-e" "RUSTFLAGS=--cap-lints=warn" "-e" "CARGO_HOME=/opt/rustwide/cargo-home" "-e" "RUSTUP_HOME=/opt/rustwide/rustup-home" "-w" "/opt/rustwide/workdir" "-m" "1610612736" "--user" "0:0" "--network" "none" "ghcr.io/rust-lang/crates-build-env/linux@sha256:34b6a614d2c27851fe6cbf88fbd1137609cefab8b10d0615aaeb6fd47975d74e" "/opt/rustwide/cargo-home/bin/cargo" "+1.54.0" "test" "--frozen" "--no-run" "--message-format=json", kill_on_drop: false }`
[INFO] [stdout] a0ca5d897c62dd2d52c108aa8fc01a0504f36a38a0434ae926fd36fe00968822
[INFO] running `Command { std: "docker" "start" "-a" "a0ca5d897c62dd2d52c108aa8fc01a0504f36a38a0434ae926fd36fe00968822", kill_on_drop: false }`
[INFO] [stderr]     Blocking waiting for file lock on package cache
[INFO] [stderr]    Compiling oas-lint-rs v0.1.0 (/opt/rustwide/workdir)
[INFO] [stdout] warning: unused variable: `cc`
[INFO] [stdout]   --> src/parser/scanner.rs:56:18
[INFO] [stdout]    |
[INFO] [stdout] 56 |             Some(cc) => (self.peeked_char.take(), self.stream.get_position()),
[INFO] [stdout]    |                  ^^ help: if this is intentional, prefix it with an underscore: `_cc`
[INFO] [stdout]    |
[INFO] [stdout]    = note: `#[warn(unused_variables)]` on by default
[INFO] [stdout] 
[INFO] [stdout] 
[INFO] [stdout] warning: variable does not need to be mutable
[INFO] [stdout]   --> src/parser/scanner.rs:43:13
[INFO] [stdout]    |
[INFO] [stdout] 43 |         let mut result = Self {
[INFO] [stdout]    |             ----^^^^^^
[INFO] [stdout]    |             |
[INFO] [stdout]    |             help: remove this `mut`
[INFO] [stdout]    |
[INFO] [stdout]    = note: `#[warn(unused_mut)]` on by default
[INFO] [stdout] 
[INFO] [stdout] 
[INFO] [stdout] warning: field is never read: `data`
[INFO] [stdout]   --> src/parser/scanner.rs:34:5
[INFO] [stdout]    |
[INFO] [stdout] 34 |     data: &'a str,
[INFO] [stdout]    |     ^^^^^^^^^^^^^
[INFO] [stdout]    |
[INFO] [stdout]    = note: `#[warn(dead_code)]` on by default
[INFO] [stdout] 
[INFO] [stdout] 
[INFO] [stdout] warning: 3 warnings emitted
[INFO] [stdout] 
[INFO] [stdout] 
[INFO] [stderr]     Finished test [unoptimized + debuginfo] target(s) in 1.64s
[INFO] running `Command { std: "docker" "inspect" "a0ca5d897c62dd2d52c108aa8fc01a0504f36a38a0434ae926fd36fe00968822", kill_on_drop: false }`
[INFO] running `Command { std: "docker" "rm" "-f" "a0ca5d897c62dd2d52c108aa8fc01a0504f36a38a0434ae926fd36fe00968822", kill_on_drop: false }`
[INFO] [stdout] a0ca5d897c62dd2d52c108aa8fc01a0504f36a38a0434ae926fd36fe00968822
[INFO] running `Command { std: "docker" "create" "-v" "/var/lib/crater-agent-workspace/builds/worker-83/target:/opt/rustwide/target:rw,Z" "-v" "/var/lib/crater-agent-workspace/builds/worker-83/source:/opt/rustwide/workdir:ro,Z" "-v" "/var/lib/crater-agent-workspace/cargo-home:/opt/rustwide/cargo-home:ro,Z" "-v" "/var/lib/crater-agent-workspace/rustup-home:/opt/rustwide/rustup-home:ro,Z" "-e" "SOURCE_DIR=/opt/rustwide/workdir" "-e" "CARGO_TARGET_DIR=/opt/rustwide/target" "-e" "CARGO_INCREMENTAL=0" "-e" "RUST_BACKTRACE=full" "-e" "RUSTFLAGS=--cap-lints=warn" "-e" "CARGO_HOME=/opt/rustwide/cargo-home" "-e" "RUSTUP_HOME=/opt/rustwide/rustup-home" "-w" "/opt/rustwide/workdir" "-m" "1610612736" "--user" "0:0" "--network" "none" "ghcr.io/rust-lang/crates-build-env/linux@sha256:34b6a614d2c27851fe6cbf88fbd1137609cefab8b10d0615aaeb6fd47975d74e" "/opt/rustwide/cargo-home/bin/cargo" "+1.54.0" "test" "--frozen", kill_on_drop: false }`
[INFO] [stdout] 6d6e47dd383b6a62fa48c9f20d1599a7c3150e9deb2a96ee8637932516f5a8a2
[INFO] running `Command { std: "docker" "start" "-a" "6d6e47dd383b6a62fa48c9f20d1599a7c3150e9deb2a96ee8637932516f5a8a2", kill_on_drop: false }`
[INFO] [stderr] warning: unused variable: `cc`
[INFO] [stderr]   --> src/parser/scanner.rs:56:18
[INFO] [stderr]    |
[INFO] [stderr] 56 |             Some(cc) => (self.peeked_char.take(), self.stream.get_position()),
[INFO] [stderr]    |                  ^^ help: if this is intentional, prefix it with an underscore: `_cc`
[INFO] [stderr]    |
[INFO] [stderr]    = note: `#[warn(unused_variables)]` on by default
[INFO] [stderr] 
[INFO] [stderr] warning: variable does not need to be mutable
[INFO] [stderr]   --> src/parser/scanner.rs:43:13
[INFO] [stderr]    |
[INFO] [stderr] 43 |         let mut result = Self {
[INFO] [stderr]    |             ----^^^^^^
[INFO] [stderr]    |             |
[INFO] [stderr]    |             help: remove this `mut`
[INFO] [stderr]    |
[INFO] [stderr]    = note: `#[warn(unused_mut)]` on by default
[INFO] [stderr] 
[INFO] [stderr] warning: field is never read: `data`
[INFO] [stderr]   --> src/parser/scanner.rs:34:5
[INFO] [stderr]    |
[INFO] [stderr] 34 |     data: &'a str,
[INFO] [stderr]    |     ^^^^^^^^^^^^^
[INFO] [stderr]    |
[INFO] [stderr]    = note: `#[warn(dead_code)]` on by default
[INFO] [stderr] 
[INFO] [stderr] warning: 3 warnings emitted
[INFO] [stderr] 
[INFO] [stderr]     Finished test [unoptimized + debuginfo] target(s) in 0.44s
[INFO] [stderr]      Running unittests (/opt/rustwide/target/debug/deps/oas_lint_rs-f793d4fad0fc1cab)
[INFO] [stdout] 
[INFO] [stdout] running 15 tests
[INFO] [stdout] test parser::scanner::test_scanner::test_empty ... ok
[INFO] [stdout] test parser::stream::test_stream::test_emoji_end ... ok
[INFO] [stdout] test parser::stream::test_stream::test_empty ... ok
[INFO] [stdout] test parser::stream::test_stream::test_emoji_start ... ok
[INFO] [stdout] test parser::stream::test_stream::test_single_word ... ok
[INFO] [stdout] test parser::stream::test_stream::test_word_rn_word ... ok
[INFO] [stdout] test parser::stream::test_stream::test_single_word_and_n ... ok
[INFO] [stdout] test parser::stream::test_stream::test_single_word_and_rn ... ok
[INFO] [stdout] test parser::stream::test_stream::test_word_r_word ... ok
[INFO] [stdout] test parser::stream::test_stream::test_word_n_word ... ok
[INFO] [stdout] test parser::stream::test_stream::test_single_word_and_r ... ok
[INFO] [stdout] test parser::stream::test_stream::test_emoji_n_emoji ... ok
[INFO] [stdout] test parser::stream::test_stream::test_emoji_rn_emoji ... ok
[INFO] [stdout] test parser::stream::test_stream::test_emoji_r_emoji ... ok
[INFO] [stderr] error: test failed, to rerun pass '--bin oas-lint-rs'
[INFO] [stdout] test parser::scanner::test_scanner::test_string ... FAILED
[INFO] [stdout] 
[INFO] [stdout] failures:
[INFO] [stdout] 
[INFO] [stdout] ---- parser::scanner::test_scanner::test_string stdout ----
[INFO] [stdout] thread 'parser::scanner::test_scanner::test_string' panicked at 'assertion failed: token.is_some()', src/parser/scanner.rs:146:9
[INFO] [stdout] stack backtrace:
[INFO] [stdout]    0:     0x564021eb5310 - std::backtrace_rs::backtrace::libunwind::trace::h34055254b57d8e79
[INFO] [stdout]                                at /rustc/a178d0322ce20e33eac124758e837cbd80a6f633/library/std/src/../../backtrace/src/backtrace/libunwind.rs:90:5
[INFO] [stdout]    1:     0x564021eb5310 - std::backtrace_rs::backtrace::trace_unsynchronized::h8f1e3fbd9afff6ec
[INFO] [stdout]                                at /rustc/a178d0322ce20e33eac124758e837cbd80a6f633/library/std/src/../../backtrace/src/backtrace/mod.rs:66:5
[INFO] [stdout]    2:     0x564021eb5310 - std::sys_common::backtrace::_print_fmt::h3a99a796b770c360
[INFO] [stdout]                                at /rustc/a178d0322ce20e33eac124758e837cbd80a6f633/library/std/src/sys_common/backtrace.rs:67:5
[INFO] [stdout]    3:     0x564021eb5310 - <std::sys_common::backtrace::_print::DisplayBacktrace as core::fmt::Display>::fmt::h32d1f94a80615d18
[INFO] [stdout]                                at /rustc/a178d0322ce20e33eac124758e837cbd80a6f633/library/std/src/sys_common/backtrace.rs:46:22
[INFO] [stdout]    4:     0x564021ed7b0c - core::fmt::write::h306731c068f7162c
[INFO] [stdout]                                at /rustc/a178d0322ce20e33eac124758e837cbd80a6f633/library/core/src/fmt/mod.rs:1110:17
[INFO] [stdout]    5:     0x564021eb2235 - std::io::Write::write_fmt::h87f19b0a2cd190bc
[INFO] [stdout]                                at /rustc/a178d0322ce20e33eac124758e837cbd80a6f633/library/std/src/io/mod.rs:1588:15
[INFO] [stdout]    6:     0x564021eb747b - std::sys_common::backtrace::_print::h5abaa2601a852287
[INFO] [stdout]                                at /rustc/a178d0322ce20e33eac124758e837cbd80a6f633/library/std/src/sys_common/backtrace.rs:49:5
[INFO] [stdout]    7:     0x564021eb747b - std::sys_common::backtrace::print::h8d81445442bb638f
[INFO] [stdout]                                at /rustc/a178d0322ce20e33eac124758e837cbd80a6f633/library/std/src/sys_common/backtrace.rs:36:9
[INFO] [stdout]    8:     0x564021eb747b - std::panicking::default_hook::{{closure}}::hcfe804496a9fa747
[INFO] [stdout]                                at /rustc/a178d0322ce20e33eac124758e837cbd80a6f633/library/std/src/panicking.rs:208:50
[INFO] [stdout]    9:     0x564021eb6f8c - std::panicking::default_hook::hbea8e3ccf2ba8901
[INFO] [stdout]                                at /rustc/a178d0322ce20e33eac124758e837cbd80a6f633/library/std/src/panicking.rs:222:9
[INFO] [stdout]   10:     0x564021eb7b44 - std::panicking::rust_panic_with_hook::h7ee9e1a2d0f8975a
[INFO] [stdout]                                at /rustc/a178d0322ce20e33eac124758e837cbd80a6f633/library/std/src/panicking.rs:622:17
[INFO] [stdout]   11:     0x564021eb75f7 - std::panicking::begin_panic_handler::{{closure}}::h8ab3b4491718b2c7
[INFO] [stdout]                                at /rustc/a178d0322ce20e33eac124758e837cbd80a6f633/library/std/src/panicking.rs:517:13
[INFO] [stdout]   12:     0x564021eb580c - std::sys_common::backtrace::__rust_end_short_backtrace::hd489062ffa586a9f
[INFO] [stdout]                                at /rustc/a178d0322ce20e33eac124758e837cbd80a6f633/library/std/src/sys_common/backtrace.rs:141:18
[INFO] [stdout]   13:     0x564021eb7589 - rust_begin_unwind
[INFO] [stdout]                                at /rustc/a178d0322ce20e33eac124758e837cbd80a6f633/library/std/src/panicking.rs:515:5
[INFO] [stdout]   14:     0x564021e5e641 - core::panicking::panic_fmt::hca6330e3e14086b4
[INFO] [stdout]                                at /rustc/a178d0322ce20e33eac124758e837cbd80a6f633/library/core/src/panicking.rs:92:14
[INFO] [stdout]   15:     0x564021e5e58d - core::panicking::panic::h1a48d878ff3dcd40
[INFO] [stdout]                                at /rustc/a178d0322ce20e33eac124758e837cbd80a6f633/library/core/src/panicking.rs:50:5
[INFO] [stdout]   16:     0x564021e610d3 - oas_lint_rs::parser::scanner::test_scanner::assert_token::h44a349419f2ea6f1
[INFO] [stdout]                                at /opt/rustwide/workdir/src/parser/scanner.rs:146:9
[INFO] [stdout]   17:     0x564021e613e0 - oas_lint_rs::parser::scanner::test_scanner::test_string::hc6c230a002908293
[INFO] [stdout]                                at /opt/rustwide/workdir/src/parser/scanner.rs:136:9
[INFO] [stdout]   18:     0x564021e6132a - oas_lint_rs::parser::scanner::test_scanner::test_string::{{closure}}::h4204f74af0d287d1
[INFO] [stdout]                                at /opt/rustwide/workdir/src/parser/scanner.rs:131:5
[INFO] [stdout]   19:     0x564021e6347e - core::ops::function::FnOnce::call_once::h3ad0216565665b06
[INFO] [stdout]                                at /rustc/a178d0322ce20e33eac124758e837cbd80a6f633/library/core/src/ops/function.rs:227:5
[INFO] [stdout]   20:     0x564021e8c813 - core::ops::function::FnOnce::call_once::h152e7e439ff59e19
[INFO] [stdout]                                at /rustc/a178d0322ce20e33eac124758e837cbd80a6f633/library/core/src/ops/function.rs:227:5
[INFO] [stdout]   21:     0x564021e8c813 - test::__rust_begin_short_backtrace::h0908f3b1fdbb72ab
[INFO] [stdout]                                at /rustc/a178d0322ce20e33eac124758e837cbd80a6f633/library/test/src/lib.rs:577:5
[INFO] [stdout]   22:     0x564021e8b2d0 - <alloc::boxed::Box<F,A> as core::ops::function::FnOnce<Args>>::call_once::hf6d2a51e5587546c
[INFO] [stdout]                                at /rustc/a178d0322ce20e33eac124758e837cbd80a6f633/library/alloc/src/boxed.rs:1575:9
[INFO] [stdout]   23:     0x564021e8b2d0 - <std::panic::AssertUnwindSafe<F> as core::ops::function::FnOnce<()>>::call_once::h8af660f3a89ef593
[INFO] [stdout]                                at /rustc/a178d0322ce20e33eac124758e837cbd80a6f633/library/std/src/panic.rs:347:9
[INFO] [stdout]   24:     0x564021e8b2d0 - std::panicking::try::do_call::hd36aef60f84b6d36
[INFO] [stdout]                                at /rustc/a178d0322ce20e33eac124758e837cbd80a6f633/library/std/src/panicking.rs:401:40
[INFO] [stdout]   25:     0x564021e8b2d0 - std::panicking::try::h9932b4480e69817c
[INFO] [stdout]                                at /rustc/a178d0322ce20e33eac124758e837cbd80a6f633/library/std/src/panicking.rs:365:19
[INFO] [stdout]   26:     0x564021e8b2d0 - std::panic::catch_unwind::h6aa177099cfff5f8
[INFO] [stdout]                                at /rustc/a178d0322ce20e33eac124758e837cbd80a6f633/library/std/src/panic.rs:434:14
[INFO] [stdout]   27:     0x564021e8b2d0 - test::run_test_in_process::h5884d6f2d99e20c3
[INFO] [stdout]                                at /rustc/a178d0322ce20e33eac124758e837cbd80a6f633/library/test/src/lib.rs:600:18
[INFO] [stdout]   28:     0x564021e8b2d0 - test::run_test::run_test_inner::{{closure}}::h6fdc58c6d5f5b6e3
[INFO] [stdout]                                at /rustc/a178d0322ce20e33eac124758e837cbd80a6f633/library/test/src/lib.rs:492:39
[INFO] [stdout]   29:     0x564021e64982 - test::run_test::run_test_inner::{{closure}}::h408365d67a78ade8
[INFO] [stdout]                                at /rustc/a178d0322ce20e33eac124758e837cbd80a6f633/library/test/src/lib.rs:519:37
[INFO] [stdout]   30:     0x564021e64982 - std::sys_common::backtrace::__rust_begin_short_backtrace::hb560b77c4f701523
[INFO] [stdout]                                at /rustc/a178d0322ce20e33eac124758e837cbd80a6f633/library/std/src/sys_common/backtrace.rs:125:18
[INFO] [stdout]   31:     0x564021e68538 - std::thread::Builder::spawn_unchecked::{{closure}}::{{closure}}::hf2e7831dad93c597
[INFO] [stdout]                                at /rustc/a178d0322ce20e33eac124758e837cbd80a6f633/library/std/src/thread/mod.rs:481:17
[INFO] [stdout]   32:     0x564021e68538 - <std::panic::AssertUnwindSafe<F> as core::ops::function::FnOnce<()>>::call_once::hd2e08783d8be4d02
[INFO] [stdout]                                at /rustc/a178d0322ce20e33eac124758e837cbd80a6f633/library/std/src/panic.rs:347:9
[INFO] [stdout]   33:     0x564021e68538 - std::panicking::try::do_call::h062597b7acfd6b82
[INFO] [stdout]                                at /rustc/a178d0322ce20e33eac124758e837cbd80a6f633/library/std/src/panicking.rs:401:40
[INFO] [stdout]   34:     0x564021e68538 - std::panicking::try::h0d7b79db04c14552
[INFO] [stdout]                                at /rustc/a178d0322ce20e33eac124758e837cbd80a6f633/library/std/src/panicking.rs:365:19
[INFO] [stdout]   35:     0x564021e68538 - std::panic::catch_unwind::hb01a0b5e7c8cd43b
[INFO] [stdout]                                at /rustc/a178d0322ce20e33eac124758e837cbd80a6f633/library/std/src/panic.rs:434:14
[INFO] [stdout]   36:     0x564021e68538 - std::thread::Builder::spawn_unchecked::{{closure}}::h5bde48cc887e0d1e
[INFO] [stdout]                                at /rustc/a178d0322ce20e33eac124758e837cbd80a6f633/library/std/src/thread/mod.rs:480:30
[INFO] [stdout]   37:     0x564021e68538 - core::ops::function::FnOnce::call_once{{vtable.shim}}::h745ea30807a29e55
[INFO] [stdout]                                at /rustc/a178d0322ce20e33eac124758e837cbd80a6f633/library/core/src/ops/function.rs:227:5
[INFO] [stdout]   38:     0x564021ebc607 - <alloc::boxed::Box<F,A> as core::ops::function::FnOnce<Args>>::call_once::h7ece6cfefaff1005
[INFO] [stdout]                                at /rustc/a178d0322ce20e33eac124758e837cbd80a6f633/library/alloc/src/boxed.rs:1575:9
[INFO] [stdout]   39:     0x564021ebc607 - <alloc::boxed::Box<F,A> as core::ops::function::FnOnce<Args>>::call_once::hb8b48e55c21f193e
[INFO] [stdout]                                at /rustc/a178d0322ce20e33eac124758e837cbd80a6f633/library/alloc/src/boxed.rs:1575:9
[INFO] [stdout]   40:     0x564021ebc607 - std::sys::unix::thread::Thread::new::thread_start::h8c7c4450dba62914
[INFO] [stdout]                                at /rustc/a178d0322ce20e33eac124758e837cbd80a6f633/library/std/src/sys/unix/thread.rs:71:17
[INFO] [stdout]   41:     0x7f1458b77609 - start_thread
[INFO] [stdout]   42:     0x7f1458949293 - clone
[INFO] [stdout]   43:                0x0 - <unknown>
[INFO] [stdout] 
[INFO] [stdout] 
[INFO] [stdout] failures:
[INFO] [stdout]     parser::scanner::test_scanner::test_string
[INFO] [stdout] 
[INFO] [stdout] test result: FAILED. 14 passed; 1 failed; 0 ignored; 0 measured; 0 filtered out; finished in 0.09s
[INFO] [stdout] 
[INFO] running `Command { std: "docker" "inspect" "6d6e47dd383b6a62fa48c9f20d1599a7c3150e9deb2a96ee8637932516f5a8a2", kill_on_drop: false }`
[INFO] running `Command { std: "docker" "rm" "-f" "6d6e47dd383b6a62fa48c9f20d1599a7c3150e9deb2a96ee8637932516f5a8a2", kill_on_drop: false }`
[INFO] [stdout] 6d6e47dd383b6a62fa48c9f20d1599a7c3150e9deb2a96ee8637932516f5a8a2
