[INFO] cloning repository https://github.com/bballant/bbudgetrs
[INFO] running `Command { std: "git" "-c" "credential.helper=" "-c" "credential.helper=/workspace/cargo-home/bin/git-credential-null" "clone" "--bare" "https://github.com/bballant/bbudgetrs" "/workspace/cache/git-repos/https%3A%2F%2Fgithub.com%2Fbballant%2Fbbudgetrs", kill_on_drop: false }`
[INFO] [stderr] Cloning into bare repository '/workspace/cache/git-repos/https%3A%2F%2Fgithub.com%2Fbballant%2Fbbudgetrs'...
[INFO] running `Command { std: "git" "rev-parse" "HEAD", kill_on_drop: false }`
[INFO] [stdout] fd0915215019c7389b4ffe1aa4a94e43ed2c309f
[INFO] testing bballant/bbudgetrs against 1.54.0 for beta-1.55-1
[INFO] running `Command { std: "git" "clone" "/workspace/cache/git-repos/https%3A%2F%2Fgithub.com%2Fbballant%2Fbbudgetrs" "/workspace/builds/worker-46/source", kill_on_drop: false }`
[INFO] [stderr] Cloning into '/workspace/builds/worker-46/source'...
[INFO] [stderr] done.
[INFO] validating manifest of git repo https://github.com/bballant/bbudgetrs on toolchain 1.54.0
[INFO] running `Command { std: "/workspace/cargo-home/bin/cargo" "+1.54.0" "metadata" "--manifest-path" "Cargo.toml" "--no-deps", kill_on_drop: false }`
[INFO] started tweaking git repo https://github.com/bballant/bbudgetrs
[INFO] finished tweaking git repo https://github.com/bballant/bbudgetrs
[INFO] tweaked toml for git repo https://github.com/bballant/bbudgetrs written to /workspace/builds/worker-46/source/Cargo.toml
[INFO] crate git repo https://github.com/bballant/bbudgetrs already has a lockfile, it will not be regenerated
[INFO] running `Command { std: "/workspace/cargo-home/bin/cargo" "+1.54.0" "fetch" "--manifest-path" "Cargo.toml", kill_on_drop: false }`
[INFO] [stderr]  Downloading crates ...
[INFO] [stderr]   Downloaded csv-core v0.1.5
[INFO] [stderr]   Downloaded csv v1.0.7
[INFO] running `Command { std: "docker" "create" "-v" "/var/lib/crater-agent-workspace/builds/worker-46/target:/opt/rustwide/target:rw,Z" "-v" "/var/lib/crater-agent-workspace/builds/worker-46/source:/opt/rustwide/workdir:ro,Z" "-v" "/var/lib/crater-agent-workspace/cargo-home:/opt/rustwide/cargo-home:ro,Z" "-v" "/var/lib/crater-agent-workspace/rustup-home:/opt/rustwide/rustup-home:ro,Z" "-e" "SOURCE_DIR=/opt/rustwide/workdir" "-e" "CARGO_TARGET_DIR=/opt/rustwide/target" "-e" "CARGO_HOME=/opt/rustwide/cargo-home" "-e" "RUSTUP_HOME=/opt/rustwide/rustup-home" "-w" "/opt/rustwide/workdir" "-m" "1610612736" "--user" "0:0" "--network" "none" "ghcr.io/rust-lang/crates-build-env/linux@sha256:34b6a614d2c27851fe6cbf88fbd1137609cefab8b10d0615aaeb6fd47975d74e" "/opt/rustwide/cargo-home/bin/cargo" "+1.54.0" "metadata" "--no-deps" "--format-version=1", kill_on_drop: false }`
[INFO] [stdout] 770a361b8fc84d171d92a6521e6a869c30bc03d4003c7d3c40ae5a3026a2b3c2
[INFO] running `Command { std: "docker" "start" "-a" "770a361b8fc84d171d92a6521e6a869c30bc03d4003c7d3c40ae5a3026a2b3c2", kill_on_drop: false }`
[INFO] running `Command { std: "docker" "inspect" "770a361b8fc84d171d92a6521e6a869c30bc03d4003c7d3c40ae5a3026a2b3c2", kill_on_drop: false }`
[INFO] running `Command { std: "docker" "rm" "-f" "770a361b8fc84d171d92a6521e6a869c30bc03d4003c7d3c40ae5a3026a2b3c2", kill_on_drop: false }`
[INFO] [stdout] 770a361b8fc84d171d92a6521e6a869c30bc03d4003c7d3c40ae5a3026a2b3c2
[INFO] running `Command { std: "docker" "create" "-v" "/var/lib/crater-agent-workspace/builds/worker-46/target:/opt/rustwide/target:rw,Z" "-v" "/var/lib/crater-agent-workspace/builds/worker-46/source:/opt/rustwide/workdir:ro,Z" "-v" "/var/lib/crater-agent-workspace/cargo-home:/opt/rustwide/cargo-home:ro,Z" "-v" "/var/lib/crater-agent-workspace/rustup-home:/opt/rustwide/rustup-home:ro,Z" "-e" "SOURCE_DIR=/opt/rustwide/workdir" "-e" "CARGO_TARGET_DIR=/opt/rustwide/target" "-e" "CARGO_INCREMENTAL=0" "-e" "RUST_BACKTRACE=full" "-e" "RUSTFLAGS=--cap-lints=warn" "-e" "CARGO_HOME=/opt/rustwide/cargo-home" "-e" "RUSTUP_HOME=/opt/rustwide/rustup-home" "-w" "/opt/rustwide/workdir" "-m" "1610612736" "--user" "0:0" "--network" "none" "ghcr.io/rust-lang/crates-build-env/linux@sha256:34b6a614d2c27851fe6cbf88fbd1137609cefab8b10d0615aaeb6fd47975d74e" "/opt/rustwide/cargo-home/bin/cargo" "+1.54.0" "build" "--frozen" "--message-format=json", kill_on_drop: false }`
[INFO] [stdout] 803910df63155a38553c3c9d1975991d8e6b2b61a0e544a259466c3b66a8a115
[INFO] running `Command { std: "docker" "start" "-a" "803910df63155a38553c3c9d1975991d8e6b2b61a0e544a259466c3b66a8a115", kill_on_drop: false }`
[INFO] [stderr]    Compiling libc v0.2.55
[INFO] [stderr]    Compiling cc v1.0.37
[INFO] [stderr]    Compiling memchr v2.2.0
[INFO] [stderr]    Compiling serde v1.0.91
[INFO] [stderr]    Compiling rustc-demangle v0.1.14
[INFO] [stderr]    Compiling smallvec v0.4.5
[INFO] [stderr]    Compiling backtrace v0.3.26
[INFO] [stderr]    Compiling num-traits v0.2.8
[INFO] [stderr]    Compiling num-integer v0.1.41
[INFO] [stderr]    Compiling serde_derive v1.0.91
[INFO] [stderr]    Compiling backtrace-sys v0.1.28
[INFO] [stderr]    Compiling atty v0.2.11
[INFO] [stderr]    Compiling time v0.1.42
[INFO] [stderr]    Compiling clap v2.33.0
[INFO] [stderr]    Compiling csv-core v0.1.5
[INFO] [stderr]    Compiling error-chain v0.10.0
[INFO] [stderr]    Compiling chrono v0.4.6
[INFO] [stderr]    Compiling csv v1.0.7
[INFO] [stderr]    Compiling ferris-says v0.1.1
[INFO] [stderr]    Compiling bbudgetrs v0.1.0 (/opt/rustwide/workdir)
[INFO] [stdout] warning: trait objects without an explicit `dyn` are deprecated
[INFO] [stdout]   --> src/main.rs:38:68
[INFO] [stdout]    |
[INFO] [stdout] 38 | fn get_records(file_path: &str) -> Result<Vec<record::Record>, Box<Error>> {
[INFO] [stdout]    |                                                                    ^^^^^ help: use `dyn`: `dyn Error`
[INFO] [stdout]    |
[INFO] [stdout]    = note: `#[warn(bare_trait_objects)]` on by default
[INFO] [stdout]    = warning: this was previously accepted by the compiler but is being phased out; it will become a hard error in the 2021 edition!
[INFO] [stdout]    = note: for more information, see issue #80165 <https://github.com/rust-lang/rust/issues/80165>
[INFO] [stdout] 
[INFO] [stdout] 
[INFO] [stdout] warning: trait objects without an explicit `dyn` are deprecated
[INFO] [stdout]   --> src/main.rs:43:43
[INFO] [stdout]    |
[INFO] [stdout] 43 | fn run(file_path: &str) -> Result<(), Box<Error>> {
[INFO] [stdout]    |                                           ^^^^^ help: use `dyn`: `dyn Error`
[INFO] [stdout]    |
[INFO] [stdout]    = warning: this was previously accepted by the compiler but is being phased out; it will become a hard error in the 2021 edition!
[INFO] [stdout]    = note: for more information, see issue #80165 <https://github.com/rust-lang/rust/issues/80165>
[INFO] [stdout] 
[INFO] [stdout] 
[INFO] [stdout] warning: function is never used: `get1`
[INFO] [stdout]   --> src/main.rs:34:4
[INFO] [stdout]    |
[INFO] [stdout] 34 | fn get1() -> i32 {
[INFO] [stdout]    |    ^^^^
[INFO] [stdout]    |
[INFO] [stdout]    = note: `#[warn(dead_code)]` on by default
[INFO] [stdout] 
[INFO] [stdout] 
[INFO] [stdout] warning: function is never used: `get_records`
[INFO] [stdout]   --> src/main.rs:38:4
[INFO] [stdout]    |
[INFO] [stdout] 38 | fn get_records(file_path: &str) -> Result<Vec<record::Record>, Box<Error>> {
[INFO] [stdout]    |    ^^^^^^^^^^^
[INFO] [stdout] 
[INFO] [stdout] 
[INFO] [stdout] warning: 4 warnings emitted
[INFO] [stdout] 
[INFO] [stdout] 
[INFO] [stderr]     Finished dev [unoptimized + debuginfo] target(s) in 16.90s
[INFO] running `Command { std: "docker" "inspect" "803910df63155a38553c3c9d1975991d8e6b2b61a0e544a259466c3b66a8a115", kill_on_drop: false }`
[INFO] running `Command { std: "docker" "rm" "-f" "803910df63155a38553c3c9d1975991d8e6b2b61a0e544a259466c3b66a8a115", kill_on_drop: false }`
[INFO] [stdout] 803910df63155a38553c3c9d1975991d8e6b2b61a0e544a259466c3b66a8a115
[INFO] running `Command { std: "docker" "create" "-v" "/var/lib/crater-agent-workspace/builds/worker-46/target:/opt/rustwide/target:rw,Z" "-v" "/var/lib/crater-agent-workspace/builds/worker-46/source:/opt/rustwide/workdir:ro,Z" "-v" "/var/lib/crater-agent-workspace/cargo-home:/opt/rustwide/cargo-home:ro,Z" "-v" "/var/lib/crater-agent-workspace/rustup-home:/opt/rustwide/rustup-home:ro,Z" "-e" "SOURCE_DIR=/opt/rustwide/workdir" "-e" "CARGO_TARGET_DIR=/opt/rustwide/target" "-e" "CARGO_INCREMENTAL=0" "-e" "RUST_BACKTRACE=full" "-e" "RUSTFLAGS=--cap-lints=warn" "-e" "CARGO_HOME=/opt/rustwide/cargo-home" "-e" "RUSTUP_HOME=/opt/rustwide/rustup-home" "-w" "/opt/rustwide/workdir" "-m" "1610612736" "--user" "0:0" "--network" "none" "ghcr.io/rust-lang/crates-build-env/linux@sha256:34b6a614d2c27851fe6cbf88fbd1137609cefab8b10d0615aaeb6fd47975d74e" "/opt/rustwide/cargo-home/bin/cargo" "+1.54.0" "test" "--frozen" "--no-run" "--message-format=json", kill_on_drop: false }`
[INFO] [stdout] f72ccb11566b8fb2290260d9187c04f4fb9fc6243cc2aa62177eb7e3aac0db87
[INFO] running `Command { std: "docker" "start" "-a" "f72ccb11566b8fb2290260d9187c04f4fb9fc6243cc2aa62177eb7e3aac0db87", kill_on_drop: false }`
[INFO] [stderr]     Blocking waiting for file lock on package cache
[INFO] [stderr]    Compiling bbudgetrs v0.1.0 (/opt/rustwide/workdir)
[INFO] [stdout] warning: trait objects without an explicit `dyn` are deprecated
[INFO] [stdout]   --> src/main.rs:38:68
[INFO] [stdout]    |
[INFO] [stdout] 38 | fn get_records(file_path: &str) -> Result<Vec<record::Record>, Box<Error>> {
[INFO] [stdout]    |                                                                    ^^^^^ help: use `dyn`: `dyn Error`
[INFO] [stdout]    |
[INFO] [stdout]    = note: `#[warn(bare_trait_objects)]` on by default
[INFO] [stdout]    = warning: this was previously accepted by the compiler but is being phased out; it will become a hard error in the 2021 edition!
[INFO] [stdout]    = note: for more information, see issue #80165 <https://github.com/rust-lang/rust/issues/80165>
[INFO] [stdout] 
[INFO] [stdout] 
[INFO] [stdout] warning: trait objects without an explicit `dyn` are deprecated
[INFO] [stdout]   --> src/main.rs:43:43
[INFO] [stdout]    |
[INFO] [stdout] 43 | fn run(file_path: &str) -> Result<(), Box<Error>> {
[INFO] [stdout]    |                                           ^^^^^ help: use `dyn`: `dyn Error`
[INFO] [stdout]    |
[INFO] [stdout]    = warning: this was previously accepted by the compiler but is being phased out; it will become a hard error in the 2021 edition!
[INFO] [stdout]    = note: for more information, see issue #80165 <https://github.com/rust-lang/rust/issues/80165>
[INFO] [stdout] 
[INFO] [stdout] 
[INFO] [stdout] warning: function is never used: `get_records`
[INFO] [stdout]   --> src/main.rs:38:4
[INFO] [stdout]    |
[INFO] [stdout] 38 | fn get_records(file_path: &str) -> Result<Vec<record::Record>, Box<Error>> {
[INFO] [stdout]    |    ^^^^^^^^^^^
[INFO] [stdout]    |
[INFO] [stdout]    = note: `#[warn(dead_code)]` on by default
[INFO] [stdout] 
[INFO] [stdout] 
[INFO] [stdout] warning: 3 warnings emitted
[INFO] [stdout] 
[INFO] [stdout] 
[INFO] [stderr]     Finished test [unoptimized + debuginfo] target(s) in 2.98s
[INFO] running `Command { std: "docker" "inspect" "f72ccb11566b8fb2290260d9187c04f4fb9fc6243cc2aa62177eb7e3aac0db87", kill_on_drop: false }`
[INFO] running `Command { std: "docker" "rm" "-f" "f72ccb11566b8fb2290260d9187c04f4fb9fc6243cc2aa62177eb7e3aac0db87", kill_on_drop: false }`
[INFO] [stdout] f72ccb11566b8fb2290260d9187c04f4fb9fc6243cc2aa62177eb7e3aac0db87
[INFO] running `Command { std: "docker" "create" "-v" "/var/lib/crater-agent-workspace/builds/worker-46/target:/opt/rustwide/target:rw,Z" "-v" "/var/lib/crater-agent-workspace/builds/worker-46/source:/opt/rustwide/workdir:ro,Z" "-v" "/var/lib/crater-agent-workspace/cargo-home:/opt/rustwide/cargo-home:ro,Z" "-v" "/var/lib/crater-agent-workspace/rustup-home:/opt/rustwide/rustup-home:ro,Z" "-e" "SOURCE_DIR=/opt/rustwide/workdir" "-e" "CARGO_TARGET_DIR=/opt/rustwide/target" "-e" "CARGO_INCREMENTAL=0" "-e" "RUST_BACKTRACE=full" "-e" "RUSTFLAGS=--cap-lints=warn" "-e" "CARGO_HOME=/opt/rustwide/cargo-home" "-e" "RUSTUP_HOME=/opt/rustwide/rustup-home" "-w" "/opt/rustwide/workdir" "-m" "1610612736" "--user" "0:0" "--network" "none" "ghcr.io/rust-lang/crates-build-env/linux@sha256:34b6a614d2c27851fe6cbf88fbd1137609cefab8b10d0615aaeb6fd47975d74e" "/opt/rustwide/cargo-home/bin/cargo" "+1.54.0" "test" "--frozen", kill_on_drop: false }`
[INFO] [stdout] 96a951c3ccef2a1794480cf45ec7603f148c03e9d191a850bab95878e009dd32
[INFO] running `Command { std: "docker" "start" "-a" "96a951c3ccef2a1794480cf45ec7603f148c03e9d191a850bab95878e009dd32", kill_on_drop: false }`
[INFO] [stderr] warning: trait objects without an explicit `dyn` are deprecated
[INFO] [stderr]   --> src/main.rs:38:68
[INFO] [stderr]    |
[INFO] [stderr] 38 | fn get_records(file_path: &str) -> Result<Vec<record::Record>, Box<Error>> {
[INFO] [stderr]    |                                                                    ^^^^^ help: use `dyn`: `dyn Error`
[INFO] [stderr]    |
[INFO] [stderr]    = note: `#[warn(bare_trait_objects)]` on by default
[INFO] [stderr]    = warning: this was previously accepted by the compiler but is being phased out; it will become a hard error in the 2021 edition!
[INFO] [stderr]    = note: for more information, see issue #80165 <https://github.com/rust-lang/rust/issues/80165>
[INFO] [stderr] 
[INFO] [stderr] warning: trait objects without an explicit `dyn` are deprecated
[INFO] [stderr]   --> src/main.rs:43:43
[INFO] [stderr]    |
[INFO] [stderr] 43 | fn run(file_path: &str) -> Result<(), Box<Error>> {
[INFO] [stderr]    |                                           ^^^^^ help: use `dyn`: `dyn Error`
[INFO] [stderr]    |
[INFO] [stderr]    = warning: this was previously accepted by the compiler but is being phased out; it will become a hard error in the 2021 edition!
[INFO] [stderr]    = note: for more information, see issue #80165 <https://github.com/rust-lang/rust/issues/80165>
[INFO] [stderr] 
[INFO] [stderr] warning: function is never used: `get_records`
[INFO] [stderr]   --> src/main.rs:38:4
[INFO] [stderr]    |
[INFO] [stderr] 38 | fn get_records(file_path: &str) -> Result<Vec<record::Record>, Box<Error>> {
[INFO] [stderr]    |    ^^^^^^^^^^^
[INFO] [stderr]    |
[INFO] [stderr]    = note: `#[warn(dead_code)]` on by default
[INFO] [stderr] 
[INFO] [stderr] warning: 3 warnings emitted
[INFO] [stderr] 
[INFO] [stderr]     Finished test [unoptimized + debuginfo] target(s) in 0.30s
[INFO] [stderr]      Running unittests (/opt/rustwide/target/debug/deps/bbudgetrs-4d817277565e93b3)
[INFO] [stdout] 
[INFO] [stdout] running 3 tests
[INFO] [stdout] test tests::exploration ... ok
[INFO] [stdout] test tests::get1_works ... ok
[INFO] [stdout] test tests::run_works ... FAILED
[INFO] [stdout] 
[INFO] [stdout] failures:
[INFO] [stdout] 
[INFO] [stdout] ---- tests::run_works stdout ----
[INFO] [stdout] thread 'tests::run_works' panicked at 'called `Result::unwrap()` on an `Err` value: Error(Io(Os { code: 2, kind: NotFound, message: "No such file or directory" }))', src/main.rs:76:49
[INFO] [stdout] stack backtrace:
[INFO] [stdout]    0:     0x559adafc6960 - std::backtrace_rs::backtrace::libunwind::trace::h34055254b57d8e79
[INFO] [stdout]                                at /rustc/a178d0322ce20e33eac124758e837cbd80a6f633/library/std/src/../../backtrace/src/backtrace/libunwind.rs:90:5
[INFO] [stdout]    1:     0x559adafc6960 - std::backtrace_rs::backtrace::trace_unsynchronized::h8f1e3fbd9afff6ec
[INFO] [stdout]                                at /rustc/a178d0322ce20e33eac124758e837cbd80a6f633/library/std/src/../../backtrace/src/backtrace/mod.rs:66:5
[INFO] [stdout]    2:     0x559adafc6960 - std::sys_common::backtrace::_print_fmt::h3a99a796b770c360
[INFO] [stdout]                                at /rustc/a178d0322ce20e33eac124758e837cbd80a6f633/library/std/src/sys_common/backtrace.rs:67:5
[INFO] [stdout]    3:     0x559adafc6960 - <std::sys_common::backtrace::_print::DisplayBacktrace as core::fmt::Display>::fmt::h32d1f94a80615d18
[INFO] [stdout]                                at /rustc/a178d0322ce20e33eac124758e837cbd80a6f633/library/std/src/sys_common/backtrace.rs:46:22
[INFO] [stdout]    4:     0x559adafea3ec - core::fmt::write::h306731c068f7162c
[INFO] [stdout]                                at /rustc/a178d0322ce20e33eac124758e837cbd80a6f633/library/core/src/fmt/mod.rs:1110:17
[INFO] [stdout]    5:     0x559adafc3885 - std::io::Write::write_fmt::h87f19b0a2cd190bc
[INFO] [stdout]                                at /rustc/a178d0322ce20e33eac124758e837cbd80a6f633/library/std/src/io/mod.rs:1588:15
[INFO] [stdout]    6:     0x559adafc8acb - std::sys_common::backtrace::_print::h5abaa2601a852287
[INFO] [stdout]                                at /rustc/a178d0322ce20e33eac124758e837cbd80a6f633/library/std/src/sys_common/backtrace.rs:49:5
[INFO] [stdout]    7:     0x559adafc8acb - std::sys_common::backtrace::print::h8d81445442bb638f
[INFO] [stdout]                                at /rustc/a178d0322ce20e33eac124758e837cbd80a6f633/library/std/src/sys_common/backtrace.rs:36:9
[INFO] [stdout]    8:     0x559adafc8acb - std::panicking::default_hook::{{closure}}::hcfe804496a9fa747
[INFO] [stdout]                                at /rustc/a178d0322ce20e33eac124758e837cbd80a6f633/library/std/src/panicking.rs:208:50
[INFO] [stdout]    9:     0x559adafc85dc - std::panicking::default_hook::hbea8e3ccf2ba8901
[INFO] [stdout]                                at /rustc/a178d0322ce20e33eac124758e837cbd80a6f633/library/std/src/panicking.rs:222:9
[INFO] [stdout]   10:     0x559adafc9194 - std::panicking::rust_panic_with_hook::h7ee9e1a2d0f8975a
[INFO] [stdout]                                at /rustc/a178d0322ce20e33eac124758e837cbd80a6f633/library/std/src/panicking.rs:622:17
[INFO] [stdout]   11:     0x559adafc8c77 - std::panicking::begin_panic_handler::{{closure}}::h8ab3b4491718b2c7
[INFO] [stdout]                                at /rustc/a178d0322ce20e33eac124758e837cbd80a6f633/library/std/src/panicking.rs:519:13
[INFO] [stdout]   12:     0x559adafc6e5c - std::sys_common::backtrace::__rust_end_short_backtrace::hd489062ffa586a9f
[INFO] [stdout]                                at /rustc/a178d0322ce20e33eac124758e837cbd80a6f633/library/std/src/sys_common/backtrace.rs:141:18
[INFO] [stdout]   13:     0x559adafc8bd9 - rust_begin_unwind
[INFO] [stdout]                                at /rustc/a178d0322ce20e33eac124758e837cbd80a6f633/library/std/src/panicking.rs:515:5
[INFO] [stdout]   14:     0x559adaf29651 - core::panicking::panic_fmt::hca6330e3e14086b4
[INFO] [stdout]                                at /rustc/a178d0322ce20e33eac124758e837cbd80a6f633/library/core/src/panicking.rs:92:14
[INFO] [stdout]   15:     0x559adaf29743 - core::result::unwrap_failed::h6160d2b4bfbb0e87
[INFO] [stdout]                                at /rustc/a178d0322ce20e33eac124758e837cbd80a6f633/library/core/src/result.rs:1355:5
[INFO] [stdout]   16:     0x559adaf2ab49 - core::result::Result<T,E>::unwrap::hb4f7084f155de7ca
[INFO] [stdout]                                at /rustc/a178d0322ce20e33eac124758e837cbd80a6f633/library/core/src/result.rs:1037:23
[INFO] [stdout]   17:     0x559adaf36858 - bbudgetrs::tests::run_works::h747d905357032295
[INFO] [stdout]                                at /opt/rustwide/workdir/src/main.rs:76:20
[INFO] [stdout]   18:     0x559adaf3680a - bbudgetrs::tests::run_works::{{closure}}::h03beee05aaf7dac9
[INFO] [stdout]                                at /opt/rustwide/workdir/src/main.rs:75:5
[INFO] [stdout]   19:     0x559adaf30e4e - core::ops::function::FnOnce::call_once::hb5cbc83e4563ce8b
[INFO] [stdout]                                at /rustc/a178d0322ce20e33eac124758e837cbd80a6f633/library/core/src/ops/function.rs:227:5
[INFO] [stdout]   20:     0x559adaf61943 - core::ops::function::FnOnce::call_once::h152e7e439ff59e19
[INFO] [stdout]                                at /rustc/a178d0322ce20e33eac124758e837cbd80a6f633/library/core/src/ops/function.rs:227:5
[INFO] [stdout]   21:     0x559adaf61943 - test::__rust_begin_short_backtrace::h0908f3b1fdbb72ab
[INFO] [stdout]                                at /rustc/a178d0322ce20e33eac124758e837cbd80a6f633/library/test/src/lib.rs:577:5
[INFO] [stdout]   22:     0x559adaf60400 - <alloc::boxed::Box<F,A> as core::ops::function::FnOnce<Args>>::call_once::hf6d2a51e5587546c
[INFO] [stdout]                                at /rustc/a178d0322ce20e33eac124758e837cbd80a6f633/library/alloc/src/boxed.rs:1575:9
[INFO] [stdout]   23:     0x559adaf60400 - <std::panic::AssertUnwindSafe<F> as core::ops::function::FnOnce<()>>::call_once::h8af660f3a89ef593
[INFO] [stdout]                                at /rustc/a178d0322ce20e33eac124758e837cbd80a6f633/library/std/src/panic.rs:347:9
[INFO] [stdout]   24:     0x559adaf60400 - std::panicking::try::do_call::hd36aef60f84b6d36
[INFO] [stdout]                                at /rustc/a178d0322ce20e33eac124758e837cbd80a6f633/library/std/src/panicking.rs:401:40
[INFO] [stdout]   25:     0x559adaf60400 - std::panicking::try::h9932b4480e69817c
[INFO] [stdout]                                at /rustc/a178d0322ce20e33eac124758e837cbd80a6f633/library/std/src/panicking.rs:365:19
[INFO] [stdout]   26:     0x559adaf60400 - std::panic::catch_unwind::h6aa177099cfff5f8
[INFO] [stdout]                                at /rustc/a178d0322ce20e33eac124758e837cbd80a6f633/library/std/src/panic.rs:434:14
[INFO] [stdout]   27:     0x559adaf60400 - test::run_test_in_process::h5884d6f2d99e20c3
[INFO] [stdout]                                at /rustc/a178d0322ce20e33eac124758e837cbd80a6f633/library/test/src/lib.rs:600:18
[INFO] [stdout]   28:     0x559adaf60400 - test::run_test::run_test_inner::{{closure}}::h6fdc58c6d5f5b6e3
[INFO] [stdout]                                at /rustc/a178d0322ce20e33eac124758e837cbd80a6f633/library/test/src/lib.rs:492:39
[INFO] [stdout]   29:     0x559adaf39ab2 - test::run_test::run_test_inner::{{closure}}::h408365d67a78ade8
[INFO] [stdout]                                at /rustc/a178d0322ce20e33eac124758e837cbd80a6f633/library/test/src/lib.rs:519:37
[INFO] [stdout]   30:     0x559adaf39ab2 - std::sys_common::backtrace::__rust_begin_short_backtrace::hb560b77c4f701523
[INFO] [stdout]                                at /rustc/a178d0322ce20e33eac124758e837cbd80a6f633/library/std/src/sys_common/backtrace.rs:125:18
[INFO] [stdout]   31:     0x559adaf3d668 - std::thread::Builder::spawn_unchecked::{{closure}}::{{closure}}::hf2e7831dad93c597
[INFO] [stdout]                                at /rustc/a178d0322ce20e33eac124758e837cbd80a6f633/library/std/src/thread/mod.rs:481:17
[INFO] [stdout]   32:     0x559adaf3d668 - <std::panic::AssertUnwindSafe<F> as core::ops::function::FnOnce<()>>::call_once::hd2e08783d8be4d02
[INFO] [stdout]                                at /rustc/a178d0322ce20e33eac124758e837cbd80a6f633/library/std/src/panic.rs:347:9
[INFO] [stdout]   33:     0x559adaf3d668 - std::panicking::try::do_call::h062597b7acfd6b82
[INFO] [stdout]                                at /rustc/a178d0322ce20e33eac124758e837cbd80a6f633/library/std/src/panicking.rs:401:40
[INFO] [stdout]   34:     0x559adaf3d668 - std::panicking::try::h0d7b79db04c14552
[INFO] [stdout]                                at /rustc/a178d0322ce20e33eac124758e837cbd80a6f633/library/std/src/panicking.rs:365:19
[INFO] [stdout]   35:     0x559adaf3d668 - std::panic::catch_unwind::hb01a0b5e7c8cd43b
[INFO] [stdout]                                at /rustc/a178d0322ce20e33eac124758e837cbd80a6f633/library/std/src/panic.rs:434:14
[INFO] [stdout]   36:     0x559adaf3d668 - std::thread::Builder::spawn_unchecked::{{closure}}::h5bde48cc887e0d1e
[INFO] [stdout]                                at /rustc/a178d0322ce20e33eac124758e837cbd80a6f633/library/std/src/thread/mod.rs:480:30
[INFO] [stdout]   37:     0x559adaf3d668 - core::ops::function::FnOnce::call_once{{vtable.shim}}::h745ea30807a29e55
[INFO] [stdout]                                at /rustc/a178d0322ce20e33eac124758e837cbd80a6f633/library/core/src/ops/function.rs:227:5
[INFO] [stdout]   38:     0x559adafcdc57 - <alloc::boxed::Box<F,A> as core::ops::function::FnOnce<Args>>::call_once::h7ece6cfefaff1005
[INFO] [stdout]                                at /rustc/a178d0322ce20e33eac124758e837cbd80a6f633/library/alloc/src/boxed.rs:1575:9
[INFO] [stdout]   39:     0x559adafcdc57 - <alloc::boxed::Box<F,A> as core::ops::function::FnOnce<Args>>::call_once::hb8b48e55c21f193e
[INFO] [stdout]                                at /rustc/a178d0322ce20e33eac124758e837cbd80a6f633/library/alloc/src/boxed.rs:1575:9
[INFO] [stdout]   40:     0x559adafcdc57 - std::sys::unix::thread::Thread::new::thread_start::h8c7c4450dba62914
[INFO] [stdout]                                at /rustc/a178d0322ce20e33eac124758e837cbd80a6f633/library/std/src/sys/unix/thread.rs:71:17
[INFO] [stdout]   41:     0x7fa41491a609 - start_thread
[INFO] [stdout]   42:     0x7fa4146ec293 - clone
[INFO] [stdout]   43:                0x0 - <unknown>
[INFO] [stdout] 
[INFO] [stdout] 
[INFO] [stdout] failures:
[INFO] [stdout]     tests::run_works
[INFO] [stdout] 
[INFO] [stdout] test result: FAILED. 2 passed; 1 failed; 0 ignored; 0 measured; 0 filtered out; finished in 0.09s
[INFO] [stdout] 
[INFO] [stderr] error: test failed, to rerun pass '--bin bbudgetrs'
[INFO] running `Command { std: "docker" "inspect" "96a951c3ccef2a1794480cf45ec7603f148c03e9d191a850bab95878e009dd32", kill_on_drop: false }`
[INFO] running `Command { std: "docker" "rm" "-f" "96a951c3ccef2a1794480cf45ec7603f148c03e9d191a850bab95878e009dd32", kill_on_drop: false }`
[INFO] [stdout] 96a951c3ccef2a1794480cf45ec7603f148c03e9d191a850bab95878e009dd32
