[INFO] cloning repository https://github.com/ayroblu/rust-playground-cli
[INFO] running `Command { std: "git" "-c" "credential.helper=" "-c" "credential.helper=/workspace/cargo-home/bin/git-credential-null" "clone" "--bare" "https://github.com/ayroblu/rust-playground-cli" "/workspace/cache/git-repos/https%3A%2F%2Fgithub.com%2Fayroblu%2Frust-playground-cli", kill_on_drop: false }`
[INFO] [stderr] Cloning into bare repository '/workspace/cache/git-repos/https%3A%2F%2Fgithub.com%2Fayroblu%2Frust-playground-cli'...
[INFO] running `Command { std: "git" "rev-parse" "HEAD", kill_on_drop: false }`
[INFO] [stdout] 0317250339ed21bcfd07b3216bf98a253275fe70
[INFO] testing ayroblu/rust-playground-cli against 1.54.0 for beta-1.55-1
[INFO] running `Command { std: "git" "clone" "/workspace/cache/git-repos/https%3A%2F%2Fgithub.com%2Fayroblu%2Frust-playground-cli" "/workspace/builds/worker-0/source", kill_on_drop: false }`
[INFO] [stderr] Cloning into '/workspace/builds/worker-0/source'...
[INFO] [stderr] done.
[INFO] validating manifest of git repo https://github.com/ayroblu/rust-playground-cli on toolchain 1.54.0
[INFO] running `Command { std: "/workspace/cargo-home/bin/cargo" "+1.54.0" "metadata" "--manifest-path" "Cargo.toml" "--no-deps", kill_on_drop: false }`
[INFO] started tweaking git repo https://github.com/ayroblu/rust-playground-cli
[INFO] finished tweaking git repo https://github.com/ayroblu/rust-playground-cli
[INFO] tweaked toml for git repo https://github.com/ayroblu/rust-playground-cli written to /workspace/builds/worker-0/source/Cargo.toml
[INFO] crate git repo https://github.com/ayroblu/rust-playground-cli already has a lockfile, it will not be regenerated
[INFO] running `Command { std: "/workspace/cargo-home/bin/cargo" "+1.54.0" "fetch" "--manifest-path" "Cargo.toml", kill_on_drop: false }`
[INFO] running `Command { std: "docker" "create" "-v" "/var/lib/crater-agent-workspace/builds/worker-0/target:/opt/rustwide/target:rw,Z" "-v" "/var/lib/crater-agent-workspace/builds/worker-0/source:/opt/rustwide/workdir:ro,Z" "-v" "/var/lib/crater-agent-workspace/cargo-home:/opt/rustwide/cargo-home:ro,Z" "-v" "/var/lib/crater-agent-workspace/rustup-home:/opt/rustwide/rustup-home:ro,Z" "-e" "SOURCE_DIR=/opt/rustwide/workdir" "-e" "CARGO_TARGET_DIR=/opt/rustwide/target" "-e" "CARGO_HOME=/opt/rustwide/cargo-home" "-e" "RUSTUP_HOME=/opt/rustwide/rustup-home" "-w" "/opt/rustwide/workdir" "-m" "1610612736" "--user" "0:0" "--network" "none" "ghcr.io/rust-lang/crates-build-env/linux@sha256:34b6a614d2c27851fe6cbf88fbd1137609cefab8b10d0615aaeb6fd47975d74e" "/opt/rustwide/cargo-home/bin/cargo" "+1.54.0" "metadata" "--no-deps" "--format-version=1", kill_on_drop: false }`
[INFO] [stdout] f99b0244cc2d0485f72850a99ec8f0969de3ffd9b487cc10a453d1bb21381d71
[INFO] [stderr] WARNING: Your kernel does not support swap limit capabilities or the cgroup is not mounted. Memory limited without swap.
[INFO] running `Command { std: "docker" "start" "-a" "f99b0244cc2d0485f72850a99ec8f0969de3ffd9b487cc10a453d1bb21381d71", kill_on_drop: false }`
[INFO] running `Command { std: "docker" "inspect" "f99b0244cc2d0485f72850a99ec8f0969de3ffd9b487cc10a453d1bb21381d71", kill_on_drop: false }`
[INFO] running `Command { std: "docker" "rm" "-f" "f99b0244cc2d0485f72850a99ec8f0969de3ffd9b487cc10a453d1bb21381d71", kill_on_drop: false }`
[INFO] [stdout] f99b0244cc2d0485f72850a99ec8f0969de3ffd9b487cc10a453d1bb21381d71
[INFO] running `Command { std: "docker" "create" "-v" "/var/lib/crater-agent-workspace/builds/worker-0/target:/opt/rustwide/target:rw,Z" "-v" "/var/lib/crater-agent-workspace/builds/worker-0/source:/opt/rustwide/workdir:ro,Z" "-v" "/var/lib/crater-agent-workspace/cargo-home:/opt/rustwide/cargo-home:ro,Z" "-v" "/var/lib/crater-agent-workspace/rustup-home:/opt/rustwide/rustup-home:ro,Z" "-e" "SOURCE_DIR=/opt/rustwide/workdir" "-e" "CARGO_TARGET_DIR=/opt/rustwide/target" "-e" "CARGO_INCREMENTAL=0" "-e" "RUST_BACKTRACE=full" "-e" "RUSTFLAGS=--cap-lints=warn" "-e" "CARGO_HOME=/opt/rustwide/cargo-home" "-e" "RUSTUP_HOME=/opt/rustwide/rustup-home" "-w" "/opt/rustwide/workdir" "-m" "1610612736" "--user" "0:0" "--network" "none" "ghcr.io/rust-lang/crates-build-env/linux@sha256:34b6a614d2c27851fe6cbf88fbd1137609cefab8b10d0615aaeb6fd47975d74e" "/opt/rustwide/cargo-home/bin/cargo" "+1.54.0" "build" "--frozen" "--message-format=json", kill_on_drop: false }`
[INFO] [stdout] 0eae00fd1b4327d253761a4454bb942ad6cc14f44857cf3c78d5f83f8eac3721
[INFO] [stderr] WARNING: Your kernel does not support swap limit capabilities or the cgroup is not mounted. Memory limited without swap.
[INFO] running `Command { std: "docker" "start" "-a" "0eae00fd1b4327d253761a4454bb942ad6cc14f44857cf3c78d5f83f8eac3721", kill_on_drop: false }`
[INFO] [stderr]    Compiling rust-playground-cli v1.0.0 (/opt/rustwide/workdir)
[INFO] [stderr]     Finished dev [unoptimized + debuginfo] target(s) in 3.62s
[INFO] running `Command { std: "docker" "inspect" "0eae00fd1b4327d253761a4454bb942ad6cc14f44857cf3c78d5f83f8eac3721", kill_on_drop: false }`
[INFO] running `Command { std: "docker" "rm" "-f" "0eae00fd1b4327d253761a4454bb942ad6cc14f44857cf3c78d5f83f8eac3721", kill_on_drop: false }`
[INFO] [stdout] 0eae00fd1b4327d253761a4454bb942ad6cc14f44857cf3c78d5f83f8eac3721
[INFO] running `Command { std: "docker" "create" "-v" "/var/lib/crater-agent-workspace/builds/worker-0/target:/opt/rustwide/target:rw,Z" "-v" "/var/lib/crater-agent-workspace/builds/worker-0/source:/opt/rustwide/workdir:ro,Z" "-v" "/var/lib/crater-agent-workspace/cargo-home:/opt/rustwide/cargo-home:ro,Z" "-v" "/var/lib/crater-agent-workspace/rustup-home:/opt/rustwide/rustup-home:ro,Z" "-e" "SOURCE_DIR=/opt/rustwide/workdir" "-e" "CARGO_TARGET_DIR=/opt/rustwide/target" "-e" "CARGO_INCREMENTAL=0" "-e" "RUST_BACKTRACE=full" "-e" "RUSTFLAGS=--cap-lints=warn" "-e" "CARGO_HOME=/opt/rustwide/cargo-home" "-e" "RUSTUP_HOME=/opt/rustwide/rustup-home" "-w" "/opt/rustwide/workdir" "-m" "1610612736" "--user" "0:0" "--network" "none" "ghcr.io/rust-lang/crates-build-env/linux@sha256:34b6a614d2c27851fe6cbf88fbd1137609cefab8b10d0615aaeb6fd47975d74e" "/opt/rustwide/cargo-home/bin/cargo" "+1.54.0" "test" "--frozen" "--no-run" "--message-format=json", kill_on_drop: false }`
[INFO] [stderr] WARNING: Your kernel does not support swap limit capabilities or the cgroup is not mounted. Memory limited without swap.
[INFO] [stdout] ce1df84a13a59f57deaf09fdb469625c915372064e366fbd39bd75f0aea8fc15
[INFO] running `Command { std: "docker" "start" "-a" "ce1df84a13a59f57deaf09fdb469625c915372064e366fbd39bd75f0aea8fc15", kill_on_drop: false }`
[INFO] [stderr]    Compiling rust-playground-cli v1.0.0 (/opt/rustwide/workdir)
[INFO] [stderr]     Finished test [unoptimized + debuginfo] target(s) in 1.41s
[INFO] running `Command { std: "docker" "inspect" "ce1df84a13a59f57deaf09fdb469625c915372064e366fbd39bd75f0aea8fc15", kill_on_drop: false }`
[INFO] running `Command { std: "docker" "rm" "-f" "ce1df84a13a59f57deaf09fdb469625c915372064e366fbd39bd75f0aea8fc15", kill_on_drop: false }`
[INFO] [stdout] ce1df84a13a59f57deaf09fdb469625c915372064e366fbd39bd75f0aea8fc15
[INFO] running `Command { std: "docker" "create" "-v" "/var/lib/crater-agent-workspace/builds/worker-0/target:/opt/rustwide/target:rw,Z" "-v" "/var/lib/crater-agent-workspace/builds/worker-0/source:/opt/rustwide/workdir:ro,Z" "-v" "/var/lib/crater-agent-workspace/cargo-home:/opt/rustwide/cargo-home:ro,Z" "-v" "/var/lib/crater-agent-workspace/rustup-home:/opt/rustwide/rustup-home:ro,Z" "-e" "SOURCE_DIR=/opt/rustwide/workdir" "-e" "CARGO_TARGET_DIR=/opt/rustwide/target" "-e" "CARGO_INCREMENTAL=0" "-e" "RUST_BACKTRACE=full" "-e" "RUSTFLAGS=--cap-lints=warn" "-e" "CARGO_HOME=/opt/rustwide/cargo-home" "-e" "RUSTUP_HOME=/opt/rustwide/rustup-home" "-w" "/opt/rustwide/workdir" "-m" "1610612736" "--user" "0:0" "--network" "none" "ghcr.io/rust-lang/crates-build-env/linux@sha256:34b6a614d2c27851fe6cbf88fbd1137609cefab8b10d0615aaeb6fd47975d74e" "/opt/rustwide/cargo-home/bin/cargo" "+1.54.0" "test" "--frozen", kill_on_drop: false }`
[INFO] [stdout] 011e1445e261fd142ffda6c77e1b8d400e79c92b6744519395e21aee6d0141a2
[INFO] [stderr] WARNING: Your kernel does not support swap limit capabilities or the cgroup is not mounted. Memory limited without swap.
[INFO] running `Command { std: "docker" "start" "-a" "011e1445e261fd142ffda6c77e1b8d400e79c92b6744519395e21aee6d0141a2", kill_on_drop: false }`
[INFO] [stderr]     Finished test [unoptimized + debuginfo] target(s) in 0.02s
[INFO] [stderr]      Running unittests (/opt/rustwide/target/debug/deps/librustplaygroundcli-ae2e288a39d03584)
[INFO] [stdout] 
[INFO] [stdout] running 1 test
[INFO] [stdout] test modules::testing::tests::test_add ... ok
[INFO] [stdout] 
[INFO] [stdout] test result: ok. 1 passed; 0 failed; 0 ignored; 0 measured; 0 filtered out; finished in 0.00s
[INFO] [stdout] 
[INFO] [stderr]      Running unittests (/opt/rustwide/target/debug/deps/rust_playground_cli-8c884f2772ee92b9)
[INFO] [stderr]    Doc-tests librustplaygroundcli
[INFO] [stdout] 
[INFO] [stdout] running 0 tests
[INFO] [stdout] 
[INFO] [stdout] test result: ok. 0 passed; 0 failed; 0 ignored; 0 measured; 0 filtered out; finished in 0.00s
[INFO] [stdout] 
[INFO] [stdout] 
[INFO] [stdout] running 1 test
[INFO] [stdout] test src/modules/testing.rs - modules::testing::add_one (line 12) ... FAILED
[INFO] [stdout] 
[INFO] [stdout] failures:
[INFO] [stdout] 
[INFO] [stdout] ---- src/modules/testing.rs - modules::testing::add_one (line 12) stdout ----
[INFO] [stdout] error[E0433]: failed to resolve: could not find `testing` in `librustplaygroundcli`
[INFO] [stdout]  --> src/modules/testing.rs:13:27
[INFO] [stdout]   |
[INFO] [stdout] 4 | use librustplaygroundcli::testing::methods::add_one;
[INFO] [stdout]   |                           ^^^^^^^ could not find `testing` in `librustplaygroundcli`
[INFO] [stdout] 
[INFO] [stdout] error[E0425]: cannot find function `add_one` in this scope
[INFO] [stdout]  --> src/modules/testing.rs:15:14
[INFO] [stdout]   |
[INFO] [stdout] 6 | let answer = add_one(arg);
[INFO] [stdout]   |              ^^^^^^^ not found in this scope
[INFO] [stdout]   |
[INFO] [stdout] help: consider importing this function
[INFO] [stdout]   |
[INFO] [stdout] 3 | use librustplaygroundcli::modules::testing::add_one;
[INFO] [stdout]   |
[INFO] [stdout] 
[INFO] [stdout] error: aborting due to 2 previous errors
[INFO] [stdout] 
[INFO] [stdout] Some errors have detailed explanations: E0425, E0433.
[INFO] [stdout] For more information about an error, try `rustc --explain E0425`.
[INFO] [stdout] Couldn't compile the test.
[INFO] [stdout] 
[INFO] [stdout] failures:
[INFO] [stdout]     src/modules/testing.rs - modules::testing::add_one (line 12)
[INFO] [stdout] 
[INFO] [stdout] test result: FAILED. 0 passed; 1 failed; 0 ignored; 0 measured; 0 filtered out; finished in 0.48s
[INFO] [stdout] 
[INFO] [stderr] error: test failed, to rerun pass '--doc'
[INFO] running `Command { std: "docker" "inspect" "011e1445e261fd142ffda6c77e1b8d400e79c92b6744519395e21aee6d0141a2", kill_on_drop: false }`
[INFO] running `Command { std: "docker" "rm" "-f" "011e1445e261fd142ffda6c77e1b8d400e79c92b6744519395e21aee6d0141a2", kill_on_drop: false }`
[INFO] [stdout] 011e1445e261fd142ffda6c77e1b8d400e79c92b6744519395e21aee6d0141a2
