[INFO] cloning repository https://github.com/avranju/signal-future
[INFO] running `Command { std: "git" "-c" "credential.helper=" "-c" "credential.helper=/workspace/cargo-home/bin/git-credential-null" "clone" "--bare" "https://github.com/avranju/signal-future" "/workspace/cache/git-repos/https%3A%2F%2Fgithub.com%2Favranju%2Fsignal-future", kill_on_drop: false }`
[INFO] [stderr] Cloning into bare repository '/workspace/cache/git-repos/https%3A%2F%2Fgithub.com%2Favranju%2Fsignal-future'...
[INFO] running `Command { std: "git" "rev-parse" "HEAD", kill_on_drop: false }`
[INFO] [stdout] 71b8519d6ed189a10c4004b4339c3a0dd6581c5f
[INFO] testing avranju/signal-future against 1.54.0 for beta-1.55-1
[INFO] running `Command { std: "git" "clone" "/workspace/cache/git-repos/https%3A%2F%2Fgithub.com%2Favranju%2Fsignal-future" "/workspace/builds/worker-3/source", kill_on_drop: false }`
[INFO] [stderr] Cloning into '/workspace/builds/worker-3/source'...
[INFO] [stderr] done.
[INFO] validating manifest of git repo https://github.com/avranju/signal-future on toolchain 1.54.0
[INFO] running `Command { std: "/workspace/cargo-home/bin/cargo" "+1.54.0" "metadata" "--manifest-path" "Cargo.toml" "--no-deps", kill_on_drop: false }`
[INFO] started tweaking git repo https://github.com/avranju/signal-future
[INFO] finished tweaking git repo https://github.com/avranju/signal-future
[INFO] tweaked toml for git repo https://github.com/avranju/signal-future written to /workspace/builds/worker-3/source/Cargo.toml
[INFO] crate git repo https://github.com/avranju/signal-future already has a lockfile, it will not be regenerated
[INFO] running `Command { std: "/workspace/cargo-home/bin/cargo" "+1.54.0" "fetch" "--manifest-path" "Cargo.toml", kill_on_drop: false }`
[INFO] running `Command { std: "docker" "create" "-v" "/var/lib/crater-agent-workspace/builds/worker-3/target:/opt/rustwide/target:rw,Z" "-v" "/var/lib/crater-agent-workspace/builds/worker-3/source:/opt/rustwide/workdir:ro,Z" "-v" "/var/lib/crater-agent-workspace/cargo-home:/opt/rustwide/cargo-home:ro,Z" "-v" "/var/lib/crater-agent-workspace/rustup-home:/opt/rustwide/rustup-home:ro,Z" "-e" "SOURCE_DIR=/opt/rustwide/workdir" "-e" "CARGO_TARGET_DIR=/opt/rustwide/target" "-e" "CARGO_HOME=/opt/rustwide/cargo-home" "-e" "RUSTUP_HOME=/opt/rustwide/rustup-home" "-w" "/opt/rustwide/workdir" "-m" "1610612736" "--user" "0:0" "--network" "none" "ghcr.io/rust-lang/crates-build-env/linux@sha256:34b6a614d2c27851fe6cbf88fbd1137609cefab8b10d0615aaeb6fd47975d74e" "/opt/rustwide/cargo-home/bin/cargo" "+1.54.0" "metadata" "--no-deps" "--format-version=1", kill_on_drop: false }`
[INFO] [stdout] 6443f6882b4aba3bd01e7a36dea07493030a707d588a437dfd1c35016bfbf8e8
[INFO] [stderr] WARNING: Your kernel does not support swap limit capabilities or the cgroup is not mounted. Memory limited without swap.
[INFO] running `Command { std: "docker" "start" "-a" "6443f6882b4aba3bd01e7a36dea07493030a707d588a437dfd1c35016bfbf8e8", kill_on_drop: false }`
[INFO] running `Command { std: "docker" "inspect" "6443f6882b4aba3bd01e7a36dea07493030a707d588a437dfd1c35016bfbf8e8", kill_on_drop: false }`
[INFO] running `Command { std: "docker" "rm" "-f" "6443f6882b4aba3bd01e7a36dea07493030a707d588a437dfd1c35016bfbf8e8", kill_on_drop: false }`
[INFO] [stdout] 6443f6882b4aba3bd01e7a36dea07493030a707d588a437dfd1c35016bfbf8e8
[INFO] running `Command { std: "docker" "create" "-v" "/var/lib/crater-agent-workspace/builds/worker-3/target:/opt/rustwide/target:rw,Z" "-v" "/var/lib/crater-agent-workspace/builds/worker-3/source:/opt/rustwide/workdir:ro,Z" "-v" "/var/lib/crater-agent-workspace/cargo-home:/opt/rustwide/cargo-home:ro,Z" "-v" "/var/lib/crater-agent-workspace/rustup-home:/opt/rustwide/rustup-home:ro,Z" "-e" "SOURCE_DIR=/opt/rustwide/workdir" "-e" "CARGO_TARGET_DIR=/opt/rustwide/target" "-e" "CARGO_INCREMENTAL=0" "-e" "RUST_BACKTRACE=full" "-e" "RUSTFLAGS=--cap-lints=warn" "-e" "CARGO_HOME=/opt/rustwide/cargo-home" "-e" "RUSTUP_HOME=/opt/rustwide/rustup-home" "-w" "/opt/rustwide/workdir" "-m" "1610612736" "--user" "0:0" "--network" "none" "ghcr.io/rust-lang/crates-build-env/linux@sha256:34b6a614d2c27851fe6cbf88fbd1137609cefab8b10d0615aaeb6fd47975d74e" "/opt/rustwide/cargo-home/bin/cargo" "+1.54.0" "build" "--frozen" "--message-format=json", kill_on_drop: false }`
[INFO] [stderr] WARNING: Your kernel does not support swap limit capabilities or the cgroup is not mounted. Memory limited without swap.
[INFO] [stdout] e9456f0525bc4dfc76599ab3e050d61901a0808523f1948f006a916a3adb66d7
[INFO] running `Command { std: "docker" "start" "-a" "e9456f0525bc4dfc76599ab3e050d61901a0808523f1948f006a916a3adb66d7", kill_on_drop: false }`
[INFO] [stderr]     Blocking waiting for file lock on package cache
[INFO] [stderr]    Compiling futures v0.1.27
[INFO] [stderr]    Compiling signal-future v0.1.0 (/opt/rustwide/workdir)
[INFO] [stderr]     Finished dev [unoptimized + debuginfo] target(s) in 2.58s
[INFO] running `Command { std: "docker" "inspect" "e9456f0525bc4dfc76599ab3e050d61901a0808523f1948f006a916a3adb66d7", kill_on_drop: false }`
[INFO] running `Command { std: "docker" "rm" "-f" "e9456f0525bc4dfc76599ab3e050d61901a0808523f1948f006a916a3adb66d7", kill_on_drop: false }`
[INFO] [stdout] e9456f0525bc4dfc76599ab3e050d61901a0808523f1948f006a916a3adb66d7
[INFO] running `Command { std: "docker" "create" "-v" "/var/lib/crater-agent-workspace/builds/worker-3/target:/opt/rustwide/target:rw,Z" "-v" "/var/lib/crater-agent-workspace/builds/worker-3/source:/opt/rustwide/workdir:ro,Z" "-v" "/var/lib/crater-agent-workspace/cargo-home:/opt/rustwide/cargo-home:ro,Z" "-v" "/var/lib/crater-agent-workspace/rustup-home:/opt/rustwide/rustup-home:ro,Z" "-e" "SOURCE_DIR=/opt/rustwide/workdir" "-e" "CARGO_TARGET_DIR=/opt/rustwide/target" "-e" "CARGO_INCREMENTAL=0" "-e" "RUST_BACKTRACE=full" "-e" "RUSTFLAGS=--cap-lints=warn" "-e" "CARGO_HOME=/opt/rustwide/cargo-home" "-e" "RUSTUP_HOME=/opt/rustwide/rustup-home" "-w" "/opt/rustwide/workdir" "-m" "1610612736" "--user" "0:0" "--network" "none" "ghcr.io/rust-lang/crates-build-env/linux@sha256:34b6a614d2c27851fe6cbf88fbd1137609cefab8b10d0615aaeb6fd47975d74e" "/opt/rustwide/cargo-home/bin/cargo" "+1.54.0" "test" "--frozen" "--no-run" "--message-format=json", kill_on_drop: false }`
[INFO] [stdout] fe74968643f58e0e26eb113af1d8d61d9da0231f9559ed6998bfe13eca5378ae
[INFO] [stderr] WARNING: Your kernel does not support swap limit capabilities or the cgroup is not mounted. Memory limited without swap.
[INFO] running `Command { std: "docker" "start" "-a" "fe74968643f58e0e26eb113af1d8d61d9da0231f9559ed6998bfe13eca5378ae", kill_on_drop: false }`
[INFO] [stderr]    Compiling libc v0.2.54
[INFO] [stderr]    Compiling cfg-if v0.1.7
[INFO] [stderr]    Compiling autocfg v0.1.2
[INFO] [stderr]    Compiling lazy_static v1.3.0
[INFO] [stderr]    Compiling byteorder v1.3.1
[INFO] [stderr]    Compiling smallvec v0.6.9
[INFO] [stderr]    Compiling arrayvec v0.4.10
[INFO] [stderr]    Compiling tokio-sync v0.1.5
[INFO] [stderr]    Compiling log v0.4.6
[INFO] [stderr]    Compiling crossbeam-utils v0.6.5
[INFO] [stderr]    Compiling tokio-trace-core v0.1.0
[INFO] [stderr]    Compiling rand_chacha v0.1.1
[INFO] [stderr]    Compiling rand_pcg v0.1.2
[INFO] [stderr]    Compiling rand v0.6.5
[INFO] [stderr]    Compiling tokio-executor v0.1.7
[INFO] [stderr]    Compiling crossbeam-queue v0.1.2
[INFO] [stderr]    Compiling tokio-timer v0.2.10
[INFO] [stderr]    Compiling tokio-current-thread v0.1.6
[INFO] [stderr]    Compiling crossbeam-epoch v0.7.1
[INFO] [stderr]    Compiling iovec v0.1.2
[INFO] [stderr]    Compiling rand_os v0.1.3
[INFO] [stderr]    Compiling net2 v0.2.33
[INFO] [stderr]    Compiling num_cpus v1.10.0
[INFO] [stderr]    Compiling bytes v0.4.12
[INFO] [stderr]    Compiling crossbeam-deque v0.7.1
[INFO] [stderr]    Compiling mio v0.6.16
[INFO] [stderr]    Compiling tokio-io v0.1.12
[INFO] [stderr]    Compiling mio-uds v0.6.7
[INFO] [stderr]    Compiling tokio-codec v0.1.1
[INFO] [stderr]    Compiling parking_lot_core v0.4.0
[INFO] [stderr]    Compiling tokio-threadpool v0.1.14
[INFO] [stderr]    Compiling parking_lot v0.7.1
[INFO] [stderr]    Compiling tokio-reactor v0.1.9
[INFO] [stderr]    Compiling tokio-fs v0.1.6
[INFO] [stderr]    Compiling tokio-udp v0.1.3
[INFO] [stderr]    Compiling tokio-uds v0.2.5
[INFO] [stderr]    Compiling tokio-tcp v0.1.3
[INFO] [stderr]    Compiling tokio v0.1.19
[INFO] [stderr]    Compiling signal-future v0.1.0 (/opt/rustwide/workdir)
[INFO] [stderr]     Finished test [unoptimized + debuginfo] target(s) in 17.79s
[INFO] running `Command { std: "docker" "inspect" "fe74968643f58e0e26eb113af1d8d61d9da0231f9559ed6998bfe13eca5378ae", kill_on_drop: false }`
[INFO] running `Command { std: "docker" "rm" "-f" "fe74968643f58e0e26eb113af1d8d61d9da0231f9559ed6998bfe13eca5378ae", kill_on_drop: false }`
[INFO] [stdout] fe74968643f58e0e26eb113af1d8d61d9da0231f9559ed6998bfe13eca5378ae
[INFO] running `Command { std: "docker" "create" "-v" "/var/lib/crater-agent-workspace/builds/worker-3/target:/opt/rustwide/target:rw,Z" "-v" "/var/lib/crater-agent-workspace/builds/worker-3/source:/opt/rustwide/workdir:ro,Z" "-v" "/var/lib/crater-agent-workspace/cargo-home:/opt/rustwide/cargo-home:ro,Z" "-v" "/var/lib/crater-agent-workspace/rustup-home:/opt/rustwide/rustup-home:ro,Z" "-e" "SOURCE_DIR=/opt/rustwide/workdir" "-e" "CARGO_TARGET_DIR=/opt/rustwide/target" "-e" "CARGO_INCREMENTAL=0" "-e" "RUST_BACKTRACE=full" "-e" "RUSTFLAGS=--cap-lints=warn" "-e" "CARGO_HOME=/opt/rustwide/cargo-home" "-e" "RUSTUP_HOME=/opt/rustwide/rustup-home" "-w" "/opt/rustwide/workdir" "-m" "1610612736" "--user" "0:0" "--network" "none" "ghcr.io/rust-lang/crates-build-env/linux@sha256:34b6a614d2c27851fe6cbf88fbd1137609cefab8b10d0615aaeb6fd47975d74e" "/opt/rustwide/cargo-home/bin/cargo" "+1.54.0" "test" "--frozen", kill_on_drop: false }`
[INFO] [stdout] 325670de9610901290f1552aaff9a63f94df8506ef8717608236c7b19c62b9e2
[INFO] [stderr] WARNING: Your kernel does not support swap limit capabilities or the cgroup is not mounted. Memory limited without swap.
[INFO] running `Command { std: "docker" "start" "-a" "325670de9610901290f1552aaff9a63f94df8506ef8717608236c7b19c62b9e2", kill_on_drop: false }`
[INFO] [stdout] 
[INFO] [stderr]     Finished test [unoptimized + debuginfo] target(s) in 0.06s
[INFO] [stdout] running 1 test
[INFO] [stderr]      Running unittests (/opt/rustwide/target/debug/deps/signal_future-6b58dc5a3b11dd28)
[INFO] [stdout] test tests::signal_test ... FAILED
[INFO] [stderr] error: test failed, to rerun pass '--lib'
[INFO] [stdout] 
[INFO] [stdout] failures:
[INFO] [stdout] 
[INFO] [stdout] ---- tests::signal_test stdout ----
[INFO] [stdout] thread 'tokio-runtime-worker-0' panicked at 'attempted to leave type `internal::Local` uninitialized, which is invalid', /rustc/a178d0322ce20e33eac124758e837cbd80a6f633/library/core/src/mem/mod.rs:660:9
[INFO] [stdout] stack backtrace:
[INFO] [stdout]    0:     0x5587697d3610 - std::backtrace_rs::backtrace::libunwind::trace::h34055254b57d8e79
[INFO] [stdout]                                at /rustc/a178d0322ce20e33eac124758e837cbd80a6f633/library/std/src/../../backtrace/src/backtrace/libunwind.rs:90:5
[INFO] [stdout]    1:     0x5587697d3610 - std::backtrace_rs::backtrace::trace_unsynchronized::h8f1e3fbd9afff6ec
[INFO] [stdout]                                at /rustc/a178d0322ce20e33eac124758e837cbd80a6f633/library/std/src/../../backtrace/src/backtrace/mod.rs:66:5
[INFO] [stdout]    2:     0x5587697d3610 - std::sys_common::backtrace::_print_fmt::h3a99a796b770c360
[INFO] [stdout]                                at /rustc/a178d0322ce20e33eac124758e837cbd80a6f633/library/std/src/sys_common/backtrace.rs:67:5
[INFO] [stdout]    3:     0x5587697d3610 - <std::sys_common::backtrace::_print::DisplayBacktrace as core::fmt::Display>::fmt::h32d1f94a80615d18
[INFO] [stdout]                                at /rustc/a178d0322ce20e33eac124758e837cbd80a6f633/library/std/src/sys_common/backtrace.rs:46:22
[INFO] [stdout]    4:     0x5587697f602c - core::fmt::write::h306731c068f7162c
[INFO] [stdout]                                at /rustc/a178d0322ce20e33eac124758e837cbd80a6f633/library/core/src/fmt/mod.rs:1110:17
[INFO] [stdout]    5:     0x5587697d02c5 - std::io::Write::write_fmt::h87f19b0a2cd190bc
[INFO] [stdout]                                at /rustc/a178d0322ce20e33eac124758e837cbd80a6f633/library/std/src/io/mod.rs:1588:15
[INFO] [stdout]    6:     0x5587697d57cb - std::sys_common::backtrace::_print::h5abaa2601a852287
[INFO] [stdout]                                at /rustc/a178d0322ce20e33eac124758e837cbd80a6f633/library/std/src/sys_common/backtrace.rs:49:5
[INFO] [stdout]    7:     0x5587697d57cb - std::sys_common::backtrace::print::h8d81445442bb638f
[INFO] [stdout]                                at /rustc/a178d0322ce20e33eac124758e837cbd80a6f633/library/std/src/sys_common/backtrace.rs:36:9
[INFO] [stdout]    8:     0x5587697d57cb - std::panicking::default_hook::{{closure}}::hcfe804496a9fa747
[INFO] [stdout]                                at /rustc/a178d0322ce20e33eac124758e837cbd80a6f633/library/std/src/panicking.rs:208:50
[INFO] [stdout]    9:     0x5587697d52dc - std::panicking::default_hook::hbea8e3ccf2ba8901
[INFO] [stdout]                                at /rustc/a178d0322ce20e33eac124758e837cbd80a6f633/library/std/src/panicking.rs:222:9
[INFO] [stdout]   10:     0x5587697d5e94 - std::panicking::rust_panic_with_hook::h7ee9e1a2d0f8975a
[INFO] [stdout]                                at /rustc/a178d0322ce20e33eac124758e837cbd80a6f633/library/std/src/panicking.rs:622:17
[INFO] [stdout]   11:     0x5587697d5947 - std::panicking::begin_panic_handler::{{closure}}::h8ab3b4491718b2c7
[INFO] [stdout]                                at /rustc/a178d0322ce20e33eac124758e837cbd80a6f633/library/std/src/panicking.rs:517:13
[INFO] [stdout]   12:     0x5587697d3b0c - std::sys_common::backtrace::__rust_end_short_backtrace::hd489062ffa586a9f
[INFO] [stdout]                                at /rustc/a178d0322ce20e33eac124758e837cbd80a6f633/library/std/src/sys_common/backtrace.rs:141:18
[INFO] [stdout]   13:     0x5587697d58d9 - rust_begin_unwind
[INFO] [stdout]                                at /rustc/a178d0322ce20e33eac124758e837cbd80a6f633/library/std/src/panicking.rs:515:5
[INFO] [stdout]   14:     0x5587696956e1 - core::panicking::panic_fmt::hca6330e3e14086b4
[INFO] [stdout]                                at /rustc/a178d0322ce20e33eac124758e837cbd80a6f633/library/core/src/panicking.rs:92:14
[INFO] [stdout]   15:     0x55876969562d - core::panicking::panic::h1a48d878ff3dcd40
[INFO] [stdout]                                at /rustc/a178d0322ce20e33eac124758e837cbd80a6f633/library/core/src/panicking.rs:50:5
[INFO] [stdout]   16:     0x5587697770e3 - core::mem::uninitialized::hf745b5a58bf7fb4c
[INFO] [stdout]                                at /rustc/a178d0322ce20e33eac124758e837cbd80a6f633/library/core/src/mem/mod.rs:660:9
[INFO] [stdout]   17:     0x5587697770e3 - <crossbeam_epoch::internal::Local as crossbeam_epoch::sync::list::IsElement<crossbeam_epoch::internal::Local>>::entry_of::hf575ed9f8c06e34d
[INFO] [stdout]                                at /opt/rustwide/cargo-home/registry/src/github.com-1ecc6299db9ec823/crossbeam-epoch-0.7.1/src/internal.rs:493:59
[INFO] [stdout]   18:     0x558769777510 - crossbeam_epoch::sync::list::List<T,C>::insert::h3272d19c1757f2b5
[INFO] [stdout]                                at /opt/rustwide/cargo-home/registry/src/github.com-1ecc6299db9ec823/crossbeam-epoch-0.7.1/src/sync/list.rs:176:29
[INFO] [stdout]   19:     0x558769776545 - crossbeam_epoch::internal::Local::register::h081dda0c301a1b03
[INFO] [stdout]                                at /opt/rustwide/cargo-home/registry/src/github.com-1ecc6299db9ec823/crossbeam-epoch-0.7.1/src/internal.rs:291:13
[INFO] [stdout]   20:     0x55876978051e - crossbeam_epoch::collector::Collector::register::h2b17d160810946c4
[INFO] [stdout]                                at /opt/rustwide/cargo-home/registry/src/github.com-1ecc6299db9ec823/crossbeam-epoch-0.7.1/src/collector.rs:39:9
[INFO] [stdout]   21:     0x558769779ac1 - crossbeam_epoch::default::HANDLE::__init::h5528e2a01318b699
[INFO] [stdout]                                at /opt/rustwide/cargo-home/registry/src/github.com-1ecc6299db9ec823/crossbeam-epoch-0.7.1/src/default.rs:17:34
[INFO] [stdout]   22:     0x558769779b99 - core::ops::function::FnOnce::call_once::hd87fb9ecd31188f3
[INFO] [stdout]                                at /rustc/a178d0322ce20e33eac124758e837cbd80a6f633/library/core/src/ops/function.rs:227:5
[INFO] [stdout]   23:     0x558769778bdc - std::thread::local::lazy::LazyKeyInner<T>::initialize::h7f71e3d5260a6b74
[INFO] [stdout]                                at /rustc/a178d0322ce20e33eac124758e837cbd80a6f633/library/std/src/thread/local.rs:432:25
[INFO] [stdout]   24:     0x558769777c00 - std::thread::local::fast::Key<T>::try_initialize::h5c69eb4056cbd100
[INFO] [stdout]                                at /rustc/a178d0322ce20e33eac124758e837cbd80a6f633/library/std/src/thread/local.rs:610:31
[INFO] [stdout]   25:     0x558769777d47 - std::thread::local::fast::Key<T>::get::h5dc4db81ff4ad94f
[INFO] [stdout]                                at /rustc/a178d0322ce20e33eac124758e837cbd80a6f633/library/std/src/thread/local.rs:593:29
[INFO] [stdout]   26:     0x55876971d1bd - crossbeam_epoch::default::HANDLE::__getit::h5d76a0b0c1abdc7c
[INFO] [stdout]                                at /rustc/a178d0322ce20e33eac124758e837cbd80a6f633/library/std/src/thread/local.rs:311:26
[INFO] [stdout]   27:     0x55876973ca65 - std::thread::local::LocalKey<T>::try_with::h17b894315e1a4ea0
[INFO] [stdout]                                at /rustc/a178d0322ce20e33eac124758e837cbd80a6f633/library/std/src/thread/local.rs:399:32
[INFO] [stdout]   28:     0x55876971cec3 - crossbeam_epoch::default::with_handle::h13ae6a51b77e9974
[INFO] [stdout]                                at /opt/rustwide/cargo-home/registry/src/github.com-1ecc6299db9ec823/crossbeam-epoch-0.7.1/src/default.rs:42:5
[INFO] [stdout]   29:     0x55876971d1d7 - crossbeam_epoch::default::is_pinned::hea64052e5f79e2ef
[INFO] [stdout]                                at /opt/rustwide/cargo-home/registry/src/github.com-1ecc6299db9ec823/crossbeam-epoch-0.7.1/src/default.rs:29:5
[INFO] [stdout]   30:     0x558769724171 - crossbeam_deque::Stealer<T>::steal_batch_and_pop::h02e1e2fb68cca2a8
[INFO] [stdout]                                at /opt/rustwide/cargo-home/registry/src/github.com-1ecc6299db9ec823/crossbeam-deque-0.7.1/src/lib.rs:933:12
[INFO] [stdout]   31:     0x55876974a5c2 - tokio_threadpool::worker::entry::WorkerEntry::steal_tasks::haa0abf03dc0e9f06
[INFO] [stdout]                                at /opt/rustwide/cargo-home/registry/src/github.com-1ecc6299db9ec823/tokio-threadpool-0.1.14/src/worker/entry.rs:207:9
[INFO] [stdout]   32:     0x55876971aa3d - tokio_threadpool::worker::Worker::try_steal_task::hc8cfe81c9d7df822
[INFO] [stdout]                                at /opt/rustwide/cargo-home/registry/src/github.com-1ecc6299db9ec823/tokio-threadpool-0.1.14/src/worker/mod.rs:412:23
[INFO] [stdout]   33:     0x55876971a2a8 - tokio_threadpool::worker::Worker::try_run_task::h52e9980cec823ea8
[INFO] [stdout]                                at /opt/rustwide/cargo-home/registry/src/github.com-1ecc6299db9ec823/tokio-threadpool-0.1.14/src/worker/mod.rs:301:9
[INFO] [stdout]   34:     0x55876971a0d6 - tokio_threadpool::worker::Worker::run::ha98262c5f66bbb72
[INFO] [stdout]                                at /opt/rustwide/cargo-home/registry/src/github.com-1ecc6299db9ec823/tokio-threadpool-0.1.14/src/worker/mod.rs:241:16
[INFO] [stdout]   35:     0x5587696e322e - tokio::runtime::threadpool::builder::Builder::build::{{closure}}::{{closure}}::{{closure}}::{{closure}}::{{closure}}::h404802638e5bd575
[INFO] [stdout]                                at /opt/rustwide/cargo-home/registry/src/github.com-1ecc6299db9ec823/tokio-0.1.19/src/runtime/threadpool/builder.rs:349:33
[INFO] [stdout]   36:     0x5587696df512 - tokio_trace_core::dispatcher::with_default::hff59991fed10b7e5
[INFO] [stdout]                                at /opt/rustwide/cargo-home/registry/src/github.com-1ecc6299db9ec823/tokio-trace-core-0.1.0/src/dispatcher.rs:54:5
[INFO] [stdout]   37:     0x5587696e3253 - tokio::runtime::threadpool::builder::Builder::build::{{closure}}::{{closure}}::{{closure}}::{{closure}}::hc9db5a8e95291b24
[INFO] [stdout]                                at /opt/rustwide/cargo-home/registry/src/github.com-1ecc6299db9ec823/tokio-0.1.19/src/runtime/threadpool/builder.rs:348:29
[INFO] [stdout]   38:     0x5587696d80ef - tokio_timer::timer::handle::with_default::{{closure}}::h3893e20adbfd4a58
[INFO] [stdout]                                at /opt/rustwide/cargo-home/registry/src/github.com-1ecc6299db9ec823/tokio-timer-0.2.10/src/timer/handle.rs:94:9
[INFO] [stdout]   39:     0x5587696dc668 - std::thread::local::LocalKey<T>::try_with::h15f7670cc6f2ad97
[INFO] [stdout]                                at /rustc/a178d0322ce20e33eac124758e837cbd80a6f633/library/std/src/thread/local.rs:400:16
[INFO] [stdout]   40:     0x5587696dc3f7 - std::thread::local::LocalKey<T>::with::hfc614f3e7b0974fe
[INFO] [stdout]                                at /rustc/a178d0322ce20e33eac124758e837cbd80a6f633/library/std/src/thread/local.rs:376:9
[INFO] [stdout]   41:     0x5587696d7e76 - tokio_timer::timer::handle::with_default::h533af836c6b45f4f
[INFO] [stdout]                                at /opt/rustwide/cargo-home/registry/src/github.com-1ecc6299db9ec823/tokio-timer-0.2.10/src/timer/handle.rs:81:5
[INFO] [stdout]   42:     0x5587696e32c3 - tokio::runtime::threadpool::builder::Builder::build::{{closure}}::{{closure}}::{{closure}}::h666d5dc386818f8c
[INFO] [stdout]                                at /opt/rustwide/cargo-home/registry/src/github.com-1ecc6299db9ec823/tokio-0.1.19/src/runtime/threadpool/builder.rs:347:25
[INFO] [stdout]   43:     0x5587696db496 - tokio_timer::clock::clock::with_default::{{closure}}::h2078fc959970d596
[INFO] [stdout]                                at /opt/rustwide/cargo-home/registry/src/github.com-1ecc6299db9ec823/tokio-timer-0.2.10/src/clock/clock.rs:141:9
[INFO] [stdout]   44:     0x5587696dcb90 - std::thread::local::LocalKey<T>::try_with::hf5a27b8f75b2f0fe
[INFO] [stdout]                                at /rustc/a178d0322ce20e33eac124758e837cbd80a6f633/library/std/src/thread/local.rs:400:16
[INFO] [stdout]   45:     0x5587696dc2db - std::thread::local::LocalKey<T>::with::h29fbb0c3d39979bb
[INFO] [stdout]                                at /rustc/a178d0322ce20e33eac124758e837cbd80a6f633/library/std/src/thread/local.rs:376:9
[INFO] [stdout]   46:     0x5587696db347 - tokio_timer::clock::clock::with_default::h79eaadc154ebf2a6
[INFO] [stdout]                                at /opt/rustwide/cargo-home/registry/src/github.com-1ecc6299db9ec823/tokio-timer-0.2.10/src/clock/clock.rs:124:5
[INFO] [stdout]   47:     0x5587696e330b - tokio::runtime::threadpool::builder::Builder::build::{{closure}}::{{closure}}::h4f86d5915cc16141
[INFO] [stdout]                                at /opt/rustwide/cargo-home/registry/src/github.com-1ecc6299db9ec823/tokio-0.1.19/src/runtime/threadpool/builder.rs:346:21
[INFO] [stdout]   48:     0x5587696d84a3 - tokio_reactor::with_default::{{closure}}::hb7ca763a8411fc2a
[INFO] [stdout]                                at /opt/rustwide/cargo-home/registry/src/github.com-1ecc6299db9ec823/tokio-reactor-0.1.9/src/lib.rs:237:9
[INFO] [stdout]   49:     0x5587696dc539 - std::thread::local::LocalKey<T>::try_with::h15b1ee5e331c68b3
[INFO] [stdout]                                at /rustc/a178d0322ce20e33eac124758e837cbd80a6f633/library/std/src/thread/local.rs:400:16
[INFO] [stdout]   50:     0x5587696dc33d - std::thread::local::LocalKey<T>::with::h41dc9f0799ccdd25
[INFO] [stdout]                                at /rustc/a178d0322ce20e33eac124758e837cbd80a6f633/library/std/src/thread/local.rs:376:9
[INFO] [stdout]   51:     0x5587696d81b4 - tokio_reactor::with_default::h87d000726ddadbc5
[INFO] [stdout]                                at /opt/rustwide/cargo-home/registry/src/github.com-1ecc6299db9ec823/tokio-reactor-0.1.9/src/lib.rs:217:5
[INFO] [stdout]   52:     0x5587696e33b6 - tokio::runtime::threadpool::builder::Builder::build::{{closure}}::ha0e49f6a711a407e
[INFO] [stdout]                                at /opt/rustwide/cargo-home/registry/src/github.com-1ecc6299db9ec823/tokio-0.1.19/src/runtime/threadpool/builder.rs:345:17
[INFO] [stdout]   53:     0x558769747399 - tokio_threadpool::callback::Callback::call::h8a2ce91dc0c9f86f
[INFO] [stdout]                                at /opt/rustwide/cargo-home/registry/src/github.com-1ecc6299db9ec823/tokio-threadpool-0.1.14/src/callback.rs:22:9
[INFO] [stdout]   54:     0x558769719d39 - tokio_threadpool::worker::Worker::do_run::{{closure}}::{{closure}}::h47fcd1b1a3804a79
[INFO] [stdout]                                at /opt/rustwide/cargo-home/registry/src/github.com-1ecc6299db9ec823/tokio-threadpool-0.1.14/src/worker/mod.rs:127:21
[INFO] [stdout]   55:     0x558769729b35 - tokio_executor::global::with_default::{{closure}}::h6ab8f6f5eb3187ba
[INFO] [stdout]                                at /opt/rustwide/cargo-home/registry/src/github.com-1ecc6299db9ec823/tokio-executor-0.1.7/src/global.rs:209:9
[INFO] [stdout]   56:     0x55876973cd55 - std::thread::local::LocalKey<T>::try_with::h9a057fee7e23aa38
[INFO] [stdout]                                at /rustc/a178d0322ce20e33eac124758e837cbd80a6f633/library/std/src/thread/local.rs:400:16
[INFO] [stdout]   57:     0x55876973c79e - std::thread::local::LocalKey<T>::with::ha3e65bc1b4342bbe
[INFO] [stdout]                                at /rustc/a178d0322ce20e33eac124758e837cbd80a6f633/library/std/src/thread/local.rs:376:9
[INFO] [stdout]   58:     0x5587697299de - tokio_executor::global::with_default::h044ad27f16ea34e5
[INFO] [stdout]                                at /opt/rustwide/cargo-home/registry/src/github.com-1ecc6299db9ec823/tokio-executor-0.1.7/src/global.rs:178:5
[INFO] [stdout]   59:     0x558769719e22 - tokio_threadpool::worker::Worker::do_run::{{closure}}::h3da7fb29dc8957c8
[INFO] [stdout]                                at /opt/rustwide/cargo-home/registry/src/github.com-1ecc6299db9ec823/tokio-threadpool-0.1.14/src/worker/mod.rs:125:13
[INFO] [stdout]   60:     0x55876973cc2a - std::thread::local::LocalKey<T>::try_with::h304257082e1db4ff
[INFO] [stdout]                                at /rustc/a178d0322ce20e33eac124758e837cbd80a6f633/library/std/src/thread/local.rs:400:16
[INFO] [stdout]   61:     0x55876973c634 - std::thread::local::LocalKey<T>::with::h115d4eb2fae5f890
[INFO] [stdout]                                at /rustc/a178d0322ce20e33eac124758e837cbd80a6f633/library/std/src/thread/local.rs:376:9
[INFO] [stdout]   62:     0x558769719c35 - tokio_threadpool::worker::Worker::do_run::hc9f5a89eafb11ecc
[INFO] [stdout]                                at /opt/rustwide/cargo-home/registry/src/github.com-1ecc6299db9ec823/tokio-threadpool-0.1.14/src/worker/mod.rs:116:9
[INFO] [stdout]   63:     0x55876973115e - tokio_threadpool::pool::Pool::spawn_thread::{{closure}}::h13b82a39119a2259
[INFO] [stdout]                                at /opt/rustwide/cargo-home/registry/src/github.com-1ecc6299db9ec823/tokio-threadpool-0.1.14/src/pool/mod.rs:344:21
[INFO] [stdout]   64:     0x5587697480ae - std::sys_common::backtrace::__rust_begin_short_backtrace::h594c651af466c3be
[INFO] [stdout]                                at /rustc/a178d0322ce20e33eac124758e837cbd80a6f633/library/std/src/sys_common/backtrace.rs:125:18
[INFO] [stdout]   65:     0x5587697184e2 - std::thread::Builder::spawn_unchecked::{{closure}}::{{closure}}::hf9f63a415f4aae8c
[INFO] [stdout]                                at /rustc/a178d0322ce20e33eac124758e837cbd80a6f633/library/std/src/thread/mod.rs:481:17
[INFO] [stdout]   66:     0x558769729952 - <std::panic::AssertUnwindSafe<F> as core::ops::function::FnOnce<()>>::call_once::h6ff4c24c15d6a5a2
[INFO] [stdout]                                at /rustc/a178d0322ce20e33eac124758e837cbd80a6f633/library/std/src/panic.rs:347:9
[INFO] [stdout]   67:     0x5587697327e4 - std::panicking::try::do_call::hf28a08b4f3568b42
[INFO] [stdout]                                at /rustc/a178d0322ce20e33eac124758e837cbd80a6f633/library/std/src/panicking.rs:401:40
[INFO] [stdout]   68:     0x55876973680d - __rust_try
[INFO] [stdout]   69:     0x558769732560 - std::panicking::try::h09e37541c983099b
[INFO] [stdout]                                at /rustc/a178d0322ce20e33eac124758e837cbd80a6f633/library/std/src/panicking.rs:365:19
[INFO] [stdout]   70:     0x55876972a292 - std::panic::catch_unwind::h8f261d5e87e5a5eb
[INFO] [stdout]                                at /rustc/a178d0322ce20e33eac124758e837cbd80a6f633/library/std/src/panic.rs:434:14
[INFO] [stdout]   71:     0x5587697182dc - std::thread::Builder::spawn_unchecked::{{closure}}::h685172ad93507d08
[INFO] [stdout]                                at /rustc/a178d0322ce20e33eac124758e837cbd80a6f633/library/std/src/thread/mod.rs:480:30
[INFO] [stdout]   72:     0x55876974402f - core::ops::function::FnOnce::call_once{{vtable.shim}}::h30f5cb619f261e2e
[INFO] [stdout]                                at /rustc/a178d0322ce20e33eac124758e837cbd80a6f633/library/core/src/ops/function.rs:227:5
[INFO] [stdout]   73:     0x5587697dab27 - <alloc::boxed::Box<F,A> as core::ops::function::FnOnce<Args>>::call_once::h7ece6cfefaff1005
[INFO] [stdout]                                at /rustc/a178d0322ce20e33eac124758e837cbd80a6f633/library/alloc/src/boxed.rs:1575:9
[INFO] [stdout]   74:     0x5587697dab27 - <alloc::boxed::Box<F,A> as core::ops::function::FnOnce<Args>>::call_once::hb8b48e55c21f193e
[INFO] [stdout]                                at /rustc/a178d0322ce20e33eac124758e837cbd80a6f633/library/alloc/src/boxed.rs:1575:9
[INFO] [stdout]   75:     0x5587697dab27 - std::sys::unix::thread::Thread::new::thread_start::h8c7c4450dba62914
[INFO] [stdout]                                at /rustc/a178d0322ce20e33eac124758e837cbd80a6f633/library/std/src/sys/unix/thread.rs:71:17
[INFO] [stdout]   76:     0x7fad0aa8c609 - start_thread
[INFO] [stdout]   77:     0x7fad0a85e293 - clone
[INFO] [stdout]   78:                0x0 - <unknown>
[INFO] [stdout] thread 'tests::signal_test' panicked at 'assertion failed: `(left == right)`
[INFO] [stdout]   left: `true`,
[INFO] [stdout]  right: `false`', src/lib.rs:94:9
[INFO] [stdout] stack backtrace:
[INFO] [stdout]    0:     0x5587697d3610 - std::backtrace_rs::backtrace::libunwind::trace::h34055254b57d8e79
[INFO] [stdout]                                at /rustc/a178d0322ce20e33eac124758e837cbd80a6f633/library/std/src/../../backtrace/src/backtrace/libunwind.rs:90:5
[INFO] [stdout]    1:     0x5587697d3610 - std::backtrace_rs::backtrace::trace_unsynchronized::h8f1e3fbd9afff6ec
[INFO] [stdout]                                at /rustc/a178d0322ce20e33eac124758e837cbd80a6f633/library/std/src/../../backtrace/src/backtrace/mod.rs:66:5
[INFO] [stdout]    2:     0x5587697d3610 - std::sys_common::backtrace::_print_fmt::h3a99a796b770c360
[INFO] [stdout]                                at /rustc/a178d0322ce20e33eac124758e837cbd80a6f633/library/std/src/sys_common/backtrace.rs:67:5
[INFO] [stdout]    3:     0x5587697d3610 - <std::sys_common::backtrace::_print::DisplayBacktrace as core::fmt::Display>::fmt::h32d1f94a80615d18
[INFO] [stdout]                                at /rustc/a178d0322ce20e33eac124758e837cbd80a6f633/library/std/src/sys_common/backtrace.rs:46:22
[INFO] [stdout]    4:     0x5587697f602c - core::fmt::write::h306731c068f7162c
[INFO] [stdout]                                at /rustc/a178d0322ce20e33eac124758e837cbd80a6f633/library/core/src/fmt/mod.rs:1110:17
[INFO] [stdout]    5:     0x5587697d02c5 - std::io::Write::write_fmt::h87f19b0a2cd190bc
[INFO] [stdout]                                at /rustc/a178d0322ce20e33eac124758e837cbd80a6f633/library/std/src/io/mod.rs:1588:15
[INFO] [stdout]    6:     0x5587697d57cb - std::sys_common::backtrace::_print::h5abaa2601a852287
[INFO] [stdout]                                at /rustc/a178d0322ce20e33eac124758e837cbd80a6f633/library/std/src/sys_common/backtrace.rs:49:5
[INFO] [stdout]    7:     0x5587697d57cb - std::sys_common::backtrace::print::h8d81445442bb638f
[INFO] [stdout]                                at /rustc/a178d0322ce20e33eac124758e837cbd80a6f633/library/std/src/sys_common/backtrace.rs:36:9
[INFO] [stdout]    8:     0x5587697d57cb - std::panicking::default_hook::{{closure}}::hcfe804496a9fa747
[INFO] [stdout]                                at /rustc/a178d0322ce20e33eac124758e837cbd80a6f633/library/std/src/panicking.rs:208:50
[INFO] [stdout]    9:     0x5587697d52dc - std::panicking::default_hook::hbea8e3ccf2ba8901
[INFO] [stdout]                                at /rustc/a178d0322ce20e33eac124758e837cbd80a6f633/library/std/src/panicking.rs:222:9
[INFO] [stdout]   10:     0x5587697d5e94 - std::panicking::rust_panic_with_hook::h7ee9e1a2d0f8975a
[INFO] [stdout]                                at /rustc/a178d0322ce20e33eac124758e837cbd80a6f633/library/std/src/panicking.rs:622:17
[INFO] [stdout]   11:     0x5587697d5977 - std::panicking::begin_panic_handler::{{closure}}::h8ab3b4491718b2c7
[INFO] [stdout]                                at /rustc/a178d0322ce20e33eac124758e837cbd80a6f633/library/std/src/panicking.rs:519:13
[INFO] [stdout]   12:     0x5587697d3b0c - std::sys_common::backtrace::__rust_end_short_backtrace::hd489062ffa586a9f
[INFO] [stdout]                                at /rustc/a178d0322ce20e33eac124758e837cbd80a6f633/library/std/src/sys_common/backtrace.rs:141:18
[INFO] [stdout]   13:     0x5587697d58d9 - rust_begin_unwind
[INFO] [stdout]                                at /rustc/a178d0322ce20e33eac124758e837cbd80a6f633/library/std/src/panicking.rs:515:5
[INFO] [stdout]   14:     0x5587696956e1 - core::panicking::panic_fmt::hca6330e3e14086b4
[INFO] [stdout]                                at /rustc/a178d0322ce20e33eac124758e837cbd80a6f633/library/core/src/panicking.rs:92:14
[INFO] [stdout]   15:     0x5587697f4948 - core::panicking::assert_failed_inner::h33b45280069a80ed
[INFO] [stdout]   16:     0x558769700e9a - core::panicking::assert_failed::h8c09cf34830713e3
[INFO] [stdout]                                at /rustc/a178d0322ce20e33eac124758e837cbd80a6f633/library/core/src/panicking.rs:117:5
[INFO] [stdout]   17:     0x5587696984ae - signal_future::tests::signal_test::ha7764d842d98857f
[INFO] [stdout]                                at /opt/rustwide/workdir/src/lib.rs:94:9
[INFO] [stdout]   18:     0x558769697fda - signal_future::tests::signal_test::{{closure}}::hd50cd3ddf934b457
[INFO] [stdout]                                at /opt/rustwide/workdir/src/lib.rs:77:5
[INFO] [stdout]   19:     0x55876969b45e - core::ops::function::FnOnce::call_once::h727409dae585318f
[INFO] [stdout]                                at /rustc/a178d0322ce20e33eac124758e837cbd80a6f633/library/core/src/ops/function.rs:227:5
[INFO] [stdout]   20:     0x5587696c3d53 - core::ops::function::FnOnce::call_once::h152e7e439ff59e19
[INFO] [stdout]                                at /rustc/a178d0322ce20e33eac124758e837cbd80a6f633/library/core/src/ops/function.rs:227:5
[INFO] [stdout]   21:     0x5587696c3d53 - test::__rust_begin_short_backtrace::h0908f3b1fdbb72ab
[INFO] [stdout]                                at /rustc/a178d0322ce20e33eac124758e837cbd80a6f633/library/test/src/lib.rs:577:5
[INFO] [stdout]   22:     0x5587696c2810 - <alloc::boxed::Box<F,A> as core::ops::function::FnOnce<Args>>::call_once::hf6d2a51e5587546c
[INFO] [stdout]                                at /rustc/a178d0322ce20e33eac124758e837cbd80a6f633/library/alloc/src/boxed.rs:1575:9
[INFO] [stdout]   23:     0x5587696c2810 - <std::panic::AssertUnwindSafe<F> as core::ops::function::FnOnce<()>>::call_once::h8af660f3a89ef593
[INFO] [stdout]                                at /rustc/a178d0322ce20e33eac124758e837cbd80a6f633/library/std/src/panic.rs:347:9
[INFO] [stdout]   24:     0x5587696c2810 - std::panicking::try::do_call::hd36aef60f84b6d36
[INFO] [stdout]                                at /rustc/a178d0322ce20e33eac124758e837cbd80a6f633/library/std/src/panicking.rs:401:40
[INFO] [stdout]   25:     0x5587696c2810 - std::panicking::try::h9932b4480e69817c
[INFO] [stdout]                                at /rustc/a178d0322ce20e33eac124758e837cbd80a6f633/library/std/src/panicking.rs:365:19
[INFO] [stdout]   26:     0x5587696c2810 - std::panic::catch_unwind::h6aa177099cfff5f8
[INFO] [stdout]                                at /rustc/a178d0322ce20e33eac124758e837cbd80a6f633/library/std/src/panic.rs:434:14
[INFO] [stdout]   27:     0x5587696c2810 - test::run_test_in_process::h5884d6f2d99e20c3
[INFO] [stdout]                                at /rustc/a178d0322ce20e33eac124758e837cbd80a6f633/library/test/src/lib.rs:600:18
[INFO] [stdout]   28:     0x5587696c2810 - test::run_test::run_test_inner::{{closure}}::h6fdc58c6d5f5b6e3
[INFO] [stdout]                                at /rustc/a178d0322ce20e33eac124758e837cbd80a6f633/library/test/src/lib.rs:492:39
[INFO] [stdout]   29:     0x55876969bec2 - test::run_test::run_test_inner::{{closure}}::h408365d67a78ade8
[INFO] [stdout]                                at /rustc/a178d0322ce20e33eac124758e837cbd80a6f633/library/test/src/lib.rs:519:37
[INFO] [stdout]   30:     0x55876969bec2 - std::sys_common::backtrace::__rust_begin_short_backtrace::hb560b77c4f701523
[INFO] [stdout]                                at /rustc/a178d0322ce20e33eac124758e837cbd80a6f633/library/std/src/sys_common/backtrace.rs:125:18
[INFO] [stdout]   31:     0x55876969fa78 - std::thread::Builder::spawn_unchecked::{{closure}}::{{closure}}::hf2e7831dad93c597
[INFO] [stdout]                                at /rustc/a178d0322ce20e33eac124758e837cbd80a6f633/library/std/src/thread/mod.rs:481:17
[INFO] [stdout]   32:     0x55876969fa78 - <std::panic::AssertUnwindSafe<F> as core::ops::function::FnOnce<()>>::call_once::hd2e08783d8be4d02
[INFO] [stdout]                                at /rustc/a178d0322ce20e33eac124758e837cbd80a6f633/library/std/src/panic.rs:347:9
[INFO] [stdout]   33:     0x55876969fa78 - std::panicking::try::do_call::h062597b7acfd6b82
[INFO] [stdout]                                at /rustc/a178d0322ce20e33eac124758e837cbd80a6f633/library/std/src/panicking.rs:401:40
[INFO] [stdout]   34:     0x55876969fa78 - std::panicking::try::h0d7b79db04c14552
[INFO] [stdout]                                at /rustc/a178d0322ce20e33eac124758e837cbd80a6f633/library/std/src/panicking.rs:365:19
[INFO] [stdout]   35:     0x55876969fa78 - std::panic::catch_unwind::hb01a0b5e7c8cd43b
[INFO] [stdout]                                at /rustc/a178d0322ce20e33eac124758e837cbd80a6f633/library/std/src/panic.rs:434:14
[INFO] [stdout]   36:     0x55876969fa78 - std::thread::Builder::spawn_unchecked::{{closure}}::h5bde48cc887e0d1e
[INFO] [stdout]                                at /rustc/a178d0322ce20e33eac124758e837cbd80a6f633/library/std/src/thread/mod.rs:480:30
[INFO] [stdout]   37:     0x55876969fa78 - core::ops::function::FnOnce::call_once{{vtable.shim}}::h745ea30807a29e55
[INFO] [stdout]                                at /rustc/a178d0322ce20e33eac124758e837cbd80a6f633/library/core/src/ops/function.rs:227:5
[INFO] [stdout]   38:     0x5587697dab27 - <alloc::boxed::Box<F,A> as core::ops::function::FnOnce<Args>>::call_once::h7ece6cfefaff1005
[INFO] [stdout]                                at /rustc/a178d0322ce20e33eac124758e837cbd80a6f633/library/alloc/src/boxed.rs:1575:9
[INFO] [stdout]   39:     0x5587697dab27 - <alloc::boxed::Box<F,A> as core::ops::function::FnOnce<Args>>::call_once::hb8b48e55c21f193e
[INFO] [stdout]                                at /rustc/a178d0322ce20e33eac124758e837cbd80a6f633/library/alloc/src/boxed.rs:1575:9
[INFO] [stdout]   40:     0x5587697dab27 - std::sys::unix::thread::Thread::new::thread_start::h8c7c4450dba62914
[INFO] [stdout]                                at /rustc/a178d0322ce20e33eac124758e837cbd80a6f633/library/std/src/sys/unix/thread.rs:71:17
[INFO] [stdout]   41:     0x7fad0aa8c609 - start_thread
[INFO] [stdout]   42:     0x7fad0a85e293 - clone
[INFO] [stdout]   43:                0x0 - <unknown>
[INFO] [stdout] 
[INFO] [stdout] 
[INFO] [stdout] failures:
[INFO] [stdout]     tests::signal_test
[INFO] [stdout] 
[INFO] [stdout] test result: FAILED. 0 passed; 1 failed; 0 ignored; 0 measured; 0 filtered out; finished in 0.05s
[INFO] [stdout] 
[INFO] running `Command { std: "docker" "inspect" "325670de9610901290f1552aaff9a63f94df8506ef8717608236c7b19c62b9e2", kill_on_drop: false }`
[INFO] running `Command { std: "docker" "rm" "-f" "325670de9610901290f1552aaff9a63f94df8506ef8717608236c7b19c62b9e2", kill_on_drop: false }`
[INFO] [stdout] 325670de9610901290f1552aaff9a63f94df8506ef8717608236c7b19c62b9e2
