[INFO] cloning repository https://github.com/austinabell/wasm-exec-api
[INFO] running `Command { std: "git" "-c" "credential.helper=" "-c" "credential.helper=/workspace/cargo-home/bin/git-credential-null" "clone" "--bare" "https://github.com/austinabell/wasm-exec-api" "/workspace/cache/git-repos/https%3A%2F%2Fgithub.com%2Faustinabell%2Fwasm-exec-api", kill_on_drop: false }`
[INFO] [stderr] Cloning into bare repository '/workspace/cache/git-repos/https%3A%2F%2Fgithub.com%2Faustinabell%2Fwasm-exec-api'...
[INFO] running `Command { std: "git" "rev-parse" "HEAD", kill_on_drop: false }`
[INFO] [stdout] 6a0adb7d2876c5b0c5b38eb81cf05c29ab348cee
[INFO] testing austinabell/wasm-exec-api against 1.54.0 for beta-1.55-1
[INFO] running `Command { std: "git" "clone" "/workspace/cache/git-repos/https%3A%2F%2Fgithub.com%2Faustinabell%2Fwasm-exec-api" "/workspace/builds/worker-1/source", kill_on_drop: false }`
[INFO] [stderr] Cloning into '/workspace/builds/worker-1/source'...
[INFO] [stderr] done.
[INFO] validating manifest of git repo https://github.com/austinabell/wasm-exec-api on toolchain 1.54.0
[INFO] running `Command { std: "/workspace/cargo-home/bin/cargo" "+1.54.0" "metadata" "--manifest-path" "Cargo.toml" "--no-deps", kill_on_drop: false }`
[INFO] started tweaking git repo https://github.com/austinabell/wasm-exec-api
[INFO] finished tweaking git repo https://github.com/austinabell/wasm-exec-api
[INFO] tweaked toml for git repo https://github.com/austinabell/wasm-exec-api written to /workspace/builds/worker-1/source/Cargo.toml
[INFO] crate git repo https://github.com/austinabell/wasm-exec-api already has a lockfile, it will not be regenerated
[INFO] running `Command { std: "/workspace/cargo-home/bin/cargo" "+1.54.0" "fetch" "--manifest-path" "Cargo.toml", kill_on_drop: false }`
[INFO] running `Command { std: "docker" "create" "-v" "/var/lib/crater-agent-workspace/builds/worker-1/target:/opt/rustwide/target:rw,Z" "-v" "/var/lib/crater-agent-workspace/builds/worker-1/source:/opt/rustwide/workdir:ro,Z" "-v" "/var/lib/crater-agent-workspace/cargo-home:/opt/rustwide/cargo-home:ro,Z" "-v" "/var/lib/crater-agent-workspace/rustup-home:/opt/rustwide/rustup-home:ro,Z" "-e" "SOURCE_DIR=/opt/rustwide/workdir" "-e" "CARGO_TARGET_DIR=/opt/rustwide/target" "-e" "CARGO_HOME=/opt/rustwide/cargo-home" "-e" "RUSTUP_HOME=/opt/rustwide/rustup-home" "-w" "/opt/rustwide/workdir" "-m" "1610612736" "--user" "0:0" "--network" "none" "ghcr.io/rust-lang/crates-build-env/linux@sha256:34b6a614d2c27851fe6cbf88fbd1137609cefab8b10d0615aaeb6fd47975d74e" "/opt/rustwide/cargo-home/bin/cargo" "+1.54.0" "metadata" "--no-deps" "--format-version=1", kill_on_drop: false }`
[INFO] [stdout] 7e92ad10aaaa04d3c4a17209dcc2a698c999295464a69c0c28fffc030b248f6e
[INFO] [stderr] WARNING: Your kernel does not support swap limit capabilities or the cgroup is not mounted. Memory limited without swap.
[INFO] running `Command { std: "docker" "start" "-a" "7e92ad10aaaa04d3c4a17209dcc2a698c999295464a69c0c28fffc030b248f6e", kill_on_drop: false }`
[INFO] running `Command { std: "docker" "inspect" "7e92ad10aaaa04d3c4a17209dcc2a698c999295464a69c0c28fffc030b248f6e", kill_on_drop: false }`
[INFO] running `Command { std: "docker" "rm" "-f" "7e92ad10aaaa04d3c4a17209dcc2a698c999295464a69c0c28fffc030b248f6e", kill_on_drop: false }`
[INFO] [stdout] 7e92ad10aaaa04d3c4a17209dcc2a698c999295464a69c0c28fffc030b248f6e
[INFO] running `Command { std: "docker" "create" "-v" "/var/lib/crater-agent-workspace/builds/worker-1/target:/opt/rustwide/target:rw,Z" "-v" "/var/lib/crater-agent-workspace/builds/worker-1/source:/opt/rustwide/workdir:ro,Z" "-v" "/var/lib/crater-agent-workspace/cargo-home:/opt/rustwide/cargo-home:ro,Z" "-v" "/var/lib/crater-agent-workspace/rustup-home:/opt/rustwide/rustup-home:ro,Z" "-e" "SOURCE_DIR=/opt/rustwide/workdir" "-e" "CARGO_TARGET_DIR=/opt/rustwide/target" "-e" "CARGO_INCREMENTAL=0" "-e" "RUST_BACKTRACE=full" "-e" "RUSTFLAGS=--cap-lints=warn" "-e" "CARGO_HOME=/opt/rustwide/cargo-home" "-e" "RUSTUP_HOME=/opt/rustwide/rustup-home" "-w" "/opt/rustwide/workdir" "-m" "1610612736" "--user" "0:0" "--network" "none" "ghcr.io/rust-lang/crates-build-env/linux@sha256:34b6a614d2c27851fe6cbf88fbd1137609cefab8b10d0615aaeb6fd47975d74e" "/opt/rustwide/cargo-home/bin/cargo" "+1.54.0" "build" "--frozen" "--message-format=json", kill_on_drop: false }`
[INFO] [stderr] WARNING: Your kernel does not support swap limit capabilities or the cgroup is not mounted. Memory limited without swap.
[INFO] [stdout] a5cd9bcf383455578f65c4610dee3d79e68d92513e9a8728d2808c46e5584a28
[INFO] running `Command { std: "docker" "start" "-a" "a5cd9bcf383455578f65c4610dee3d79e68d92513e9a8728d2808c46e5584a28", kill_on_drop: false }`
[INFO] [stderr]    Compiling syn v1.0.44
[INFO] [stderr]    Compiling libc v0.2.79
[INFO] [stderr]    Compiling cc v1.0.61
[INFO] [stderr]    Compiling serde_derive v1.0.117
[INFO] [stderr]    Compiling serde v1.0.117
[INFO] [stderr]    Compiling log v0.4.11
[INFO] [stderr]    Compiling futures-core v0.3.6
[INFO] [stderr]    Compiling pin-project-lite v0.1.10
[INFO] [stderr]    Compiling futures-io v0.3.6
[INFO] [stderr]    Compiling once_cell v1.4.1
[INFO] [stderr]    Compiling proc-macro-hack v0.5.18
[INFO] [stderr]    Compiling fastrand v1.4.0
[INFO] [stderr]    Compiling smallvec v1.4.2
[INFO] [stderr]    Compiling async-task v4.0.2
[INFO] [stderr]    Compiling cranelift-entity v0.59.0
[INFO] [stderr]    Compiling vec-arena v1.0.0
[INFO] [stderr]    Compiling const_fn v0.4.2
[INFO] [stderr]    Compiling target-lexicon v0.10.0
[INFO] [stderr]    Compiling cranelift-codegen-shared v0.59.0
[INFO] [stderr]    Compiling serde_json v1.0.59
[INFO] [stderr]    Compiling ppv-lite86 v0.2.9
[INFO] [stderr]    Compiling anyhow v1.0.33
[INFO] [stderr]    Compiling arrayref v0.3.6
[INFO] [stderr]    Compiling tinyvec v0.3.4
[INFO] [stderr]    Compiling constant_time_eq v0.1.5
[INFO] [stderr]    Compiling atomic-waker v1.0.0
[INFO] [stderr]    Compiling arrayvec v0.5.1
[INFO] [stderr]    Compiling http-types v2.5.0
[INFO] [stderr]    Compiling rayon-core v1.8.1
[INFO] [stderr]    Compiling data-encoding v2.3.0
[INFO] [stderr]    Compiling curl v0.4.34
[INFO] [stderr]    Compiling infer v0.2.3
[INFO] [stderr]    Compiling syn v0.15.44
[INFO] [stderr]    Compiling isahc v0.9.10
[INFO] [stderr]    Compiling wasmparser v0.51.4
[INFO] [stderr]    Compiling regex-syntax v0.6.20
[INFO] [stderr]    Compiling stable_deref_trait v1.2.0
[INFO] [stderr]    Compiling hex v0.4.2
[INFO] [stderr]    Compiling argh_shared v0.1.1
[INFO] [stderr]    Compiling rustc-demangle v0.1.17
[INFO] [stderr]    Compiling termcolor v1.1.0
[INFO] [stderr]    Compiling object v0.21.1
[INFO] [stderr]    Compiling route-recognizer v0.2.0
[INFO] [stderr]    Compiling half v1.6.0
[INFO] [stderr]    Compiling crossbeam-utils v0.7.2
[INFO] [stderr]    Compiling indexmap v1.6.0
[INFO] [stderr]    Compiling memoffset v0.5.6
[INFO] [stderr]    Compiling crossbeam-epoch v0.8.2
[INFO] [stderr]    Compiling num-traits v0.2.12
[INFO] [stderr]    Compiling num-integer v0.1.43
[INFO] [stderr]    Compiling rayon v1.4.1
[INFO] [stderr]    Compiling standback v0.2.11
[INFO] [stderr]    Compiling time v0.2.22
[INFO] [stderr]    Compiling cookie v0.14.2
[INFO] [stderr]    Compiling instant v0.1.7
[INFO] [stderr]    Compiling lock_api v0.3.4
[INFO] [stderr]    Compiling futures-task v0.3.6
[INFO] [stderr]    Compiling futures-channel v0.3.6
[INFO] [stderr]    Compiling cranelift-bforest v0.59.0
[INFO] [stderr]    Compiling cranelift-codegen-meta v0.59.0
[INFO] [stderr]    Compiling addr2line v0.13.0
[INFO] [stderr]    Compiling unicode-normalization v0.1.13
[INFO] [stderr]    Compiling async-channel v1.5.1
[INFO] [stderr]    Compiling futures-lite v1.11.1
[INFO] [stderr]    Compiling aho-corasick v0.7.14
[INFO] [stderr]    Compiling quote v0.6.13
[INFO] [stderr]    Compiling libnghttp2-sys v0.1.4+1.41.0
[INFO] [stderr]    Compiling openssl-sys v0.9.58
[INFO] [stderr]    Compiling libz-sys v1.1.2
[INFO] [stderr]    Compiling blake3 v0.3.7
[INFO] [stderr]    Compiling curl-sys v0.4.38+curl-7.73.0
[INFO] [stderr]    Compiling raw-cpuid v7.0.3
[INFO] [stderr]    Compiling digest v0.8.1
[INFO] [stderr]    Compiling crypto-mac v0.8.0
[INFO] [stderr]    Compiling universal-hash v0.4.0
[INFO] [stderr]    Compiling block-cipher v0.7.1
[INFO] [stderr]    Compiling aead v0.3.2
[INFO] [stderr]    Compiling kv-log-macro v1.0.7
[INFO] [stderr]    Compiling idna v0.2.0
[INFO] [stderr]    Compiling async-executor v1.3.0
[INFO] [stderr]    Compiling blocking v1.0.2
[INFO] [stderr]    Compiling regex v1.4.1
[INFO] [stderr]    Compiling hmac v0.8.1
[INFO] [stderr]    Compiling sha2 v0.9.1
[INFO] [stderr]    Compiling aes-soft v0.4.0
[INFO] [stderr]    Compiling num_cpus v1.13.0
[INFO] [stderr]    Compiling getrandom v0.1.15
[INFO] [stderr]    Compiling nb-connect v1.0.2
[INFO] [stderr]    Compiling polling v2.0.1
[INFO] [stderr]    Compiling parking_lot_core v0.7.2
[INFO] [stderr]    Compiling socket2 v0.3.15
[INFO] [stderr]    Compiling errno v0.2.6
[INFO] [stderr]    Compiling page_size v0.4.2
[INFO] [stderr]    Compiling nix v0.15.0
[INFO] [stderr]    Compiling time v0.1.44
[INFO] [stderr]    Compiling parking_lot_core v0.8.0
[INFO] [stderr]    Compiling atty v0.2.14
[INFO] [stderr]    Compiling fs2 v0.4.3
[INFO] [stderr]    Compiling dirs-sys v0.3.5
[INFO] [stderr]    Compiling memmap v0.7.0
[INFO] [stderr]    Compiling backtrace v0.3.53
[INFO] [stderr]    Compiling polyval v0.4.1
[INFO] [stderr]    Compiling hkdf v0.9.0
[INFO] [stderr]    Compiling crossbeam-channel v0.4.4
[INFO] [stderr]    Compiling crossbeam-queue v0.2.3
[INFO] [stderr]    Compiling aes v0.4.0
[INFO] [stderr]    Compiling async-io v1.1.10
[INFO] [stderr]    Compiling rand_core v0.5.1
[INFO] [stderr]    Compiling parking_lot v0.10.2
[INFO] [stderr]    Compiling env_logger v0.7.1
[INFO] [stderr]    Compiling parking_lot v0.11.0
[INFO] [stderr]    Compiling dirs v3.0.1
[INFO] [stderr]    Compiling ghash v0.3.0
[INFO] [stderr]    Compiling byte-pool v0.2.2
[INFO] [stderr]    Compiling crossbeam-deque v0.7.3
[INFO] [stderr]    Compiling async-global-executor v1.4.0
[INFO] [stderr]    Compiling rand_chacha v0.2.2
[INFO] [stderr]    Compiling pretty_env_logger v0.4.0
[INFO] [stderr]    Compiling aes-gcm v0.6.0
[INFO] [stderr]    Compiling sled v0.34.4
[INFO] [stderr]    Compiling wasmer-runtime-core v0.17.1
[INFO] [stderr]    Compiling rand v0.7.3
[INFO] [stderr]    Compiling async-log-attributes v1.0.1
[INFO] [stderr]    Compiling async-log v2.0.0
[INFO] [stderr]    Compiling thiserror-impl v1.0.21
[INFO] [stderr]    Compiling time-macros-impl v0.1.1
[INFO] [stderr]    Compiling pin-project-internal v0.4.27
[INFO] [stderr]    Compiling async-attributes v1.1.1
[INFO] [stderr]    Compiling futures-macro v0.3.6
[INFO] [stderr]    Compiling tracing-attributes v0.1.11
[INFO] [stderr]    Compiling async-trait v0.1.41
[INFO] [stderr]    Compiling argh_derive v0.1.1
[INFO] [stderr]    Compiling serde_tuple_macros v0.5.0
[INFO] [stderr]    Compiling cranelift-codegen v0.59.0
[INFO] [stderr]    Compiling async-std v1.6.5
[INFO] [stderr]    Compiling time-macros v0.1.1
[INFO] [stderr]    Compiling argh v0.1.3
[INFO] [stderr]    Compiling thiserror v1.0.21
[INFO] [stderr]    Compiling tracing v0.1.21
[INFO] [stderr]    Compiling pin-project v0.4.27
[INFO] [stderr]    Compiling futures-util v0.3.6
[INFO] [stderr]    Compiling tracing-futures v0.2.4
[INFO] [stderr]    Compiling sluice v0.5.2
[INFO] [stderr]    Compiling bincode v1.3.1
[INFO] [stderr]    Compiling serde_urlencoded v0.7.0
[INFO] [stderr]    Compiling serde_qs v0.7.0
[INFO] [stderr]    Compiling url v2.1.1
[INFO] [stderr]    Compiling serde_bytes v0.11.5
[INFO] [stderr]    Compiling serde-bench v0.0.7
[INFO] [stderr]    Compiling chrono v0.4.19
[INFO] [stderr]    Compiling serde_tuple v0.5.0
[INFO] [stderr]    Compiling serde_cbor v0.11.1
[INFO] [stderr]    Compiling gimli v0.20.0
[INFO] [stderr]    Compiling femme v2.1.1
[INFO] [stderr]    Compiling async-session v2.0.1
[INFO] [stderr]    Compiling async-h1 v2.1.2
[INFO] [stderr]    Compiling async-sse v4.0.1
[INFO] [stderr]    Compiling http-client v6.1.0
[INFO] [stderr]    Compiling tide v0.14.0
[INFO] [stderr]    Compiling wasmer-clif-fork-frontend v0.59.0
[INFO] [stderr]    Compiling cranelift-native v0.59.0
[INFO] [stderr]    Compiling wasmer-clif-fork-wasm v0.59.0
[INFO] [stderr]    Compiling wasmer-clif-backend v0.17.1
[INFO] [stderr]    Compiling wasmer-runtime v0.17.1
[INFO] [stderr]    Compiling wasm-exec-api v0.1.0 (/opt/rustwide/workdir)
[INFO] [stderr]     Finished dev [unoptimized + debuginfo] target(s) in 2m 38s
[INFO] running `Command { std: "docker" "inspect" "a5cd9bcf383455578f65c4610dee3d79e68d92513e9a8728d2808c46e5584a28", kill_on_drop: false }`
[INFO] running `Command { std: "docker" "rm" "-f" "a5cd9bcf383455578f65c4610dee3d79e68d92513e9a8728d2808c46e5584a28", kill_on_drop: false }`
[INFO] [stdout] a5cd9bcf383455578f65c4610dee3d79e68d92513e9a8728d2808c46e5584a28
[INFO] running `Command { std: "docker" "create" "-v" "/var/lib/crater-agent-workspace/builds/worker-1/target:/opt/rustwide/target:rw,Z" "-v" "/var/lib/crater-agent-workspace/builds/worker-1/source:/opt/rustwide/workdir:ro,Z" "-v" "/var/lib/crater-agent-workspace/cargo-home:/opt/rustwide/cargo-home:ro,Z" "-v" "/var/lib/crater-agent-workspace/rustup-home:/opt/rustwide/rustup-home:ro,Z" "-e" "SOURCE_DIR=/opt/rustwide/workdir" "-e" "CARGO_TARGET_DIR=/opt/rustwide/target" "-e" "CARGO_INCREMENTAL=0" "-e" "RUST_BACKTRACE=full" "-e" "RUSTFLAGS=--cap-lints=warn" "-e" "CARGO_HOME=/opt/rustwide/cargo-home" "-e" "RUSTUP_HOME=/opt/rustwide/rustup-home" "-w" "/opt/rustwide/workdir" "-m" "1610612736" "--user" "0:0" "--network" "none" "ghcr.io/rust-lang/crates-build-env/linux@sha256:34b6a614d2c27851fe6cbf88fbd1137609cefab8b10d0615aaeb6fd47975d74e" "/opt/rustwide/cargo-home/bin/cargo" "+1.54.0" "test" "--frozen" "--no-run" "--message-format=json", kill_on_drop: false }`
[INFO] [stdout] e7e38931c2bf6dfa77091fa7cad27ad78d154c7c4c82393c92f311143b7019ce
[INFO] [stderr] WARNING: Your kernel does not support swap limit capabilities or the cgroup is not mounted. Memory limited without swap.
[INFO] running `Command { std: "docker" "start" "-a" "e7e38931c2bf6dfa77091fa7cad27ad78d154c7c4c82393c92f311143b7019ce", kill_on_drop: false }`
[INFO] [stderr]    Compiling encoding_rs v0.8.24
[INFO] [stderr]    Compiling rand_os v0.1.3
[INFO] [stderr]    Compiling rand v0.6.5
[INFO] [stderr]    Compiling portpicker v0.1.0
[INFO] [stderr]    Compiling surf v2.0.0
[INFO] [stderr]    Compiling wasm-exec-api v0.1.0 (/opt/rustwide/workdir)
[INFO] [stderr]     Finished test [unoptimized + debuginfo] target(s) in 16.83s
[INFO] running `Command { std: "docker" "inspect" "e7e38931c2bf6dfa77091fa7cad27ad78d154c7c4c82393c92f311143b7019ce", kill_on_drop: false }`
[INFO] running `Command { std: "docker" "rm" "-f" "e7e38931c2bf6dfa77091fa7cad27ad78d154c7c4c82393c92f311143b7019ce", kill_on_drop: false }`
[INFO] [stdout] e7e38931c2bf6dfa77091fa7cad27ad78d154c7c4c82393c92f311143b7019ce
[INFO] running `Command { std: "docker" "create" "-v" "/var/lib/crater-agent-workspace/builds/worker-1/target:/opt/rustwide/target:rw,Z" "-v" "/var/lib/crater-agent-workspace/builds/worker-1/source:/opt/rustwide/workdir:ro,Z" "-v" "/var/lib/crater-agent-workspace/cargo-home:/opt/rustwide/cargo-home:ro,Z" "-v" "/var/lib/crater-agent-workspace/rustup-home:/opt/rustwide/rustup-home:ro,Z" "-e" "SOURCE_DIR=/opt/rustwide/workdir" "-e" "CARGO_TARGET_DIR=/opt/rustwide/target" "-e" "CARGO_INCREMENTAL=0" "-e" "RUST_BACKTRACE=full" "-e" "RUSTFLAGS=--cap-lints=warn" "-e" "CARGO_HOME=/opt/rustwide/cargo-home" "-e" "RUSTUP_HOME=/opt/rustwide/rustup-home" "-w" "/opt/rustwide/workdir" "-m" "1610612736" "--user" "0:0" "--network" "none" "ghcr.io/rust-lang/crates-build-env/linux@sha256:34b6a614d2c27851fe6cbf88fbd1137609cefab8b10d0615aaeb6fd47975d74e" "/opt/rustwide/cargo-home/bin/cargo" "+1.54.0" "test" "--frozen", kill_on_drop: false }`
[INFO] [stdout] a7096ef159d7e9832268bf4eba5923bbd8b2f6948500b1f401890900092a122a
[INFO] [stderr] WARNING: Your kernel does not support swap limit capabilities or the cgroup is not mounted. Memory limited without swap.
[INFO] running `Command { std: "docker" "start" "-a" "a7096ef159d7e9832268bf4eba5923bbd8b2f6948500b1f401890900092a122a", kill_on_drop: false }`
[INFO] [stderr]     Blocking waiting for file lock on package cache
[INFO] [stderr]     Finished test [unoptimized + debuginfo] target(s) in 0.54s
[INFO] [stderr]      Running unittests (/opt/rustwide/target/debug/deps/wasm_exec_api-b7c8a66d133262b0)
[INFO] [stdout] 
[INFO] [stdout] running 4 tests
[INFO] [stdout] test server::index::tests::req_serialization ... ok
[INFO] [stdout] test server::tests::wasm_module_symmetric_serialize ... ok
[INFO] [stdout] test server::tests::store_load ... ok
[INFO] [stdout] test server::tests::full_usage_path ... FAILED
[INFO] [stdout] 
[INFO] [stdout] failures:
[INFO] [stdout] 
[INFO] [stdout] ---- server::tests::full_usage_path stdout ----
[INFO] [stdout] thread 'server::tests::full_usage_path' panicked at 'called `Option::unwrap()` on a `None` value', src/server/mod.rs:56:51
[INFO] [stdout] stack backtrace:
[INFO] [stdout]    0:     0x55ebb4e6c640 - std::backtrace_rs::backtrace::libunwind::trace::h34055254b57d8e79
[INFO] [stdout]                                at /rustc/a178d0322ce20e33eac124758e837cbd80a6f633/library/std/src/../../backtrace/src/backtrace/libunwind.rs:90:5
[INFO] [stdout]    1:     0x55ebb4e6c640 - std::backtrace_rs::backtrace::trace_unsynchronized::h8f1e3fbd9afff6ec
[INFO] [stdout]                                at /rustc/a178d0322ce20e33eac124758e837cbd80a6f633/library/std/src/../../backtrace/src/backtrace/mod.rs:66:5
[INFO] [stdout]    2:     0x55ebb4e6c640 - std::sys_common::backtrace::_print_fmt::h3a99a796b770c360
[INFO] [stdout]                                at /rustc/a178d0322ce20e33eac124758e837cbd80a6f633/library/std/src/sys_common/backtrace.rs:67:5
[INFO] [stdout]    3:     0x55ebb4e6c640 - <std::sys_common::backtrace::_print::DisplayBacktrace as core::fmt::Display>::fmt::h32d1f94a80615d18
[INFO] [stdout]                                at /rustc/a178d0322ce20e33eac124758e837cbd80a6f633/library/std/src/sys_common/backtrace.rs:46:22
[INFO] [stdout]    4:     0x55ebb4e93ddc - core::fmt::write::h306731c068f7162c
[INFO] [stdout]                                at /rustc/a178d0322ce20e33eac124758e837cbd80a6f633/library/core/src/fmt/mod.rs:1110:17
[INFO] [stdout]    5:     0x55ebb4e65445 - std::io::Write::write_fmt::h87f19b0a2cd190bc
[INFO] [stdout]                                at /rustc/a178d0322ce20e33eac124758e837cbd80a6f633/library/std/src/io/mod.rs:1588:15
[INFO] [stdout]    6:     0x55ebb4e6ecab - std::sys_common::backtrace::_print::h5abaa2601a852287
[INFO] [stdout]                                at /rustc/a178d0322ce20e33eac124758e837cbd80a6f633/library/std/src/sys_common/backtrace.rs:49:5
[INFO] [stdout]    7:     0x55ebb4e6ecab - std::sys_common::backtrace::print::h8d81445442bb638f
[INFO] [stdout]                                at /rustc/a178d0322ce20e33eac124758e837cbd80a6f633/library/std/src/sys_common/backtrace.rs:36:9
[INFO] [stdout]    8:     0x55ebb4e6ecab - std::panicking::default_hook::{{closure}}::hcfe804496a9fa747
[INFO] [stdout]                                at /rustc/a178d0322ce20e33eac124758e837cbd80a6f633/library/std/src/panicking.rs:208:50
[INFO] [stdout]    9:     0x55ebb4e6e7bc - std::panicking::default_hook::hbea8e3ccf2ba8901
[INFO] [stdout]                                at /rustc/a178d0322ce20e33eac124758e837cbd80a6f633/library/std/src/panicking.rs:222:9
[INFO] [stdout]   10:     0x55ebb4e6f374 - std::panicking::rust_panic_with_hook::h7ee9e1a2d0f8975a
[INFO] [stdout]                                at /rustc/a178d0322ce20e33eac124758e837cbd80a6f633/library/std/src/panicking.rs:622:17
[INFO] [stdout]   11:     0x55ebb4e6ee27 - std::panicking::begin_panic_handler::{{closure}}::h8ab3b4491718b2c7
[INFO] [stdout]                                at /rustc/a178d0322ce20e33eac124758e837cbd80a6f633/library/std/src/panicking.rs:517:13
[INFO] [stdout]   12:     0x55ebb4e6cb3c - std::sys_common::backtrace::__rust_end_short_backtrace::hd489062ffa586a9f
[INFO] [stdout]                                at /rustc/a178d0322ce20e33eac124758e837cbd80a6f633/library/std/src/sys_common/backtrace.rs:141:18
[INFO] [stdout]   13:     0x55ebb4e6edb9 - rust_begin_unwind
[INFO] [stdout]                                at /rustc/a178d0322ce20e33eac124758e837cbd80a6f633/library/std/src/panicking.rs:515:5
[INFO] [stdout]   14:     0x55ebb4227d31 - core::panicking::panic_fmt::hca6330e3e14086b4
[INFO] [stdout]                                at /rustc/a178d0322ce20e33eac124758e837cbd80a6f633/library/core/src/panicking.rs:92:14
[INFO] [stdout]   15:     0x55ebb4227c7d - core::panicking::panic::h1a48d878ff3dcd40
[INFO] [stdout]                                at /rustc/a178d0322ce20e33eac124758e837cbd80a6f633/library/core/src/panicking.rs:50:5
[INFO] [stdout]   16:     0x55ebb4b14ee3 - core::option::Option<T>::unwrap::h68410f35ac01cd89
[INFO] [stdout]                                at /rustc/a178d0322ce20e33eac124758e837cbd80a6f633/library/core/src/option.rs:388:21
[INFO] [stdout]   17:     0x55ebb4249236 - wasm_exec_api::server::tests::full_usage_path::{{closure}}::h70e5afa6204e73e2
[INFO] [stdout]                                at /opt/rustwide/workdir/src/server/mod.rs:56:20
[INFO] [stdout]   18:     0x55ebb4242b9b - <core::future::from_generator::GenFuture<T> as core::future::future::Future>::poll::h8c32f9f77feb2355
[INFO] [stdout]                                at /rustc/a178d0322ce20e33eac124758e837cbd80a6f633/library/core/src/future/mod.rs:80:19
[INFO] [stdout]   19:     0x55ebb424a339 - <async_std::task::builder::SupportTaskLocals<F> as core::future::future::Future>::poll::{{closure}}::h3eb3a45da2f07cb7
[INFO] [stdout]                                at /opt/rustwide/cargo-home/registry/src/github.com-1ecc6299db9ec823/async-std-1.6.5/src/task/builder.rs:199:17
[INFO] [stdout]   20:     0x55ebb4307606 - async_std::task::task_locals_wrapper::TaskLocalsWrapper::set_current::{{closure}}::hb9a889c05c8c433b
[INFO] [stdout]                                at /opt/rustwide/cargo-home/registry/src/github.com-1ecc6299db9ec823/async-std-1.6.5/src/task/task_locals_wrapper.rs:60:13
[INFO] [stdout]   21:     0x55ebb4290e91 - std::thread::local::LocalKey<T>::try_with::h1630db8247526b7c
[INFO] [stdout]                                at /rustc/a178d0322ce20e33eac124758e837cbd80a6f633/library/std/src/thread/local.rs:400:16
[INFO] [stdout]   22:     0x55ebb42904bd - std::thread::local::LocalKey<T>::with::h190480dd08cd24ec
[INFO] [stdout]                                at /rustc/a178d0322ce20e33eac124758e837cbd80a6f633/library/std/src/thread/local.rs:376:9
[INFO] [stdout]   23:     0x55ebb4307178 - async_std::task::task_locals_wrapper::TaskLocalsWrapper::set_current::ha6583e2ef012cffb
[INFO] [stdout]                                at /opt/rustwide/cargo-home/registry/src/github.com-1ecc6299db9ec823/async-std-1.6.5/src/task/task_locals_wrapper.rs:55:9
[INFO] [stdout]   24:     0x55ebb424a1d5 - <async_std::task::builder::SupportTaskLocals<F> as core::future::future::Future>::poll::hc408f4b6c645e055
[INFO] [stdout]                                at /opt/rustwide/cargo-home/registry/src/github.com-1ecc6299db9ec823/async-std-1.6.5/src/task/builder.rs:197:13
[INFO] [stdout]   25:     0x55ebb426a55b - <futures_lite::future::Or<F1,F2> as core::future::future::Future>::poll::hc7a3259fe9aae0ca
[INFO] [stdout]                                at /opt/rustwide/cargo-home/registry/src/github.com-1ecc6299db9ec823/futures-lite-1.11.1/src/future.rs:526:33
[INFO] [stdout]   26:     0x55ebb4270824 - async_executor::Executor::run::{{closure}}::he71c6fcd5e97b026
[INFO] [stdout]                                at /opt/rustwide/cargo-home/registry/src/github.com-1ecc6299db9ec823/async-executor-1.3.0/src/lib.rs:214:9
[INFO] [stdout]   27:     0x55ebb4241a8b - <core::future::from_generator::GenFuture<T> as core::future::future::Future>::poll::h46b63a4c71b7169d
[INFO] [stdout]                                at /rustc/a178d0322ce20e33eac124758e837cbd80a6f633/library/core/src/future/mod.rs:80:19
[INFO] [stdout]   28:     0x55ebb426fbca - async_executor::LocalExecutor::run::{{closure}}::h8b961a5a1a8f2167
[INFO] [stdout]                                at /opt/rustwide/cargo-home/registry/src/github.com-1ecc6299db9ec823/async-executor-1.3.0/src/lib.rs:393:9
[INFO] [stdout]   29:     0x55ebb424087b - <core::future::from_generator::GenFuture<T> as core::future::future::Future>::poll::h0447bcdca7e42353
[INFO] [stdout]                                at /rustc/a178d0322ce20e33eac124758e837cbd80a6f633/library/core/src/future/mod.rs:80:19
[INFO] [stdout]   30:     0x55ebb42e97bc - async_io::driver::block_on::hd6a7645e259c0f3d
[INFO] [stdout]                                at /opt/rustwide/cargo-home/registry/src/github.com-1ecc6299db9ec823/async-io-1.1.10/src/driver.rs:142:33
[INFO] [stdout]   31:     0x55ebb430d003 - async_global_executor::reactor::block_on::hde06d20744a89330
[INFO] [stdout]                                at /opt/rustwide/cargo-home/registry/src/github.com-1ecc6299db9ec823/async-global-executor-1.4.0/src/lib.rs:55:9
[INFO] [stdout]   32:     0x55ebb423afbd - async_global_executor::block_on::{{closure}}::h36569f225b5139b9
[INFO] [stdout]                                at /opt/rustwide/cargo-home/registry/src/github.com-1ecc6299db9ec823/async-global-executor-1.4.0/src/lib.rs:196:36
[INFO] [stdout]   33:     0x55ebb429149e - std::thread::local::LocalKey<T>::try_with::h476201674a793a2c
[INFO] [stdout]                                at /rustc/a178d0322ce20e33eac124758e837cbd80a6f633/library/std/src/thread/local.rs:400:16
[INFO] [stdout]   34:     0x55ebb4290930 - std::thread::local::LocalKey<T>::with::hc0aa45bd33e48899
[INFO] [stdout]                                at /rustc/a178d0322ce20e33eac124758e837cbd80a6f633/library/std/src/thread/local.rs:376:9
[INFO] [stdout]   35:     0x55ebb423af2a - async_global_executor::block_on::h64de5d7bb1dd1fad
[INFO] [stdout]                                at /opt/rustwide/cargo-home/registry/src/github.com-1ecc6299db9ec823/async-global-executor-1.4.0/src/lib.rs:196:5
[INFO] [stdout]   36:     0x55ebb4256220 - async_std::task::builder::Builder::blocking::{{closure}}::{{closure}}::hb6002588e86054cb
[INFO] [stdout]                                at /opt/rustwide/cargo-home/registry/src/github.com-1ecc6299db9ec823/async-std-1.6.5/src/task/builder.rs:171:25
[INFO] [stdout]   37:     0x55ebb430792b - async_std::task::task_locals_wrapper::TaskLocalsWrapper::set_current::{{closure}}::he66c70f0e69714b6
[INFO] [stdout]                                at /opt/rustwide/cargo-home/registry/src/github.com-1ecc6299db9ec823/async-std-1.6.5/src/task/task_locals_wrapper.rs:60:13
[INFO] [stdout]   38:     0x55ebb4291e9a - std::thread::local::LocalKey<T>::try_with::h859787b95f7de5e8
[INFO] [stdout]                                at /rustc/a178d0322ce20e33eac124758e837cbd80a6f633/library/std/src/thread/local.rs:400:16
[INFO] [stdout]   39:     0x55ebb4290732 - std::thread::local::LocalKey<T>::with::h656573363430d705
[INFO] [stdout]                                at /rustc/a178d0322ce20e33eac124758e837cbd80a6f633/library/std/src/thread/local.rs:376:9
[INFO] [stdout]   40:     0x55ebb430709a - async_std::task::task_locals_wrapper::TaskLocalsWrapper::set_current::h3f7faed51ed31769
[INFO] [stdout]                                at /opt/rustwide/cargo-home/registry/src/github.com-1ecc6299db9ec823/async-std-1.6.5/src/task/task_locals_wrapper.rs:55:9
[INFO] [stdout]   41:     0x55ebb4255f1f - async_std::task::builder::Builder::blocking::{{closure}}::h7a1657d437e3d3f1
[INFO] [stdout]                                at /opt/rustwide/cargo-home/registry/src/github.com-1ecc6299db9ec823/async-std-1.6.5/src/task/builder.rs:168:17
[INFO] [stdout]   42:     0x55ebb4291ad6 - std::thread::local::LocalKey<T>::try_with::h65e2b1990eef998c
[INFO] [stdout]                                at /rustc/a178d0322ce20e33eac124758e837cbd80a6f633/library/std/src/thread/local.rs:400:16
[INFO] [stdout]   43:     0x55ebb42909e0 - std::thread::local::LocalKey<T>::with::hd591cc654098d2d1
[INFO] [stdout]                                at /rustc/a178d0322ce20e33eac124758e837cbd80a6f633/library/std/src/thread/local.rs:376:9
[INFO] [stdout]   44:     0x55ebb4255a47 - async_std::task::builder::Builder::blocking::h9632004b157cf895
[INFO] [stdout]                                at /opt/rustwide/cargo-home/registry/src/github.com-1ecc6299db9ec823/async-std-1.6.5/src/task/builder.rs:161:9
[INFO] [stdout]   45:     0x55ebb4317de7 - async_std::task::block_on::block_on::h07c93daedee524a0
[INFO] [stdout]                                at /opt/rustwide/cargo-home/registry/src/github.com-1ecc6299db9ec823/async-std-1.6.5/src/task/block_on.rs:33:5
[INFO] [stdout]   46:     0x55ebb4245718 - wasm_exec_api::server::tests::full_usage_path::hb01c3f679db133bd
[INFO] [stdout]                                at /opt/rustwide/workdir/src/server/mod.rs:44:5
[INFO] [stdout]   47:     0x55ebb42456da - wasm_exec_api::server::tests::full_usage_path::{{closure}}::hbad68881fb9642cb
[INFO] [stdout]                                at /opt/rustwide/workdir/src/server/mod.rs:44:5
[INFO] [stdout]   48:     0x55ebb42f83ee - core::ops::function::FnOnce::call_once::h1ed181274f1ec83d
[INFO] [stdout]                                at /rustc/a178d0322ce20e33eac124758e837cbd80a6f633/library/core/src/ops/function.rs:227:5
[INFO] [stdout]   49:     0x55ebb438efe3 - core::ops::function::FnOnce::call_once::h152e7e439ff59e19
[INFO] [stdout]                                at /rustc/a178d0322ce20e33eac124758e837cbd80a6f633/library/core/src/ops/function.rs:227:5
[INFO] [stdout]   50:     0x55ebb438efe3 - test::__rust_begin_short_backtrace::h0908f3b1fdbb72ab
[INFO] [stdout]                                at /rustc/a178d0322ce20e33eac124758e837cbd80a6f633/library/test/src/lib.rs:577:5
[INFO] [stdout]   51:     0x55ebb438daa0 - <alloc::boxed::Box<F,A> as core::ops::function::FnOnce<Args>>::call_once::hf6d2a51e5587546c
[INFO] [stdout]                                at /rustc/a178d0322ce20e33eac124758e837cbd80a6f633/library/alloc/src/boxed.rs:1575:9
[INFO] [stdout]   52:     0x55ebb438daa0 - <std::panic::AssertUnwindSafe<F> as core::ops::function::FnOnce<()>>::call_once::h8af660f3a89ef593
[INFO] [stdout]                                at /rustc/a178d0322ce20e33eac124758e837cbd80a6f633/library/std/src/panic.rs:347:9
[INFO] [stdout]   53:     0x55ebb438daa0 - std::panicking::try::do_call::hd36aef60f84b6d36
[INFO] [stdout]                                at /rustc/a178d0322ce20e33eac124758e837cbd80a6f633/library/std/src/panicking.rs:401:40
[INFO] [stdout]   54:     0x55ebb438daa0 - std::panicking::try::h9932b4480e69817c
[INFO] [stdout]                                at /rustc/a178d0322ce20e33eac124758e837cbd80a6f633/library/std/src/panicking.rs:365:19
[INFO] [stdout]   55:     0x55ebb438daa0 - std::panic::catch_unwind::h6aa177099cfff5f8
[INFO] [stdout]                                at /rustc/a178d0322ce20e33eac124758e837cbd80a6f633/library/std/src/panic.rs:434:14
[INFO] [stdout]   56:     0x55ebb438daa0 - test::run_test_in_process::h5884d6f2d99e20c3
[INFO] [stdout]                                at /rustc/a178d0322ce20e33eac124758e837cbd80a6f633/library/test/src/lib.rs:600:18
[INFO] [stdout]   57:     0x55ebb438daa0 - test::run_test::run_test_inner::{{closure}}::h6fdc58c6d5f5b6e3
[INFO] [stdout]                                at /rustc/a178d0322ce20e33eac124758e837cbd80a6f633/library/test/src/lib.rs:492:39
[INFO] [stdout]   58:     0x55ebb4367152 - test::run_test::run_test_inner::{{closure}}::h408365d67a78ade8
[INFO] [stdout]                                at /rustc/a178d0322ce20e33eac124758e837cbd80a6f633/library/test/src/lib.rs:519:37
[INFO] [stdout]   59:     0x55ebb4367152 - std::sys_common::backtrace::__rust_begin_short_backtrace::hb560b77c4f701523
[INFO] [stdout]                                at /rustc/a178d0322ce20e33eac124758e837cbd80a6f633/library/std/src/sys_common/backtrace.rs:125:18
[INFO] [stdout]   60:     0x55ebb436ad08 - std::thread::Builder::spawn_unchecked::{{closure}}::{{closure}}::hf2e7831dad93c597
[INFO] [stdout]                                at /rustc/a178d0322ce20e33eac124758e837cbd80a6f633/library/std/src/thread/mod.rs:481:17
[INFO] [stdout]   61:     0x55ebb436ad08 - <std::panic::AssertUnwindSafe<F> as core::ops::function::FnOnce<()>>::call_once::hd2e08783d8be4d02
[INFO] [stdout]                                at /rustc/a178d0322ce20e33eac124758e837cbd80a6f633/library/std/src/panic.rs:347:9
[INFO] [stdout]   62:     0x55ebb436ad08 - std::panicking::try::do_call::h062597b7acfd6b82
[INFO] [stdout]                                at /rustc/a178d0322ce20e33eac124758e837cbd80a6f633/library/std/src/panicking.rs:401:40
[INFO] [stdout]   63:     0x55ebb436ad08 - std::panicking::try::h0d7b79db04c14552
[INFO] [stdout]                                at /rustc/a178d0322ce20e33eac124758e837cbd80a6f633/library/std/src/panicking.rs:365:19
[INFO] [stdout]   64:     0x55ebb436ad08 - std::panic::catch_unwind::hb01a0b5e7c8cd43b
[INFO] [stdout]                                at /rustc/a178d0322ce20e33eac124758e837cbd80a6f633/library/std/src/panic.rs:434:14
[INFO] [stdout]   65:     0x55ebb436ad08 - std::thread::Builder::spawn_unchecked::{{closure}}::h5bde48cc887e0d1e
[INFO] [stdout]                                at /rustc/a178d0322ce20e33eac124758e837cbd80a6f633/library/std/src/thread/mod.rs:480:30
[INFO] [stdout]   66:     0x55ebb436ad08 - core::ops::function::FnOnce::call_once{{vtable.shim}}::h745ea30807a29e55
[INFO] [stdout]                                at /rustc/a178d0322ce20e33eac124758e837cbd80a6f633/library/core/src/ops/function.rs:227:5
[INFO] [stdout]   67:     0x55ebb4e76057 - <alloc::boxed::Box<F,A> as core::ops::function::FnOnce<Args>>::call_once::h7ece6cfefaff1005
[INFO] [stdout]                                at /rustc/a178d0322ce20e33eac124758e837cbd80a6f633/library/alloc/src/boxed.rs:1575:9
[INFO] [stdout]   68:     0x55ebb4e76057 - <alloc::boxed::Box<F,A> as core::ops::function::FnOnce<Args>>::call_once::hb8b48e55c21f193e
[INFO] [stdout]                                at /rustc/a178d0322ce20e33eac124758e837cbd80a6f633/library/alloc/src/boxed.rs:1575:9
[INFO] [stdout]   69:     0x55ebb4e76057 - std::sys::unix::thread::Thread::new::thread_start::h8c7c4450dba62914
[INFO] [stdout]                                at /rustc/a178d0322ce20e33eac124758e837cbd80a6f633/library/std/src/sys/unix/thread.rs:71:17
[INFO] [stdout]   70:     0x7f88ba258609 - start_thread
[INFO] [stdout]   71:     0x7f88ba02a293 - clone
[INFO] [stdout]   72:                0x0 - <unknown>
[INFO] [stdout] 
[INFO] [stdout] 
[INFO] [stdout] failures:
[INFO] [stdout]     server::tests::full_usage_path
[INFO] [stdout] 
[INFO] [stdout] test result: FAILED. 3 passed; 1 failed; 0 ignored; 0 measured; 0 filtered out; finished in 0.45s
[INFO] [stdout] 
[INFO] [stderr] error: test failed, to rerun pass '--bin wasm-exec-api'
[INFO] running `Command { std: "docker" "inspect" "a7096ef159d7e9832268bf4eba5923bbd8b2f6948500b1f401890900092a122a", kill_on_drop: false }`
[INFO] running `Command { std: "docker" "rm" "-f" "a7096ef159d7e9832268bf4eba5923bbd8b2f6948500b1f401890900092a122a", kill_on_drop: false }`
[INFO] [stdout] a7096ef159d7e9832268bf4eba5923bbd8b2f6948500b1f401890900092a122a
