[INFO] cloning repository https://github.com/arush-sal/greetd
[INFO] running `Command { std: "git" "-c" "credential.helper=" "-c" "credential.helper=/workspace/cargo-home/bin/git-credential-null" "clone" "--bare" "https://github.com/arush-sal/greetd" "/workspace/cache/git-repos/https%3A%2F%2Fgithub.com%2Farush-sal%2Fgreetd", kill_on_drop: false }`
[INFO] [stderr] Cloning into bare repository '/workspace/cache/git-repos/https%3A%2F%2Fgithub.com%2Farush-sal%2Fgreetd'...
[INFO] running `Command { std: "git" "rev-parse" "HEAD", kill_on_drop: false }`
[INFO] [stdout] 47d0ee939e05f65f9e954a868b8377053a82fbf9
[INFO] testing arush-sal/greetd against beta-2021-08-01 for beta-1.55-1
[INFO] running `Command { std: "git" "clone" "/workspace/cache/git-repos/https%3A%2F%2Fgithub.com%2Farush-sal%2Fgreetd" "/workspace/builds/worker-3/source", kill_on_drop: false }`
[INFO] [stderr] Cloning into '/workspace/builds/worker-3/source'...
[INFO] [stderr] done.
[INFO] validating manifest of git repo https://github.com/arush-sal/greetd on toolchain beta-2021-08-01
[INFO] running `Command { std: "/workspace/cargo-home/bin/cargo" "+beta-2021-08-01" "metadata" "--manifest-path" "Cargo.toml" "--no-deps", kill_on_drop: false }`
[INFO] started tweaking git repo https://github.com/arush-sal/greetd
[INFO] finished tweaking git repo https://github.com/arush-sal/greetd
[INFO] tweaked toml for git repo https://github.com/arush-sal/greetd written to /workspace/builds/worker-3/source/Cargo.toml
[INFO] crate git repo https://github.com/arush-sal/greetd already has a lockfile, it will not be regenerated
[INFO] running `Command { std: "/workspace/cargo-home/bin/cargo" "+beta-2021-08-01" "fetch" "--manifest-path" "Cargo.toml", kill_on_drop: false }`
[INFO] [stderr]  Downloading crates ...
[INFO] [stderr]   Downloaded pam-sys v0.5.6
[INFO] [stderr]   Downloaded rpassword v5.0.0
[INFO] [stderr]   Downloaded thiserror v1.0.17
[INFO] [stderr]   Downloaded thiserror-impl v1.0.17
[INFO] [stderr]   Downloaded tokio v1.0.2
[INFO] [stderr]   Downloaded users v0.11.0
[INFO] [stderr]   Downloaded syn v1.0.21
[INFO] running `Command { std: "docker" "create" "-v" "/var/lib/crater-agent-workspace/builds/worker-3/target:/opt/rustwide/target:rw,Z" "-v" "/var/lib/crater-agent-workspace/builds/worker-3/source:/opt/rustwide/workdir:ro,Z" "-v" "/var/lib/crater-agent-workspace/cargo-home:/opt/rustwide/cargo-home:ro,Z" "-v" "/var/lib/crater-agent-workspace/rustup-home:/opt/rustwide/rustup-home:ro,Z" "-e" "SOURCE_DIR=/opt/rustwide/workdir" "-e" "CARGO_TARGET_DIR=/opt/rustwide/target" "-e" "CARGO_HOME=/opt/rustwide/cargo-home" "-e" "RUSTUP_HOME=/opt/rustwide/rustup-home" "-w" "/opt/rustwide/workdir" "-m" "1610612736" "--user" "0:0" "--network" "none" "ghcr.io/rust-lang/crates-build-env/linux@sha256:34b6a614d2c27851fe6cbf88fbd1137609cefab8b10d0615aaeb6fd47975d74e" "/opt/rustwide/cargo-home/bin/cargo" "+beta-2021-08-01" "metadata" "--no-deps" "--format-version=1", kill_on_drop: false }`
[INFO] [stdout] 172f65d99f3fb211fa99c1638ad4d8dd90c5a1965c049f8fcdb11915eb1e9e61
[INFO] running `Command { std: "docker" "start" "-a" "172f65d99f3fb211fa99c1638ad4d8dd90c5a1965c049f8fcdb11915eb1e9e61", kill_on_drop: false }`
[INFO] running `Command { std: "docker" "inspect" "172f65d99f3fb211fa99c1638ad4d8dd90c5a1965c049f8fcdb11915eb1e9e61", kill_on_drop: false }`
[INFO] running `Command { std: "docker" "rm" "-f" "172f65d99f3fb211fa99c1638ad4d8dd90c5a1965c049f8fcdb11915eb1e9e61", kill_on_drop: false }`
[INFO] [stdout] 172f65d99f3fb211fa99c1638ad4d8dd90c5a1965c049f8fcdb11915eb1e9e61
[INFO] running `Command { std: "docker" "create" "-v" "/var/lib/crater-agent-workspace/builds/worker-3/target:/opt/rustwide/target:rw,Z" "-v" "/var/lib/crater-agent-workspace/builds/worker-3/source:/opt/rustwide/workdir:ro,Z" "-v" "/var/lib/crater-agent-workspace/cargo-home:/opt/rustwide/cargo-home:ro,Z" "-v" "/var/lib/crater-agent-workspace/rustup-home:/opt/rustwide/rustup-home:ro,Z" "-e" "SOURCE_DIR=/opt/rustwide/workdir" "-e" "CARGO_TARGET_DIR=/opt/rustwide/target" "-e" "CARGO_INCREMENTAL=0" "-e" "RUST_BACKTRACE=full" "-e" "RUSTFLAGS=--cap-lints=warn" "-e" "CARGO_HOME=/opt/rustwide/cargo-home" "-e" "RUSTUP_HOME=/opt/rustwide/rustup-home" "-w" "/opt/rustwide/workdir" "-m" "1610612736" "--user" "0:0" "--network" "none" "ghcr.io/rust-lang/crates-build-env/linux@sha256:34b6a614d2c27851fe6cbf88fbd1137609cefab8b10d0615aaeb6fd47975d74e" "/opt/rustwide/cargo-home/bin/cargo" "+beta-2021-08-01" "build" "--frozen" "--message-format=json", kill_on_drop: false }`
[INFO] [stdout] 0cd61be29d605618d2cd2e826635cffa6fffc68592426dc1c51aa2b871467fdc
[INFO] running `Command { std: "docker" "start" "-a" "0cd61be29d605618d2cd2e826635cffa6fffc68592426dc1c51aa2b871467fdc", kill_on_drop: false }`
[INFO] [stderr]    Compiling syn v1.0.21
[INFO] [stderr]    Compiling cfg-if v0.1.10
[INFO] [stderr]    Compiling arc-swap v0.4.6
[INFO] [stderr]    Compiling itoa v0.4.5
[INFO] [stderr]    Compiling once_cell v1.5.2
[INFO] [stderr]    Compiling pin-project-lite v0.2.4
[INFO] [stderr]    Compiling bytes v1.0.1
[INFO] [stderr]    Compiling pam-sys v0.5.6
[INFO] [stderr]    Compiling cfg-if v1.0.0
[INFO] [stderr]    Compiling unicode-width v0.1.7
[INFO] [stderr]    Compiling inish v0.1.0 (/opt/rustwide/workdir/inish)
[INFO] [stderr]    Compiling enquote v1.0.3
[INFO] [stderr]    Compiling libc v0.2.82
[INFO] [stderr]    Compiling tokio v1.0.2
[INFO] [stderr]    Compiling quote v1.0.5
[INFO] [stderr]    Compiling memchr v2.3.3
[INFO] [stderr]    Compiling ryu v1.0.4
[INFO] [stderr]    Compiling bitflags v1.2.1
[INFO] [stderr]    Compiling getopts v0.2.21
[INFO] [stderr]    Compiling log v0.4.8
[INFO] [stderr]    Compiling mio v0.7.7
[INFO] [stderr]    Compiling signal-hook-registry v1.2.0
[INFO] [stderr]    Compiling nix v0.19.1
[INFO] [stderr]    Compiling rpassword v5.0.0
[INFO] [stderr]    Compiling users v0.11.0
[INFO] [stderr]    Compiling serde_derive v1.0.110
[INFO] [stderr]    Compiling thiserror-impl v1.0.17
[INFO] [stderr]    Compiling tokio-macros v1.0.0
[INFO] [stderr]    Compiling async-trait v0.1.31
[INFO] [stderr]    Compiling thiserror v1.0.17
[INFO] [stderr]    Compiling serde v1.0.110
[INFO] [stderr]    Compiling serde_json v1.0.53
[INFO] [stderr]    Compiling greetd_ipc v0.6.0 (/opt/rustwide/workdir/greetd_ipc)
[INFO] [stderr]    Compiling agreety v0.6.0 (/opt/rustwide/workdir/agreety)
[INFO] [stderr]    Compiling greetd v0.6.0 (/opt/rustwide/workdir/greetd)
[INFO] [stderr]    Compiling fakegreet v0.6.0 (/opt/rustwide/workdir/fakegreet)
[INFO] [stderr]     Finished dev [unoptimized + debuginfo] target(s) in 49.08s
[INFO] running `Command { std: "docker" "inspect" "0cd61be29d605618d2cd2e826635cffa6fffc68592426dc1c51aa2b871467fdc", kill_on_drop: false }`
[INFO] running `Command { std: "docker" "rm" "-f" "0cd61be29d605618d2cd2e826635cffa6fffc68592426dc1c51aa2b871467fdc", kill_on_drop: false }`
[INFO] [stdout] 0cd61be29d605618d2cd2e826635cffa6fffc68592426dc1c51aa2b871467fdc
[INFO] running `Command { std: "docker" "create" "-v" "/var/lib/crater-agent-workspace/builds/worker-3/target:/opt/rustwide/target:rw,Z" "-v" "/var/lib/crater-agent-workspace/builds/worker-3/source:/opt/rustwide/workdir:ro,Z" "-v" "/var/lib/crater-agent-workspace/cargo-home:/opt/rustwide/cargo-home:ro,Z" "-v" "/var/lib/crater-agent-workspace/rustup-home:/opt/rustwide/rustup-home:ro,Z" "-e" "SOURCE_DIR=/opt/rustwide/workdir" "-e" "CARGO_TARGET_DIR=/opt/rustwide/target" "-e" "CARGO_INCREMENTAL=0" "-e" "RUST_BACKTRACE=full" "-e" "RUSTFLAGS=--cap-lints=warn" "-e" "CARGO_HOME=/opt/rustwide/cargo-home" "-e" "RUSTUP_HOME=/opt/rustwide/rustup-home" "-w" "/opt/rustwide/workdir" "-m" "1610612736" "--user" "0:0" "--network" "none" "ghcr.io/rust-lang/crates-build-env/linux@sha256:34b6a614d2c27851fe6cbf88fbd1137609cefab8b10d0615aaeb6fd47975d74e" "/opt/rustwide/cargo-home/bin/cargo" "+beta-2021-08-01" "test" "--frozen" "--no-run" "--message-format=json", kill_on_drop: false }`
[INFO] [stdout] 6c673d31c168bbfe7c19c29e3294f3ddc8552639e3b66e8bfd99b5fd84f72652
[INFO] running `Command { std: "docker" "start" "-a" "6c673d31c168bbfe7c19c29e3294f3ddc8552639e3b66e8bfd99b5fd84f72652", kill_on_drop: false }`
[INFO] [stderr]    Compiling once_cell v1.5.2
[INFO] [stderr]    Compiling inish v0.1.0 (/opt/rustwide/workdir/inish)
[INFO] [stderr]    Compiling enquote v1.0.3
[INFO] [stderr]    Compiling getopts v0.2.21
[INFO] [stderr]    Compiling libc v0.2.82
[INFO] [stderr]    Compiling serde v1.0.110
[INFO] [stderr]    Compiling thiserror v1.0.17
[INFO] [stderr]    Compiling mio v0.7.7
[INFO] [stderr]    Compiling signal-hook-registry v1.2.0
[INFO] [stderr]    Compiling nix v0.19.1
[INFO] [stderr]    Compiling pam-sys v0.5.6
[INFO] [stderr]    Compiling rpassword v5.0.0
[INFO] [stderr]    Compiling users v0.11.0
[INFO] [stderr]    Compiling tokio v1.0.2
[INFO] [stderr]    Compiling serde_json v1.0.53
[INFO] [stderr]    Compiling greetd_ipc v0.6.0 (/opt/rustwide/workdir/greetd_ipc)
[INFO] [stderr]    Compiling greetd v0.6.0 (/opt/rustwide/workdir/greetd)
[INFO] [stderr]    Compiling fakegreet v0.6.0 (/opt/rustwide/workdir/fakegreet)
[INFO] [stderr]    Compiling agreety v0.6.0 (/opt/rustwide/workdir/agreety)
[INFO] [stderr]     Finished test [unoptimized + debuginfo] target(s) in 19.92s
[INFO] running `Command { std: "docker" "inspect" "6c673d31c168bbfe7c19c29e3294f3ddc8552639e3b66e8bfd99b5fd84f72652", kill_on_drop: false }`
[INFO] running `Command { std: "docker" "rm" "-f" "6c673d31c168bbfe7c19c29e3294f3ddc8552639e3b66e8bfd99b5fd84f72652", kill_on_drop: false }`
[INFO] [stdout] 6c673d31c168bbfe7c19c29e3294f3ddc8552639e3b66e8bfd99b5fd84f72652
[INFO] running `Command { std: "docker" "create" "-v" "/var/lib/crater-agent-workspace/builds/worker-3/target:/opt/rustwide/target:rw,Z" "-v" "/var/lib/crater-agent-workspace/builds/worker-3/source:/opt/rustwide/workdir:ro,Z" "-v" "/var/lib/crater-agent-workspace/cargo-home:/opt/rustwide/cargo-home:ro,Z" "-v" "/var/lib/crater-agent-workspace/rustup-home:/opt/rustwide/rustup-home:ro,Z" "-e" "SOURCE_DIR=/opt/rustwide/workdir" "-e" "CARGO_TARGET_DIR=/opt/rustwide/target" "-e" "CARGO_INCREMENTAL=0" "-e" "RUST_BACKTRACE=full" "-e" "RUSTFLAGS=--cap-lints=warn" "-e" "CARGO_HOME=/opt/rustwide/cargo-home" "-e" "RUSTUP_HOME=/opt/rustwide/rustup-home" "-w" "/opt/rustwide/workdir" "-m" "1610612736" "--user" "0:0" "--network" "none" "ghcr.io/rust-lang/crates-build-env/linux@sha256:34b6a614d2c27851fe6cbf88fbd1137609cefab8b10d0615aaeb6fd47975d74e" "/opt/rustwide/cargo-home/bin/cargo" "+beta-2021-08-01" "test" "--frozen", kill_on_drop: false }`
[INFO] [stdout] 1b6770529ef61b668d75dde60005bfd48a376967526b48209afdc14c7fff8b54
[INFO] running `Command { std: "docker" "start" "-a" "1b6770529ef61b668d75dde60005bfd48a376967526b48209afdc14c7fff8b54", kill_on_drop: false }`
[INFO] [stderr]     Finished test [unoptimized + debuginfo] target(s) in 0.04s
[INFO] [stdout] 
[INFO] [stderr]      Running unittests (/opt/rustwide/target/debug/deps/agreety-64f2edc721ffb18a)
[INFO] [stdout] running 0 tests
[INFO] [stderr]      Running unittests (/opt/rustwide/target/debug/deps/fakegreet-1441ddbfaa48c9ec)
[INFO] [stdout] 
[INFO] [stdout] test result: ok. 0 passed; 0 failed; 0 ignored; 0 measured; 0 filtered out; finished in 0.00s
[INFO] [stdout] 
[INFO] [stderr]      Running unittests (/opt/rustwide/target/debug/deps/greetd-d14daaf1bff0cf63)
[INFO] [stdout] 
[INFO] [stdout] running 0 tests
[INFO] [stdout] 
[INFO] [stdout] test result: ok. 0 passed; 0 failed; 0 ignored; 0 measured; 0 filtered out; finished in 0.00s
[INFO] [stdout] 
[INFO] [stdout] 
[INFO] [stdout] running 8 tests
[INFO] [stdout] test config::tests::initial_session ... ok
[INFO] [stdout] test config::tests::invalid_default_session ... ok
[INFO] [stdout] test config::tests::invalid_general ... ok
[INFO] [stdout] test config::tests::old_config ... ok
[INFO] [stdout] test config::tests::terminal ... ok
[INFO] [stdout] test config::tests::invalid_initial_session ... ok
[INFO] [stdout] test config::tests::general ... ok
[INFO] [stdout] test config::tests::minimal_config ... ok
[INFO] [stdout] 
[INFO] [stdout] test result: ok. 8 passed; 0 failed; 0 ignored; 0 measured; 0 filtered out; finished in 0.01s
[INFO] [stdout] 
[INFO] [stdout] 
[INFO] [stdout] running 0 tests
[INFO] [stdout] 
[INFO] [stdout] test result: ok. 0 passed; 0 failed; 0 ignored; 0 measured; 0 filtered out; finished in 0.00s
[INFO] [stdout] 
[INFO] [stderr]      Running unittests (/opt/rustwide/target/debug/deps/greetd_ipc-7f9247b18d323a6c)
[INFO] [stderr]      Running unittests (/opt/rustwide/target/debug/deps/inish-a018daea7cfce4b5)
[INFO] [stdout] 
[INFO] [stdout] running 3 tests
[INFO] [stdout] test tests::fields ... ok
[INFO] [stderr]    Doc-tests greetd_ipc
[INFO] [stdout] test tests::sections ... ok
[INFO] [stdout] test tests::whitespaces ... ok
[INFO] [stdout] 
[INFO] [stdout] test result: ok. 3 passed; 0 failed; 0 ignored; 0 measured; 0 filtered out; finished in 0.01s
[INFO] [stdout] 
[INFO] [stdout] 
[INFO] [stdout] running 2 tests
[INFO] [stdout] test src/codec/tokio.rs - codec::tokio (line 5) - compile ... FAILED
[INFO] [stdout] test src/codec/sync.rs - codec::sync (line 5) - compile ... ok
[INFO] [stdout] 
[INFO] [stdout] failures:
[INFO] [stdout] 
[INFO] [stdout] ---- src/codec/tokio.rs - codec::tokio (line 5) stdout ----
[INFO] [stdout] error: The default runtime flavor is `multi_thread`, but the `rt-multi-thread` feature is disabled.
[INFO] [stdout]  --> src/codec/tokio.rs:11:1
[INFO] [stdout]   |
[INFO] [stdout] 8 | #[tokio::main]
[INFO] [stdout]   | ^^^^^^^^^^^^^^
[INFO] [stdout]   |
[INFO] [stdout]   = note: this error originates in the attribute macro `tokio::main` (in Nightly builds, run with -Z macro-backtrace for more info)
[INFO] [stdout] 
[INFO] [stdout] error[E0601]: `main` function not found in crate `rust_out`
[INFO] [stdout]   --> src/codec/tokio.rs:4:1
[INFO] [stdout]    |
[INFO] [stdout] 1  | / #![allow(unused)]
[INFO] [stdout] 2  | | extern crate r#greetd_ipc;
[INFO] [stdout] 3  | | use std::env;
[INFO] [stdout] 4  | | use tokio::net::UnixStream;
[INFO] [stdout] ...  |
[INFO] [stdout] 13 | |     Ok(())
[INFO] [stdout] 14 | | }
[INFO] [stdout]    | |_^ consider adding a `main` function at the crate level
[INFO] [stdout] 
[INFO] [stdout] error: aborting due to 2 previous errors
[INFO] [stdout] 
[INFO] [stdout] For more information about this error, try `rustc --explain E0601`.
[INFO] [stdout] Couldn't compile the test.
[INFO] [stdout] 
[INFO] [stdout] failures:
[INFO] [stdout]     src/codec/tokio.rs - codec::tokio (line 5)
[INFO] [stdout] 
[INFO] [stdout] test result: FAILED. 1 passed; 1 failed; 0 ignored; 0 measured; 0 filtered out; finished in 0.18s
[INFO] [stdout] 
[INFO] [stderr] error: test failed, to rerun pass '--doc'
[INFO] running `Command { std: "docker" "inspect" "1b6770529ef61b668d75dde60005bfd48a376967526b48209afdc14c7fff8b54", kill_on_drop: false }`
[INFO] running `Command { std: "docker" "rm" "-f" "1b6770529ef61b668d75dde60005bfd48a376967526b48209afdc14c7fff8b54", kill_on_drop: false }`
[INFO] [stdout] 1b6770529ef61b668d75dde60005bfd48a376967526b48209afdc14c7fff8b54
